[INFO] fetching crate svg_definitions 0.3.2...
[INFO] testing svg_definitions-0.3.2 against beta-2024-12-08 for beta-1.84.0-4-retry
[INFO] extracting crate svg_definitions 0.3.2 into /workspace/builds/worker-3-tc2/source
[INFO] validating manifest of crates.io crate svg_definitions 0.3.2 on toolchain beta-2024-12-08
[INFO] running `Command { std: CARGO_HOME="/workspace/cargo-home" RUSTUP_HOME="/workspace/rustup-home" "/workspace/cargo-home/bin/cargo" "+beta-2024-12-08" "metadata" "--manifest-path" "Cargo.toml" "--no-deps", kill_on_drop: false }`
[INFO] started tweaking crates.io crate svg_definitions 0.3.2
[INFO] finished tweaking crates.io crate svg_definitions 0.3.2
[INFO] tweaked toml for crates.io crate svg_definitions 0.3.2 written to /workspace/builds/worker-3-tc2/source/Cargo.toml
[INFO] running `Command { std: CARGO_HOME="/workspace/cargo-home" RUSTUP_HOME="/workspace/rustup-home" "/workspace/cargo-home/bin/cargo" "+beta-2024-12-08" "generate-lockfile" "--manifest-path" "Cargo.toml", kill_on_drop: false }`
[INFO] [stderr]     Updating crates.io index
[INFO] [stderr]      Locking 2 packages to latest compatible versions
[INFO] [stderr]       Adding roxmltree v0.10.1 (available: v0.20.0)
[INFO] running `Command { std: CARGO_HOME="/workspace/cargo-home" RUSTUP_HOME="/workspace/rustup-home" "/workspace/cargo-home/bin/cargo" "+beta-2024-12-08" "fetch" "--manifest-path" "Cargo.toml", kill_on_drop: false }`
[INFO] running `Command { std: "docker" "create" "-v" "/var/lib/crater-agent-workspace/builds/worker-3-tc2/target:/opt/rustwide/target:rw,Z" "-v" "/var/lib/crater-agent-workspace/builds/worker-3-tc2/source:/opt/rustwide/workdir:ro,Z" "-v" "/var/lib/crater-agent-workspace/cargo-home:/opt/rustwide/cargo-home:ro,Z" "-v" "/var/lib/crater-agent-workspace/rustup-home:/opt/rustwide/rustup-home:ro,Z" "-e" "SOURCE_DIR=/opt/rustwide/workdir" "-e" "CARGO_TARGET_DIR=/opt/rustwide/target" "-e" "CARGO_HOME=/opt/rustwide/cargo-home" "-e" "RUSTUP_HOME=/opt/rustwide/rustup-home" "-w" "/opt/rustwide/workdir" "-m" "1610612736" "--user" "0:0" "--network" "none" "ghcr.io/rust-lang/crates-build-env/linux@sha256:f3a9d4ad9d972b27faf3965f35b62e55ba32bbce8f20bc8fe909558a86702fde" "/opt/rustwide/cargo-home/bin/cargo" "+beta-2024-12-08" "metadata" "--no-deps" "--format-version=1", kill_on_drop: false }`
[INFO] [stdout] 44d041fb2e7a5eda5f3d7f59ba68a40445895082424ec57df0e7d705481c0406
[INFO] running `Command { std: "docker" "start" "-a" "44d041fb2e7a5eda5f3d7f59ba68a40445895082424ec57df0e7d705481c0406", kill_on_drop: false }`
[INFO] running `Command { std: "docker" "inspect" "44d041fb2e7a5eda5f3d7f59ba68a40445895082424ec57df0e7d705481c0406", kill_on_drop: false }`
[INFO] running `Command { std: "docker" "rm" "-f" "44d041fb2e7a5eda5f3d7f59ba68a40445895082424ec57df0e7d705481c0406", kill_on_drop: false }`
[INFO] [stdout] 44d041fb2e7a5eda5f3d7f59ba68a40445895082424ec57df0e7d705481c0406
[INFO] running `Command { std: "docker" "create" "-v" "/var/lib/crater-agent-workspace/builds/worker-3-tc2/target:/opt/rustwide/target:rw,Z" "-v" "/var/lib/crater-agent-workspace/builds/worker-3-tc2/source:/opt/rustwide/workdir:ro,Z" "-v" "/var/lib/crater-agent-workspace/cargo-home:/opt/rustwide/cargo-home:ro,Z" "-v" "/var/lib/crater-agent-workspace/rustup-home:/opt/rustwide/rustup-home:ro,Z" "-e" "SOURCE_DIR=/opt/rustwide/workdir" "-e" "CARGO_TARGET_DIR=/opt/rustwide/target" "-e" "CARGO_INCREMENTAL=0" "-e" "RUST_BACKTRACE=full" "-e" "RUSTFLAGS=--cap-lints=warn" "-e" "RUSTDOCFLAGS=--cap-lints=warn" "-e" "CARGO_HOME=/opt/rustwide/cargo-home" "-e" "RUSTUP_HOME=/opt/rustwide/rustup-home" "-w" "/opt/rustwide/workdir" "-m" "1610612736" "--user" "0:0" "--network" "none" "ghcr.io/rust-lang/crates-build-env/linux@sha256:f3a9d4ad9d972b27faf3965f35b62e55ba32bbce8f20bc8fe909558a86702fde" "/opt/rustwide/cargo-home/bin/cargo" "+beta-2024-12-08" "build" "--frozen" "--message-format=json", kill_on_drop: false }`
[INFO] [stdout] 04abcbf8cba584d1a2ce59d803898d89ae31257fc9f53d1f95d164df6491bc5b
[INFO] running `Command { std: "docker" "start" "-a" "04abcbf8cba584d1a2ce59d803898d89ae31257fc9f53d1f95d164df6491bc5b", kill_on_drop: false }`
[INFO] [stderr]    Compiling svg_definitions v0.3.2 (/opt/rustwide/workdir)
[INFO] [stderr]     Finished `dev` profile [unoptimized + debuginfo] target(s) in 0.56s
[INFO] running `Command { std: "docker" "inspect" "04abcbf8cba584d1a2ce59d803898d89ae31257fc9f53d1f95d164df6491bc5b", kill_on_drop: false }`
[INFO] running `Command { std: "docker" "rm" "-f" "04abcbf8cba584d1a2ce59d803898d89ae31257fc9f53d1f95d164df6491bc5b", kill_on_drop: false }`
[INFO] [stdout] 04abcbf8cba584d1a2ce59d803898d89ae31257fc9f53d1f95d164df6491bc5b
[INFO] running `Command { std: "docker" "create" "-v" "/var/lib/crater-agent-workspace/builds/worker-3-tc2/target:/opt/rustwide/target:rw,Z" "-v" "/var/lib/crater-agent-workspace/builds/worker-3-tc2/source:/opt/rustwide/workdir:ro,Z" "-v" "/var/lib/crater-agent-workspace/cargo-home:/opt/rustwide/cargo-home:ro,Z" "-v" "/var/lib/crater-agent-workspace/rustup-home:/opt/rustwide/rustup-home:ro,Z" "-e" "SOURCE_DIR=/opt/rustwide/workdir" "-e" "CARGO_TARGET_DIR=/opt/rustwide/target" "-e" "CARGO_INCREMENTAL=0" "-e" "RUST_BACKTRACE=full" "-e" "RUSTFLAGS=--cap-lints=warn" "-e" "RUSTDOCFLAGS=--cap-lints=warn" "-e" "CARGO_HOME=/opt/rustwide/cargo-home" "-e" "RUSTUP_HOME=/opt/rustwide/rustup-home" "-w" "/opt/rustwide/workdir" "-m" "1610612736" "--user" "0:0" "--network" "none" "ghcr.io/rust-lang/crates-build-env/linux@sha256:f3a9d4ad9d972b27faf3965f35b62e55ba32bbce8f20bc8fe909558a86702fde" "/opt/rustwide/cargo-home/bin/cargo" "+beta-2024-12-08" "test" "--frozen" "--no-run" "--message-format=json", kill_on_drop: false }`
[INFO] [stdout] a67b550f7fa57eea02e0d66848f344fdd9adfe7c2f01327e28ac70eab1eb2e2f
[INFO] running `Command { std: "docker" "start" "-a" "a67b550f7fa57eea02e0d66848f344fdd9adfe7c2f01327e28ac70eab1eb2e2f", kill_on_drop: false }`
[INFO] [stderr]    Compiling svg_definitions v0.3.2 (/opt/rustwide/workdir)
[INFO] [stderr]     Finished `test` profile [unoptimized + debuginfo] target(s) in 0.74s
[INFO] running `Command { std: "docker" "inspect" "a67b550f7fa57eea02e0d66848f344fdd9adfe7c2f01327e28ac70eab1eb2e2f", kill_on_drop: false }`
[INFO] running `Command { std: "docker" "rm" "-f" "a67b550f7fa57eea02e0d66848f344fdd9adfe7c2f01327e28ac70eab1eb2e2f", kill_on_drop: false }`
[INFO] [stdout] a67b550f7fa57eea02e0d66848f344fdd9adfe7c2f01327e28ac70eab1eb2e2f
[INFO] running `Command { std: "docker" "create" "-v" "/var/lib/crater-agent-workspace/builds/worker-3-tc2/target:/opt/rustwide/target:rw,Z" "-v" "/var/lib/crater-agent-workspace/builds/worker-3-tc2/source:/opt/rustwide/workdir:ro,Z" "-v" "/var/lib/crater-agent-workspace/cargo-home:/opt/rustwide/cargo-home:ro,Z" "-v" "/var/lib/crater-agent-workspace/rustup-home:/opt/rustwide/rustup-home:ro,Z" "-e" "SOURCE_DIR=/opt/rustwide/workdir" "-e" "CARGO_TARGET_DIR=/opt/rustwide/target" "-e" "CARGO_INCREMENTAL=0" "-e" "RUST_BACKTRACE=full" "-e" "RUSTFLAGS=--cap-lints=warn" "-e" "RUSTDOCFLAGS=--cap-lints=warn" "-e" "CARGO_HOME=/opt/rustwide/cargo-home" "-e" "RUSTUP_HOME=/opt/rustwide/rustup-home" "-w" "/opt/rustwide/workdir" "-m" "1610612736" "--user" "0:0" "--network" "none" "ghcr.io/rust-lang/crates-build-env/linux@sha256:f3a9d4ad9d972b27faf3965f35b62e55ba32bbce8f20bc8fe909558a86702fde" "/opt/rustwide/cargo-home/bin/cargo" "+beta-2024-12-08" "test" "--frozen", kill_on_drop: false }`
[INFO] [stdout] 3e42eb7eca17b8d729155b26eca37f5bc1ff129caf3a1651a3b3f51eb90d8b18
[INFO] running `Command { std: "docker" "start" "-a" "3e42eb7eca17b8d729155b26eca37f5bc1ff129caf3a1651a3b3f51eb90d8b18", kill_on_drop: false }`
[INFO] [stderr]     Finished `test` profile [unoptimized + debuginfo] target(s) in 0.02s
[INFO] [stderr]      Running unittests src/lib.rs (/opt/rustwide/target/debug/deps/svg_definitions-745f9dc44eca65ae)
[INFO] [stdout] 
[INFO] [stdout] running 3 tests
[INFO] [stdout] test path::tests::test_lines ... ok
[INFO] [stdout] test path::tests::test_arc ... ok
[INFO] [stdout] test path::tests::test_curves ... ok
[INFO] [stdout] 
[INFO] [stdout] test result: ok. 3 passed; 0 failed; 0 ignored; 0 measured; 0 filtered out; finished in 0.00s
[INFO] [stdout] 
[INFO] [stderr]    Doc-tests svg_definitions
[INFO] [stdout] 
[INFO] [stdout] running 26 tests
[INFO] [stdout] test src/lib.rs - (line 31) ... FAILED
[INFO] [stdout] test src/lib.rs - (line 41) ... FAILED
[INFO] [stdout] test src/path.rs - path (line 21) ... ok
[INFO] [stdout] test src/path.rs - path::PathDefinitionString::r_curve_to (line 274) ... ok
[INFO] [stdout] test src/path.rs - path (line 9) ... ok
[INFO] [stdout] test src/path.rs - path::PathDefinitionString::move_to (line 87) ... ok
[INFO] [stdout] test src/path.rs - path::PathDefinitionString::horizontal_line_to (line 132) ... ok
[INFO] [stdout] test src/path.rs - path::PathDefinitionString::line_to (line 109) ... ok
[INFO] [stdout] test src/path.rs - path::PathDefinitionString::curve_to (line 248) ... ok
[INFO] [stdout] test src/path.rs - path::PathDefinitionString::quad_string_to (line 408) ... ok
[INFO] [stdout] test src/path.rs - path::PathDefinitionString::close_path (line 533) ... ok
[INFO] [stdout] test src/attributes.rs - attributes (line 23) ... ok
[INFO] [stdout] test src/lib.rs - (line 10) ... ok
[INFO] [stdout] test src/attributes.rs - attributes (line 10) ... ok
[INFO] [stdout] test src/path.rs - path::PathDefinitionString::arc_to (line 459) ... ok
[INFO] [stdout] test src/path.rs - path::PathDefinitionString::quad_curve_to (line 357) ... ok
[INFO] [stdout] test src/path.rs - path::PathDefinitionString::is_str (line 61) ... ok
[INFO] [stdout] test src/path.rs - path::PathDefinitionString::r_arc_to (line 496) ... ok
[INFO] [stdout] test src/path.rs - path::PathDefinitionString::r_line_to (line 178) ... ok
[INFO] [stdout] test src/path.rs - path::PathDefinitionString::r_horizontal_line_to (line 202) ... ok
[INFO] [stdout] test src/path.rs - path::PathDefinitionString::r_quad_string_to (line 434) ... ok
[INFO] [stdout] test src/path.rs - path::PathDefinitionString::r_smooth_curve_to (line 331) ... ok
[INFO] [stdout] test src/path.rs - path::PathDefinitionString::vertical_line_to (line 155) ... ok
[INFO] [stdout] test src/path.rs - path::PathDefinitionString::r_vertical_line_to (line 225) ... ok
[INFO] [stdout] test src/path.rs - path::PathDefinitionString::r_quad_curve_to (line 382) ... ok
[INFO] [stdout] test src/path.rs - path::PathDefinitionString::smooth_curve_to (line 305) ... ok
[INFO] [stdout] 
[INFO] [stdout] failures:
[INFO] [stdout] 
[INFO] [stdout] ---- src/lib.rs - (line 31) stdout ----
[INFO] [stdout] error[E0425]: cannot find function, tuple struct or tuple variant `SVGParseFile` in this scope
[INFO] [stdout]  --> src/lib.rs:35:13
[INFO] [stdout]   |
[INFO] [stdout] 7 | let shape = SVGParseFile("/path/to/file.svg");
[INFO] [stdout]   |             ^^^^^^^^^^^^ not found in this scope
[INFO] [stdout] 
[INFO] [stdout] error: aborting due to 1 previous error
[INFO] [stdout] 
[INFO] [stdout] For more information about this error, try `rustc --explain E0425`.
[INFO] [stdout] Couldn't compile the test.
[INFO] [stdout] ---- src/lib.rs - (line 41) stdout ----
[INFO] [stdout] error[E0425]: cannot find function, tuple struct or tuple variant `SVGParseText` in this scope
[INFO] [stdout]  --> src/lib.rs:45:12
[INFO] [stdout]   |
[INFO] [stdout] 7 | let rect = SVGParseText("<rect width=\"50px\" height=\"50\" fill=\"black\" />");
[INFO] [stdout]   |            ^^^^^^^^^^^^ not found in this scope
[INFO] [stdout] 
[INFO] [stdout] error: aborting due to 1 previous error
[INFO] [stdout] 
[INFO] [stdout] For more information about this error, try `rustc --explain E0425`.
[INFO] [stdout] Couldn't compile the test.
[INFO] [stdout] 
[INFO] [stdout] failures:
[INFO] [stdout]     src/lib.rs - (line 31)
[INFO] [stdout]     src/lib.rs - (line 41)
[INFO] [stdout] 
[INFO] [stdout] test result: FAILED. 24 passed; 2 failed; 0 ignored; 0 measured; 0 filtered out; finished in 2.66s
[INFO] [stdout] 
[INFO] [stderr] error: doctest failed, to rerun pass `--doc`
[INFO] running `Command { std: "docker" "inspect" "3e42eb7eca17b8d729155b26eca37f5bc1ff129caf3a1651a3b3f51eb90d8b18", kill_on_drop: false }`
[INFO] running `Command { std: "docker" "rm" "-f" "3e42eb7eca17b8d729155b26eca37f5bc1ff129caf3a1651a3b3f51eb90d8b18", kill_on_drop: false }`
[INFO] [stdout] 3e42eb7eca17b8d729155b26eca37f5bc1ff129caf3a1651a3b3f51eb90d8b18
