[INFO] fetching crate svg2pdf 0.12.0...
[INFO] testing svg2pdf-0.12.0 against beta-2024-12-08 for beta-1.84.0-4-retry
[INFO] extracting crate svg2pdf 0.12.0 into /workspace/builds/worker-7-tc2/source
[INFO] validating manifest of crates.io crate svg2pdf 0.12.0 on toolchain beta-2024-12-08
[INFO] running `Command { std: CARGO_HOME="/workspace/cargo-home" RUSTUP_HOME="/workspace/rustup-home" "/workspace/cargo-home/bin/cargo" "+beta-2024-12-08" "metadata" "--manifest-path" "Cargo.toml" "--no-deps", kill_on_drop: false }`
[INFO] started tweaking crates.io crate svg2pdf 0.12.0
[INFO] finished tweaking crates.io crate svg2pdf 0.12.0
[INFO] tweaked toml for crates.io crate svg2pdf 0.12.0 written to /workspace/builds/worker-7-tc2/source/Cargo.toml
[INFO] running `Command { std: CARGO_HOME="/workspace/cargo-home" RUSTUP_HOME="/workspace/rustup-home" "/workspace/cargo-home/bin/cargo" "+beta-2024-12-08" "generate-lockfile" "--manifest-path" "Cargo.toml", kill_on_drop: false }`
[INFO] [stderr]     Blocking waiting for file lock on package cache
[INFO] [stderr]     Updating crates.io index
[INFO] [stderr]     Blocking waiting for file lock on package cache
[INFO] [stderr]      Locking 67 packages to latest compatible versions
[INFO] [stderr]       Adding fontdb v0.21.0 (available: v0.23.0)
[INFO] [stderr]       Adding resvg v0.43.0 (available: v0.44.0)
[INFO] [stderr]       Adding ttf-parser v0.24.1 (available: v0.25.1)
[INFO] [stderr]       Adding usvg v0.43.0 (available: v0.44.0)
[INFO] running `Command { std: CARGO_HOME="/workspace/cargo-home" RUSTUP_HOME="/workspace/rustup-home" "/workspace/cargo-home/bin/cargo" "+beta-2024-12-08" "fetch" "--manifest-path" "Cargo.toml", kill_on_drop: false }`
[INFO] [stderr]     Blocking waiting for file lock on package cache
[INFO] running `Command { std: "docker" "create" "-v" "/var/lib/crater-agent-workspace/builds/worker-7-tc2/target:/opt/rustwide/target:rw,Z" "-v" "/var/lib/crater-agent-workspace/builds/worker-7-tc2/source:/opt/rustwide/workdir:ro,Z" "-v" "/var/lib/crater-agent-workspace/cargo-home:/opt/rustwide/cargo-home:ro,Z" "-v" "/var/lib/crater-agent-workspace/rustup-home:/opt/rustwide/rustup-home:ro,Z" "-e" "SOURCE_DIR=/opt/rustwide/workdir" "-e" "CARGO_TARGET_DIR=/opt/rustwide/target" "-e" "CARGO_HOME=/opt/rustwide/cargo-home" "-e" "RUSTUP_HOME=/opt/rustwide/rustup-home" "-w" "/opt/rustwide/workdir" "-m" "1610612736" "--user" "0:0" "--network" "none" "ghcr.io/rust-lang/crates-build-env/linux@sha256:f3a9d4ad9d972b27faf3965f35b62e55ba32bbce8f20bc8fe909558a86702fde" "/opt/rustwide/cargo-home/bin/cargo" "+beta-2024-12-08" "metadata" "--no-deps" "--format-version=1", kill_on_drop: false }`
[INFO] [stdout] 6113c0c265e1df4ecf25c14f49badd84661cb74af6551fd44b602cb2a202619f
[INFO] running `Command { std: "docker" "start" "-a" "6113c0c265e1df4ecf25c14f49badd84661cb74af6551fd44b602cb2a202619f", kill_on_drop: false }`
[INFO] running `Command { std: "docker" "inspect" "6113c0c265e1df4ecf25c14f49badd84661cb74af6551fd44b602cb2a202619f", kill_on_drop: false }`
[INFO] running `Command { std: "docker" "rm" "-f" "6113c0c265e1df4ecf25c14f49badd84661cb74af6551fd44b602cb2a202619f", kill_on_drop: false }`
[INFO] [stdout] 6113c0c265e1df4ecf25c14f49badd84661cb74af6551fd44b602cb2a202619f
[INFO] running `Command { std: "docker" "create" "-v" "/var/lib/crater-agent-workspace/builds/worker-7-tc2/target:/opt/rustwide/target:rw,Z" "-v" "/var/lib/crater-agent-workspace/builds/worker-7-tc2/source:/opt/rustwide/workdir:ro,Z" "-v" "/var/lib/crater-agent-workspace/cargo-home:/opt/rustwide/cargo-home:ro,Z" "-v" "/var/lib/crater-agent-workspace/rustup-home:/opt/rustwide/rustup-home:ro,Z" "-e" "SOURCE_DIR=/opt/rustwide/workdir" "-e" "CARGO_TARGET_DIR=/opt/rustwide/target" "-e" "CARGO_INCREMENTAL=0" "-e" "RUST_BACKTRACE=full" "-e" "RUSTFLAGS=--cap-lints=warn" "-e" "RUSTDOCFLAGS=--cap-lints=warn" "-e" "CARGO_HOME=/opt/rustwide/cargo-home" "-e" "RUSTUP_HOME=/opt/rustwide/rustup-home" "-w" "/opt/rustwide/workdir" "-m" "1610612736" "--user" "0:0" "--network" "none" "ghcr.io/rust-lang/crates-build-env/linux@sha256:f3a9d4ad9d972b27faf3965f35b62e55ba32bbce8f20bc8fe909558a86702fde" "/opt/rustwide/cargo-home/bin/cargo" "+beta-2024-12-08" "build" "--frozen" "--message-format=json", kill_on_drop: false }`
[INFO] [stdout] 8870715cdccf4f4303475a40f9f25c89f9b9e9d5804f0270d95e6584588dcc1a
[INFO] running `Command { std: "docker" "start" "-a" "8870715cdccf4f4303475a40f9f25c89f9b9e9d5804f0270d95e6584588dcc1a", kill_on_drop: false }`
[INFO] [stderr]    Compiling libm v0.2.11
[INFO] [stderr]    Compiling simd-adler32 v0.3.7
[INFO] [stderr]    Compiling cfg-if v1.0.0
[INFO] [stderr]    Compiling bytemuck v1.20.0
[INFO] [stderr]    Compiling adler2 v2.0.0
[INFO] [stderr]    Compiling libc v0.2.168
[INFO] [stderr]    Compiling log v0.4.22
[INFO] [stderr]    Compiling version_check v0.9.5
[INFO] [stderr]    Compiling float-cmp v0.9.0
[INFO] [stderr]    Compiling arrayvec v0.7.6
[INFO] [stderr]    Compiling smallvec v1.13.2
[INFO] [stderr]    Compiling tinyvec_macros v0.1.1
[INFO] [stderr]    Compiling autocfg v1.4.0
[INFO] [stderr]    Compiling bitflags v2.6.0
[INFO] [stderr]    Compiling bitflags v1.3.2
[INFO] [stderr]    Compiling arrayref v0.3.9
[INFO] [stderr]    Compiling crc32fast v1.4.2
[INFO] [stderr]    Compiling fdeflate v0.3.7
[INFO] [stderr]    Compiling roxmltree v0.20.0
[INFO] [stderr]    Compiling tinyvec v1.8.0
[INFO] [stderr]    Compiling miniz_oxide v0.8.0
[INFO] [stderr]    Compiling strict-num v0.1.1
[INFO] [stderr]    Compiling siphasher v1.0.1
[INFO] [stderr]    Compiling unicode-properties v0.1.3
[INFO] [stderr]    Compiling byteorder-lite v0.1.0
[INFO] [stderr]    Compiling color_quant v1.1.0
[INFO] [stderr]    Compiling weezl v0.1.8
[INFO] [stderr]    Compiling unicode-bidi-mirroring v0.3.0
[INFO] [stderr]    Compiling unicode-ccc v0.3.0
[INFO] [stderr]    Compiling zune-core v0.4.12
[INFO] [stderr]    Compiling kurbo v0.11.1
[INFO] [stderr]    Compiling slotmap v1.0.7
[INFO] [stderr]    Compiling fontconfig-parser v0.5.7
[INFO] [stderr]    Compiling tiny-skia-path v0.11.4
[INFO] [stderr]    Compiling unicode-script v0.5.7
[INFO] [stderr]    Compiling simplecss v0.2.1
[INFO] [stderr]    Compiling core_maths v0.1.0
[INFO] [stderr]    Compiling flate2 v1.0.35
[INFO] [stderr]    Compiling num-traits v0.2.19
[INFO] [stderr]    Compiling ttf-parser v0.24.1
[INFO] [stderr]    Compiling zune-jpeg v0.4.14
[INFO] [stderr]    Compiling gif v0.13.1
[INFO] [stderr]    Compiling base64 v0.22.1
[INFO] [stderr]    Compiling svgtypes v0.15.2
[INFO] [stderr]    Compiling memmap2 v0.9.5
[INFO] [stderr]    Compiling quick-error v2.0.1
[INFO] [stderr]    Compiling unicode-vo v0.1.0
[INFO] [stderr]    Compiling xmlwriter v0.1.0
[INFO] [stderr]    Compiling png v0.17.15
[INFO] [stderr]    Compiling unicode-bidi v0.3.17
[INFO] [stderr]    Compiling data-url v0.3.1
[INFO] [stderr]    Compiling pico-args v0.5.0
[INFO] [stderr]    Compiling imagesize v0.13.0
[INFO] [stderr]    Compiling image-webp v0.1.3
[INFO] [stderr]    Compiling rgb v0.8.50
[INFO] [stderr]    Compiling memchr v2.7.4
[INFO] [stderr]    Compiling itoa v1.0.14
[INFO] [stderr]    Compiling ryu v1.0.18
[INFO] [stderr]    Compiling once_cell v1.20.2
[INFO] [stderr]    Compiling subsetter v0.2.0
[INFO] [stderr]    Compiling pdf-writer v0.12.0
[INFO] [stderr]    Compiling tiny-skia v0.11.4
[INFO] [stderr]    Compiling image v0.25.5
[INFO] [stderr]    Compiling rustybuzz v0.18.0
[INFO] [stderr]    Compiling fontdb v0.21.0
[INFO] [stderr]    Compiling usvg v0.43.0
[INFO] [stderr]    Compiling resvg v0.43.0
[INFO] [stderr]    Compiling svg2pdf v0.12.0 (/opt/rustwide/workdir)
[INFO] [stdout] warning: elided lifetime has a name
[INFO] [stdout]   --> src/util/resources.rs:22:64
[INFO] [stdout]    |
[INFO] [stdout] 22 |     fn get_dict<'a>(&'a self, resources: &'a mut Resources) -> Dict {
[INFO] [stdout]    |                 -- lifetime `'a` declared here                 ^^^^ this elided lifetime gets resolved as `'a`
[INFO] [stdout]    |
[INFO] [stdout]    = note: `#[warn(elided_named_lifetimes)]` on by default
[INFO] [stdout] 
[INFO] [stdout] 
[INFO] [stderr]     Finished `dev` profile [unoptimized + debuginfo] target(s) in 21.10s
[INFO] running `Command { std: "docker" "inspect" "8870715cdccf4f4303475a40f9f25c89f9b9e9d5804f0270d95e6584588dcc1a", kill_on_drop: false }`
[INFO] running `Command { std: "docker" "rm" "-f" "8870715cdccf4f4303475a40f9f25c89f9b9e9d5804f0270d95e6584588dcc1a", kill_on_drop: false }`
[INFO] [stdout] 8870715cdccf4f4303475a40f9f25c89f9b9e9d5804f0270d95e6584588dcc1a
[INFO] running `Command { std: "docker" "create" "-v" "/var/lib/crater-agent-workspace/builds/worker-7-tc2/target:/opt/rustwide/target:rw,Z" "-v" "/var/lib/crater-agent-workspace/builds/worker-7-tc2/source:/opt/rustwide/workdir:ro,Z" "-v" "/var/lib/crater-agent-workspace/cargo-home:/opt/rustwide/cargo-home:ro,Z" "-v" "/var/lib/crater-agent-workspace/rustup-home:/opt/rustwide/rustup-home:ro,Z" "-e" "SOURCE_DIR=/opt/rustwide/workdir" "-e" "CARGO_TARGET_DIR=/opt/rustwide/target" "-e" "CARGO_INCREMENTAL=0" "-e" "RUST_BACKTRACE=full" "-e" "RUSTFLAGS=--cap-lints=warn" "-e" "RUSTDOCFLAGS=--cap-lints=warn" "-e" "CARGO_HOME=/opt/rustwide/cargo-home" "-e" "RUSTUP_HOME=/opt/rustwide/rustup-home" "-w" "/opt/rustwide/workdir" "-m" "1610612736" "--user" "0:0" "--network" "none" "ghcr.io/rust-lang/crates-build-env/linux@sha256:f3a9d4ad9d972b27faf3965f35b62e55ba32bbce8f20bc8fe909558a86702fde" "/opt/rustwide/cargo-home/bin/cargo" "+beta-2024-12-08" "test" "--frozen" "--no-run" "--message-format=json", kill_on_drop: false }`
[INFO] [stdout] b555529d2bcc2315e1e2e1434a22b8ea2a5f69ce33e1a9f1054f14e5380e3b42
[INFO] running `Command { std: "docker" "start" "-a" "b555529d2bcc2315e1e2e1434a22b8ea2a5f69ce33e1a9f1054f14e5380e3b42", kill_on_drop: false }`
[INFO] [stderr]    Compiling svg2pdf v0.12.0 (/opt/rustwide/workdir)
[INFO] [stdout] warning: elided lifetime has a name
[INFO] [stdout]   --> src/util/resources.rs:22:64
[INFO] [stdout]    |
[INFO] [stdout] 22 |     fn get_dict<'a>(&'a self, resources: &'a mut Resources) -> Dict {
[INFO] [stdout]    |                 -- lifetime `'a` declared here                 ^^^^ this elided lifetime gets resolved as `'a`
[INFO] [stdout]    |
[INFO] [stdout]    = note: `#[warn(elided_named_lifetimes)]` on by default
[INFO] [stdout] 
[INFO] [stdout] 
[INFO] [stdout] warning: elided lifetime has a name
[INFO] [stdout]   --> src/util/resources.rs:22:64
[INFO] [stdout]    |
[INFO] [stdout] 22 |     fn get_dict<'a>(&'a self, resources: &'a mut Resources) -> Dict {
[INFO] [stdout]    |                 -- lifetime `'a` declared here                 ^^^^ this elided lifetime gets resolved as `'a`
[INFO] [stdout]    |
[INFO] [stdout]    = note: `#[warn(elided_named_lifetimes)]` on by default
[INFO] [stdout] 
[INFO] [stdout] 
[INFO] [stderr]     Finished `test` profile [unoptimized + debuginfo] target(s) in 0.55s
[INFO] running `Command { std: "docker" "inspect" "b555529d2bcc2315e1e2e1434a22b8ea2a5f69ce33e1a9f1054f14e5380e3b42", kill_on_drop: false }`
[INFO] running `Command { std: "docker" "rm" "-f" "b555529d2bcc2315e1e2e1434a22b8ea2a5f69ce33e1a9f1054f14e5380e3b42", kill_on_drop: false }`
[INFO] [stdout] b555529d2bcc2315e1e2e1434a22b8ea2a5f69ce33e1a9f1054f14e5380e3b42
[INFO] running `Command { std: "docker" "create" "-v" "/var/lib/crater-agent-workspace/builds/worker-7-tc2/target:/opt/rustwide/target:rw,Z" "-v" "/var/lib/crater-agent-workspace/builds/worker-7-tc2/source:/opt/rustwide/workdir:ro,Z" "-v" "/var/lib/crater-agent-workspace/cargo-home:/opt/rustwide/cargo-home:ro,Z" "-v" "/var/lib/crater-agent-workspace/rustup-home:/opt/rustwide/rustup-home:ro,Z" "-e" "SOURCE_DIR=/opt/rustwide/workdir" "-e" "CARGO_TARGET_DIR=/opt/rustwide/target" "-e" "CARGO_INCREMENTAL=0" "-e" "RUST_BACKTRACE=full" "-e" "RUSTFLAGS=--cap-lints=warn" "-e" "RUSTDOCFLAGS=--cap-lints=warn" "-e" "CARGO_HOME=/opt/rustwide/cargo-home" "-e" "RUSTUP_HOME=/opt/rustwide/rustup-home" "-w" "/opt/rustwide/workdir" "-m" "1610612736" "--user" "0:0" "--network" "none" "ghcr.io/rust-lang/crates-build-env/linux@sha256:f3a9d4ad9d972b27faf3965f35b62e55ba32bbce8f20bc8fe909558a86702fde" "/opt/rustwide/cargo-home/bin/cargo" "+beta-2024-12-08" "test" "--frozen", kill_on_drop: false }`
[INFO] [stdout] b36a925fd468aa525348b14e821e83d32c6bf752bdf0677e80d557dedaff613f
[INFO] running `Command { std: "docker" "start" "-a" "b36a925fd468aa525348b14e821e83d32c6bf752bdf0677e80d557dedaff613f", kill_on_drop: false }`
[INFO] [stderr] warning: elided lifetime has a name
[INFO] [stderr]   --> src/util/resources.rs:22:64
[INFO] [stderr]    |
[INFO] [stderr] 22 |     fn get_dict<'a>(&'a self, resources: &'a mut Resources) -> Dict {
[INFO] [stderr]    |                 -- lifetime `'a` declared here                 ^^^^ this elided lifetime gets resolved as `'a`
[INFO] [stderr]    |
[INFO] [stderr]    = note: `#[warn(elided_named_lifetimes)]` on by default
[INFO] [stderr] 
[INFO] [stderr] warning: `svg2pdf` (lib) generated 1 warning
[INFO] [stderr] warning: `svg2pdf` (lib test) generated 1 warning (1 duplicate)
[INFO] [stderr]     Finished `test` profile [unoptimized + debuginfo] target(s) in 0.06s
[INFO] [stderr]      Running unittests src/lib.rs (/opt/rustwide/target/debug/deps/svg2pdf-4260bcf64a657bfb)
[INFO] [stdout] 
[INFO] [stdout] running 0 tests
[INFO] [stdout] 
[INFO] [stdout] test result: ok. 0 passed; 0 failed; 0 ignored; 0 measured; 0 filtered out; finished in 0.00s
[INFO] [stdout] 
[INFO] [stderr]    Doc-tests svg2pdf
[INFO] [stdout] 
[INFO] [stdout] running 3 tests
[INFO] [stdout] test src/lib.rs - (line 15) ... FAILED
[INFO] [stdout] test src/lib.rs - to_chunk (line 280) ... FAILED
[INFO] [stdout] test src/lib.rs - to_pdf (line 184) ... FAILED
[INFO] [stdout] 
[INFO] [stdout] failures:
[INFO] [stdout] 
[INFO] [stdout] ---- src/lib.rs - (line 15) stdout ----
[INFO] [stdout] Test executable failed (exit status: 1).
[INFO] [stdout] 
[INFO] [stdout] stderr:
[INFO] [stdout] Error: Os { code: 2, kind: NotFound, message: "No such file or directory" }
[INFO] [stdout] 
[INFO] [stdout] 
[INFO] [stdout] ---- src/lib.rs - to_chunk (line 280) stdout ----
[INFO] [stdout] Test executable failed (exit status: 1).
[INFO] [stdout] 
[INFO] [stdout] stderr:
[INFO] [stdout] Error: Os { code: 2, kind: NotFound, message: "No such file or directory" }
[INFO] [stdout] 
[INFO] [stdout] 
[INFO] [stdout] ---- src/lib.rs - to_pdf (line 184) stdout ----
[INFO] [stdout] Test executable failed (exit status: 1).
[INFO] [stdout] 
[INFO] [stdout] stderr:
[INFO] [stdout] Error: Os { code: 2, kind: NotFound, message: "No such file or directory" }
[INFO] [stdout] 
[INFO] [stdout] 
[INFO] [stdout] 
[INFO] [stdout] failures:
[INFO] [stdout]     src/lib.rs - (line 15)
[INFO] [stdout]     src/lib.rs - to_chunk (line 280)
[INFO] [stdout]     src/lib.rs - to_pdf (line 184)
[INFO] [stdout] 
[INFO] [stdout] test result: FAILED. 0 passed; 3 failed; 0 ignored; 0 measured; 0 filtered out; finished in 3.07s
[INFO] [stdout] 
[INFO] [stderr] error: doctest failed, to rerun pass `--doc`
[INFO] running `Command { std: "docker" "inspect" "b36a925fd468aa525348b14e821e83d32c6bf752bdf0677e80d557dedaff613f", kill_on_drop: false }`
[INFO] running `Command { std: "docker" "rm" "-f" "b36a925fd468aa525348b14e821e83d32c6bf752bdf0677e80d557dedaff613f", kill_on_drop: false }`
[INFO] [stdout] b36a925fd468aa525348b14e821e83d32c6bf752bdf0677e80d557dedaff613f
