[INFO] fetching crate svg-path-parser 0.1.1...
[INFO] testing svg-path-parser-0.1.1 against 1.83.0 for beta-1.84.0-4-retry
[INFO] extracting crate svg-path-parser 0.1.1 into /workspace/builds/worker-3-tc1/source
[INFO] validating manifest of crates.io crate svg-path-parser 0.1.1 on toolchain 1.83.0
[INFO] running `Command { std: CARGO_HOME="/workspace/cargo-home" RUSTUP_HOME="/workspace/rustup-home" "/workspace/cargo-home/bin/cargo" "+1.83.0" "metadata" "--manifest-path" "Cargo.toml" "--no-deps", kill_on_drop: false }`
[INFO] started tweaking crates.io crate svg-path-parser 0.1.1
[INFO] finished tweaking crates.io crate svg-path-parser 0.1.1
[INFO] tweaked toml for crates.io crate svg-path-parser 0.1.1 written to /workspace/builds/worker-3-tc1/source/Cargo.toml
[INFO] running `Command { std: CARGO_HOME="/workspace/cargo-home" RUSTUP_HOME="/workspace/rustup-home" "/workspace/cargo-home/bin/cargo" "+1.83.0" "generate-lockfile" "--manifest-path" "Cargo.toml", kill_on_drop: false }`
[INFO] running `Command { std: CARGO_HOME="/workspace/cargo-home" RUSTUP_HOME="/workspace/rustup-home" "/workspace/cargo-home/bin/cargo" "+1.83.0" "fetch" "--manifest-path" "Cargo.toml", kill_on_drop: false }`
[INFO] running `Command { std: "docker" "create" "-v" "/var/lib/crater-agent-workspace/builds/worker-3-tc1/target:/opt/rustwide/target:rw,Z" "-v" "/var/lib/crater-agent-workspace/builds/worker-3-tc1/source:/opt/rustwide/workdir:ro,Z" "-v" "/var/lib/crater-agent-workspace/cargo-home:/opt/rustwide/cargo-home:ro,Z" "-v" "/var/lib/crater-agent-workspace/rustup-home:/opt/rustwide/rustup-home:ro,Z" "-e" "SOURCE_DIR=/opt/rustwide/workdir" "-e" "CARGO_TARGET_DIR=/opt/rustwide/target" "-e" "CARGO_HOME=/opt/rustwide/cargo-home" "-e" "RUSTUP_HOME=/opt/rustwide/rustup-home" "-w" "/opt/rustwide/workdir" "-m" "1610612736" "--user" "0:0" "--network" "none" "ghcr.io/rust-lang/crates-build-env/linux@sha256:f3a9d4ad9d972b27faf3965f35b62e55ba32bbce8f20bc8fe909558a86702fde" "/opt/rustwide/cargo-home/bin/cargo" "+1.83.0" "metadata" "--no-deps" "--format-version=1", kill_on_drop: false }`
[INFO] [stdout] 4f15cb8c391ff5ee6da767b3a222c79b80b7452ad449c2b8a4d4ddcdbe33d92e
[INFO] running `Command { std: "docker" "start" "-a" "4f15cb8c391ff5ee6da767b3a222c79b80b7452ad449c2b8a4d4ddcdbe33d92e", kill_on_drop: false }`
[INFO] running `Command { std: "docker" "inspect" "4f15cb8c391ff5ee6da767b3a222c79b80b7452ad449c2b8a4d4ddcdbe33d92e", kill_on_drop: false }`
[INFO] running `Command { std: "docker" "rm" "-f" "4f15cb8c391ff5ee6da767b3a222c79b80b7452ad449c2b8a4d4ddcdbe33d92e", kill_on_drop: false }`
[INFO] [stdout] 4f15cb8c391ff5ee6da767b3a222c79b80b7452ad449c2b8a4d4ddcdbe33d92e
[INFO] running `Command { std: "docker" "create" "-v" "/var/lib/crater-agent-workspace/builds/worker-3-tc1/target:/opt/rustwide/target:rw,Z" "-v" "/var/lib/crater-agent-workspace/builds/worker-3-tc1/source:/opt/rustwide/workdir:ro,Z" "-v" "/var/lib/crater-agent-workspace/cargo-home:/opt/rustwide/cargo-home:ro,Z" "-v" "/var/lib/crater-agent-workspace/rustup-home:/opt/rustwide/rustup-home:ro,Z" "-e" "SOURCE_DIR=/opt/rustwide/workdir" "-e" "CARGO_TARGET_DIR=/opt/rustwide/target" "-e" "CARGO_INCREMENTAL=0" "-e" "RUST_BACKTRACE=full" "-e" "RUSTFLAGS=--cap-lints=warn" "-e" "RUSTDOCFLAGS=--cap-lints=warn" "-e" "CARGO_HOME=/opt/rustwide/cargo-home" "-e" "RUSTUP_HOME=/opt/rustwide/rustup-home" "-w" "/opt/rustwide/workdir" "-m" "1610612736" "--user" "0:0" "--network" "none" "ghcr.io/rust-lang/crates-build-env/linux@sha256:f3a9d4ad9d972b27faf3965f35b62e55ba32bbce8f20bc8fe909558a86702fde" "/opt/rustwide/cargo-home/bin/cargo" "+1.83.0" "build" "--frozen" "--message-format=json", kill_on_drop: false }`
[INFO] [stdout] 50c4f5a5c8cd44b6edf6147dae19ff3669b664fe6619d5e8e4ca6da69ec2cd1c
[INFO] running `Command { std: "docker" "start" "-a" "50c4f5a5c8cd44b6edf6147dae19ff3669b664fe6619d5e8e4ca6da69ec2cd1c", kill_on_drop: false }`
[INFO] [stderr]    Compiling svg-path-parser v0.1.1 (/opt/rustwide/workdir)
[INFO] [stderr]     Finished `dev` profile [unoptimized + debuginfo] target(s) in 0.35s
[INFO] running `Command { std: "docker" "inspect" "50c4f5a5c8cd44b6edf6147dae19ff3669b664fe6619d5e8e4ca6da69ec2cd1c", kill_on_drop: false }`
[INFO] running `Command { std: "docker" "rm" "-f" "50c4f5a5c8cd44b6edf6147dae19ff3669b664fe6619d5e8e4ca6da69ec2cd1c", kill_on_drop: false }`
[INFO] [stdout] 50c4f5a5c8cd44b6edf6147dae19ff3669b664fe6619d5e8e4ca6da69ec2cd1c
[INFO] running `Command { std: "docker" "create" "-v" "/var/lib/crater-agent-workspace/builds/worker-3-tc1/target:/opt/rustwide/target:rw,Z" "-v" "/var/lib/crater-agent-workspace/builds/worker-3-tc1/source:/opt/rustwide/workdir:ro,Z" "-v" "/var/lib/crater-agent-workspace/cargo-home:/opt/rustwide/cargo-home:ro,Z" "-v" "/var/lib/crater-agent-workspace/rustup-home:/opt/rustwide/rustup-home:ro,Z" "-e" "SOURCE_DIR=/opt/rustwide/workdir" "-e" "CARGO_TARGET_DIR=/opt/rustwide/target" "-e" "CARGO_INCREMENTAL=0" "-e" "RUST_BACKTRACE=full" "-e" "RUSTFLAGS=--cap-lints=warn" "-e" "RUSTDOCFLAGS=--cap-lints=warn" "-e" "CARGO_HOME=/opt/rustwide/cargo-home" "-e" "RUSTUP_HOME=/opt/rustwide/rustup-home" "-w" "/opt/rustwide/workdir" "-m" "1610612736" "--user" "0:0" "--network" "none" "ghcr.io/rust-lang/crates-build-env/linux@sha256:f3a9d4ad9d972b27faf3965f35b62e55ba32bbce8f20bc8fe909558a86702fde" "/opt/rustwide/cargo-home/bin/cargo" "+1.83.0" "test" "--frozen" "--no-run" "--message-format=json", kill_on_drop: false }`
[INFO] [stdout] b1244f28d71bb2debb587977735e672ad0ec2e3e97f1bac93088e3daf821355e
[INFO] running `Command { std: "docker" "start" "-a" "b1244f28d71bb2debb587977735e672ad0ec2e3e97f1bac93088e3daf821355e", kill_on_drop: false }`
[INFO] [stderr]    Compiling svg-path-parser v0.1.1 (/opt/rustwide/workdir)
[INFO] [stderr]     Finished `test` profile [unoptimized + debuginfo] target(s) in 0.39s
[INFO] running `Command { std: "docker" "inspect" "b1244f28d71bb2debb587977735e672ad0ec2e3e97f1bac93088e3daf821355e", kill_on_drop: false }`
[INFO] running `Command { std: "docker" "rm" "-f" "b1244f28d71bb2debb587977735e672ad0ec2e3e97f1bac93088e3daf821355e", kill_on_drop: false }`
[INFO] [stdout] b1244f28d71bb2debb587977735e672ad0ec2e3e97f1bac93088e3daf821355e
[INFO] running `Command { std: "docker" "create" "-v" "/var/lib/crater-agent-workspace/builds/worker-3-tc1/target:/opt/rustwide/target:rw,Z" "-v" "/var/lib/crater-agent-workspace/builds/worker-3-tc1/source:/opt/rustwide/workdir:ro,Z" "-v" "/var/lib/crater-agent-workspace/cargo-home:/opt/rustwide/cargo-home:ro,Z" "-v" "/var/lib/crater-agent-workspace/rustup-home:/opt/rustwide/rustup-home:ro,Z" "-e" "SOURCE_DIR=/opt/rustwide/workdir" "-e" "CARGO_TARGET_DIR=/opt/rustwide/target" "-e" "CARGO_INCREMENTAL=0" "-e" "RUST_BACKTRACE=full" "-e" "RUSTFLAGS=--cap-lints=warn" "-e" "RUSTDOCFLAGS=--cap-lints=warn" "-e" "CARGO_HOME=/opt/rustwide/cargo-home" "-e" "RUSTUP_HOME=/opt/rustwide/rustup-home" "-w" "/opt/rustwide/workdir" "-m" "1610612736" "--user" "0:0" "--network" "none" "ghcr.io/rust-lang/crates-build-env/linux@sha256:f3a9d4ad9d972b27faf3965f35b62e55ba32bbce8f20bc8fe909558a86702fde" "/opt/rustwide/cargo-home/bin/cargo" "+1.83.0" "test" "--frozen", kill_on_drop: false }`
[INFO] [stdout] 65d8f2c7e7456c4f3ed590a81b12c848f9f4289b2fcc39443d6bf92cf0b98bfe
[INFO] running `Command { std: "docker" "start" "-a" "65d8f2c7e7456c4f3ed590a81b12c848f9f4289b2fcc39443d6bf92cf0b98bfe", kill_on_drop: false }`
[INFO] [stderr]     Finished `test` profile [unoptimized + debuginfo] target(s) in 0.01s
[INFO] [stderr]      Running unittests src/lib.rs (/opt/rustwide/target/debug/deps/svg_path_parser-840882962e18be04)
[INFO] [stderr]    Doc-tests svg_path_parser
[INFO] [stdout] 
[INFO] [stdout] running 0 tests
[INFO] [stdout] 
[INFO] [stdout] test result: ok. 0 passed; 0 failed; 0 ignored; 0 measured; 0 filtered out; finished in 0.00s
[INFO] [stdout] 
[INFO] [stdout] 
[INFO] [stdout] running 2 tests
[INFO] [stdout] test src/lib.rs - parse_with_resolution (line 39) ... FAILED
[INFO] [stdout] test src/lib.rs - (line 5) ... FAILED
[INFO] [stdout] 
[INFO] [stdout] failures:
[INFO] [stdout] 
[INFO] [stdout] ---- src/lib.rs - parse_with_resolution (line 39) stdout ----
[INFO] [stdout] error[E0423]: expected value, found built-in attribute `path`
[INFO] [stdout]  --> src/lib.rs:41:37
[INFO] [stdout]   |
[INFO] [stdout] 5 | let paths = svg_path_parser::parse(&path).collect::<Vec<(bool, Vec<(f64, f64)>)>>();
[INFO] [stdout]   |                                     ^^^^ not a value
[INFO] [stdout] 
[INFO] [stdout] error: aborting due to 1 previous error
[INFO] [stdout] 
[INFO] [stdout] For more information about this error, try `rustc --explain E0423`.
[INFO] [stdout] Couldn't compile the test.
[INFO] [stdout] ---- src/lib.rs - (line 5) stdout ----
[INFO] [stdout] error[E0423]: expected value, found built-in attribute `path`
[INFO] [stdout]  --> src/lib.rs:7:37
[INFO] [stdout]   |
[INFO] [stdout] 5 | let paths = svg_path_parser::parse(&path).collect::<Vec<(bool, Vec<(f64, f64)>)>>();
[INFO] [stdout]   |                                     ^^^^ not a value
[INFO] [stdout] 
[INFO] [stdout] error: aborting due to 1 previous error
[INFO] [stdout] 
[INFO] [stdout] For more information about this error, try `rustc --explain E0423`.
[INFO] [stdout] Couldn't compile the test.
[INFO] [stdout] 
[INFO] [stdout] failures:
[INFO] [stdout]     src/lib.rs - (line 5)
[INFO] [stdout]     src/lib.rs - parse_with_resolution (line 39)
[INFO] [stdout] 
[INFO] [stdout] test result: FAILED. 0 passed; 2 failed; 0 ignored; 0 measured; 0 filtered out; finished in 0.11s
[INFO] [stdout] 
[INFO] [stderr] error: doctest failed, to rerun pass `--doc`
[INFO] running `Command { std: "docker" "inspect" "65d8f2c7e7456c4f3ed590a81b12c848f9f4289b2fcc39443d6bf92cf0b98bfe", kill_on_drop: false }`
[INFO] running `Command { std: "docker" "rm" "-f" "65d8f2c7e7456c4f3ed590a81b12c848f9f4289b2fcc39443d6bf92cf0b98bfe", kill_on_drop: false }`
[INFO] [stdout] 65d8f2c7e7456c4f3ed590a81b12c848f9f4289b2fcc39443d6bf92cf0b98bfe
