[INFO] fetching crate surreal-simple-querybuilder-proc-macro 0.8.0...
[INFO] testing surreal-simple-querybuilder-proc-macro-0.8.0 against 1.83.0 for beta-1.84.0-4-retry
[INFO] extracting crate surreal-simple-querybuilder-proc-macro 0.8.0 into /workspace/builds/worker-4-tc1/source
[INFO] validating manifest of crates.io crate surreal-simple-querybuilder-proc-macro 0.8.0 on toolchain 1.83.0
[INFO] running `Command { std: CARGO_HOME="/workspace/cargo-home" RUSTUP_HOME="/workspace/rustup-home" "/workspace/cargo-home/bin/cargo" "+1.83.0" "metadata" "--manifest-path" "Cargo.toml" "--no-deps", kill_on_drop: false }`
[INFO] started tweaking crates.io crate surreal-simple-querybuilder-proc-macro 0.8.0
[INFO] finished tweaking crates.io crate surreal-simple-querybuilder-proc-macro 0.8.0
[INFO] tweaked toml for crates.io crate surreal-simple-querybuilder-proc-macro 0.8.0 written to /workspace/builds/worker-4-tc1/source/Cargo.toml
[INFO] running `Command { std: CARGO_HOME="/workspace/cargo-home" RUSTUP_HOME="/workspace/rustup-home" "/workspace/cargo-home/bin/cargo" "+1.83.0" "generate-lockfile" "--manifest-path" "Cargo.toml", kill_on_drop: false }`
[INFO] [stderr]     Updating crates.io index
[INFO] [stderr]      Locking 69 packages to latest compatible versions
[INFO] [stderr]       Adding lalrpop v0.20.2 (available: v0.22.0)
[INFO] [stderr]       Adding lalrpop-util v0.20.2 (available: v0.22.0)
[INFO] running `Command { std: CARGO_HOME="/workspace/cargo-home" RUSTUP_HOME="/workspace/rustup-home" "/workspace/cargo-home/bin/cargo" "+1.83.0" "fetch" "--manifest-path" "Cargo.toml", kill_on_drop: false }`
[INFO] running `Command { std: "docker" "create" "-v" "/var/lib/crater-agent-workspace/builds/worker-4-tc1/target:/opt/rustwide/target:rw,Z" "-v" "/var/lib/crater-agent-workspace/builds/worker-4-tc1/source:/opt/rustwide/workdir:ro,Z" "-v" "/var/lib/crater-agent-workspace/cargo-home:/opt/rustwide/cargo-home:ro,Z" "-v" "/var/lib/crater-agent-workspace/rustup-home:/opt/rustwide/rustup-home:ro,Z" "-e" "SOURCE_DIR=/opt/rustwide/workdir" "-e" "CARGO_TARGET_DIR=/opt/rustwide/target" "-e" "CARGO_HOME=/opt/rustwide/cargo-home" "-e" "RUSTUP_HOME=/opt/rustwide/rustup-home" "-w" "/opt/rustwide/workdir" "-m" "1610612736" "--user" "0:0" "--network" "none" "ghcr.io/rust-lang/crates-build-env/linux@sha256:f3a9d4ad9d972b27faf3965f35b62e55ba32bbce8f20bc8fe909558a86702fde" "/opt/rustwide/cargo-home/bin/cargo" "+1.83.0" "metadata" "--no-deps" "--format-version=1", kill_on_drop: false }`
[INFO] [stdout] 7427f95ade3ce506371dd74706cff838579d4d45939ea5651f19aa7bbf52b694
[INFO] running `Command { std: "docker" "start" "-a" "7427f95ade3ce506371dd74706cff838579d4d45939ea5651f19aa7bbf52b694", kill_on_drop: false }`
[INFO] running `Command { std: "docker" "inspect" "7427f95ade3ce506371dd74706cff838579d4d45939ea5651f19aa7bbf52b694", kill_on_drop: false }`
[INFO] running `Command { std: "docker" "rm" "-f" "7427f95ade3ce506371dd74706cff838579d4d45939ea5651f19aa7bbf52b694", kill_on_drop: false }`
[INFO] [stdout] 7427f95ade3ce506371dd74706cff838579d4d45939ea5651f19aa7bbf52b694
[INFO] running `Command { std: "docker" "create" "-v" "/var/lib/crater-agent-workspace/builds/worker-4-tc1/target:/opt/rustwide/target:rw,Z" "-v" "/var/lib/crater-agent-workspace/builds/worker-4-tc1/source:/opt/rustwide/workdir:ro,Z" "-v" "/var/lib/crater-agent-workspace/cargo-home:/opt/rustwide/cargo-home:ro,Z" "-v" "/var/lib/crater-agent-workspace/rustup-home:/opt/rustwide/rustup-home:ro,Z" "-e" "SOURCE_DIR=/opt/rustwide/workdir" "-e" "CARGO_TARGET_DIR=/opt/rustwide/target" "-e" "CARGO_INCREMENTAL=0" "-e" "RUST_BACKTRACE=full" "-e" "RUSTFLAGS=--cap-lints=warn" "-e" "RUSTDOCFLAGS=--cap-lints=warn" "-e" "CARGO_HOME=/opt/rustwide/cargo-home" "-e" "RUSTUP_HOME=/opt/rustwide/rustup-home" "-w" "/opt/rustwide/workdir" "-m" "1610612736" "--user" "0:0" "--network" "none" "ghcr.io/rust-lang/crates-build-env/linux@sha256:f3a9d4ad9d972b27faf3965f35b62e55ba32bbce8f20bc8fe909558a86702fde" "/opt/rustwide/cargo-home/bin/cargo" "+1.83.0" "build" "--frozen" "--message-format=json", kill_on_drop: false }`
[INFO] [stdout] f601e616fd879cbd16e9cbbc5dc3f2c9031314d57c473d65a5e3c5330c064f34
[INFO] running `Command { std: "docker" "start" "-a" "f601e616fd879cbd16e9cbbc5dc3f2c9031314d57c473d65a5e3c5330c064f34", kill_on_drop: false }`
[INFO] [stderr]    Compiling memchr v2.7.4
[INFO] [stderr]    Compiling proc-macro2 v1.0.92
[INFO] [stderr]    Compiling unicode-ident v1.0.14
[INFO] [stderr]    Compiling regex-syntax v0.8.5
[INFO] [stderr]    Compiling aho-corasick v1.1.3
[INFO] [stderr]    Compiling quote v1.0.37
[INFO] [stderr]    Compiling regex-automata v0.4.9
[INFO] [stderr]    Compiling lalrpop-util v0.20.2
[INFO] [stderr]    Compiling surreal-simple-querybuilder-proc-macro v0.8.0 (/opt/rustwide/workdir)
[INFO] [stdout] warning: associated function `to_triple` is never used
[INFO] [stdout]     --> src/parser.rs:3404:8
[INFO] [stdout]      |
[INFO] [stdout] 3402 | pub trait __ToTriple<'input, >
[INFO] [stdout]      |           ---------- associated function in this trait
[INFO] [stdout] 3403 | {
[INFO] [stdout] 3404 |     fn to_triple(value: Self) -> Result<(usize,Token<'input>,usize), __lalrpop_util::ParseError<usize, Token<'input>, &'static str>>;
[INFO] [stdout]      |        ^^^^^^^^^
[INFO] [stdout]      |
[INFO] [stdout]      = note: `#[warn(dead_code)]` on by default
[INFO] [stdout] 
[INFO] [stdout] 
[INFO] [stderr]     Finished `dev` profile [unoptimized + debuginfo] target(s) in 6.34s
[INFO] running `Command { std: "docker" "inspect" "f601e616fd879cbd16e9cbbc5dc3f2c9031314d57c473d65a5e3c5330c064f34", kill_on_drop: false }`
[INFO] running `Command { std: "docker" "rm" "-f" "f601e616fd879cbd16e9cbbc5dc3f2c9031314d57c473d65a5e3c5330c064f34", kill_on_drop: false }`
[INFO] [stdout] f601e616fd879cbd16e9cbbc5dc3f2c9031314d57c473d65a5e3c5330c064f34
[INFO] running `Command { std: "docker" "create" "-v" "/var/lib/crater-agent-workspace/builds/worker-4-tc1/target:/opt/rustwide/target:rw,Z" "-v" "/var/lib/crater-agent-workspace/builds/worker-4-tc1/source:/opt/rustwide/workdir:ro,Z" "-v" "/var/lib/crater-agent-workspace/cargo-home:/opt/rustwide/cargo-home:ro,Z" "-v" "/var/lib/crater-agent-workspace/rustup-home:/opt/rustwide/rustup-home:ro,Z" "-e" "SOURCE_DIR=/opt/rustwide/workdir" "-e" "CARGO_TARGET_DIR=/opt/rustwide/target" "-e" "CARGO_INCREMENTAL=0" "-e" "RUST_BACKTRACE=full" "-e" "RUSTFLAGS=--cap-lints=warn" "-e" "RUSTDOCFLAGS=--cap-lints=warn" "-e" "CARGO_HOME=/opt/rustwide/cargo-home" "-e" "RUSTUP_HOME=/opt/rustwide/rustup-home" "-w" "/opt/rustwide/workdir" "-m" "1610612736" "--user" "0:0" "--network" "none" "ghcr.io/rust-lang/crates-build-env/linux@sha256:f3a9d4ad9d972b27faf3965f35b62e55ba32bbce8f20bc8fe909558a86702fde" "/opt/rustwide/cargo-home/bin/cargo" "+1.83.0" "test" "--frozen" "--no-run" "--message-format=json", kill_on_drop: false }`
[INFO] [stdout] ca23243b6220bd51cb9d7b8e378c2ad12785f29125e0e461649eb05bfbe97f7b
[INFO] running `Command { std: "docker" "start" "-a" "ca23243b6220bd51cb9d7b8e378c2ad12785f29125e0e461649eb05bfbe97f7b", kill_on_drop: false }`
[INFO] [stderr]    Compiling surreal-simple-querybuilder-proc-macro v0.8.0 (/opt/rustwide/workdir)
[INFO] [stdout] warning: associated function `to_triple` is never used
[INFO] [stdout]     --> src/parser.rs:3404:8
[INFO] [stdout]      |
[INFO] [stdout] 3402 | pub trait __ToTriple<'input, >
[INFO] [stdout]      |           ---------- associated function in this trait
[INFO] [stdout] 3403 | {
[INFO] [stdout] 3404 |     fn to_triple(value: Self) -> Result<(usize,Token<'input>,usize), __lalrpop_util::ParseError<usize, Token<'input>, &'static str>>;
[INFO] [stdout]      |        ^^^^^^^^^
[INFO] [stdout]      |
[INFO] [stdout]      = note: `#[warn(dead_code)]` on by default
[INFO] [stdout] 
[INFO] [stdout] 
[INFO] [stdout] warning: associated function `to_triple` is never used
[INFO] [stdout]     --> src/parser.rs:3404:8
[INFO] [stdout]      |
[INFO] [stdout] 3402 | pub trait __ToTriple<'input, >
[INFO] [stdout]      |           ---------- associated function in this trait
[INFO] [stdout] 3403 | {
[INFO] [stdout] 3404 |     fn to_triple(value: Self) -> Result<(usize,Token<'input>,usize), __lalrpop_util::ParseError<usize, Token<'input>, &'static str>>;
[INFO] [stdout]      |        ^^^^^^^^^
[INFO] [stdout]      |
[INFO] [stdout]      = note: `#[warn(dead_code)]` on by default
[INFO] [stdout] 
[INFO] [stdout] 
[INFO] [stderr]     Finished `test` profile [unoptimized + debuginfo] target(s) in 1.50s
[INFO] running `Command { std: "docker" "inspect" "ca23243b6220bd51cb9d7b8e378c2ad12785f29125e0e461649eb05bfbe97f7b", kill_on_drop: false }`
[INFO] running `Command { std: "docker" "rm" "-f" "ca23243b6220bd51cb9d7b8e378c2ad12785f29125e0e461649eb05bfbe97f7b", kill_on_drop: false }`
[INFO] [stdout] ca23243b6220bd51cb9d7b8e378c2ad12785f29125e0e461649eb05bfbe97f7b
[INFO] running `Command { std: "docker" "create" "-v" "/var/lib/crater-agent-workspace/builds/worker-4-tc1/target:/opt/rustwide/target:rw,Z" "-v" "/var/lib/crater-agent-workspace/builds/worker-4-tc1/source:/opt/rustwide/workdir:ro,Z" "-v" "/var/lib/crater-agent-workspace/cargo-home:/opt/rustwide/cargo-home:ro,Z" "-v" "/var/lib/crater-agent-workspace/rustup-home:/opt/rustwide/rustup-home:ro,Z" "-e" "SOURCE_DIR=/opt/rustwide/workdir" "-e" "CARGO_TARGET_DIR=/opt/rustwide/target" "-e" "CARGO_INCREMENTAL=0" "-e" "RUST_BACKTRACE=full" "-e" "RUSTFLAGS=--cap-lints=warn" "-e" "RUSTDOCFLAGS=--cap-lints=warn" "-e" "CARGO_HOME=/opt/rustwide/cargo-home" "-e" "RUSTUP_HOME=/opt/rustwide/rustup-home" "-w" "/opt/rustwide/workdir" "-m" "1610612736" "--user" "0:0" "--network" "none" "ghcr.io/rust-lang/crates-build-env/linux@sha256:f3a9d4ad9d972b27faf3965f35b62e55ba32bbce8f20bc8fe909558a86702fde" "/opt/rustwide/cargo-home/bin/cargo" "+1.83.0" "test" "--frozen", kill_on_drop: false }`
[INFO] [stdout] a666fc181c3398ad44157f4c96db12323796b7c22686f8393b4319584741271f
[INFO] running `Command { std: "docker" "start" "-a" "a666fc181c3398ad44157f4c96db12323796b7c22686f8393b4319584741271f", kill_on_drop: false }`
[INFO] [stderr] warning: associated function `to_triple` is never used
[INFO] [stderr]     --> src/parser.rs:3404:8
[INFO] [stderr]      |
[INFO] [stderr] 3402 | pub trait __ToTriple<'input, >
[INFO] [stderr]      |           ---------- associated function in this trait
[INFO] [stderr] 3403 | {
[INFO] [stderr] 3404 |     fn to_triple(value: Self) -> Result<(usize,Token<'input>,usize), __lalrpop_util::ParseError<usize, Token<'input>, &'static str>>;
[INFO] [stderr]      |        ^^^^^^^^^
[INFO] [stderr]      |
[INFO] [stderr]      = note: `#[warn(dead_code)]` on by default
[INFO] [stderr] 
[INFO] [stderr] warning: `surreal-simple-querybuilder-proc-macro` (lib) generated 1 warning
[INFO] [stderr] warning: `surreal-simple-querybuilder-proc-macro` (lib test) generated 1 warning (1 duplicate)
[INFO] [stderr]     Finished `test` profile [unoptimized + debuginfo] target(s) in 0.08s
[INFO] [stderr]      Running unittests src/lib.rs (/opt/rustwide/target/debug/deps/surreal_simple_querybuilder_proc_macro-778ab349aa30edb9)
[INFO] [stdout] 
[INFO] [stdout] running 0 tests
[INFO] [stdout] 
[INFO] [stdout] test result: ok. 0 passed; 0 failed; 0 ignored; 0 measured; 0 filtered out; finished in 0.00s
[INFO] [stdout] 
[INFO] [stderr]    Doc-tests surreal_simple_querybuilder_proc_macro
[INFO] [stdout] 
[INFO] [stdout] running 2 tests
[INFO] [stdout] test src/lib.rs - model (line 11) ... FAILED
[INFO] [stdout] test src/lib.rs - model (line 44) ... FAILED
[INFO] [stdout] 
[INFO] [stdout] failures:
[INFO] [stdout] 
[INFO] [stdout] ---- src/lib.rs - model (line 11) stdout ----
[INFO] [stdout] error[E0433]: failed to resolve: use of undeclared crate or module `surreal_simple_querybuilder`
[INFO] [stdout]  --> src/lib.rs:12:5
[INFO] [stdout]   |
[INFO] [stdout] 2 | use surreal_simple_querybuilder::prelude::*;
[INFO] [stdout]   |     ^^^^^^^^^^^^^^^^^^^^^^^^^^^ use of undeclared crate or module `surreal_simple_querybuilder`
[INFO] [stdout] 
[INFO] [stdout] error[E0432]: unresolved import `schema`
[INFO] [stdout]   --> src/lib.rs:30:7
[INFO] [stdout]    |
[INFO] [stdout] 20 |   use schema::model as account;
[INFO] [stdout]    |       ^^^^^^ use of undeclared crate or module `schema`
[INFO] [stdout] 
[INFO] [stdout] error: cannot find macro `model` in this scope
[INFO] [stdout]   --> src/lib.rs:21:1
[INFO] [stdout]    |
[INFO] [stdout] 11 | model!(Account {
[INFO] [stdout]    | ^^^^^
[INFO] [stdout]    |
[INFO] [stdout] help: consider importing this macro
[INFO] [stdout]    |
[INFO] [stdout] 2  + use surreal_simple_querybuilder_proc_macro::model;
[INFO] [stdout]    |
[INFO] [stdout] 
[INFO] [stdout] error[E0412]: cannot find type `Foreign` in this scope
[INFO] [stdout]  --> src/lib.rs:18:12
[INFO] [stdout]   |
[INFO] [stdout] 8 |   friends: Foreign<Vec<Account>>
[INFO] [stdout]   |            ^^^^^^^ not found in this scope
[INFO] [stdout] 
[INFO] [stdout] error: aborting due to 4 previous errors
[INFO] [stdout] 
[INFO] [stdout] Some errors have detailed explanations: E0412, E0432, E0433.
[INFO] [stdout] For more information about an error, try `rustc --explain E0412`.
[INFO] [stdout] Couldn't compile the test.
[INFO] [stdout] ---- src/lib.rs - model (line 44) stdout ----
[INFO] [stdout] error: expected `;`, found `assert_eq`
[INFO] [stdout]   --> src/lib.rs:74:109
[INFO] [stdout]    |
[INFO] [stdout] 31 |   let query = format!("select {} from {account}", account.managed_projects().name.as_alias("project_names"))
[INFO] [stdout]    |                                                                                                             ^ help: add `;` here
[INFO] [stdout] 32 |   assert_eq!("select ->manage->Project.name as project_names from Account", query);
[INFO] [stdout]    |   --------- unexpected token
[INFO] [stdout] 
[INFO] [stdout] error: unexpected end of macro invocation
[INFO] [stdout]   --> src/lib.rs:72:53
[INFO] [stdout]    |
[INFO] [stdout] 29 |   assert_eq!("select ->manage->Project from Account");
[INFO] [stdout]    |                                                     ^ missing tokens in macro arguments
[INFO] [stdout]    |
[INFO] [stdout] note: while trying to match `,`
[INFO] [stdout]   --> /rustc/90b35a6239c3d8bdabc530a6a0816f7ff89a0aaf/library/core/src/macros/mod.rs:43:16
[INFO] [stdout] 
[INFO] [stdout] error[E0433]: failed to resolve: use of undeclared crate or module `surreal_simple_querybuilder`
[INFO] [stdout]  --> src/lib.rs:46:7
[INFO] [stdout]   |
[INFO] [stdout] 3 |   use surreal_simple_querybuilder::prelude::*;
[INFO] [stdout]   |       ^^^^^^^^^^^^^^^^^^^^^^^^^^^ use of undeclared crate or module `surreal_simple_querybuilder`
[INFO] [stdout] 
[INFO] [stdout] error[E0433]: failed to resolve: use of undeclared crate or module `surreal_simple_querybuilder`
[INFO] [stdout]   --> src/lib.rs:57:7
[INFO] [stdout]    |
[INFO] [stdout] 14 |   use surreal_simple_querybuilder::prelude::*;
[INFO] [stdout]    |       ^^^^^^^^^^^^^^^^^^^^^^^^^^^ use of undeclared crate or module `surreal_simple_querybuilder`
[INFO] [stdout] 
[INFO] [stdout] error[E0432]: unresolved import `super::project::schema`
[INFO] [stdout]  --> src/lib.rs:47:23
[INFO] [stdout]   |
[INFO] [stdout] 4 |   use super::project::schema::Project;
[INFO] [stdout]   |                       ^^^^^^ could not find `schema` in `project`
[INFO] [stdout] 
[INFO] [stdout] error[E0432]: unresolved import `account::schema`
[INFO] [stdout]   --> src/lib.rs:69:16
[INFO] [stdout]    |
[INFO] [stdout] 26 |   use account::schema::model as account;
[INFO] [stdout]    |                ^^^^^^ could not find `schema` in `account`
[INFO] [stdout] 
[INFO] [stdout] error[E0432]: unresolved import `super::project::schema`
[INFO] [stdout]   --> src/lib.rs:58:23
[INFO] [stdout]    |
[INFO] [stdout] 15 |   use super::project::schema::Project;
[INFO] [stdout]    |                       ^^^^^^ could not find `schema` in `project`
[INFO] [stdout] 
[INFO] [stdout] error: cannot find macro `model` in this scope
[INFO] [stdout]  --> src/lib.rs:49:3
[INFO] [stdout]   |
[INFO] [stdout] 6 |   model!(Account {
[INFO] [stdout]   |   ^^^^^
[INFO] [stdout]   |
[INFO] [stdout] help: consider importing this macro
[INFO] [stdout]   |
[INFO] [stdout] 3 +   use surreal_simple_querybuilder_proc_macro::model;
[INFO] [stdout]   |
[INFO] [stdout] 
[INFO] [stdout] error: cannot find macro `model` in this scope
[INFO] [stdout]   --> src/lib.rs:60:3
[INFO] [stdout]    |
[INFO] [stdout] 17 |   model!(Project {
[INFO] [stdout]    |   ^^^^^
[INFO] [stdout]    |
[INFO] [stdout] help: consider importing this macro
[INFO] [stdout]    |
[INFO] [stdout] 14 +   use surreal_simple_querybuilder_proc_macro::model;
[INFO] [stdout]    |
[INFO] [stdout] 
[INFO] [stdout] error: aborting due to 9 previous errors
[INFO] [stdout] 
[INFO] [stdout] Some errors have detailed explanations: E0432, E0433.
[INFO] [stdout] For more information about an error, try `rustc --explain E0432`.
[INFO] [stdout] Couldn't compile the test.
[INFO] [stdout] 
[INFO] [stdout] failures:
[INFO] [stdout]     src/lib.rs - model (line 11)
[INFO] [stdout]     src/lib.rs - model (line 44)
[INFO] [stdout] 
[INFO] [stdout] test result: FAILED. 0 passed; 2 failed; 0 ignored; 0 measured; 0 filtered out; finished in 0.13s
[INFO] [stdout] 
[INFO] [stderr] error: doctest failed, to rerun pass `--doc`
[INFO] running `Command { std: "docker" "inspect" "a666fc181c3398ad44157f4c96db12323796b7c22686f8393b4319584741271f", kill_on_drop: false }`
[INFO] running `Command { std: "docker" "rm" "-f" "a666fc181c3398ad44157f4c96db12323796b7c22686f8393b4319584741271f", kill_on_drop: false }`
[INFO] [stdout] a666fc181c3398ad44157f4c96db12323796b7c22686f8393b4319584741271f
