[INFO] fetching crate supply-chain-trust-example-crate-000097 1.11.0...
[INFO] testing supply-chain-trust-example-crate-000097-1.11.0 against 1.83.0 for beta-1.84.0-4-retry
[INFO] extracting crate supply-chain-trust-example-crate-000097 1.11.0 into /workspace/builds/worker-5-tc1/source
[INFO] validating manifest of crates.io crate supply-chain-trust-example-crate-000097 1.11.0 on toolchain 1.83.0
[INFO] running `Command { std: CARGO_HOME="/workspace/cargo-home" RUSTUP_HOME="/workspace/rustup-home" "/workspace/cargo-home/bin/cargo" "+1.83.0" "metadata" "--manifest-path" "Cargo.toml" "--no-deps", kill_on_drop: false }`
[INFO] started tweaking crates.io crate supply-chain-trust-example-crate-000097 1.11.0
[INFO] finished tweaking crates.io crate supply-chain-trust-example-crate-000097 1.11.0
[INFO] tweaked toml for crates.io crate supply-chain-trust-example-crate-000097 1.11.0 written to /workspace/builds/worker-5-tc1/source/Cargo.toml
[INFO] running `Command { std: CARGO_HOME="/workspace/cargo-home" RUSTUP_HOME="/workspace/rustup-home" "/workspace/cargo-home/bin/cargo" "+1.83.0" "generate-lockfile" "--manifest-path" "Cargo.toml", kill_on_drop: false }`
[INFO] [stderr]     Updating crates.io index
[INFO] [stderr]     Blocking waiting for file lock on package cache
[INFO] [stderr]      Locking 86 packages to latest compatible versions
[INFO] running `Command { std: CARGO_HOME="/workspace/cargo-home" RUSTUP_HOME="/workspace/rustup-home" "/workspace/cargo-home/bin/cargo" "+1.83.0" "fetch" "--manifest-path" "Cargo.toml", kill_on_drop: false }`
[INFO] [stderr]     Blocking waiting for file lock on package cache
[INFO] running `Command { std: "docker" "create" "-v" "/var/lib/crater-agent-workspace/builds/worker-5-tc1/target:/opt/rustwide/target:rw,Z" "-v" "/var/lib/crater-agent-workspace/builds/worker-5-tc1/source:/opt/rustwide/workdir:ro,Z" "-v" "/var/lib/crater-agent-workspace/cargo-home:/opt/rustwide/cargo-home:ro,Z" "-v" "/var/lib/crater-agent-workspace/rustup-home:/opt/rustwide/rustup-home:ro,Z" "-e" "SOURCE_DIR=/opt/rustwide/workdir" "-e" "CARGO_TARGET_DIR=/opt/rustwide/target" "-e" "CARGO_HOME=/opt/rustwide/cargo-home" "-e" "RUSTUP_HOME=/opt/rustwide/rustup-home" "-w" "/opt/rustwide/workdir" "-m" "1610612736" "--user" "0:0" "--network" "none" "ghcr.io/rust-lang/crates-build-env/linux@sha256:f3a9d4ad9d972b27faf3965f35b62e55ba32bbce8f20bc8fe909558a86702fde" "/opt/rustwide/cargo-home/bin/cargo" "+1.83.0" "metadata" "--no-deps" "--format-version=1", kill_on_drop: false }`
[INFO] [stdout] a76086c2d9972fef42085800378a6429d7d0c91f3c859c6f61263be42c06a46f
[INFO] running `Command { std: "docker" "start" "-a" "a76086c2d9972fef42085800378a6429d7d0c91f3c859c6f61263be42c06a46f", kill_on_drop: false }`
[INFO] running `Command { std: "docker" "inspect" "a76086c2d9972fef42085800378a6429d7d0c91f3c859c6f61263be42c06a46f", kill_on_drop: false }`
[INFO] running `Command { std: "docker" "rm" "-f" "a76086c2d9972fef42085800378a6429d7d0c91f3c859c6f61263be42c06a46f", kill_on_drop: false }`
[INFO] [stdout] a76086c2d9972fef42085800378a6429d7d0c91f3c859c6f61263be42c06a46f
[INFO] running `Command { std: "docker" "create" "-v" "/var/lib/crater-agent-workspace/builds/worker-5-tc1/target:/opt/rustwide/target:rw,Z" "-v" "/var/lib/crater-agent-workspace/builds/worker-5-tc1/source:/opt/rustwide/workdir:ro,Z" "-v" "/var/lib/crater-agent-workspace/cargo-home:/opt/rustwide/cargo-home:ro,Z" "-v" "/var/lib/crater-agent-workspace/rustup-home:/opt/rustwide/rustup-home:ro,Z" "-e" "SOURCE_DIR=/opt/rustwide/workdir" "-e" "CARGO_TARGET_DIR=/opt/rustwide/target" "-e" "CARGO_INCREMENTAL=0" "-e" "RUST_BACKTRACE=full" "-e" "RUSTFLAGS=--cap-lints=warn" "-e" "RUSTDOCFLAGS=--cap-lints=warn" "-e" "CARGO_HOME=/opt/rustwide/cargo-home" "-e" "RUSTUP_HOME=/opt/rustwide/rustup-home" "-w" "/opt/rustwide/workdir" "-m" "1610612736" "--user" "0:0" "--network" "none" "ghcr.io/rust-lang/crates-build-env/linux@sha256:f3a9d4ad9d972b27faf3965f35b62e55ba32bbce8f20bc8fe909558a86702fde" "/opt/rustwide/cargo-home/bin/cargo" "+1.83.0" "build" "--frozen" "--message-format=json", kill_on_drop: false }`
[INFO] [stdout] b013c34b802ac5ebcef461e1ad78feed599e5766a0d42f918ff11d3aac4d0085
[INFO] running `Command { std: "docker" "start" "-a" "b013c34b802ac5ebcef461e1ad78feed599e5766a0d42f918ff11d3aac4d0085", kill_on_drop: false }`
[INFO] [stderr]    Compiling supply-chain-trust-example-crate-000097 v1.11.0 (/opt/rustwide/workdir)
[INFO] [stderr]     Finished `dev` profile [unoptimized + debuginfo] target(s) in 0.69s
[INFO] running `Command { std: "docker" "inspect" "b013c34b802ac5ebcef461e1ad78feed599e5766a0d42f918ff11d3aac4d0085", kill_on_drop: false }`
[INFO] running `Command { std: "docker" "rm" "-f" "b013c34b802ac5ebcef461e1ad78feed599e5766a0d42f918ff11d3aac4d0085", kill_on_drop: false }`
[INFO] [stdout] b013c34b802ac5ebcef461e1ad78feed599e5766a0d42f918ff11d3aac4d0085
[INFO] running `Command { std: "docker" "create" "-v" "/var/lib/crater-agent-workspace/builds/worker-5-tc1/target:/opt/rustwide/target:rw,Z" "-v" "/var/lib/crater-agent-workspace/builds/worker-5-tc1/source:/opt/rustwide/workdir:ro,Z" "-v" "/var/lib/crater-agent-workspace/cargo-home:/opt/rustwide/cargo-home:ro,Z" "-v" "/var/lib/crater-agent-workspace/rustup-home:/opt/rustwide/rustup-home:ro,Z" "-e" "SOURCE_DIR=/opt/rustwide/workdir" "-e" "CARGO_TARGET_DIR=/opt/rustwide/target" "-e" "CARGO_INCREMENTAL=0" "-e" "RUST_BACKTRACE=full" "-e" "RUSTFLAGS=--cap-lints=warn" "-e" "RUSTDOCFLAGS=--cap-lints=warn" "-e" "CARGO_HOME=/opt/rustwide/cargo-home" "-e" "RUSTUP_HOME=/opt/rustwide/rustup-home" "-w" "/opt/rustwide/workdir" "-m" "1610612736" "--user" "0:0" "--network" "none" "ghcr.io/rust-lang/crates-build-env/linux@sha256:f3a9d4ad9d972b27faf3965f35b62e55ba32bbce8f20bc8fe909558a86702fde" "/opt/rustwide/cargo-home/bin/cargo" "+1.83.0" "test" "--frozen" "--no-run" "--message-format=json", kill_on_drop: false }`
[INFO] [stdout] 081480907f5a23c3b9c4f504c25635a4556a326d6792addcd2654d58665ae3d8
[INFO] running `Command { std: "docker" "start" "-a" "081480907f5a23c3b9c4f504c25635a4556a326d6792addcd2654d58665ae3d8", kill_on_drop: false }`
[INFO] [stderr]    Compiling serde v1.0.216
[INFO] [stderr]    Compiling proc-macro2 v1.0.92
[INFO] [stderr]    Compiling unicode-ident v1.0.14
[INFO] [stderr]    Compiling hashbrown v0.15.2
[INFO] [stderr]    Compiling equivalent v1.0.1
[INFO] [stderr]    Compiling winnow v0.6.20
[INFO] [stderr]    Compiling target-triple v0.1.3
[INFO] [stderr]    Compiling serde_json v1.0.133
[INFO] [stderr]    Compiling rustversion v1.0.18
[INFO] [stderr]    Compiling memchr v2.7.4
[INFO] [stderr]    Compiling itoa v1.0.14
[INFO] [stderr]    Compiling indexmap v2.7.0
[INFO] [stderr]    Compiling ryu v1.0.18
[INFO] [stderr]    Compiling glob v0.3.1
[INFO] [stderr]    Compiling termcolor v1.4.1
[INFO] [stderr]    Compiling quote v1.0.37
[INFO] [stderr]    Compiling syn v2.0.90
[INFO] [stderr]    Compiling toml_datetime v0.6.8
[INFO] [stderr]    Compiling serde_spanned v0.6.8
[INFO] [stderr]    Compiling bincode v1.3.3
[INFO] [stderr]    Compiling serde_test v1.0.177
[INFO] [stderr]    Compiling toml_edit v0.22.22
[INFO] [stderr]    Compiling serde_derive v1.0.216
[INFO] [stderr]    Compiling toml v0.8.19
[INFO] [stderr]    Compiling trybuild v1.0.101
[INFO] [stderr]    Compiling supply-chain-trust-example-crate-000097 v1.11.0 (/opt/rustwide/workdir)
[INFO] [stderr]     Finished `test` profile [unoptimized + debuginfo] target(s) in 35.74s
[INFO] running `Command { std: "docker" "inspect" "081480907f5a23c3b9c4f504c25635a4556a326d6792addcd2654d58665ae3d8", kill_on_drop: false }`
[INFO] running `Command { std: "docker" "rm" "-f" "081480907f5a23c3b9c4f504c25635a4556a326d6792addcd2654d58665ae3d8", kill_on_drop: false }`
[INFO] [stdout] 081480907f5a23c3b9c4f504c25635a4556a326d6792addcd2654d58665ae3d8
[INFO] running `Command { std: "docker" "create" "-v" "/var/lib/crater-agent-workspace/builds/worker-5-tc1/target:/opt/rustwide/target:rw,Z" "-v" "/var/lib/crater-agent-workspace/builds/worker-5-tc1/source:/opt/rustwide/workdir:ro,Z" "-v" "/var/lib/crater-agent-workspace/cargo-home:/opt/rustwide/cargo-home:ro,Z" "-v" "/var/lib/crater-agent-workspace/rustup-home:/opt/rustwide/rustup-home:ro,Z" "-e" "SOURCE_DIR=/opt/rustwide/workdir" "-e" "CARGO_TARGET_DIR=/opt/rustwide/target" "-e" "CARGO_INCREMENTAL=0" "-e" "RUST_BACKTRACE=full" "-e" "RUSTFLAGS=--cap-lints=warn" "-e" "RUSTDOCFLAGS=--cap-lints=warn" "-e" "CARGO_HOME=/opt/rustwide/cargo-home" "-e" "RUSTUP_HOME=/opt/rustwide/rustup-home" "-w" "/opt/rustwide/workdir" "-m" "1610612736" "--user" "0:0" "--network" "none" "ghcr.io/rust-lang/crates-build-env/linux@sha256:f3a9d4ad9d972b27faf3965f35b62e55ba32bbce8f20bc8fe909558a86702fde" "/opt/rustwide/cargo-home/bin/cargo" "+1.83.0" "test" "--frozen", kill_on_drop: false }`
[INFO] [stdout] 8d7f1f6fdccac4ec2573d9cd190a9470d5c4a2bc82c95d02a2ab133405e1e2db
[INFO] running `Command { std: "docker" "start" "-a" "8d7f1f6fdccac4ec2573d9cd190a9470d5c4a2bc82c95d02a2ab133405e1e2db", kill_on_drop: false }`
[INFO] [stderr]     Finished `test` profile [unoptimized + debuginfo] target(s) in 0.11s
[INFO] [stderr]      Running unittests src/lib.rs (/opt/rustwide/target/debug/deps/supply_chain_trust_example_crate_000097-cb9dcc7a019bc0c5)
[INFO] [stdout] 
[INFO] [stdout] running 65 tests
[INFO] [stdout] test fmt::tests::braced_ref_trailing ... ok
[INFO] [stdout] test fmt::tests::braced_trailing ... ok
[INFO] [stdout] test fmt::tests::hyphenated_ref_trailing ... ok
[INFO] [stdout] test fmt::tests::braced_to_inner ... ok
[INFO] [stdout] test fmt::tests::simple_ref_trailing ... ok
[INFO] [stdout] test fmt::tests::hyphenated_trailing ... ok
[INFO] [stdout] test fmt::tests::hyphenated_to_inner ... ok
[INFO] [stdout] test fmt::tests::simple_to_inner ... ok
[INFO] [stdout] test fmt::tests::urn_to_inner ... ok
[INFO] [stdout] test fmt::tests::urn_trailing ... ok
[INFO] [stdout] test parser::tests::test_parse_uuid_v4_valid ... ok
[INFO] [stdout] test fmt::tests::simple_trailing ... ok
[INFO] [stdout] test fmt::tests::urn_ref_trailing ... ok
[INFO] [stdout] test parser::tests::test_parse_uuid_v4_invalid ... ok
[INFO] [stdout] test parser::tests::test_roundtrip_braced ... ok
[INFO] [stdout] test parser::tests::test_roundtrip_hyphenated ... ok
[INFO] [stdout] test parser::tests::test_roundtrip_parse_braced ... ok
[INFO] [stdout] test parser::tests::test_roundtrip_parse_urn ... ok
[INFO] [stdout] test parser::tests::test_roundtrip_urn ... ok
[INFO] [stdout] test parser::tests::test_roundtrip_simple ... ok
[INFO] [stdout] test tests::test_as_bytes ... ok
[INFO] [stdout] test parser::tests::test_roundtrip_default ... ok
[INFO] [stdout] test parser::tests::test_try_parse_ascii_non_utf8 ... ok
[INFO] [stdout] test tests::test_convert_vec ... ok
[INFO] [stdout] test tests::test_fields_le_are_actually_le ... ok
[INFO] [stdout] test tests::test_as_fields ... ok
[INFO] [stdout] test tests::test_bytes_le_roundtrip ... ok
[INFO] [stdout] test tests::test_bytes_roundtrip ... ok
[INFO] [stdout] test tests::test_fields_roundtrip ... ok
[INFO] [stdout] test tests::test_from_bytes ... ok
[INFO] [stdout] test tests::test_from_slice ... ok
[INFO] [stdout] test tests::test_fields_le_roundtrip ... ok
[INFO] [stdout] test tests::test_from_fields ... ok
[INFO] [stdout] test tests::test_from_fields_le ... ok
[INFO] [stdout] test tests::test_from_u128 ... ok
[INFO] [stdout] test tests::test_from_u128_le ... ok
[INFO] [stdout] test tests::test_from_u64_pair ... ok
[INFO] [stdout] test tests::test_get_node_id_unsupported_version ... ok
[INFO] [stdout] test tests::test_get_timestamp_unsupported_version ... ok
[INFO] [stdout] test tests::test_get_variant ... ok
[INFO] [stdout] test tests::test_hyphenated_string ... ok
[INFO] [stdout] test tests::test_iterbytes_impl_for_uuid ... ok
[INFO] [stdout] test tests::test_max ... ok
[INFO] [stdout] test tests::test_nil ... ok
[INFO] [stdout] test tests::test_non_conforming ... ok
[INFO] [stdout] test tests::test_predefined_namespaces ... ok
[INFO] [stdout] test tests::test_string_roundtrip ... ok
[INFO] [stdout] test tests::test_to_simple_string ... ok
[INFO] [stdout] test tests::test_to_simple_string_matching ... ok
[INFO] [stdout] test tests::test_to_urn_string ... ok
[INFO] [stdout] test tests::test_u128_le_is_actually_le ... ok
[INFO] [stdout] test tests::test_u64_pair_roundtrip ... ok
[INFO] [stdout] test tests::test_u128_le_roundtrip ... ok
[INFO] [stdout] test tests::test_upper_lower_hex ... ok
[INFO] [stdout] test tests::test_uuid_compare ... ok
[INFO] [stdout] test tests::test_uuid_lowerhex ... ok
[INFO] [stdout] test tests::test_uuid_display ... ok
[INFO] [stdout] test tests::test_uuid_default ... ok
[INFO] [stdout] test fmt::tests::braced_too_small - should panic ... ok
[INFO] [stdout] test tests::test_uuid_operator_eq ... ok
[INFO] [stdout] test tests::test_u128_roundtrip ... ok
[INFO] [stdout] test tests::test_uuid_to_string ... ok
[INFO] [stdout] test fmt::tests::hyphenated_too_small - should panic ... ok
[INFO] [stdout] test fmt::tests::simple_too_small - should panic ... ok
[INFO] [stdout] test fmt::tests::urn_too_small - should panic ... ok
[INFO] [stdout] 
[INFO] [stdout] test result: ok. 65 passed; 0 failed; 0 ignored; 0 measured; 0 filtered out; finished in 0.11s
[INFO] [stdout] 
[INFO] [stderr]    Doc-tests supply_chain_trust_example_crate_000097
[INFO] [stdout] 
[INFO] [stdout] running 69 tests
[INFO] [stdout] test src/builder.rs - builder::Builder::from_fields_le (line 758) ... FAILED
[INFO] [stdout] test src/builder.rs - builder::Builder::from_slice (line 670) ... FAILED
[INFO] [stdout] test src/builder.rs - builder::Builder::as_uuid (line 876) ... FAILED
[INFO] [stdout] test src/builder.rs - builder::Builder (line 32) ... FAILED
[INFO] [stdout] test src/builder.rs - builder::Builder::from_bytes (line 501) ... FAILED
[INFO] [stdout] test src/builder.rs - builder::Builder::from_fields (line 734) ... FAILED
[INFO] [stdout] test src/builder.rs - builder::Builder::from_random_bytes (line 573) ... FAILED
[INFO] [stdout] test src/builder.rs - builder::Builder::from_bytes_le (line 529) ... FAILED
[INFO] [stdout] test src/builder.rs - builder::Builder::from_u128 (line 782) ... FAILED
[INFO] [stdout] test src/builder.rs - builder::Builder::into_uuid (line 895) ... FAILED
[INFO] [stdout] test src/builder.rs - builder::Builder::from_u128_le (line 803) ... FAILED
[INFO] [stdout] test src/builder.rs - builder::Builder::from_unix_timestamp_millis (line 624) ... FAILED
[INFO] [stdout] test src/builder.rs - builder::Builder::nil (line 824) ... FAILED
[INFO] [stdout] test src/builder.rs - builder::Builder::from_slice_le (line 705) ... FAILED
[INFO] [stdout] test src/builder.rs - builder::Uuid::from_u128 (line 195) ... FAILED
[INFO] [stdout] test src/builder.rs - builder::Uuid::from_bytes (line 395) ... FAILED
[INFO] [stdout] test src/builder.rs - builder::Uuid::from_bytes_ref (line 459) ... FAILED
[INFO] [stdout] test src/builder.rs - builder::Uuid::from_fields (line 108) ... FAILED
[INFO] [stdout] test src/builder.rs - builder::Uuid::from_bytes_le (line 427) ... FAILED
[INFO] [stdout] test src/builder.rs - builder::Uuid::from_fields_le (line 154) ... FAILED
[INFO] [stdout] test src/builder.rs - builder::Uuid::from_u64_pair (line 276) ... FAILED
[INFO] [stdout] test src/builder.rs - builder::Uuid::max (line 89) ... FAILED
[INFO] [stdout] test src/builder.rs - builder::Uuid::from_u128_le (line 238) ... FAILED
[INFO] [stdout] test src/fmt.rs - fmt::Hyphenated::as_uuid (line 369) ... FAILED
[INFO] [stdout] test src/builder.rs - builder::Uuid::from_slice (line 319) ... FAILED
[INFO] [stdout] test src/fmt.rs - fmt::Braced::as_uuid (line 514) ... FAILED
[INFO] [stdout] test src/builder.rs - builder::Uuid::from_slice_le (line 360) ... FAILED
[INFO] [stdout] test src/builder.rs - builder::Uuid::nil (line 63) ... FAILED
[INFO] [stdout] test src/fmt.rs - fmt::Braced::into_uuid (line 528) ... FAILED
[INFO] [stdout] test src/fmt.rs - fmt::Braced::encode_lower (line 429) ... FAILED
[INFO] [stdout] test src/fmt.rs - fmt::Hyphenated::into_uuid (line 383) ... FAILED
[INFO] [stdout] test src/fmt.rs - fmt::Simple::into_uuid (line 671) ... FAILED
[INFO] [stdout] test src/fmt.rs - fmt::Simple::as_uuid (line 657) ... FAILED
[INFO] [stdout] test src/fmt.rs - fmt::Hyphenated::encode_upper (line 335) ... FAILED
[INFO] [stdout] test src/fmt.rs - fmt::Braced::encode_upper (line 480) ... FAILED
[INFO] [stdout] test src/fmt.rs - fmt::Simple::encode_upper (line 621) ... FAILED
[INFO] [stdout] test src/fmt.rs - fmt::Urn::as_uuid (line 807) ... FAILED
[INFO] [stdout] test src/fmt.rs - fmt::Hyphenated::encode_lower (line 284) ... FAILED
[INFO] [stdout] test src/fmt.rs - fmt::Urn::encode_lower (line 717) ... FAILED
[INFO] [stdout] test src/lib.rs - (line 187) ... FAILED
[INFO] [stdout] test src/lib.rs - (line 64) ... FAILED
[INFO] [stdout] test src/fmt.rs - fmt::Simple::encode_lower (line 573) ... FAILED
[INFO] [stdout] test src/fmt.rs - fmt::Urn::into_uuid (line 821) ... FAILED
[INFO] [stdout] test src/lib.rs - Uuid (line 350) ... FAILED
[INFO] [stdout] test src/lib.rs - (line 175) ... FAILED
[INFO] [stdout] test src/lib.rs - Uuid (line 402) ... FAILED
[INFO] [stdout] test src/fmt.rs - fmt::Urn::encode_upper (line 771) ... FAILED
[INFO] [stdout] test src/lib.rs - Uuid (line 362) ... FAILED
[INFO] [stdout] test src/lib.rs - Uuid::as_bytes (line 764) ... FAILED
[INFO] [stdout] test src/lib.rs - Uuid::as_u64_pair (line 742) ... FAILED
[INFO] [stdout] test src/lib.rs - Uuid (line 387) ... FAILED
[INFO] [stdout] test src/lib.rs - Uuid::as_fields (line 605) ... FAILED
[INFO] [stdout] test src/lib.rs - Uuid::encode_buffer (line 856) ... FAILED
[INFO] [stdout] test src/lib.rs - Uuid::as_u128 (line 689) ... FAILED
[INFO] [stdout] test src/lib.rs - Uuid::into_bytes (line 793) ... FAILED
[INFO] [stdout] test src/lib.rs - Uuid::get_variant (line 489) ... FAILED
[INFO] [stdout] test src/lib.rs - Uuid::get_version (line 554) ... FAILED
[INFO] [stdout] test src/lib.rs - Uuid::to_fields_le (line 651) ... FAILED
[INFO] [stdout] test src/lib.rs - Uuid::to_u128_le (line 718) ... FAILED
[INFO] [stdout] test src/lib.rs - Uuid::to_bytes_le (line 817) ... FAILED
[INFO] [stdout] test src/lib.rs - Uuid::get_version_num (line 524) ... FAILED
[INFO] [stdout] test src/macros.rs - macros::uuid (line 61) ... FAILED
[INFO] [stdout] test src/macros.rs - macros::uuid (line 47) ... FAILED
[INFO] [stdout] test src/macros.rs - macros::uuid (line 71) - compile fail ... ok
[INFO] [stdout] test src/macros.rs - macros::uuid (line 56) ... FAILED
[INFO] [stdout] test src/parser.rs - parser::Uuid::parse_str (line 52) ... FAILED
[INFO] [stdout] test src/parser.rs - parser::Uuid::try_parse (line 85) ... FAILED
[INFO] [stdout] test src/parser.rs - parser::Uuid::try_parse_ascii (line 113) ... FAILED
[INFO] [stdout] test src/lib.rs - (line 51) ... ok
[INFO] [stdout] 
[INFO] [stdout] failures:
[INFO] [stdout] 
[INFO] [stdout] ---- src/builder.rs - builder::Builder::from_fields_le (line 758) stdout ----
[INFO] [stdout] error[E0432]: unresolved import `uuid`
[INFO] [stdout]  --> src/builder.rs:759:5
[INFO] [stdout]   |
[INFO] [stdout] 3 | use uuid::Builder;
[INFO] [stdout]   |     ^^^^ use of undeclared crate or module `uuid`
[INFO] [stdout] 
[INFO] [stdout] error: aborting due to 1 previous error
[INFO] [stdout] 
[INFO] [stdout] For more information about this error, try `rustc --explain E0432`.
[INFO] [stdout] Couldn't compile the test.
[INFO] [stdout] ---- src/builder.rs - builder::Builder::from_slice (line 670) stdout ----
[INFO] [stdout] error[E0432]: unresolved import `uuid`
[INFO] [stdout]  --> src/builder.rs:671:5
[INFO] [stdout]   |
[INFO] [stdout] 2 | use uuid::Builder;
[INFO] [stdout]   |     ^^^^ use of undeclared crate or module `uuid`
[INFO] [stdout] 
[INFO] [stdout] error[E0433]: failed to resolve: use of undeclared crate or module `uuid`
[INFO] [stdout]  --> src/builder.rs:672:25
[INFO] [stdout]   |
[INFO] [stdout] 3 | fn main() -> Result<(), uuid::Error> {
[INFO] [stdout]   |                         ^^^^ use of undeclared crate or module `uuid`
[INFO] [stdout] 
[INFO] [stdout] error: aborting due to 2 previous errors
[INFO] [stdout] 
[INFO] [stdout] Some errors have detailed explanations: E0432, E0433.
[INFO] [stdout] For more information about an error, try `rustc --explain E0432`.
[INFO] [stdout] Couldn't compile the test.
[INFO] [stdout] ---- src/builder.rs - builder::Builder::as_uuid (line 876) stdout ----
[INFO] [stdout] error[E0432]: unresolved import `uuid`
[INFO] [stdout]  --> src/builder.rs:877:5
[INFO] [stdout]   |
[INFO] [stdout] 3 | use uuid::Builder;
[INFO] [stdout]   |     ^^^^ use of undeclared crate or module `uuid`
[INFO] [stdout] 
[INFO] [stdout] error: aborting due to 1 previous error
[INFO] [stdout] 
[INFO] [stdout] For more information about this error, try `rustc --explain E0432`.
[INFO] [stdout] Couldn't compile the test.
[INFO] [stdout] ---- src/builder.rs - builder::Builder (line 32) stdout ----
[INFO] [stdout] error[E0432]: unresolved import `uuid`
[INFO] [stdout]  --> src/builder.rs:33:5
[INFO] [stdout]   |
[INFO] [stdout] 3 | use uuid::{Builder, Version, Variant};
[INFO] [stdout]   |     ^^^^ use of undeclared crate or module `uuid`
[INFO] [stdout] 
[INFO] [stdout] error: aborting due to 1 previous error
[INFO] [stdout] 
[INFO] [stdout] For more information about this error, try `rustc --explain E0432`.
[INFO] [stdout] Couldn't compile the test.
[INFO] [stdout] ---- src/builder.rs - builder::Builder::from_bytes (line 501) stdout ----
[INFO] [stdout] error[E0432]: unresolved import `uuid`
[INFO] [stdout]  --> src/builder.rs:502:5
[INFO] [stdout]   |
[INFO] [stdout] 3 | use uuid::Builder;
[INFO] [stdout]   |     ^^^^ use of undeclared crate or module `uuid`
[INFO] [stdout] 
[INFO] [stdout] error: aborting due to 1 previous error
[INFO] [stdout] 
[INFO] [stdout] For more information about this error, try `rustc --explain E0432`.
[INFO] [stdout] Couldn't compile the test.
[INFO] [stdout] ---- src/builder.rs - builder::Builder::from_fields (line 734) stdout ----
[INFO] [stdout] error[E0432]: unresolved import `uuid`
[INFO] [stdout]  --> src/builder.rs:735:5
[INFO] [stdout]   |
[INFO] [stdout] 3 | use uuid::Builder;
[INFO] [stdout]   |     ^^^^ use of undeclared crate or module `uuid`
[INFO] [stdout] 
[INFO] [stdout] error: aborting due to 1 previous error
[INFO] [stdout] 
[INFO] [stdout] For more information about this error, try `rustc --explain E0432`.
[INFO] [stdout] Couldn't compile the test.
[INFO] [stdout] ---- src/builder.rs - builder::Builder::from_random_bytes (line 573) stdout ----
[INFO] [stdout] error[E0432]: unresolved import `uuid`
[INFO] [stdout]  --> src/builder.rs:574:5
[INFO] [stdout]   |
[INFO] [stdout] 3 | use uuid::{Builder, Variant, Version};
[INFO] [stdout]   |     ^^^^ use of undeclared crate or module `uuid`
[INFO] [stdout] 
[INFO] [stdout] error: aborting due to 1 previous error
[INFO] [stdout] 
[INFO] [stdout] For more information about this error, try `rustc --explain E0432`.
[INFO] [stdout] Couldn't compile the test.
[INFO] [stdout] ---- src/builder.rs - builder::Builder::from_bytes_le (line 529) stdout ----
[INFO] [stdout] error[E0432]: unresolved import `uuid`
[INFO] [stdout]  --> src/builder.rs:531:5
[INFO] [stdout]   |
[INFO] [stdout] 3 | use uuid::{Builder, Uuid};
[INFO] [stdout]   |     ^^^^ use of undeclared crate or module `uuid`
[INFO] [stdout] 
[INFO] [stdout] error[E0433]: failed to resolve: use of undeclared crate or module `uuid`
[INFO] [stdout]  --> src/builder.rs:530:25
[INFO] [stdout]   |
[INFO] [stdout] 2 | fn main() -> Result<(), uuid::Error> {
[INFO] [stdout]   |                         ^^^^ use of undeclared crate or module `uuid`
[INFO] [stdout] 
[INFO] [stdout] error: aborting due to 2 previous errors
[INFO] [stdout] 
[INFO] [stdout] Some errors have detailed explanations: E0432, E0433.
[INFO] [stdout] For more information about an error, try `rustc --explain E0432`.
[INFO] [stdout] Couldn't compile the test.
[INFO] [stdout] ---- src/builder.rs - builder::Builder::from_u128 (line 782) stdout ----
[INFO] [stdout] error[E0432]: unresolved import `uuid`
[INFO] [stdout]  --> src/builder.rs:783:5
[INFO] [stdout]   |
[INFO] [stdout] 3 | use uuid::Builder;
[INFO] [stdout]   |     ^^^^ use of undeclared crate or module `uuid`
[INFO] [stdout] 
[INFO] [stdout] error: aborting due to 1 previous error
[INFO] [stdout] 
[INFO] [stdout] For more information about this error, try `rustc --explain E0432`.
[INFO] [stdout] Couldn't compile the test.
[INFO] [stdout] ---- src/builder.rs - builder::Builder::into_uuid (line 895) stdout ----
[INFO] [stdout] error[E0432]: unresolved import `uuid`
[INFO] [stdout]  --> src/builder.rs:896:5
[INFO] [stdout]   |
[INFO] [stdout] 3 | use uuid::Builder;
[INFO] [stdout]   |     ^^^^ use of undeclared crate or module `uuid`
[INFO] [stdout] 
[INFO] [stdout] error: aborting due to 1 previous error
[INFO] [stdout] 
[INFO] [stdout] For more information about this error, try `rustc --explain E0432`.
[INFO] [stdout] Couldn't compile the test.
[INFO] [stdout] ---- src/builder.rs - builder::Builder::from_u128_le (line 803) stdout ----
[INFO] [stdout] error[E0432]: unresolved import `uuid`
[INFO] [stdout]  --> src/builder.rs:804:5
[INFO] [stdout]   |
[INFO] [stdout] 3 | use uuid::Builder;
[INFO] [stdout]   |     ^^^^ use of undeclared crate or module `uuid`
[INFO] [stdout] 
[INFO] [stdout] error: aborting due to 1 previous error
[INFO] [stdout] 
[INFO] [stdout] For more information about this error, try `rustc --explain E0432`.
[INFO] [stdout] Couldn't compile the test.
[INFO] [stdout] ---- src/builder.rs - builder::Builder::from_unix_timestamp_millis (line 624) stdout ----
[INFO] [stdout] error[E0432]: unresolved import `uuid`
[INFO] [stdout]  --> src/builder.rs:628:5
[INFO] [stdout]   |
[INFO] [stdout] 5 | use uuid::{Builder, Uuid, Variant, Version, Timestamp, NoContext};
[INFO] [stdout]   |     ^^^^ use of undeclared crate or module `uuid`
[INFO] [stdout] 
[INFO] [stdout] error: aborting due to 1 previous error
[INFO] [stdout] 
[INFO] [stdout] For more information about this error, try `rustc --explain E0432`.
[INFO] [stdout] Couldn't compile the test.
[INFO] [stdout] ---- src/builder.rs - builder::Builder::nil (line 824) stdout ----
[INFO] [stdout] error[E0432]: unresolved import `uuid`
[INFO] [stdout]  --> src/builder.rs:825:5
[INFO] [stdout]   |
[INFO] [stdout] 3 | use uuid::Builder;
[INFO] [stdout]   |     ^^^^ use of undeclared crate or module `uuid`
[INFO] [stdout] 
[INFO] [stdout] error: aborting due to 1 previous error
[INFO] [stdout] 
[INFO] [stdout] For more information about this error, try `rustc --explain E0432`.
[INFO] [stdout] Couldn't compile the test.
[INFO] [stdout] ---- src/builder.rs - builder::Builder::from_slice_le (line 705) stdout ----
[INFO] [stdout] error[E0432]: unresolved import `uuid`
[INFO] [stdout]  --> src/builder.rs:706:5
[INFO] [stdout]   |
[INFO] [stdout] 2 | use uuid::Builder;
[INFO] [stdout]   |     ^^^^ use of undeclared crate or module `uuid`
[INFO] [stdout] 
[INFO] [stdout] error[E0433]: failed to resolve: use of undeclared crate or module `uuid`
[INFO] [stdout]  --> src/builder.rs:707:25
[INFO] [stdout]   |
[INFO] [stdout] 3 | fn main() -> Result<(), uuid::Error> {
[INFO] [stdout]   |                         ^^^^ use of undeclared crate or module `uuid`
[INFO] [stdout] 
[INFO] [stdout] error: aborting due to 2 previous errors
[INFO] [stdout] 
[INFO] [stdout] Some errors have detailed explanations: E0432, E0433.
[INFO] [stdout] For more information about an error, try `rustc --explain E0432`.
[INFO] [stdout] Couldn't compile the test.
[INFO] [stdout] ---- src/builder.rs - builder::Uuid::from_u128 (line 195) stdout ----
[INFO] [stdout] error[E0432]: unresolved import `uuid`
[INFO] [stdout]  --> src/builder.rs:196:5
[INFO] [stdout]   |
[INFO] [stdout] 3 | use uuid::Uuid;
[INFO] [stdout]   |     ^^^^ use of undeclared crate or module `uuid`
[INFO] [stdout] 
[INFO] [stdout] error: aborting due to 1 previous error
[INFO] [stdout] 
[INFO] [stdout] For more information about this error, try `rustc --explain E0432`.
[INFO] [stdout] Couldn't compile the test.
[INFO] [stdout] ---- src/builder.rs - builder::Uuid::from_bytes (line 395) stdout ----
[INFO] [stdout] error[E0432]: unresolved import `uuid`
[INFO] [stdout]  --> src/builder.rs:397:5
[INFO] [stdout]   |
[INFO] [stdout] 3 | use uuid::Uuid;
[INFO] [stdout]   |     ^^^^ use of undeclared crate or module `uuid`
[INFO] [stdout] 
[INFO] [stdout] error[E0433]: failed to resolve: use of undeclared crate or module `uuid`
[INFO] [stdout]  --> src/builder.rs:396:25
[INFO] [stdout]   |
[INFO] [stdout] 2 | fn main() -> Result<(), uuid::Error> {
[INFO] [stdout]   |                         ^^^^ use of undeclared crate or module `uuid`
[INFO] [stdout] 
[INFO] [stdout] error: aborting due to 2 previous errors
[INFO] [stdout] 
[INFO] [stdout] Some errors have detailed explanations: E0432, E0433.
[INFO] [stdout] For more information about an error, try `rustc --explain E0432`.
[INFO] [stdout] Couldn't compile the test.
[INFO] [stdout] ---- src/builder.rs - builder::Uuid::from_bytes_ref (line 459) stdout ----
[INFO] [stdout] error[E0432]: unresolved import `uuid`
[INFO] [stdout]  --> src/builder.rs:461:5
[INFO] [stdout]   |
[INFO] [stdout] 3 | use uuid::Uuid;
[INFO] [stdout]   |     ^^^^ use of undeclared crate or module `uuid`
[INFO] [stdout] 
[INFO] [stdout] error[E0433]: failed to resolve: use of undeclared crate or module `uuid`
[INFO] [stdout]  --> src/builder.rs:460:25
[INFO] [stdout]   |
[INFO] [stdout] 2 | fn main() -> Result<(), uuid::Error> {
[INFO] [stdout]   |                         ^^^^ use of undeclared crate or module `uuid`
[INFO] [stdout] 
[INFO] [stdout] error: aborting due to 2 previous errors
[INFO] [stdout] 
[INFO] [stdout] Some errors have detailed explanations: E0432, E0433.
[INFO] [stdout] For more information about an error, try `rustc --explain E0432`.
[INFO] [stdout] Couldn't compile the test.
[INFO] [stdout] ---- src/builder.rs - builder::Uuid::from_fields (line 108) stdout ----
[INFO] [stdout] error[E0432]: unresolved import `uuid`
[INFO] [stdout]  --> src/builder.rs:109:5
[INFO] [stdout]   |
[INFO] [stdout] 3 | use uuid::Uuid;
[INFO] [stdout]   |     ^^^^ use of undeclared crate or module `uuid`
[INFO] [stdout] 
[INFO] [stdout] error: aborting due to 1 previous error
[INFO] [stdout] 
[INFO] [stdout] For more information about this error, try `rustc --explain E0432`.
[INFO] [stdout] Couldn't compile the test.
[INFO] [stdout] ---- src/builder.rs - builder::Uuid::from_bytes_le (line 427) stdout ----
[INFO] [stdout] error[E0432]: unresolved import `uuid`
[INFO] [stdout]  --> src/builder.rs:429:5
[INFO] [stdout]   |
[INFO] [stdout] 3 | use uuid::Uuid;
[INFO] [stdout]   |     ^^^^ use of undeclared crate or module `uuid`
[INFO] [stdout] 
[INFO] [stdout] error[E0433]: failed to resolve: use of undeclared crate or module `uuid`
[INFO] [stdout]  --> src/builder.rs:428:25
[INFO] [stdout]   |
[INFO] [stdout] 2 | fn main() -> Result<(), uuid::Error> {
[INFO] [stdout]   |                         ^^^^ use of undeclared crate or module `uuid`
[INFO] [stdout] 
[INFO] [stdout] error: aborting due to 2 previous errors
[INFO] [stdout] 
[INFO] [stdout] Some errors have detailed explanations: E0432, E0433.
[INFO] [stdout] For more information about an error, try `rustc --explain E0432`.
[INFO] [stdout] Couldn't compile the test.
[INFO] [stdout] ---- src/builder.rs - builder::Uuid::from_fields_le (line 154) stdout ----
[INFO] [stdout] error[E0432]: unresolved import `uuid`
[INFO] [stdout]  --> src/builder.rs:155:5
[INFO] [stdout]   |
[INFO] [stdout] 3 | use uuid::Uuid;
[INFO] [stdout]   |     ^^^^ use of undeclared crate or module `uuid`
[INFO] [stdout] 
[INFO] [stdout] error: aborting due to 1 previous error
[INFO] [stdout] 
[INFO] [stdout] For more information about this error, try `rustc --explain E0432`.
[INFO] [stdout] Couldn't compile the test.
[INFO] [stdout] ---- src/builder.rs - builder::Uuid::from_u64_pair (line 276) stdout ----
[INFO] [stdout] error[E0432]: unresolved import `uuid`
[INFO] [stdout]  --> src/builder.rs:277:5
[INFO] [stdout]   |
[INFO] [stdout] 3 | use uuid::Uuid;
[INFO] [stdout]   |     ^^^^ use of undeclared crate or module `uuid`
[INFO] [stdout] 
[INFO] [stdout] error: aborting due to 1 previous error
[INFO] [stdout] 
[INFO] [stdout] For more information about this error, try `rustc --explain E0432`.
[INFO] [stdout] Couldn't compile the test.
[INFO] [stdout] ---- src/builder.rs - builder::Uuid::max (line 89) stdout ----
[INFO] [stdout] error[E0432]: unresolved import `uuid`
[INFO] [stdout]  --> src/builder.rs:90:5
[INFO] [stdout]   |
[INFO] [stdout] 3 | use uuid::Uuid;
[INFO] [stdout]   |     ^^^^ use of undeclared crate or module `uuid`
[INFO] [stdout] 
[INFO] [stdout] error: aborting due to 1 previous error
[INFO] [stdout] 
[INFO] [stdout] For more information about this error, try `rustc --explain E0432`.
[INFO] [stdout] Couldn't compile the test.
[INFO] [stdout] ---- src/builder.rs - builder::Uuid::from_u128_le (line 238) stdout ----
[INFO] [stdout] error[E0432]: unresolved import `uuid`
[INFO] [stdout]  --> src/builder.rs:239:5
[INFO] [stdout]   |
[INFO] [stdout] 3 | use uuid::Uuid;
[INFO] [stdout]   |     ^^^^ use of undeclared crate or module `uuid`
[INFO] [stdout] 
[INFO] [stdout] error: aborting due to 1 previous error
[INFO] [stdout] 
[INFO] [stdout] For more information about this error, try `rustc --explain E0432`.
[INFO] [stdout] Couldn't compile the test.
[INFO] [stdout] ---- src/fmt.rs - fmt::Hyphenated::as_uuid (line 369) stdout ----
[INFO] [stdout] error[E0432]: unresolved import `uuid`
[INFO] [stdout]  --> src/fmt.rs:370:5
[INFO] [stdout]   |
[INFO] [stdout] 3 | use uuid::Uuid;
[INFO] [stdout]   |     ^^^^ use of undeclared crate or module `uuid`
[INFO] [stdout] 
[INFO] [stdout] error: aborting due to 1 previous error
[INFO] [stdout] 
[INFO] [stdout] For more information about this error, try `rustc --explain E0432`.
[INFO] [stdout] Couldn't compile the test.
[INFO] [stdout] ---- src/builder.rs - builder::Uuid::from_slice (line 319) stdout ----
[INFO] [stdout] error[E0432]: unresolved import `uuid`
[INFO] [stdout]  --> src/builder.rs:321:5
[INFO] [stdout]   |
[INFO] [stdout] 3 | use uuid::Uuid;
[INFO] [stdout]   |     ^^^^ use of undeclared crate or module `uuid`
[INFO] [stdout] 
[INFO] [stdout] error[E0433]: failed to resolve: use of undeclared crate or module `uuid`
[INFO] [stdout]  --> src/builder.rs:320:25
[INFO] [stdout]   |
[INFO] [stdout] 2 | fn main() -> Result<(), uuid::Error> {
[INFO] [stdout]   |                         ^^^^ use of undeclared crate or module `uuid`
[INFO] [stdout] 
[INFO] [stdout] error: aborting due to 2 previous errors
[INFO] [stdout] 
[INFO] [stdout] Some errors have detailed explanations: E0432, E0433.
[INFO] [stdout] For more information about an error, try `rustc --explain E0432`.
[INFO] [stdout] Couldn't compile the test.
[INFO] [stdout] ---- src/fmt.rs - fmt::Braced::as_uuid (line 514) stdout ----
[INFO] [stdout] error[E0432]: unresolved import `uuid`
[INFO] [stdout]  --> src/fmt.rs:515:5
[INFO] [stdout]   |
[INFO] [stdout] 3 | use uuid::Uuid;
[INFO] [stdout]   |     ^^^^ use of undeclared crate or module `uuid`
[INFO] [stdout] 
[INFO] [stdout] error: aborting due to 1 previous error
[INFO] [stdout] 
[INFO] [stdout] For more information about this error, try `rustc --explain E0432`.
[INFO] [stdout] Couldn't compile the test.
[INFO] [stdout] ---- src/builder.rs - builder::Uuid::from_slice_le (line 360) stdout ----
[INFO] [stdout] error[E0432]: unresolved import `uuid`
[INFO] [stdout]  --> src/builder.rs:362:5
[INFO] [stdout]   |
[INFO] [stdout] 3 | use uuid::Uuid;
[INFO] [stdout]   |     ^^^^ use of undeclared crate or module `uuid`
[INFO] [stdout] 
[INFO] [stdout] error[E0433]: failed to resolve: use of undeclared crate or module `uuid`
[INFO] [stdout]  --> src/builder.rs:361:25
[INFO] [stdout]   |
[INFO] [stdout] 2 | fn main() -> Result<(), uuid::Error> {
[INFO] [stdout]   |                         ^^^^ use of undeclared crate or module `uuid`
[INFO] [stdout] 
[INFO] [stdout] error: aborting due to 2 previous errors
[INFO] [stdout] 
[INFO] [stdout] Some errors have detailed explanations: E0432, E0433.
[INFO] [stdout] For more information about an error, try `rustc --explain E0432`.
[INFO] [stdout] Couldn't compile the test.
[INFO] [stdout] ---- src/builder.rs - builder::Uuid::nil (line 63) stdout ----
[INFO] [stdout] error[E0432]: unresolved import `uuid`
[INFO] [stdout]  --> src/builder.rs:64:5
[INFO] [stdout]   |
[INFO] [stdout] 3 | use uuid::Uuid;
[INFO] [stdout]   |     ^^^^ use of undeclared crate or module `uuid`
[INFO] [stdout] 
[INFO] [stdout] error: aborting due to 1 previous error
[INFO] [stdout] 
[INFO] [stdout] For more information about this error, try `rustc --explain E0432`.
[INFO] [stdout] Couldn't compile the test.
[INFO] [stdout] ---- src/fmt.rs - fmt::Braced::into_uuid (line 528) stdout ----
[INFO] [stdout] error[E0432]: unresolved import `uuid`
[INFO] [stdout]  --> src/fmt.rs:529:5
[INFO] [stdout]   |
[INFO] [stdout] 3 | use uuid::Uuid;
[INFO] [stdout]   |     ^^^^ use of undeclared crate or module `uuid`
[INFO] [stdout] 
[INFO] [stdout] error: aborting due to 1 previous error
[INFO] [stdout] 
[INFO] [stdout] For more information about this error, try `rustc --explain E0432`.
[INFO] [stdout] Couldn't compile the test.
[INFO] [stdout] ---- src/fmt.rs - fmt::Braced::encode_lower (line 429) stdout ----
[INFO] [stdout] error[E0432]: unresolved import `uuid`
[INFO] [stdout]  --> src/fmt.rs:430:5
[INFO] [stdout]   |
[INFO] [stdout] 2 | use uuid::Uuid;
[INFO] [stdout]   |     ^^^^ use of undeclared crate or module `uuid`
[INFO] [stdout] 
[INFO] [stdout] error[E0433]: failed to resolve: use of undeclared crate or module `uuid`
[INFO] [stdout]  --> src/fmt.rs:432:25
[INFO] [stdout]   |
[INFO] [stdout] 4 | fn main() -> Result<(), uuid::Error> {
[INFO] [stdout]   |                         ^^^^ use of undeclared crate or module `uuid`
[INFO] [stdout] 
[INFO] [stdout] error: aborting due to 2 previous errors
[INFO] [stdout] 
[INFO] [stdout] Some errors have detailed explanations: E0432, E0433.
[INFO] [stdout] For more information about an error, try `rustc --explain E0432`.
[INFO] [stdout] Couldn't compile the test.
[INFO] [stdout] ---- src/fmt.rs - fmt::Hyphenated::into_uuid (line 383) stdout ----
[INFO] [stdout] error[E0432]: unresolved import `uuid`
[INFO] [stdout]  --> src/fmt.rs:384:5
[INFO] [stdout]   |
[INFO] [stdout] 3 | use uuid::Uuid;
[INFO] [stdout]   |     ^^^^ use of undeclared crate or module `uuid`
[INFO] [stdout] 
[INFO] [stdout] error: aborting due to 1 previous error
[INFO] [stdout] 
[INFO] [stdout] For more information about this error, try `rustc --explain E0432`.
[INFO] [stdout] Couldn't compile the test.
[INFO] [stdout] ---- src/fmt.rs - fmt::Simple::into_uuid (line 671) stdout ----
[INFO] [stdout] error[E0432]: unresolved import `uuid`
[INFO] [stdout]  --> src/fmt.rs:672:5
[INFO] [stdout]   |
[INFO] [stdout] 3 | use uuid::Uuid;
[INFO] [stdout]   |     ^^^^ use of undeclared crate or module `uuid`
[INFO] [stdout] 
[INFO] [stdout] error: aborting due to 1 previous error
[INFO] [stdout] 
[INFO] [stdout] For more information about this error, try `rustc --explain E0432`.
[INFO] [stdout] Couldn't compile the test.
[INFO] [stdout] ---- src/fmt.rs - fmt::Simple::as_uuid (line 657) stdout ----
[INFO] [stdout] error[E0432]: unresolved import `uuid`
[INFO] [stdout]  --> src/fmt.rs:658:5
[INFO] [stdout]   |
[INFO] [stdout] 3 | use uuid::Uuid;
[INFO] [stdout]   |     ^^^^ use of undeclared crate or module `uuid`
[INFO] [stdout] 
[INFO] [stdout] error: aborting due to 1 previous error
[INFO] [stdout] 
[INFO] [stdout] For more information about this error, try `rustc --explain E0432`.
[INFO] [stdout] Couldn't compile the test.
[INFO] [stdout] ---- src/fmt.rs - fmt::Hyphenated::encode_upper (line 335) stdout ----
[INFO] [stdout] error[E0432]: unresolved import `uuid`
[INFO] [stdout]  --> src/fmt.rs:336:5
[INFO] [stdout]   |
[INFO] [stdout] 2 | use uuid::Uuid;
[INFO] [stdout]   |     ^^^^ use of undeclared crate or module `uuid`
[INFO] [stdout] 
[INFO] [stdout] error[E0433]: failed to resolve: use of undeclared crate or module `uuid`
[INFO] [stdout]  --> src/fmt.rs:338:25
[INFO] [stdout]   |
[INFO] [stdout] 4 | fn main() -> Result<(), uuid::Error> {
[INFO] [stdout]   |                         ^^^^ use of undeclared crate or module `uuid`
[INFO] [stdout] 
[INFO] [stdout] error: aborting due to 2 previous errors
[INFO] [stdout] 
[INFO] [stdout] Some errors have detailed explanations: E0432, E0433.
[INFO] [stdout] For more information about an error, try `rustc --explain E0432`.
[INFO] [stdout] Couldn't compile the test.
[INFO] [stdout] ---- src/fmt.rs - fmt::Braced::encode_upper (line 480) stdout ----
[INFO] [stdout] error[E0432]: unresolved import `uuid`
[INFO] [stdout]  --> src/fmt.rs:481:5
[INFO] [stdout]   |
[INFO] [stdout] 2 | use uuid::Uuid;
[INFO] [stdout]   |     ^^^^ use of undeclared crate or module `uuid`
[INFO] [stdout] 
[INFO] [stdout] error[E0433]: failed to resolve: use of undeclared crate or module `uuid`
[INFO] [stdout]  --> src/fmt.rs:483:25
[INFO] [stdout]   |
[INFO] [stdout] 4 | fn main() -> Result<(), uuid::Error> {
[INFO] [stdout]   |                         ^^^^ use of undeclared crate or module `uuid`
[INFO] [stdout] 
[INFO] [stdout] error: aborting due to 2 previous errors
[INFO] [stdout] 
[INFO] [stdout] Some errors have detailed explanations: E0432, E0433.
[INFO] [stdout] For more information about an error, try `rustc --explain E0432`.
[INFO] [stdout] Couldn't compile the test.
[INFO] [stdout] ---- src/fmt.rs - fmt::Simple::encode_upper (line 621) stdout ----
[INFO] [stdout] error[E0432]: unresolved import `uuid`
[INFO] [stdout]  --> src/fmt.rs:622:5
[INFO] [stdout]   |
[INFO] [stdout] 2 | use uuid::Uuid;
[INFO] [stdout]   |     ^^^^ use of undeclared crate or module `uuid`
[INFO] [stdout] 
[INFO] [stdout] error[E0433]: failed to resolve: use of undeclared crate or module `uuid`
[INFO] [stdout]  --> src/fmt.rs:624:25
[INFO] [stdout]   |
[INFO] [stdout] 4 | fn main() -> Result<(), uuid::Error> {
[INFO] [stdout]   |                         ^^^^ use of undeclared crate or module `uuid`
[INFO] [stdout] 
[INFO] [stdout] error: aborting due to 2 previous errors
[INFO] [stdout] 
[INFO] [stdout] Some errors have detailed explanations: E0432, E0433.
[INFO] [stdout] For more information about an error, try `rustc --explain E0432`.
[INFO] [stdout] Couldn't compile the test.
[INFO] [stdout] ---- src/fmt.rs - fmt::Urn::as_uuid (line 807) stdout ----
[INFO] [stdout] error[E0432]: unresolved import `uuid`
[INFO] [stdout]  --> src/fmt.rs:808:5
[INFO] [stdout]   |
[INFO] [stdout] 3 | use uuid::Uuid;
[INFO] [stdout]   |     ^^^^ use of undeclared crate or module `uuid`
[INFO] [stdout] 
[INFO] [stdout] error: aborting due to 1 previous error
[INFO] [stdout] 
[INFO] [stdout] For more information about this error, try `rustc --explain E0432`.
[INFO] [stdout] Couldn't compile the test.
[INFO] [stdout] ---- src/fmt.rs - fmt::Hyphenated::encode_lower (line 284) stdout ----
[INFO] [stdout] error[E0432]: unresolved import `uuid`
[INFO] [stdout]  --> src/fmt.rs:285:5
[INFO] [stdout]   |
[INFO] [stdout] 2 | use uuid::Uuid;
[INFO] [stdout]   |     ^^^^ use of undeclared crate or module `uuid`
[INFO] [stdout] 
[INFO] [stdout] error[E0433]: failed to resolve: use of undeclared crate or module `uuid`
[INFO] [stdout]  --> src/fmt.rs:287:25
[INFO] [stdout]   |
[INFO] [stdout] 4 | fn main() -> Result<(), uuid::Error> {
[INFO] [stdout]   |                         ^^^^ use of undeclared crate or module `uuid`
[INFO] [stdout] 
[INFO] [stdout] error: aborting due to 2 previous errors
[INFO] [stdout] 
[INFO] [stdout] Some errors have detailed explanations: E0432, E0433.
[INFO] [stdout] For more information about an error, try `rustc --explain E0432`.
[INFO] [stdout] Couldn't compile the test.
[INFO] [stdout] ---- src/fmt.rs - fmt::Urn::encode_lower (line 717) stdout ----
[INFO] [stdout] error[E0432]: unresolved import `uuid`
[INFO] [stdout]  --> src/fmt.rs:718:5
[INFO] [stdout]   |
[INFO] [stdout] 2 | use uuid::Uuid;
[INFO] [stdout]   |     ^^^^ use of undeclared crate or module `uuid`
[INFO] [stdout] 
[INFO] [stdout] error[E0433]: failed to resolve: use of undeclared crate or module `uuid`
[INFO] [stdout]  --> src/fmt.rs:720:25
[INFO] [stdout]   |
[INFO] [stdout] 4 | fn main() -> Result<(), uuid::Error> {
[INFO] [stdout]   |                         ^^^^ use of undeclared crate or module `uuid`
[INFO] [stdout] 
[INFO] [stdout] error: aborting due to 2 previous errors
[INFO] [stdout] 
[INFO] [stdout] Some errors have detailed explanations: E0432, E0433.
[INFO] [stdout] For more information about an error, try `rustc --explain E0432`.
[INFO] [stdout] Couldn't compile the test.
[INFO] [stdout] ---- src/lib.rs - (line 187) stdout ----
[INFO] [stdout] error[E0432]: unresolved import `uuid`
[INFO] [stdout]  --> src/lib.rs:189:5
[INFO] [stdout]   |
[INFO] [stdout] 3 | use uuid::Uuid;
[INFO] [stdout]   |     ^^^^ use of undeclared crate or module `uuid`
[INFO] [stdout] 
[INFO] [stdout] error: aborting due to 1 previous error
[INFO] [stdout] 
[INFO] [stdout] For more information about this error, try `rustc --explain E0432`.
[INFO] [stdout] Couldn't compile the test.
[INFO] [stdout] ---- src/lib.rs - (line 64) stdout ----
[INFO] [stdout] error[E0432]: unresolved import `uuid`
[INFO] [stdout]  --> src/lib.rs:65:5
[INFO] [stdout]   |
[INFO] [stdout] 3 | use uuid::{uuid, Uuid};
[INFO] [stdout]   |     ^^^^ use of undeclared crate or module `uuid`
[INFO] [stdout] 
[INFO] [stdout] error: aborting due to 1 previous error
[INFO] [stdout] 
[INFO] [stdout] For more information about this error, try `rustc --explain E0432`.
[INFO] [stdout] Couldn't compile the test.
[INFO] [stdout] ---- src/fmt.rs - fmt::Simple::encode_lower (line 573) stdout ----
[INFO] [stdout] error[E0432]: unresolved import `uuid`
[INFO] [stdout]  --> src/fmt.rs:574:5
[INFO] [stdout]   |
[INFO] [stdout] 2 | use uuid::Uuid;
[INFO] [stdout]   |     ^^^^ use of undeclared crate or module `uuid`
[INFO] [stdout] 
[INFO] [stdout] error[E0433]: failed to resolve: use of undeclared crate or module `uuid`
[INFO] [stdout]  --> src/fmt.rs:576:25
[INFO] [stdout]   |
[INFO] [stdout] 4 | fn main() -> Result<(), uuid::Error> {
[INFO] [stdout]   |                         ^^^^ use of undeclared crate or module `uuid`
[INFO] [stdout] 
[INFO] [stdout] error: aborting due to 2 previous errors
[INFO] [stdout] 
[INFO] [stdout] Some errors have detailed explanations: E0432, E0433.
[INFO] [stdout] For more information about an error, try `rustc --explain E0432`.
[INFO] [stdout] Couldn't compile the test.
[INFO] [stdout] ---- src/fmt.rs - fmt::Urn::into_uuid (line 821) stdout ----
[INFO] [stdout] error[E0432]: unresolved import `uuid`
[INFO] [stdout]  --> src/fmt.rs:822:5
[INFO] [stdout]   |
[INFO] [stdout] 3 | use uuid::Uuid;
[INFO] [stdout]   |     ^^^^ use of undeclared crate or module `uuid`
[INFO] [stdout] 
[INFO] [stdout] error: aborting due to 1 previous error
[INFO] [stdout] 
[INFO] [stdout] For more information about this error, try `rustc --explain E0432`.
[INFO] [stdout] Couldn't compile the test.
[INFO] [stdout] ---- src/lib.rs - Uuid (line 350) stdout ----
[INFO] [stdout] error[E0432]: unresolved import `uuid`
[INFO] [stdout]  --> src/lib.rs:351:5
[INFO] [stdout]   |
[INFO] [stdout] 2 | use uuid::Uuid;
[INFO] [stdout]   |     ^^^^ use of undeclared crate or module `uuid`
[INFO] [stdout] 
[INFO] [stdout] error[E0433]: failed to resolve: use of undeclared crate or module `uuid`
[INFO] [stdout]  --> src/lib.rs:352:25
[INFO] [stdout]   |
[INFO] [stdout] 3 | fn main() -> Result<(), uuid::Error> {
[INFO] [stdout]   |                         ^^^^ use of undeclared crate or module `uuid`
[INFO] [stdout] 
[INFO] [stdout] error: aborting due to 2 previous errors
[INFO] [stdout] 
[INFO] [stdout] Some errors have detailed explanations: E0432, E0433.
[INFO] [stdout] For more information about an error, try `rustc --explain E0432`.
[INFO] [stdout] Couldn't compile the test.
[INFO] [stdout] ---- src/lib.rs - (line 175) stdout ----
[INFO] [stdout] error[E0432]: unresolved import `uuid`
[INFO] [stdout]  --> src/lib.rs:176:5
[INFO] [stdout]   |
[INFO] [stdout] 2 | use uuid::Uuid;
[INFO] [stdout]   |     ^^^^ use of undeclared crate or module `uuid`
[INFO] [stdout] 
[INFO] [stdout] error[E0433]: failed to resolve: use of undeclared crate or module `uuid`
[INFO] [stdout]  --> src/lib.rs:177:25
[INFO] [stdout]   |
[INFO] [stdout] 3 | fn main() -> Result<(), uuid::Error> {
[INFO] [stdout]   |                         ^^^^ use of undeclared crate or module `uuid`
[INFO] [stdout] 
[INFO] [stdout] error: aborting due to 2 previous errors
[INFO] [stdout] 
[INFO] [stdout] Some errors have detailed explanations: E0432, E0433.
[INFO] [stdout] For more information about an error, try `rustc --explain E0432`.
[INFO] [stdout] Couldn't compile the test.
[INFO] [stdout] ---- src/lib.rs - Uuid (line 402) stdout ----
[INFO] [stdout] error[E0432]: unresolved import `uuid`
[INFO] [stdout]  --> src/lib.rs:403:5
[INFO] [stdout]   |
[INFO] [stdout] 2 | use uuid::Uuid;
[INFO] [stdout]   |     ^^^^ use of undeclared crate or module `uuid`
[INFO] [stdout] 
[INFO] [stdout] error[E0433]: failed to resolve: use of undeclared crate or module `uuid`
[INFO] [stdout]  --> src/lib.rs:404:25
[INFO] [stdout]   |
[INFO] [stdout] 3 | fn main() -> Result<(), uuid::Error> {
[INFO] [stdout]   |                         ^^^^ use of undeclared crate or module `uuid`
[INFO] [stdout] 
[INFO] [stdout] error: aborting due to 2 previous errors
[INFO] [stdout] 
[INFO] [stdout] Some errors have detailed explanations: E0432, E0433.
[INFO] [stdout] For more information about an error, try `rustc --explain E0432`.
[INFO] [stdout] Couldn't compile the test.
[INFO] [stdout] ---- src/fmt.rs - fmt::Urn::encode_upper (line 771) stdout ----
[INFO] [stdout] error[E0432]: unresolved import `uuid`
[INFO] [stdout]  --> src/fmt.rs:772:5
[INFO] [stdout]   |
[INFO] [stdout] 2 | use uuid::Uuid;
[INFO] [stdout]   |     ^^^^ use of undeclared crate or module `uuid`
[INFO] [stdout] 
[INFO] [stdout] error[E0433]: failed to resolve: use of undeclared crate or module `uuid`
[INFO] [stdout]  --> src/fmt.rs:774:25
[INFO] [stdout]   |
[INFO] [stdout] 4 | fn main() -> Result<(), uuid::Error> {
[INFO] [stdout]   |                         ^^^^ use of undeclared crate or module `uuid`
[INFO] [stdout] 
[INFO] [stdout] error: aborting due to 2 previous errors
[INFO] [stdout] 
[INFO] [stdout] Some errors have detailed explanations: E0432, E0433.
[INFO] [stdout] For more information about an error, try `rustc --explain E0432`.
[INFO] [stdout] Couldn't compile the test.
[INFO] [stdout] ---- src/lib.rs - Uuid (line 362) stdout ----
[INFO] [stdout] error[E0432]: unresolved import `uuid`
[INFO] [stdout]  --> src/lib.rs:364:5
[INFO] [stdout]   |
[INFO] [stdout] 3 | use uuid::Uuid;
[INFO] [stdout]   |     ^^^^ use of undeclared crate or module `uuid`
[INFO] [stdout] 
[INFO] [stdout] error: aborting due to 1 previous error
[INFO] [stdout] 
[INFO] [stdout] For more information about this error, try `rustc --explain E0432`.
[INFO] [stdout] Couldn't compile the test.
[INFO] [stdout] ---- src/lib.rs - Uuid::as_bytes (line 764) stdout ----
[INFO] [stdout] error[E0432]: unresolved import `uuid`
[INFO] [stdout]  --> src/lib.rs:765:5
[INFO] [stdout]   |
[INFO] [stdout] 3 | use uuid::Uuid;
[INFO] [stdout]   |     ^^^^ use of undeclared crate or module `uuid`
[INFO] [stdout] 
[INFO] [stdout] error: aborting due to 1 previous error
[INFO] [stdout] 
[INFO] [stdout] For more information about this error, try `rustc --explain E0432`.
[INFO] [stdout] Couldn't compile the test.
[INFO] [stdout] ---- src/lib.rs - Uuid::as_u64_pair (line 742) stdout ----
[INFO] [stdout] error[E0432]: unresolved import `uuid`
[INFO] [stdout]  --> src/lib.rs:743:5
[INFO] [stdout]   |
[INFO] [stdout] 2 | use uuid::Uuid;
[INFO] [stdout]   |     ^^^^ use of undeclared crate or module `uuid`
[INFO] [stdout] 
[INFO] [stdout] error[E0433]: failed to resolve: use of undeclared crate or module `uuid`
[INFO] [stdout]  --> src/lib.rs:744:25
[INFO] [stdout]   |
[INFO] [stdout] 3 | fn main() -> Result<(), uuid::Error> {
[INFO] [stdout]   |                         ^^^^ use of undeclared crate or module `uuid`
[INFO] [stdout] 
[INFO] [stdout] error: aborting due to 2 previous errors
[INFO] [stdout] 
[INFO] [stdout] Some errors have detailed explanations: E0432, E0433.
[INFO] [stdout] For more information about an error, try `rustc --explain E0432`.
[INFO] [stdout] Couldn't compile the test.
[INFO] [stdout] ---- src/lib.rs - Uuid (line 387) stdout ----
[INFO] [stdout] error[E0432]: unresolved import `uuid`
[INFO] [stdout]  --> src/lib.rs:388:5
[INFO] [stdout]   |
[INFO] [stdout] 2 | use uuid::Uuid;
[INFO] [stdout]   |     ^^^^ use of undeclared crate or module `uuid`
[INFO] [stdout] 
[INFO] [stdout] error[E0433]: failed to resolve: use of undeclared crate or module `uuid`
[INFO] [stdout]  --> src/lib.rs:389:25
[INFO] [stdout]   |
[INFO] [stdout] 3 | fn main() -> Result<(), uuid::Error> {
[INFO] [stdout]   |                         ^^^^ use of undeclared crate or module `uuid`
[INFO] [stdout] 
[INFO] [stdout] error: aborting due to 2 previous errors
[INFO] [stdout] 
[INFO] [stdout] Some errors have detailed explanations: E0432, E0433.
[INFO] [stdout] For more information about an error, try `rustc --explain E0432`.
[INFO] [stdout] Couldn't compile the test.
[INFO] [stdout] ---- src/lib.rs - Uuid::as_fields (line 605) stdout ----
[INFO] [stdout] error[E0432]: unresolved import `uuid`
[INFO] [stdout]  --> src/lib.rs:606:5
[INFO] [stdout]   |
[INFO] [stdout] 2 | use uuid::Uuid;
[INFO] [stdout]   |     ^^^^ use of undeclared crate or module `uuid`
[INFO] [stdout] 
[INFO] [stdout] error[E0433]: failed to resolve: use of undeclared crate or module `uuid`
[INFO] [stdout]  --> src/lib.rs:607:25
[INFO] [stdout]   |
[INFO] [stdout] 3 | fn main() -> Result<(), uuid::Error> {
[INFO] [stdout]   |                         ^^^^ use of undeclared crate or module `uuid`
[INFO] [stdout] 
[INFO] [stdout] error: aborting due to 2 previous errors
[INFO] [stdout] 
[INFO] [stdout] Some errors have detailed explanations: E0432, E0433.
[INFO] [stdout] For more information about an error, try `rustc --explain E0432`.
[INFO] [stdout] Couldn't compile the test.
[INFO] [stdout] ---- src/lib.rs - Uuid::encode_buffer (line 856) stdout ----
[INFO] [stdout] error[E0432]: unresolved import `uuid`
[INFO] [stdout]  --> src/lib.rs:857:5
[INFO] [stdout]   |
[INFO] [stdout] 3 | use uuid::Uuid;
[INFO] [stdout]   |     ^^^^ use of undeclared crate or module `uuid`
[INFO] [stdout] 
[INFO] [stdout] error: aborting due to 1 previous error
[INFO] [stdout] 
[INFO] [stdout] For more information about this error, try `rustc --explain E0432`.
[INFO] [stdout] Couldn't compile the test.
[INFO] [stdout] ---- src/lib.rs - Uuid::as_u128 (line 689) stdout ----
[INFO] [stdout] error[E0432]: unresolved import `uuid`
[INFO] [stdout]  --> src/lib.rs:690:5
[INFO] [stdout]   |
[INFO] [stdout] 2 | use uuid::Uuid;
[INFO] [stdout]   |     ^^^^ use of undeclared crate or module `uuid`
[INFO] [stdout] 
[INFO] [stdout] error[E0433]: failed to resolve: use of undeclared crate or module `uuid`
[INFO] [stdout]  --> src/lib.rs:691:25
[INFO] [stdout]   |
[INFO] [stdout] 3 | fn main() -> Result<(), uuid::Error> {
[INFO] [stdout]   |                         ^^^^ use of undeclared crate or module `uuid`
[INFO] [stdout] 
[INFO] [stdout] error: aborting due to 2 previous errors
[INFO] [stdout] 
[INFO] [stdout] Some errors have detailed explanations: E0432, E0433.
[INFO] [stdout] For more information about an error, try `rustc --explain E0432`.
[INFO] [stdout] Couldn't compile the test.
[INFO] [stdout] ---- src/lib.rs - Uuid::into_bytes (line 793) stdout ----
[INFO] [stdout] error[E0432]: unresolved import `uuid`
[INFO] [stdout]  --> src/lib.rs:794:5
[INFO] [stdout]   |
[INFO] [stdout] 3 | use uuid::Uuid;
[INFO] [stdout]   |     ^^^^ use of undeclared crate or module `uuid`
[INFO] [stdout] 
[INFO] [stdout] error: aborting due to 1 previous error
[INFO] [stdout] 
[INFO] [stdout] For more information about this error, try `rustc --explain E0432`.
[INFO] [stdout] Couldn't compile the test.
[INFO] [stdout] ---- src/lib.rs - Uuid::get_variant (line 489) stdout ----
[INFO] [stdout] error[E0432]: unresolved import `uuid`
[INFO] [stdout]  --> src/lib.rs:490:5
[INFO] [stdout]   |
[INFO] [stdout] 2 | use uuid::{Uuid, Variant};
[INFO] [stdout]   |     ^^^^ use of undeclared crate or module `uuid`
[INFO] [stdout] 
[INFO] [stdout] error[E0433]: failed to resolve: use of undeclared crate or module `uuid`
[INFO] [stdout]  --> src/lib.rs:491:25
[INFO] [stdout]   |
[INFO] [stdout] 3 | fn main() -> Result<(), uuid::Error> {
[INFO] [stdout]   |                         ^^^^ use of undeclared crate or module `uuid`
[INFO] [stdout] 
[INFO] [stdout] error: aborting due to 2 previous errors
[INFO] [stdout] 
[INFO] [stdout] Some errors have detailed explanations: E0432, E0433.
[INFO] [stdout] For more information about an error, try `rustc --explain E0432`.
[INFO] [stdout] Couldn't compile the test.
[INFO] [stdout] ---- src/lib.rs - Uuid::get_version (line 554) stdout ----
[INFO] [stdout] error[E0432]: unresolved import `uuid`
[INFO] [stdout]  --> src/lib.rs:555:5
[INFO] [stdout]   |
[INFO] [stdout] 2 | use uuid::{Uuid, Version};
[INFO] [stdout]   |     ^^^^ use of undeclared crate or module `uuid`
[INFO] [stdout] 
[INFO] [stdout] error[E0433]: failed to resolve: use of undeclared crate or module `uuid`
[INFO] [stdout]  --> src/lib.rs:556:25
[INFO] [stdout]   |
[INFO] [stdout] 3 | fn main() -> Result<(), uuid::Error> {
[INFO] [stdout]   |                         ^^^^ use of undeclared crate or module `uuid`
[INFO] [stdout] 
[INFO] [stdout] error: aborting due to 2 previous errors
[INFO] [stdout] 
[INFO] [stdout] Some errors have detailed explanations: E0432, E0433.
[INFO] [stdout] For more information about an error, try `rustc --explain E0432`.
[INFO] [stdout] Couldn't compile the test.
[INFO] [stdout] ---- src/lib.rs - Uuid::to_fields_le (line 651) stdout ----
[INFO] [stdout] error[E0432]: unresolved import `uuid`
[INFO] [stdout]  --> src/lib.rs:652:5
[INFO] [stdout]   |
[INFO] [stdout] 2 | use uuid::Uuid;
[INFO] [stdout]   |     ^^^^ use of undeclared crate or module `uuid`
[INFO] [stdout] 
[INFO] [stdout] error[E0433]: failed to resolve: use of undeclared crate or module `uuid`
[INFO] [stdout]  --> src/lib.rs:654:25
[INFO] [stdout]   |
[INFO] [stdout] 4 | fn main() -> Result<(), uuid::Error> {
[INFO] [stdout]   |                         ^^^^ use of undeclared crate or module `uuid`
[INFO] [stdout] 
[INFO] [stdout] error: aborting due to 2 previous errors
[INFO] [stdout] 
[INFO] [stdout] Some errors have detailed explanations: E0432, E0433.
[INFO] [stdout] For more information about an error, try `rustc --explain E0432`.
[INFO] [stdout] Couldn't compile the test.
[INFO] [stdout] ---- src/lib.rs - Uuid::to_u128_le (line 718) stdout ----
[INFO] [stdout] error[E0432]: unresolved import `uuid`
[INFO] [stdout]  --> src/lib.rs:719:5
[INFO] [stdout]   |
[INFO] [stdout] 2 | use uuid::Uuid;
[INFO] [stdout]   |     ^^^^ use of undeclared crate or module `uuid`
[INFO] [stdout] 
[INFO] [stdout] error[E0433]: failed to resolve: use of undeclared crate or module `uuid`
[INFO] [stdout]  --> src/lib.rs:720:25
[INFO] [stdout]   |
[INFO] [stdout] 3 | fn main() -> Result<(), uuid::Error> {
[INFO] [stdout]   |                         ^^^^ use of undeclared crate or module `uuid`
[INFO] [stdout] 
[INFO] [stdout] error: aborting due to 2 previous errors
[INFO] [stdout] 
[INFO] [stdout] Some errors have detailed explanations: E0432, E0433.
[INFO] [stdout] For more information about an error, try `rustc --explain E0432`.
[INFO] [stdout] Couldn't compile the test.
[INFO] [stdout] ---- src/lib.rs - Uuid::to_bytes_le (line 817) stdout ----
[INFO] [stdout] error[E0432]: unresolved import `uuid`
[INFO] [stdout]  --> src/lib.rs:818:5
[INFO] [stdout]   |
[INFO] [stdout] 2 | use uuid::Uuid;
[INFO] [stdout]   |     ^^^^ use of undeclared crate or module `uuid`
[INFO] [stdout] 
[INFO] [stdout] error[E0433]: failed to resolve: use of undeclared crate or module `uuid`
[INFO] [stdout]  --> src/lib.rs:820:25
[INFO] [stdout]   |
[INFO] [stdout] 4 | fn main() -> Result<(), uuid::Error> {
[INFO] [stdout]   |                         ^^^^ use of undeclared crate or module `uuid`
[INFO] [stdout] 
[INFO] [stdout] error: aborting due to 2 previous errors
[INFO] [stdout] 
[INFO] [stdout] Some errors have detailed explanations: E0432, E0433.
[INFO] [stdout] For more information about an error, try `rustc --explain E0432`.
[INFO] [stdout] Couldn't compile the test.
[INFO] [stdout] ---- src/lib.rs - Uuid::get_version_num (line 524) stdout ----
[INFO] [stdout] error[E0432]: unresolved import `uuid`
[INFO] [stdout]  --> src/lib.rs:525:5
[INFO] [stdout]   |
[INFO] [stdout] 2 | use uuid::Uuid;
[INFO] [stdout]   |     ^^^^ use of undeclared crate or module `uuid`
[INFO] [stdout] 
[INFO] [stdout] error[E0433]: failed to resolve: use of undeclared crate or module `uuid`
[INFO] [stdout]  --> src/lib.rs:526:25
[INFO] [stdout]   |
[INFO] [stdout] 3 | fn main() -> Result<(), uuid::Error> {
[INFO] [stdout]   |                         ^^^^ use of undeclared crate or module `uuid`
[INFO] [stdout] 
[INFO] [stdout] error: aborting due to 2 previous errors
[INFO] [stdout] 
[INFO] [stdout] Some errors have detailed explanations: E0432, E0433.
[INFO] [stdout] For more information about an error, try `rustc --explain E0432`.
[INFO] [stdout] Couldn't compile the test.
[INFO] [stdout] ---- src/macros.rs - macros::uuid (line 61) stdout ----
[INFO] [stdout] error[E0432]: unresolved import `uuid`
[INFO] [stdout]  --> src/macros.rs:62:5
[INFO] [stdout]   |
[INFO] [stdout] 3 | use uuid::uuid;
[INFO] [stdout]   |     ^^^^ use of undeclared crate or module `uuid`
[INFO] [stdout] 
[INFO] [stdout] error: aborting due to 1 previous error
[INFO] [stdout] 
[INFO] [stdout] For more information about this error, try `rustc --explain E0432`.
[INFO] [stdout] Couldn't compile the test.
[INFO] [stdout] ---- src/macros.rs - macros::uuid (line 47) stdout ----
[INFO] [stdout] error[E0432]: unresolved import `uuid`
[INFO] [stdout]  --> src/macros.rs:48:5
[INFO] [stdout]   |
[INFO] [stdout] 3 | use uuid::{uuid, Uuid};
[INFO] [stdout]   |     ^^^^ use of undeclared crate or module `uuid`
[INFO] [stdout] 
[INFO] [stdout] error: aborting due to 1 previous error
[INFO] [stdout] 
[INFO] [stdout] For more information about this error, try `rustc --explain E0432`.
[INFO] [stdout] Couldn't compile the test.
[INFO] [stdout] ---- src/macros.rs - macros::uuid (line 56) stdout ----
[INFO] [stdout] error[E0432]: unresolved import `uuid`
[INFO] [stdout]  --> src/macros.rs:57:5
[INFO] [stdout]   |
[INFO] [stdout] 3 | use uuid::uuid;
[INFO] [stdout]   |     ^^^^ use of undeclared crate or module `uuid`
[INFO] [stdout] 
[INFO] [stdout] error: aborting due to 1 previous error
[INFO] [stdout] 
[INFO] [stdout] For more information about this error, try `rustc --explain E0432`.
[INFO] [stdout] Couldn't compile the test.
[INFO] [stdout] ---- src/parser.rs - parser::Uuid::parse_str (line 52) stdout ----
[INFO] [stdout] error[E0432]: unresolved import `uuid`
[INFO] [stdout]  --> src/parser.rs:53:5
[INFO] [stdout]   |
[INFO] [stdout] 2 | use uuid::{Uuid, Version, Variant};
[INFO] [stdout]   |     ^^^^ use of undeclared crate or module `uuid`
[INFO] [stdout] 
[INFO] [stdout] error[E0433]: failed to resolve: use of undeclared crate or module `uuid`
[INFO] [stdout]  --> src/parser.rs:54:25
[INFO] [stdout]   |
[INFO] [stdout] 3 | fn main() -> Result<(), uuid::Error> {
[INFO] [stdout]   |                         ^^^^ use of undeclared crate or module `uuid`
[INFO] [stdout] 
[INFO] [stdout] error: aborting due to 2 previous errors
[INFO] [stdout] 
[INFO] [stdout] Some errors have detailed explanations: E0432, E0433.
[INFO] [stdout] For more information about an error, try `rustc --explain E0432`.
[INFO] [stdout] Couldn't compile the test.
[INFO] [stdout] ---- src/parser.rs - parser::Uuid::try_parse (line 85) stdout ----
[INFO] [stdout] error[E0432]: unresolved import `uuid`
[INFO] [stdout]  --> src/parser.rs:86:5
[INFO] [stdout]   |
[INFO] [stdout] 2 | use uuid::{Uuid, Version, Variant};
[INFO] [stdout]   |     ^^^^ use of undeclared crate or module `uuid`
[INFO] [stdout] 
[INFO] [stdout] error[E0433]: failed to resolve: use of undeclared crate or module `uuid`
[INFO] [stdout]  --> src/parser.rs:87:25
[INFO] [stdout]   |
[INFO] [stdout] 3 | fn main() -> Result<(), uuid::Error> {
[INFO] [stdout]   |                         ^^^^ use of undeclared crate or module `uuid`
[INFO] [stdout] 
[INFO] [stdout] error: aborting due to 2 previous errors
[INFO] [stdout] 
[INFO] [stdout] Some errors have detailed explanations: E0432, E0433.
[INFO] [stdout] For more information about an error, try `rustc --explain E0432`.
[INFO] [stdout] Couldn't compile the test.
[INFO] [stdout] ---- src/parser.rs - parser::Uuid::try_parse_ascii (line 113) stdout ----
[INFO] [stdout] error[E0432]: unresolved import `uuid`
[INFO] [stdout]  --> src/parser.rs:114:5
[INFO] [stdout]   |
[INFO] [stdout] 2 | use uuid::{Uuid, Version, Variant};
[INFO] [stdout]   |     ^^^^ use of undeclared crate or module `uuid`
[INFO] [stdout] 
[INFO] [stdout] error[E0433]: failed to resolve: use of undeclared crate or module `uuid`
[INFO] [stdout]  --> src/parser.rs:115:25
[INFO] [stdout]   |
[INFO] [stdout] 3 | fn main() -> Result<(), uuid::Error> {
[INFO] [stdout]   |                         ^^^^ use of undeclared crate or module `uuid`
[INFO] [stdout] 
[INFO] [stdout] error: aborting due to 2 previous errors
[INFO] [stdout] 
[INFO] [stdout] Some errors have detailed explanations: E0432, E0433.
[INFO] [stdout] For more information about an error, try `rustc --explain E0432`.
[INFO] [stdout] Couldn't compile the test.
[INFO] [stdout] 
[INFO] [stdout] failures:
[INFO] [stdout]     src/builder.rs - builder::Builder (line 32)
[INFO] [stdout]     src/builder.rs - builder::Builder::as_uuid (line 876)
[INFO] [stdout]     src/builder.rs - builder::Builder::from_bytes (line 501)
[INFO] [stdout]     src/builder.rs - builder::Builder::from_bytes_le (line 529)
[INFO] [stdout]     src/builder.rs - builder::Builder::from_fields (line 734)
[INFO] [stdout]     src/builder.rs - builder::Builder::from_fields_le (line 758)
[INFO] [stdout]     src/builder.rs - builder::Builder::from_random_bytes (line 573)
[INFO] [stdout]     src/builder.rs - builder::Builder::from_slice (line 670)
[INFO] [stdout]     src/builder.rs - builder::Builder::from_slice_le (line 705)
[INFO] [stdout]     src/builder.rs - builder::Builder::from_u128 (line 782)
[INFO] [stdout]     src/builder.rs - builder::Builder::from_u128_le (line 803)
[INFO] [stdout]     src/builder.rs - builder::Builder::from_unix_timestamp_millis (line 624)
[INFO] [stdout]     src/builder.rs - builder::Builder::into_uuid (line 895)
[INFO] [stdout]     src/builder.rs - builder::Builder::nil (line 824)
[INFO] [stdout]     src/builder.rs - builder::Uuid::from_bytes (line 395)
[INFO] [stdout]     src/builder.rs - builder::Uuid::from_bytes_le (line 427)
[INFO] [stdout]     src/builder.rs - builder::Uuid::from_bytes_ref (line 459)
[INFO] [stdout]     src/builder.rs - builder::Uuid::from_fields (line 108)
[INFO] [stdout]     src/builder.rs - builder::Uuid::from_fields_le (line 154)
[INFO] [stdout]     src/builder.rs - builder::Uuid::from_slice (line 319)
[INFO] [stdout]     src/builder.rs - builder::Uuid::from_slice_le (line 360)
[INFO] [stdout]     src/builder.rs - builder::Uuid::from_u128 (line 195)
[INFO] [stdout]     src/builder.rs - builder::Uuid::from_u128_le (line 238)
[INFO] [stdout]     src/builder.rs - builder::Uuid::from_u64_pair (line 276)
[INFO] [stdout]     src/builder.rs - builder::Uuid::max (line 89)
[INFO] [stdout]     src/builder.rs - builder::Uuid::nil (line 63)
[INFO] [stdout]     src/fmt.rs - fmt::Braced::as_uuid (line 514)
[INFO] [stdout]     src/fmt.rs - fmt::Braced::encode_lower (line 429)
[INFO] [stdout]     src/fmt.rs - fmt::Braced::encode_upper (line 480)
[INFO] [stdout]     src/fmt.rs - fmt::Braced::into_uuid (line 528)
[INFO] [stdout]     src/fmt.rs - fmt::Hyphenated::as_uuid (line 369)
[INFO] [stdout]     src/fmt.rs - fmt::Hyphenated::encode_lower (line 284)
[INFO] [stdout]     src/fmt.rs - fmt::Hyphenated::encode_upper (line 335)
[INFO] [stdout]     src/fmt.rs - fmt::Hyphenated::into_uuid (line 383)
[INFO] [stdout]     src/fmt.rs - fmt::Simple::as_uuid (line 657)
[INFO] [stdout]     src/fmt.rs - fmt::Simple::encode_lower (line 573)
[INFO] [stdout]     src/fmt.rs - fmt::Simple::encode_upper (line 621)
[INFO] [stdout]     src/fmt.rs - fmt::Simple::into_uuid (line 671)
[INFO] [stdout]     src/fmt.rs - fmt::Urn::as_uuid (line 807)
[INFO] [stdout]     src/fmt.rs - fmt::Urn::encode_lower (line 717)
[INFO] [stdout]     src/fmt.rs - fmt::Urn::encode_upper (line 771)
[INFO] [stdout]     src/fmt.rs - fmt::Urn::into_uuid (line 821)
[INFO] [stdout]     src/lib.rs - (line 175)
[INFO] [stdout]     src/lib.rs - (line 187)
[INFO] [stdout]     src/lib.rs - (line 64)
[INFO] [stdout]     src/lib.rs - Uuid (line 350)
[INFO] [stdout]     src/lib.rs - Uuid (line 362)
[INFO] [stdout]     src/lib.rs - Uuid (line 387)
[INFO] [stdout]     src/lib.rs - Uuid (line 402)
[INFO] [stdout]     src/lib.rs - Uuid::as_bytes (line 764)
[INFO] [stdout]     src/lib.rs - Uuid::as_fields (line 605)
[INFO] [stdout]     src/lib.rs - Uuid::as_u128 (line 689)
[INFO] [stdout]     src/lib.rs - Uuid::as_u64_pair (line 742)
[INFO] [stdout]     src/lib.rs - Uuid::encode_buffer (line 856)
[INFO] [stdout]     src/lib.rs - Uuid::get_variant (line 489)
[INFO] [stdout]     src/lib.rs - Uuid::get_version (line 554)
[INFO] [stdout]     src/lib.rs - Uuid::get_version_num (line 524)
[INFO] [stdout]     src/lib.rs - Uuid::into_bytes (line 793)
[INFO] [stdout]     src/lib.rs - Uuid::to_bytes_le (line 817)
[INFO] [stdout]     src/lib.rs - Uuid::to_fields_le (line 651)
[INFO] [stdout]     src/lib.rs - Uuid::to_u128_le (line 718)
[INFO] [stdout]     src/macros.rs - macros::uuid (line 47)
[INFO] [stdout]     src/macros.rs - macros::uuid (line 56)
[INFO] [stdout]     src/macros.rs - macros::uuid (line 61)
[INFO] [stdout]     src/parser.rs - parser::Uuid::parse_str (line 52)
[INFO] [stdout]     src/parser.rs - parser::Uuid::try_parse (line 85)
[INFO] [stdout]     src/parser.rs - parser::Uuid::try_parse_ascii (line 113)
[INFO] [stdout] 
[INFO] [stdout] test result: FAILED. 2 passed; 67 failed; 0 ignored; 0 measured; 0 filtered out; finished in 3.40s
[INFO] [stdout] 
[INFO] [stderr] error: doctest failed, to rerun pass `--doc`
[INFO] running `Command { std: "docker" "inspect" "8d7f1f6fdccac4ec2573d9cd190a9470d5c4a2bc82c95d02a2ab133405e1e2db", kill_on_drop: false }`
[INFO] running `Command { std: "docker" "rm" "-f" "8d7f1f6fdccac4ec2573d9cd190a9470d5c4a2bc82c95d02a2ab133405e1e2db", kill_on_drop: false }`
[INFO] [stdout] 8d7f1f6fdccac4ec2573d9cd190a9470d5c4a2bc82c95d02a2ab133405e1e2db
