[INFO] fetching crate supply-chain-trust-example-crate-000066 0.1.24...
[INFO] testing supply-chain-trust-example-crate-000066-0.1.24 against 1.83.0 for beta-1.84.0-4-retry
[INFO] extracting crate supply-chain-trust-example-crate-000066 0.1.24 into /workspace/builds/worker-3-tc1/source
[INFO] validating manifest of crates.io crate supply-chain-trust-example-crate-000066 0.1.24 on toolchain 1.83.0
[INFO] running `Command { std: CARGO_HOME="/workspace/cargo-home" RUSTUP_HOME="/workspace/rustup-home" "/workspace/cargo-home/bin/cargo" "+1.83.0" "metadata" "--manifest-path" "Cargo.toml" "--no-deps", kill_on_drop: false }`
[INFO] started tweaking crates.io crate supply-chain-trust-example-crate-000066 0.1.24
[INFO] finished tweaking crates.io crate supply-chain-trust-example-crate-000066 0.1.24
[INFO] tweaked toml for crates.io crate supply-chain-trust-example-crate-000066 0.1.24 written to /workspace/builds/worker-3-tc1/source/Cargo.toml
[INFO] running `Command { std: CARGO_HOME="/workspace/cargo-home" RUSTUP_HOME="/workspace/rustup-home" "/workspace/cargo-home/bin/cargo" "+1.83.0" "generate-lockfile" "--manifest-path" "Cargo.toml", kill_on_drop: false }`
[INFO] [stderr]     Blocking waiting for file lock on package cache
[INFO] [stderr]     Updating crates.io index
[INFO] [stderr]     Blocking waiting for file lock on package cache
[INFO] [stderr]      Locking 2 packages to latest compatible versions
[INFO] running `Command { std: CARGO_HOME="/workspace/cargo-home" RUSTUP_HOME="/workspace/rustup-home" "/workspace/cargo-home/bin/cargo" "+1.83.0" "fetch" "--manifest-path" "Cargo.toml", kill_on_drop: false }`
[INFO] [stderr]     Blocking waiting for file lock on package cache
[INFO] [stderr]     Blocking waiting for file lock on package cache
[INFO] running `Command { std: "docker" "create" "-v" "/var/lib/crater-agent-workspace/builds/worker-3-tc1/target:/opt/rustwide/target:rw,Z" "-v" "/var/lib/crater-agent-workspace/builds/worker-3-tc1/source:/opt/rustwide/workdir:ro,Z" "-v" "/var/lib/crater-agent-workspace/cargo-home:/opt/rustwide/cargo-home:ro,Z" "-v" "/var/lib/crater-agent-workspace/rustup-home:/opt/rustwide/rustup-home:ro,Z" "-e" "SOURCE_DIR=/opt/rustwide/workdir" "-e" "CARGO_TARGET_DIR=/opt/rustwide/target" "-e" "CARGO_HOME=/opt/rustwide/cargo-home" "-e" "RUSTUP_HOME=/opt/rustwide/rustup-home" "-w" "/opt/rustwide/workdir" "-m" "1610612736" "--user" "0:0" "--network" "none" "ghcr.io/rust-lang/crates-build-env/linux@sha256:f3a9d4ad9d972b27faf3965f35b62e55ba32bbce8f20bc8fe909558a86702fde" "/opt/rustwide/cargo-home/bin/cargo" "+1.83.0" "metadata" "--no-deps" "--format-version=1", kill_on_drop: false }`
[INFO] [stdout] 21dfcc486a26441ea0516cd36b75476ea5da4a54db920a1c0c9f7b1b856ba9c8
[INFO] running `Command { std: "docker" "start" "-a" "21dfcc486a26441ea0516cd36b75476ea5da4a54db920a1c0c9f7b1b856ba9c8", kill_on_drop: false }`
[INFO] running `Command { std: "docker" "inspect" "21dfcc486a26441ea0516cd36b75476ea5da4a54db920a1c0c9f7b1b856ba9c8", kill_on_drop: false }`
[INFO] running `Command { std: "docker" "rm" "-f" "21dfcc486a26441ea0516cd36b75476ea5da4a54db920a1c0c9f7b1b856ba9c8", kill_on_drop: false }`
[INFO] [stdout] 21dfcc486a26441ea0516cd36b75476ea5da4a54db920a1c0c9f7b1b856ba9c8
[INFO] running `Command { std: "docker" "create" "-v" "/var/lib/crater-agent-workspace/builds/worker-3-tc1/target:/opt/rustwide/target:rw,Z" "-v" "/var/lib/crater-agent-workspace/builds/worker-3-tc1/source:/opt/rustwide/workdir:ro,Z" "-v" "/var/lib/crater-agent-workspace/cargo-home:/opt/rustwide/cargo-home:ro,Z" "-v" "/var/lib/crater-agent-workspace/rustup-home:/opt/rustwide/rustup-home:ro,Z" "-e" "SOURCE_DIR=/opt/rustwide/workdir" "-e" "CARGO_TARGET_DIR=/opt/rustwide/target" "-e" "CARGO_INCREMENTAL=0" "-e" "RUST_BACKTRACE=full" "-e" "RUSTFLAGS=--cap-lints=warn" "-e" "RUSTDOCFLAGS=--cap-lints=warn" "-e" "CARGO_HOME=/opt/rustwide/cargo-home" "-e" "RUSTUP_HOME=/opt/rustwide/rustup-home" "-w" "/opt/rustwide/workdir" "-m" "1610612736" "--user" "0:0" "--network" "none" "ghcr.io/rust-lang/crates-build-env/linux@sha256:f3a9d4ad9d972b27faf3965f35b62e55ba32bbce8f20bc8fe909558a86702fde" "/opt/rustwide/cargo-home/bin/cargo" "+1.83.0" "build" "--frozen" "--message-format=json", kill_on_drop: false }`
[INFO] [stdout] d724914d338b36d469e586a4a4c6b0765b56f18d1bedb95ef7b0dc16feba2a13
[INFO] running `Command { std: "docker" "start" "-a" "d724914d338b36d469e586a4a4c6b0765b56f18d1bedb95ef7b0dc16feba2a13", kill_on_drop: false }`
[INFO] [stderr]    Compiling tinyvec_macros v0.1.1
[INFO] [stderr]    Compiling tinyvec v1.8.0
[INFO] [stderr]    Compiling supply-chain-trust-example-crate-000066 v0.1.24 (/opt/rustwide/workdir)
[INFO] [stderr]     Finished `dev` profile [unoptimized + debuginfo] target(s) in 1.79s
[INFO] running `Command { std: "docker" "inspect" "d724914d338b36d469e586a4a4c6b0765b56f18d1bedb95ef7b0dc16feba2a13", kill_on_drop: false }`
[INFO] running `Command { std: "docker" "rm" "-f" "d724914d338b36d469e586a4a4c6b0765b56f18d1bedb95ef7b0dc16feba2a13", kill_on_drop: false }`
[INFO] [stdout] d724914d338b36d469e586a4a4c6b0765b56f18d1bedb95ef7b0dc16feba2a13
[INFO] running `Command { std: "docker" "create" "-v" "/var/lib/crater-agent-workspace/builds/worker-3-tc1/target:/opt/rustwide/target:rw,Z" "-v" "/var/lib/crater-agent-workspace/builds/worker-3-tc1/source:/opt/rustwide/workdir:ro,Z" "-v" "/var/lib/crater-agent-workspace/cargo-home:/opt/rustwide/cargo-home:ro,Z" "-v" "/var/lib/crater-agent-workspace/rustup-home:/opt/rustwide/rustup-home:ro,Z" "-e" "SOURCE_DIR=/opt/rustwide/workdir" "-e" "CARGO_TARGET_DIR=/opt/rustwide/target" "-e" "CARGO_INCREMENTAL=0" "-e" "RUST_BACKTRACE=full" "-e" "RUSTFLAGS=--cap-lints=warn" "-e" "RUSTDOCFLAGS=--cap-lints=warn" "-e" "CARGO_HOME=/opt/rustwide/cargo-home" "-e" "RUSTUP_HOME=/opt/rustwide/rustup-home" "-w" "/opt/rustwide/workdir" "-m" "1610612736" "--user" "0:0" "--network" "none" "ghcr.io/rust-lang/crates-build-env/linux@sha256:f3a9d4ad9d972b27faf3965f35b62e55ba32bbce8f20bc8fe909558a86702fde" "/opt/rustwide/cargo-home/bin/cargo" "+1.83.0" "test" "--frozen" "--no-run" "--message-format=json", kill_on_drop: false }`
[INFO] [stdout] 43ea6d44ca9f8590b6846f766b43a765e6f07c5a2e485e6a46891fe5c30df203
[INFO] running `Command { std: "docker" "start" "-a" "43ea6d44ca9f8590b6846f766b43a765e6f07c5a2e485e6a46891fe5c30df203", kill_on_drop: false }`
[INFO] [stderr]    Compiling supply-chain-trust-example-crate-000066 v0.1.24 (/opt/rustwide/workdir)
[INFO] [stderr]     Finished `test` profile [unoptimized + debuginfo] target(s) in 1.42s
[INFO] running `Command { std: "docker" "inspect" "43ea6d44ca9f8590b6846f766b43a765e6f07c5a2e485e6a46891fe5c30df203", kill_on_drop: false }`
[INFO] running `Command { std: "docker" "rm" "-f" "43ea6d44ca9f8590b6846f766b43a765e6f07c5a2e485e6a46891fe5c30df203", kill_on_drop: false }`
[INFO] [stdout] 43ea6d44ca9f8590b6846f766b43a765e6f07c5a2e485e6a46891fe5c30df203
[INFO] running `Command { std: "docker" "create" "-v" "/var/lib/crater-agent-workspace/builds/worker-3-tc1/target:/opt/rustwide/target:rw,Z" "-v" "/var/lib/crater-agent-workspace/builds/worker-3-tc1/source:/opt/rustwide/workdir:ro,Z" "-v" "/var/lib/crater-agent-workspace/cargo-home:/opt/rustwide/cargo-home:ro,Z" "-v" "/var/lib/crater-agent-workspace/rustup-home:/opt/rustwide/rustup-home:ro,Z" "-e" "SOURCE_DIR=/opt/rustwide/workdir" "-e" "CARGO_TARGET_DIR=/opt/rustwide/target" "-e" "CARGO_INCREMENTAL=0" "-e" "RUST_BACKTRACE=full" "-e" "RUSTFLAGS=--cap-lints=warn" "-e" "RUSTDOCFLAGS=--cap-lints=warn" "-e" "CARGO_HOME=/opt/rustwide/cargo-home" "-e" "RUSTUP_HOME=/opt/rustwide/rustup-home" "-w" "/opt/rustwide/workdir" "-m" "1610612736" "--user" "0:0" "--network" "none" "ghcr.io/rust-lang/crates-build-env/linux@sha256:f3a9d4ad9d972b27faf3965f35b62e55ba32bbce8f20bc8fe909558a86702fde" "/opt/rustwide/cargo-home/bin/cargo" "+1.83.0" "test" "--frozen", kill_on_drop: false }`
[INFO] [stdout] 196da818b2f182331217455d3ce0cd7e3814505f9f805031ee6e5a235c50c749
[INFO] running `Command { std: "docker" "start" "-a" "196da818b2f182331217455d3ce0cd7e3814505f9f805031ee6e5a235c50c749", kill_on_drop: false }`
[INFO] [stderr]     Finished `test` profile [unoptimized + debuginfo] target(s) in 0.02s
[INFO] [stderr]      Running unittests src/lib.rs (/opt/rustwide/target/debug/deps/supply_chain_trust_example_crate_000066-d4f7b6ccfbfe5982)
[INFO] [stdout] 
[INFO] [stdout] running 13 tests
[INFO] [stdout] test quick_check::tests::test_stream_safe_nfc ... ok
[INFO] [stdout] test quick_check::tests::test_stream_safe_nfd ... ok
[INFO] [stdout] test normalize::tests::test_hangul_composition ... ok
[INFO] [stdout] test stream_safe::tests::test_all_nonstarters ... ok
[INFO] [stdout] test stream_safe::tests::test_simple ... ok
[INFO] [stdout] test test::test_is_combining_mark_ascii ... ok
[INFO] [stdout] test test::test_is_combining_mark_misc ... ok
[INFO] [stdout] test test::test_nfc ... ok
[INFO] [stdout] test test::test_nfkc ... ok
[INFO] [stdout] test test::test_nfkd ... ok
[INFO] [stdout] test test::test_normalize_char ... ok
[INFO] [stdout] test test::test_nfd ... ok
[INFO] [stdout] test stream_safe::tests::test_classify_nonstarters ... ok
[INFO] [stdout] 
[INFO] [stdout] test result: ok. 13 passed; 0 failed; 0 ignored; 0 measured; 0 filtered out; finished in 0.16s
[INFO] [stdout] 
[INFO] [stderr]    Doc-tests supply_chain_trust_example_crate_000066
[INFO] [stdout] 
[INFO] [stdout] running 1 test
[INFO] [stderr] error: doctest failed, to rerun pass `--doc`
[INFO] [stdout] test src/lib.rs - (line 15) ... FAILED
[INFO] [stdout] 
[INFO] [stdout] failures:
[INFO] [stdout] 
[INFO] [stdout] ---- src/lib.rs - (line 15) stdout ----
[INFO] [stdout] error[E0463]: can't find crate for `unicode_normalization`
[INFO] [stdout]  --> src/lib.rs:16:1
[INFO] [stdout]   |
[INFO] [stdout] 2 | extern crate unicode_normalization;
[INFO] [stdout]   | ^^^^^^^^^^^^^^^^^^^^^^^^^^^^^^^^^^^ can't find crate
[INFO] [stdout] 
[INFO] [stdout] error[E0599]: no method named `nfc` found for reference `&str` in the current scope
[INFO] [stdout]   --> src/lib.rs:25:15
[INFO] [stdout]    |
[INFO] [stdout] 11 |     let c = s.nfc().collect::<String>();
[INFO] [stdout]    |               ^^^ method not found in `&str`
[INFO] [stdout] 
[INFO] [stdout] error: aborting due to 2 previous errors
[INFO] [stdout] 
[INFO] [stdout] Some errors have detailed explanations: E0463, E0599.
[INFO] [stdout] For more information about an error, try `rustc --explain E0463`.
[INFO] [stdout] Couldn't compile the test.
[INFO] [stdout] 
[INFO] [stdout] failures:
[INFO] [stdout]     src/lib.rs - (line 15)
[INFO] [stdout] 
[INFO] [stdout] test result: FAILED. 0 passed; 1 failed; 0 ignored; 0 measured; 0 filtered out; finished in 0.10s
[INFO] [stdout] 
[INFO] running `Command { std: "docker" "inspect" "196da818b2f182331217455d3ce0cd7e3814505f9f805031ee6e5a235c50c749", kill_on_drop: false }`
[INFO] running `Command { std: "docker" "rm" "-f" "196da818b2f182331217455d3ce0cd7e3814505f9f805031ee6e5a235c50c749", kill_on_drop: false }`
[INFO] [stdout] 196da818b2f182331217455d3ce0cd7e3814505f9f805031ee6e5a235c50c749
