[INFO] fetching crate supply-chain-trust-example-crate-000054 1.0.2...
[INFO] testing supply-chain-trust-example-crate-000054-1.0.2 against 1.83.0 for beta-1.84.0-4-retry
[INFO] extracting crate supply-chain-trust-example-crate-000054 1.0.2 into /workspace/builds/worker-0-tc1/source
[INFO] validating manifest of crates.io crate supply-chain-trust-example-crate-000054 1.0.2 on toolchain 1.83.0
[INFO] running `Command { std: CARGO_HOME="/workspace/cargo-home" RUSTUP_HOME="/workspace/rustup-home" "/workspace/cargo-home/bin/cargo" "+1.83.0" "metadata" "--manifest-path" "Cargo.toml" "--no-deps", kill_on_drop: false }`
[INFO] started tweaking crates.io crate supply-chain-trust-example-crate-000054 1.0.2
[INFO] removed 0 missing examples
[INFO] finished tweaking crates.io crate supply-chain-trust-example-crate-000054 1.0.2
[INFO] tweaked toml for crates.io crate supply-chain-trust-example-crate-000054 1.0.2 written to /workspace/builds/worker-0-tc1/source/Cargo.toml
[INFO] crate crates.io crate supply-chain-trust-example-crate-000054 1.0.2 already has a lockfile, it will not be regenerated
[INFO] running `Command { std: CARGO_HOME="/workspace/cargo-home" RUSTUP_HOME="/workspace/rustup-home" "/workspace/cargo-home/bin/cargo" "+1.83.0" "fetch" "--manifest-path" "Cargo.toml", kill_on_drop: false }`
[INFO] running `Command { std: "docker" "create" "-v" "/var/lib/crater-agent-workspace/builds/worker-0-tc1/target:/opt/rustwide/target:rw,Z" "-v" "/var/lib/crater-agent-workspace/builds/worker-0-tc1/source:/opt/rustwide/workdir:ro,Z" "-v" "/var/lib/crater-agent-workspace/cargo-home:/opt/rustwide/cargo-home:ro,Z" "-v" "/var/lib/crater-agent-workspace/rustup-home:/opt/rustwide/rustup-home:ro,Z" "-e" "SOURCE_DIR=/opt/rustwide/workdir" "-e" "CARGO_TARGET_DIR=/opt/rustwide/target" "-e" "CARGO_HOME=/opt/rustwide/cargo-home" "-e" "RUSTUP_HOME=/opt/rustwide/rustup-home" "-w" "/opt/rustwide/workdir" "-m" "1610612736" "--user" "0:0" "--network" "none" "ghcr.io/rust-lang/crates-build-env/linux@sha256:f3a9d4ad9d972b27faf3965f35b62e55ba32bbce8f20bc8fe909558a86702fde" "/opt/rustwide/cargo-home/bin/cargo" "+1.83.0" "metadata" "--no-deps" "--format-version=1", kill_on_drop: false }`
[INFO] [stdout] 86256cfe0599138bd00b0e025e8b3f8f5c8802a481c100c2c1a76beeb9f7ee6f
[INFO] running `Command { std: "docker" "start" "-a" "86256cfe0599138bd00b0e025e8b3f8f5c8802a481c100c2c1a76beeb9f7ee6f", kill_on_drop: false }`
[INFO] running `Command { std: "docker" "inspect" "86256cfe0599138bd00b0e025e8b3f8f5c8802a481c100c2c1a76beeb9f7ee6f", kill_on_drop: false }`
[INFO] running `Command { std: "docker" "rm" "-f" "86256cfe0599138bd00b0e025e8b3f8f5c8802a481c100c2c1a76beeb9f7ee6f", kill_on_drop: false }`
[INFO] [stdout] 86256cfe0599138bd00b0e025e8b3f8f5c8802a481c100c2c1a76beeb9f7ee6f
[INFO] running `Command { std: "docker" "create" "-v" "/var/lib/crater-agent-workspace/builds/worker-0-tc1/target:/opt/rustwide/target:rw,Z" "-v" "/var/lib/crater-agent-workspace/builds/worker-0-tc1/source:/opt/rustwide/workdir:ro,Z" "-v" "/var/lib/crater-agent-workspace/cargo-home:/opt/rustwide/cargo-home:ro,Z" "-v" "/var/lib/crater-agent-workspace/rustup-home:/opt/rustwide/rustup-home:ro,Z" "-e" "SOURCE_DIR=/opt/rustwide/workdir" "-e" "CARGO_TARGET_DIR=/opt/rustwide/target" "-e" "CARGO_INCREMENTAL=0" "-e" "RUST_BACKTRACE=full" "-e" "RUSTFLAGS=--cap-lints=warn" "-e" "RUSTDOCFLAGS=--cap-lints=warn" "-e" "CARGO_HOME=/opt/rustwide/cargo-home" "-e" "RUSTUP_HOME=/opt/rustwide/rustup-home" "-w" "/opt/rustwide/workdir" "-m" "1610612736" "--user" "0:0" "--network" "none" "ghcr.io/rust-lang/crates-build-env/linux@sha256:f3a9d4ad9d972b27faf3965f35b62e55ba32bbce8f20bc8fe909558a86702fde" "/opt/rustwide/cargo-home/bin/cargo" "+1.83.0" "build" "--frozen" "--message-format=json", kill_on_drop: false }`
[INFO] [stdout] f33eba9e781c4dfaf62ee7f62d55231722fb708a590dded413664443537c82bb
[INFO] running `Command { std: "docker" "start" "-a" "f33eba9e781c4dfaf62ee7f62d55231722fb708a590dded413664443537c82bb", kill_on_drop: false }`
[INFO] [stderr]    Compiling libc v0.2.161
[INFO] [stderr]    Compiling log v0.4.22
[INFO] [stderr]    Compiling supply-chain-trust-example-crate-000054 v1.0.2 (/opt/rustwide/workdir)
[INFO] [stderr]     Finished `dev` profile [unoptimized + debuginfo] target(s) in 1.65s
[INFO] running `Command { std: "docker" "inspect" "f33eba9e781c4dfaf62ee7f62d55231722fb708a590dded413664443537c82bb", kill_on_drop: false }`
[INFO] running `Command { std: "docker" "rm" "-f" "f33eba9e781c4dfaf62ee7f62d55231722fb708a590dded413664443537c82bb", kill_on_drop: false }`
[INFO] [stdout] f33eba9e781c4dfaf62ee7f62d55231722fb708a590dded413664443537c82bb
[INFO] running `Command { std: "docker" "create" "-v" "/var/lib/crater-agent-workspace/builds/worker-0-tc1/target:/opt/rustwide/target:rw,Z" "-v" "/var/lib/crater-agent-workspace/builds/worker-0-tc1/source:/opt/rustwide/workdir:ro,Z" "-v" "/var/lib/crater-agent-workspace/cargo-home:/opt/rustwide/cargo-home:ro,Z" "-v" "/var/lib/crater-agent-workspace/rustup-home:/opt/rustwide/rustup-home:ro,Z" "-e" "SOURCE_DIR=/opt/rustwide/workdir" "-e" "CARGO_TARGET_DIR=/opt/rustwide/target" "-e" "CARGO_INCREMENTAL=0" "-e" "RUST_BACKTRACE=full" "-e" "RUSTFLAGS=--cap-lints=warn" "-e" "RUSTDOCFLAGS=--cap-lints=warn" "-e" "CARGO_HOME=/opt/rustwide/cargo-home" "-e" "RUSTUP_HOME=/opt/rustwide/rustup-home" "-w" "/opt/rustwide/workdir" "-m" "1610612736" "--user" "0:0" "--network" "none" "ghcr.io/rust-lang/crates-build-env/linux@sha256:f3a9d4ad9d972b27faf3965f35b62e55ba32bbce8f20bc8fe909558a86702fde" "/opt/rustwide/cargo-home/bin/cargo" "+1.83.0" "test" "--frozen" "--no-run" "--message-format=json", kill_on_drop: false }`
[INFO] [stdout] 7fc4a7674814934c3b412daa368b3c54c32899a7e1cc9ba4ea641c0231644a75
[INFO] running `Command { std: "docker" "start" "-a" "7fc4a7674814934c3b412daa368b3c54c32899a7e1cc9ba4ea641c0231644a75", kill_on_drop: false }`
[INFO] [stderr]    Compiling proc-macro2 v1.0.89
[INFO] [stderr]    Compiling unicode-ident v1.0.13
[INFO] [stderr]    Compiling byteorder v1.5.0
[INFO] [stderr]    Compiling cfg-if v1.0.0
[INFO] [stderr]    Compiling log v0.4.22
[INFO] [stderr]    Compiling getrandom v0.2.15
[INFO] [stderr]    Compiling rand_core v0.6.4
[INFO] [stderr]    Compiling env_logger v0.9.3
[INFO] [stderr]    Compiling supply-chain-trust-example-crate-000054 v1.0.2 (/opt/rustwide/workdir)
[INFO] [stderr]    Compiling quote v1.0.37
[INFO] [stderr]    Compiling syn v2.0.87
[INFO] [stderr]    Compiling zerocopy-derive v0.7.35
[INFO] [stderr]    Compiling zerocopy v0.7.35
[INFO] [stderr]    Compiling ppv-lite86 v0.2.20
[INFO] [stderr]    Compiling rand_chacha v0.3.1
[INFO] [stderr]    Compiling rand v0.8.5
[INFO] [stderr]     Finished `test` profile [unoptimized + debuginfo] target(s) in 9.21s
[INFO] running `Command { std: "docker" "inspect" "7fc4a7674814934c3b412daa368b3c54c32899a7e1cc9ba4ea641c0231644a75", kill_on_drop: false }`
[INFO] running `Command { std: "docker" "rm" "-f" "7fc4a7674814934c3b412daa368b3c54c32899a7e1cc9ba4ea641c0231644a75", kill_on_drop: false }`
[INFO] [stdout] 7fc4a7674814934c3b412daa368b3c54c32899a7e1cc9ba4ea641c0231644a75
[INFO] running `Command { std: "docker" "create" "-v" "/var/lib/crater-agent-workspace/builds/worker-0-tc1/target:/opt/rustwide/target:rw,Z" "-v" "/var/lib/crater-agent-workspace/builds/worker-0-tc1/source:/opt/rustwide/workdir:ro,Z" "-v" "/var/lib/crater-agent-workspace/cargo-home:/opt/rustwide/cargo-home:ro,Z" "-v" "/var/lib/crater-agent-workspace/rustup-home:/opt/rustwide/rustup-home:ro,Z" "-e" "SOURCE_DIR=/opt/rustwide/workdir" "-e" "CARGO_TARGET_DIR=/opt/rustwide/target" "-e" "CARGO_INCREMENTAL=0" "-e" "RUST_BACKTRACE=full" "-e" "RUSTFLAGS=--cap-lints=warn" "-e" "RUSTDOCFLAGS=--cap-lints=warn" "-e" "CARGO_HOME=/opt/rustwide/cargo-home" "-e" "RUSTUP_HOME=/opt/rustwide/rustup-home" "-w" "/opt/rustwide/workdir" "-m" "1610612736" "--user" "0:0" "--network" "none" "ghcr.io/rust-lang/crates-build-env/linux@sha256:f3a9d4ad9d972b27faf3965f35b62e55ba32bbce8f20bc8fe909558a86702fde" "/opt/rustwide/cargo-home/bin/cargo" "+1.83.0" "test" "--frozen", kill_on_drop: false }`
[INFO] [stdout] d8c9360f585451402c8a331249ab04463ad1d7c46899881e437b423c82cc0de8
[INFO] running `Command { std: "docker" "start" "-a" "d8c9360f585451402c8a331249ab04463ad1d7c46899881e437b423c82cc0de8", kill_on_drop: false }`
[INFO] [stderr]     Finished `test` profile [unoptimized + debuginfo] target(s) in 0.03s
[INFO] [stderr]      Running unittests src/lib.rs (/opt/rustwide/target/debug/deps/supply_chain_trust_example_crate_000054-ef40bc25213723f9)
[INFO] [stderr]    Doc-tests supply_chain_trust_example_crate_000054
[INFO] [stdout] 
[INFO] [stdout] running 0 tests
[INFO] [stdout] 
[INFO] [stdout] test result: ok. 0 passed; 0 failed; 0 ignored; 0 measured; 0 filtered out; finished in 0.00s
[INFO] [stdout] 
[INFO] [stdout] 
[INFO] [stdout] running 21 tests
[INFO] [stdout] test src/event/events.rs - event::events::Events (line 20) ... ignored
[INFO] [stdout] test src/event/events.rs - event::events::Events::clear (line 164) ... ignored
[INFO] [stdout] test src/event/events.rs - event::events::Events::iter (line 128) ... ignored
[INFO] [stdout] test src/event/events.rs - event::events::Iter (line 55) ... ignored
[INFO] [stdout] test src/event/source.rs - event::source::Source (line 41) ... ignored
[INFO] [stdout] test src/lib.rs - guide (line 151) ... ignored
[INFO] [stdout] test src/lib.rs - guide (line 185) ... ignored
[INFO] [stdout] test src/lib.rs - guide (line 223) ... ignored
[INFO] [stdout] test src/poll.rs - poll::Poll (line 147) ... ignored
[INFO] [stdout] test src/poll.rs - poll::Poll (line 51) ... ignored
[INFO] [stdout] test src/poll.rs - poll::Poll::poll (line 385) ... ignored
[INFO] [stdout] test src/poll.rs - poll::Registry::deregister (line 666) ... ignored
[INFO] [stdout] test src/poll.rs - poll::Registry::register (line 521) ... ignored
[INFO] [stdout] test src/poll.rs - poll::Registry::reregister (line 599) ... ignored
[INFO] [stdout] test src/token.rs - token::Token (line 20) ... ignored
[INFO] [stdout] test src/waker.rs - waker::Waker (line 37) ... ignored
[INFO] [stdout] test src/event/events.rs - event::events::Events::is_empty (line 114) ... FAILED
[INFO] [stdout] test src/interest.rs - interest::Interest::remove (line 76) ... FAILED
[INFO] [stdout] test src/interest.rs - interest::Interest::add (line 59) ... FAILED
[INFO] [stdout] test src/event/events.rs - event::events::Events::capacity (line 100) ... FAILED
[INFO] [stdout] test src/event/events.rs - event::events::Events::with_capacity (line 86) ... FAILED
[INFO] [stdout] 
[INFO] [stdout] failures:
[INFO] [stdout] 
[INFO] [stdout] ---- src/event/events.rs - event::events::Events::is_empty (line 114) stdout ----
[INFO] [stdout] error[E0432]: unresolved import `mio`
[INFO] [stdout]  --> src/event/events.rs:115:5
[INFO] [stdout]   |
[INFO] [stdout] 3 | use mio::Events;
[INFO] [stdout]   |     ^^^ use of undeclared crate or module `mio`
[INFO] [stdout] 
[INFO] [stdout] error: aborting due to 1 previous error
[INFO] [stdout] 
[INFO] [stdout] For more information about this error, try `rustc --explain E0432`.
[INFO] [stdout] Couldn't compile the test.
[INFO] [stdout] ---- src/interest.rs - interest::Interest::remove (line 76) stdout ----
[INFO] [stdout] error[E0432]: unresolved import `mio`
[INFO] [stdout]  --> src/interest.rs:77:5
[INFO] [stdout]   |
[INFO] [stdout] 3 | use mio::Interest;
[INFO] [stdout]   |     ^^^ use of undeclared crate or module `mio`
[INFO] [stdout] 
[INFO] [stdout] error: aborting due to 1 previous error
[INFO] [stdout] 
[INFO] [stdout] For more information about this error, try `rustc --explain E0432`.
[INFO] [stdout] Couldn't compile the test.
[INFO] [stdout] ---- src/interest.rs - interest::Interest::add (line 59) stdout ----
[INFO] [stdout] error[E0432]: unresolved import `mio`
[INFO] [stdout]  --> src/interest.rs:60:5
[INFO] [stdout]   |
[INFO] [stdout] 3 | use mio::Interest;
[INFO] [stdout]   |     ^^^ use of undeclared crate or module `mio`
[INFO] [stdout] 
[INFO] [stdout] error: aborting due to 1 previous error
[INFO] [stdout] 
[INFO] [stdout] For more information about this error, try `rustc --explain E0432`.
[INFO] [stdout] Couldn't compile the test.
[INFO] [stdout] ---- src/event/events.rs - event::events::Events::capacity (line 100) stdout ----
[INFO] [stdout] error[E0432]: unresolved import `mio`
[INFO] [stdout]  --> src/event/events.rs:101:5
[INFO] [stdout]   |
[INFO] [stdout] 3 | use mio::Events;
[INFO] [stdout]   |     ^^^ use of undeclared crate or module `mio`
[INFO] [stdout] 
[INFO] [stdout] error: aborting due to 1 previous error
[INFO] [stdout] 
[INFO] [stdout] For more information about this error, try `rustc --explain E0432`.
[INFO] [stdout] Couldn't compile the test.
[INFO] [stdout] ---- src/event/events.rs - event::events::Events::with_capacity (line 86) stdout ----
[INFO] [stdout] error[E0432]: unresolved import `mio`
[INFO] [stdout]  --> src/event/events.rs:87:5
[INFO] [stdout]   |
[INFO] [stdout] 3 | use mio::Events;
[INFO] [stdout]   |     ^^^ use of undeclared crate or module `mio`
[INFO] [stdout] 
[INFO] [stdout] error: aborting due to 1 previous error
[INFO] [stdout] 
[INFO] [stdout] For more information about this error, try `rustc --explain E0432`.
[INFO] [stdout] Couldn't compile the test.
[INFO] [stdout] 
[INFO] [stdout] failures:
[INFO] [stdout]     src/event/events.rs - event::events::Events::capacity (line 100)
[INFO] [stdout]     src/event/events.rs - event::events::Events::is_empty (line 114)
[INFO] [stdout]     src/event/events.rs - event::events::Events::with_capacity (line 86)
[INFO] [stdout]     src/interest.rs - interest::Interest::add (line 59)
[INFO] [stdout]     src/interest.rs - interest::Interest::remove (line 76)
[INFO] [stdout] 
[INFO] [stdout] test result: FAILED. 0 passed; 5 failed; 16 ignored; 0 measured; 0 filtered out; finished in 0.17s
[INFO] [stdout] 
[INFO] [stderr] error: doctest failed, to rerun pass `--doc`
[INFO] running `Command { std: "docker" "inspect" "d8c9360f585451402c8a331249ab04463ad1d7c46899881e437b423c82cc0de8", kill_on_drop: false }`
[INFO] running `Command { std: "docker" "rm" "-f" "d8c9360f585451402c8a331249ab04463ad1d7c46899881e437b423c82cc0de8", kill_on_drop: false }`
[INFO] [stdout] d8c9360f585451402c8a331249ab04463ad1d7c46899881e437b423c82cc0de8
