[INFO] fetching crate supply-chain-trust-example-crate-000050 0.5.7...
[INFO] testing supply-chain-trust-example-crate-000050-0.5.7 against 1.83.0 for beta-1.84.0-4-retry
[INFO] extracting crate supply-chain-trust-example-crate-000050 0.5.7 into /workspace/builds/worker-2-tc1/source
[INFO] validating manifest of crates.io crate supply-chain-trust-example-crate-000050 0.5.7 on toolchain 1.83.0
[INFO] running `Command { std: CARGO_HOME="/workspace/cargo-home" RUSTUP_HOME="/workspace/rustup-home" "/workspace/cargo-home/bin/cargo" "+1.83.0" "metadata" "--manifest-path" "Cargo.toml" "--no-deps", kill_on_drop: false }`
[INFO] started tweaking crates.io crate supply-chain-trust-example-crate-000050 0.5.7
[INFO] finished tweaking crates.io crate supply-chain-trust-example-crate-000050 0.5.7
[INFO] tweaked toml for crates.io crate supply-chain-trust-example-crate-000050 0.5.7 written to /workspace/builds/worker-2-tc1/source/Cargo.toml
[INFO] running `Command { std: CARGO_HOME="/workspace/cargo-home" RUSTUP_HOME="/workspace/rustup-home" "/workspace/cargo-home/bin/cargo" "+1.83.0" "generate-lockfile" "--manifest-path" "Cargo.toml", kill_on_drop: false }`
[INFO] [stderr]     Updating crates.io index
[INFO] [stderr]      Locking 11 packages to latest compatible versions
[INFO] [stderr]       Adding windows-sys v0.52.0 (available: v0.59.0)
[INFO] running `Command { std: CARGO_HOME="/workspace/cargo-home" RUSTUP_HOME="/workspace/rustup-home" "/workspace/cargo-home/bin/cargo" "+1.83.0" "fetch" "--manifest-path" "Cargo.toml", kill_on_drop: false }`
[INFO] running `Command { std: "docker" "create" "-v" "/var/lib/crater-agent-workspace/builds/worker-2-tc1/target:/opt/rustwide/target:rw,Z" "-v" "/var/lib/crater-agent-workspace/builds/worker-2-tc1/source:/opt/rustwide/workdir:ro,Z" "-v" "/var/lib/crater-agent-workspace/cargo-home:/opt/rustwide/cargo-home:ro,Z" "-v" "/var/lib/crater-agent-workspace/rustup-home:/opt/rustwide/rustup-home:ro,Z" "-e" "SOURCE_DIR=/opt/rustwide/workdir" "-e" "CARGO_TARGET_DIR=/opt/rustwide/target" "-e" "CARGO_HOME=/opt/rustwide/cargo-home" "-e" "RUSTUP_HOME=/opt/rustwide/rustup-home" "-w" "/opt/rustwide/workdir" "-m" "1610612736" "--user" "0:0" "--network" "none" "ghcr.io/rust-lang/crates-build-env/linux@sha256:f3a9d4ad9d972b27faf3965f35b62e55ba32bbce8f20bc8fe909558a86702fde" "/opt/rustwide/cargo-home/bin/cargo" "+1.83.0" "metadata" "--no-deps" "--format-version=1", kill_on_drop: false }`
[INFO] [stdout] b323cb8974d607eb5234b62d08a1e1b3e6a45d9abd45fdce956902ed4f183944
[INFO] running `Command { std: "docker" "start" "-a" "b323cb8974d607eb5234b62d08a1e1b3e6a45d9abd45fdce956902ed4f183944", kill_on_drop: false }`
[INFO] running `Command { std: "docker" "inspect" "b323cb8974d607eb5234b62d08a1e1b3e6a45d9abd45fdce956902ed4f183944", kill_on_drop: false }`
[INFO] running `Command { std: "docker" "rm" "-f" "b323cb8974d607eb5234b62d08a1e1b3e6a45d9abd45fdce956902ed4f183944", kill_on_drop: false }`
[INFO] [stdout] b323cb8974d607eb5234b62d08a1e1b3e6a45d9abd45fdce956902ed4f183944
[INFO] running `Command { std: "docker" "create" "-v" "/var/lib/crater-agent-workspace/builds/worker-2-tc1/target:/opt/rustwide/target:rw,Z" "-v" "/var/lib/crater-agent-workspace/builds/worker-2-tc1/source:/opt/rustwide/workdir:ro,Z" "-v" "/var/lib/crater-agent-workspace/cargo-home:/opt/rustwide/cargo-home:ro,Z" "-v" "/var/lib/crater-agent-workspace/rustup-home:/opt/rustwide/rustup-home:ro,Z" "-e" "SOURCE_DIR=/opt/rustwide/workdir" "-e" "CARGO_TARGET_DIR=/opt/rustwide/target" "-e" "CARGO_INCREMENTAL=0" "-e" "RUST_BACKTRACE=full" "-e" "RUSTFLAGS=--cap-lints=warn" "-e" "RUSTDOCFLAGS=--cap-lints=warn" "-e" "CARGO_HOME=/opt/rustwide/cargo-home" "-e" "RUSTUP_HOME=/opt/rustwide/rustup-home" "-w" "/opt/rustwide/workdir" "-m" "1610612736" "--user" "0:0" "--network" "none" "ghcr.io/rust-lang/crates-build-env/linux@sha256:f3a9d4ad9d972b27faf3965f35b62e55ba32bbce8f20bc8fe909558a86702fde" "/opt/rustwide/cargo-home/bin/cargo" "+1.83.0" "build" "--frozen" "--message-format=json", kill_on_drop: false }`
[INFO] [stdout] 41010a5315d87fb027c197dac0bd0ea7b4b6b811cb144c3d8addc236f3234948
[INFO] running `Command { std: "docker" "start" "-a" "41010a5315d87fb027c197dac0bd0ea7b4b6b811cb144c3d8addc236f3234948", kill_on_drop: false }`
[INFO] [stderr]    Compiling libc v0.2.168
[INFO] [stderr]    Compiling supply-chain-trust-example-crate-000050 v0.5.7 (/opt/rustwide/workdir)
[INFO] [stderr]     Finished `dev` profile [unoptimized + debuginfo] target(s) in 2.44s
[INFO] running `Command { std: "docker" "inspect" "41010a5315d87fb027c197dac0bd0ea7b4b6b811cb144c3d8addc236f3234948", kill_on_drop: false }`
[INFO] running `Command { std: "docker" "rm" "-f" "41010a5315d87fb027c197dac0bd0ea7b4b6b811cb144c3d8addc236f3234948", kill_on_drop: false }`
[INFO] [stdout] 41010a5315d87fb027c197dac0bd0ea7b4b6b811cb144c3d8addc236f3234948
[INFO] running `Command { std: "docker" "create" "-v" "/var/lib/crater-agent-workspace/builds/worker-2-tc1/target:/opt/rustwide/target:rw,Z" "-v" "/var/lib/crater-agent-workspace/builds/worker-2-tc1/source:/opt/rustwide/workdir:ro,Z" "-v" "/var/lib/crater-agent-workspace/cargo-home:/opt/rustwide/cargo-home:ro,Z" "-v" "/var/lib/crater-agent-workspace/rustup-home:/opt/rustwide/rustup-home:ro,Z" "-e" "SOURCE_DIR=/opt/rustwide/workdir" "-e" "CARGO_TARGET_DIR=/opt/rustwide/target" "-e" "CARGO_INCREMENTAL=0" "-e" "RUST_BACKTRACE=full" "-e" "RUSTFLAGS=--cap-lints=warn" "-e" "RUSTDOCFLAGS=--cap-lints=warn" "-e" "CARGO_HOME=/opt/rustwide/cargo-home" "-e" "RUSTUP_HOME=/opt/rustwide/rustup-home" "-w" "/opt/rustwide/workdir" "-m" "1610612736" "--user" "0:0" "--network" "none" "ghcr.io/rust-lang/crates-build-env/linux@sha256:f3a9d4ad9d972b27faf3965f35b62e55ba32bbce8f20bc8fe909558a86702fde" "/opt/rustwide/cargo-home/bin/cargo" "+1.83.0" "test" "--frozen" "--no-run" "--message-format=json", kill_on_drop: false }`
[INFO] [stdout] 6cf1070d984ee0d54d7bf022180f1b5237547d61089535e121548055097213a6
[INFO] running `Command { std: "docker" "start" "-a" "6cf1070d984ee0d54d7bf022180f1b5237547d61089535e121548055097213a6", kill_on_drop: false }`
[INFO] [stderr]    Compiling supply-chain-trust-example-crate-000050 v0.5.7 (/opt/rustwide/workdir)
[INFO] [stderr]     Finished `test` profile [unoptimized + debuginfo] target(s) in 0.78s
[INFO] running `Command { std: "docker" "inspect" "6cf1070d984ee0d54d7bf022180f1b5237547d61089535e121548055097213a6", kill_on_drop: false }`
[INFO] running `Command { std: "docker" "rm" "-f" "6cf1070d984ee0d54d7bf022180f1b5237547d61089535e121548055097213a6", kill_on_drop: false }`
[INFO] [stdout] 6cf1070d984ee0d54d7bf022180f1b5237547d61089535e121548055097213a6
[INFO] running `Command { std: "docker" "create" "-v" "/var/lib/crater-agent-workspace/builds/worker-2-tc1/target:/opt/rustwide/target:rw,Z" "-v" "/var/lib/crater-agent-workspace/builds/worker-2-tc1/source:/opt/rustwide/workdir:ro,Z" "-v" "/var/lib/crater-agent-workspace/cargo-home:/opt/rustwide/cargo-home:ro,Z" "-v" "/var/lib/crater-agent-workspace/rustup-home:/opt/rustwide/rustup-home:ro,Z" "-e" "SOURCE_DIR=/opt/rustwide/workdir" "-e" "CARGO_TARGET_DIR=/opt/rustwide/target" "-e" "CARGO_INCREMENTAL=0" "-e" "RUST_BACKTRACE=full" "-e" "RUSTFLAGS=--cap-lints=warn" "-e" "RUSTDOCFLAGS=--cap-lints=warn" "-e" "CARGO_HOME=/opt/rustwide/cargo-home" "-e" "RUSTUP_HOME=/opt/rustwide/rustup-home" "-w" "/opt/rustwide/workdir" "-m" "1610612736" "--user" "0:0" "--network" "none" "ghcr.io/rust-lang/crates-build-env/linux@sha256:f3a9d4ad9d972b27faf3965f35b62e55ba32bbce8f20bc8fe909558a86702fde" "/opt/rustwide/cargo-home/bin/cargo" "+1.83.0" "test" "--frozen", kill_on_drop: false }`
[INFO] [stdout] b701f2309ebf2b74a2422656a6272475bf581b0ed17a0fcb776fcd9cdf06ebe5
[INFO] running `Command { std: "docker" "start" "-a" "b701f2309ebf2b74a2422656a6272475bf581b0ed17a0fcb776fcd9cdf06ebe5", kill_on_drop: false }`
[INFO] [stderr]     Finished `test` profile [unoptimized + debuginfo] target(s) in 0.02s
[INFO] [stderr]      Running unittests src/lib.rs (/opt/rustwide/target/debug/deps/supply_chain_trust_example_crate_000050-7e437c7c20f55d5a)
[INFO] [stdout] 
[INFO] [stdout] running 10 tests
[INFO] [stdout] test sockaddr::tests::ipv4_eq ... ok
[INFO] [stdout] test sockaddr::tests::ipv4_hash ... ok
[INFO] [stdout] test sockaddr::tests::ipv4_ipv6_eq ... ok
[INFO] [stdout] test sockaddr::tests::ipv6_hash ... ok
[INFO] [stdout] test sockaddr::tests::ipv4_ipv6_hash ... ok
[INFO] [stdout] test sockaddr::tests::ipv4 ... ok
[INFO] [stdout] test sys::in6_addr_convertion ... ok
[INFO] [stdout] test sys::in_addr_convertion ... ok
[INFO] [stdout] test sockaddr::tests::ipv6_eq ... ok
[INFO] [stdout] test sockaddr::tests::ipv6 ... ok
[INFO] [stdout] 
[INFO] [stdout] test result: ok. 10 passed; 0 failed; 0 ignored; 0 measured; 0 filtered out; finished in 0.01s
[INFO] [stdout] 
[INFO] [stderr]    Doc-tests supply_chain_trust_example_crate_000050
[INFO] [stdout] 
[INFO] [stdout] running 6 tests
[INFO] [stdout] test src/sockaddr.rs - sockaddr::SockAddr::new (line 39) ... FAILED
[INFO] [stdout] test src/lib.rs - (line 29) - compile ... FAILED
[INFO] [stdout] test src/socket.rs - socket::Socket::set_tcp_keepalive (line 2157) ... FAILED
[INFO] [stdout] test src/socket.rs - socket::Socket (line 57) - compile ... FAILED
[INFO] [stdout] test src/sockref.rs - sockref::SockRef (line 29) ... FAILED
[INFO] [stdout] test src/sockaddr.rs - sockaddr::SockAddr::try_init (line 95) ... FAILED
[INFO] [stdout] 
[INFO] [stdout] failures:
[INFO] [stdout] 
[INFO] [stdout] ---- src/sockaddr.rs - sockaddr::SockAddr::new (line 39) stdout ----
[INFO] [stdout] error[E0432]: unresolved import `socket2`
[INFO] [stdout]  --> src/sockaddr.rs:46:5
[INFO] [stdout]   |
[INFO] [stdout] 8 | use socket2::{SockAddr, Socket, Domain, Type};
[INFO] [stdout]   |     ^^^^^^^ use of undeclared crate or module `socket2`
[INFO] [stdout] 
[INFO] [stdout] error: unused import: `std::os::unix::io::AsRawFd`
[INFO] [stdout]  --> src/sockaddr.rs:44:5
[INFO] [stdout]   |
[INFO] [stdout] 6 | use std::os::unix::io::AsRawFd;
[INFO] [stdout]   |     ^^^^^^^^^^^^^^^^^^^^^^^^^^
[INFO] [stdout]   |
[INFO] [stdout] note: the lint level is defined here
[INFO] [stdout]  --> src/sockaddr.rs:39:9
[INFO] [stdout]   |
[INFO] [stdout] 1 | #![deny(warnings)]
[INFO] [stdout]   |         ^^^^^^^^
[INFO] [stdout]   = note: `#[deny(unused_imports)]` implied by `#[deny(warnings)]`
[INFO] [stdout] 
[INFO] [stdout] error: aborting due to 2 previous errors
[INFO] [stdout] 
[INFO] [stdout] For more information about this error, try `rustc --explain E0432`.
[INFO] [stdout] Couldn't compile the test.
[INFO] [stdout] ---- src/lib.rs - (line 29) stdout ----
[INFO] [stdout] error[E0432]: unresolved import `socket2`
[INFO] [stdout]  --> src/lib.rs:32:5
[INFO] [stdout]   |
[INFO] [stdout] 4 | use socket2::{Socket, Domain, Type};
[INFO] [stdout]   |     ^^^^^^^ use of undeclared crate or module `socket2`
[INFO] [stdout] 
[INFO] [stdout] error: aborting due to 1 previous error
[INFO] [stdout] 
[INFO] [stdout] For more information about this error, try `rustc --explain E0432`.
[INFO] [stdout] Couldn't compile the test.
[INFO] [stdout] ---- src/socket.rs - socket::Socket::set_tcp_keepalive (line 2157) stdout ----
[INFO] [stdout] error[E0432]: unresolved import `socket2`
[INFO] [stdout]  --> src/socket.rs:2160:5
[INFO] [stdout]   |
[INFO] [stdout] 4 | use socket2::{Socket, TcpKeepalive, Domain, Type};
[INFO] [stdout]   |     ^^^^^^^ use of undeclared crate or module `socket2`
[INFO] [stdout] 
[INFO] [stdout] error: aborting due to 1 previous error
[INFO] [stdout] 
[INFO] [stdout] For more information about this error, try `rustc --explain E0432`.
[INFO] [stdout] Couldn't compile the test.
[INFO] [stdout] ---- src/socket.rs - socket::Socket (line 57) stdout ----
[INFO] [stdout] error[E0432]: unresolved import `socket2`
[INFO] [stdout]  --> src/socket.rs:60:5
[INFO] [stdout]   |
[INFO] [stdout] 4 | use socket2::{Socket, Domain, Type};
[INFO] [stdout]   |     ^^^^^^^ use of undeclared crate or module `socket2`
[INFO] [stdout] 
[INFO] [stdout] error: aborting due to 1 previous error
[INFO] [stdout] 
[INFO] [stdout] For more information about this error, try `rustc --explain E0432`.
[INFO] [stdout] Couldn't compile the test.
[INFO] [stdout] ---- src/sockref.rs - sockref::SockRef (line 29) stdout ----
[INFO] [stdout] error[E0432]: unresolved import `socket2`
[INFO] [stdout]  --> src/sockref.rs:32:5
[INFO] [stdout]   |
[INFO] [stdout] 4 | use socket2::SockRef;
[INFO] [stdout]   |     ^^^^^^^ use of undeclared crate or module `socket2`
[INFO] [stdout] 
[INFO] [stdout] error: aborting due to 1 previous error
[INFO] [stdout] 
[INFO] [stdout] For more information about this error, try `rustc --explain E0432`.
[INFO] [stdout] Couldn't compile the test.
[INFO] [stdout] ---- src/sockaddr.rs - sockaddr::SockAddr::try_init (line 95) stdout ----
[INFO] [stdout] error[E0432]: unresolved import `socket2`
[INFO] [stdout]  --> src/sockaddr.rs:101:5
[INFO] [stdout]   |
[INFO] [stdout] 7 | use socket2::{SockAddr, Socket, Domain, Type};
[INFO] [stdout]   |     ^^^^^^^ use of undeclared crate or module `socket2`
[INFO] [stdout] 
[INFO] [stdout] error: unused import: `std::os::unix::io::AsRawFd`
[INFO] [stdout]  --> src/sockaddr.rs:99:5
[INFO] [stdout]   |
[INFO] [stdout] 5 | use std::os::unix::io::AsRawFd;
[INFO] [stdout]   |     ^^^^^^^^^^^^^^^^^^^^^^^^^^
[INFO] [stdout]   |
[INFO] [stdout] note: the lint level is defined here
[INFO] [stdout]  --> src/sockaddr.rs:95:9
[INFO] [stdout]   |
[INFO] [stdout] 1 | #![deny(warnings)]
[INFO] [stdout]   |         ^^^^^^^^
[INFO] [stdout]   = note: `#[deny(unused_imports)]` implied by `#[deny(warnings)]`
[INFO] [stdout] 
[INFO] [stdout] error: aborting due to 2 previous errors
[INFO] [stdout] 
[INFO] [stdout] For more information about this error, try `rustc --explain E0432`.
[INFO] [stdout] Couldn't compile the test.
[INFO] [stdout] 
[INFO] [stdout] failures:
[INFO] [stdout]     src/lib.rs - (line 29)
[INFO] [stdout]     src/sockaddr.rs - sockaddr::SockAddr::new (line 39)
[INFO] [stdout]     src/sockaddr.rs - sockaddr::SockAddr::try_init (line 95)
[INFO] [stdout]     src/socket.rs - socket::Socket (line 57)
[INFO] [stdout]     src/socket.rs - socket::Socket::set_tcp_keepalive (line 2157)
[INFO] [stdout]     src/sockref.rs - sockref::SockRef (line 29)
[INFO] [stdout] 
[INFO] [stdout] test result: FAILED. 0 passed; 6 failed; 0 ignored; 0 measured; 0 filtered out; finished in 0.21s
[INFO] [stdout] 
[INFO] [stderr] error: doctest failed, to rerun pass `--doc`
[INFO] running `Command { std: "docker" "inspect" "b701f2309ebf2b74a2422656a6272475bf581b0ed17a0fcb776fcd9cdf06ebe5", kill_on_drop: false }`
[INFO] running `Command { std: "docker" "rm" "-f" "b701f2309ebf2b74a2422656a6272475bf581b0ed17a0fcb776fcd9cdf06ebe5", kill_on_drop: false }`
[INFO] [stdout] b701f2309ebf2b74a2422656a6272475bf581b0ed17a0fcb776fcd9cdf06ebe5
