[INFO] fetching crate super_cell 0.1.1...
[INFO] testing super_cell-0.1.1 against beta-2024-12-08 for beta-1.84.0-4-retry
[INFO] extracting crate super_cell 0.1.1 into /workspace/builds/worker-4-tc2/source
[INFO] validating manifest of crates.io crate super_cell 0.1.1 on toolchain beta-2024-12-08
[INFO] running `Command { std: CARGO_HOME="/workspace/cargo-home" RUSTUP_HOME="/workspace/rustup-home" "/workspace/cargo-home/bin/cargo" "+beta-2024-12-08" "metadata" "--manifest-path" "Cargo.toml" "--no-deps", kill_on_drop: false }`
[INFO] started tweaking crates.io crate super_cell 0.1.1
[INFO] finished tweaking crates.io crate super_cell 0.1.1
[INFO] tweaked toml for crates.io crate super_cell 0.1.1 written to /workspace/builds/worker-4-tc2/source/Cargo.toml
[INFO] running `Command { std: CARGO_HOME="/workspace/cargo-home" RUSTUP_HOME="/workspace/rustup-home" "/workspace/cargo-home/bin/cargo" "+beta-2024-12-08" "generate-lockfile" "--manifest-path" "Cargo.toml", kill_on_drop: false }`
[INFO] [stderr]     Updating crates.io index
[INFO] [stderr]      Locking 6 packages to latest compatible versions
[INFO] running `Command { std: CARGO_HOME="/workspace/cargo-home" RUSTUP_HOME="/workspace/rustup-home" "/workspace/cargo-home/bin/cargo" "+beta-2024-12-08" "fetch" "--manifest-path" "Cargo.toml", kill_on_drop: false }`
[INFO] [stderr]     Blocking waiting for file lock on package cache
[INFO] running `Command { std: "docker" "create" "-v" "/var/lib/crater-agent-workspace/builds/worker-4-tc2/target:/opt/rustwide/target:rw,Z" "-v" "/var/lib/crater-agent-workspace/builds/worker-4-tc2/source:/opt/rustwide/workdir:ro,Z" "-v" "/var/lib/crater-agent-workspace/cargo-home:/opt/rustwide/cargo-home:ro,Z" "-v" "/var/lib/crater-agent-workspace/rustup-home:/opt/rustwide/rustup-home:ro,Z" "-e" "SOURCE_DIR=/opt/rustwide/workdir" "-e" "CARGO_TARGET_DIR=/opt/rustwide/target" "-e" "CARGO_HOME=/opt/rustwide/cargo-home" "-e" "RUSTUP_HOME=/opt/rustwide/rustup-home" "-w" "/opt/rustwide/workdir" "-m" "1610612736" "--user" "0:0" "--network" "none" "ghcr.io/rust-lang/crates-build-env/linux@sha256:f3a9d4ad9d972b27faf3965f35b62e55ba32bbce8f20bc8fe909558a86702fde" "/opt/rustwide/cargo-home/bin/cargo" "+beta-2024-12-08" "metadata" "--no-deps" "--format-version=1", kill_on_drop: false }`
[INFO] [stdout] 48470197d1d64e684a551a674827a65237dc9c1575aebb2c360e2e3489bff32e
[INFO] running `Command { std: "docker" "start" "-a" "48470197d1d64e684a551a674827a65237dc9c1575aebb2c360e2e3489bff32e", kill_on_drop: false }`
[INFO] running `Command { std: "docker" "inspect" "48470197d1d64e684a551a674827a65237dc9c1575aebb2c360e2e3489bff32e", kill_on_drop: false }`
[INFO] running `Command { std: "docker" "rm" "-f" "48470197d1d64e684a551a674827a65237dc9c1575aebb2c360e2e3489bff32e", kill_on_drop: false }`
[INFO] [stdout] 48470197d1d64e684a551a674827a65237dc9c1575aebb2c360e2e3489bff32e
[INFO] running `Command { std: "docker" "create" "-v" "/var/lib/crater-agent-workspace/builds/worker-4-tc2/target:/opt/rustwide/target:rw,Z" "-v" "/var/lib/crater-agent-workspace/builds/worker-4-tc2/source:/opt/rustwide/workdir:ro,Z" "-v" "/var/lib/crater-agent-workspace/cargo-home:/opt/rustwide/cargo-home:ro,Z" "-v" "/var/lib/crater-agent-workspace/rustup-home:/opt/rustwide/rustup-home:ro,Z" "-e" "SOURCE_DIR=/opt/rustwide/workdir" "-e" "CARGO_TARGET_DIR=/opt/rustwide/target" "-e" "CARGO_INCREMENTAL=0" "-e" "RUST_BACKTRACE=full" "-e" "RUSTFLAGS=--cap-lints=warn" "-e" "RUSTDOCFLAGS=--cap-lints=warn" "-e" "CARGO_HOME=/opt/rustwide/cargo-home" "-e" "RUSTUP_HOME=/opt/rustwide/rustup-home" "-w" "/opt/rustwide/workdir" "-m" "1610612736" "--user" "0:0" "--network" "none" "ghcr.io/rust-lang/crates-build-env/linux@sha256:f3a9d4ad9d972b27faf3965f35b62e55ba32bbce8f20bc8fe909558a86702fde" "/opt/rustwide/cargo-home/bin/cargo" "+beta-2024-12-08" "build" "--frozen" "--message-format=json", kill_on_drop: false }`
[INFO] [stdout] 37fc0876a498b59ca70d3a4a5644a029516e4c8e60bc05388ec3b2e166a3d4b6
[INFO] running `Command { std: "docker" "start" "-a" "37fc0876a498b59ca70d3a4a5644a029516e4c8e60bc05388ec3b2e166a3d4b6", kill_on_drop: false }`
[INFO] [stderr]    Compiling super_cell v0.1.1 (/opt/rustwide/workdir)
[INFO] [stderr]     Finished `dev` profile [unoptimized + debuginfo] target(s) in 0.23s
[INFO] running `Command { std: "docker" "inspect" "37fc0876a498b59ca70d3a4a5644a029516e4c8e60bc05388ec3b2e166a3d4b6", kill_on_drop: false }`
[INFO] running `Command { std: "docker" "rm" "-f" "37fc0876a498b59ca70d3a4a5644a029516e4c8e60bc05388ec3b2e166a3d4b6", kill_on_drop: false }`
[INFO] [stdout] 37fc0876a498b59ca70d3a4a5644a029516e4c8e60bc05388ec3b2e166a3d4b6
[INFO] running `Command { std: "docker" "create" "-v" "/var/lib/crater-agent-workspace/builds/worker-4-tc2/target:/opt/rustwide/target:rw,Z" "-v" "/var/lib/crater-agent-workspace/builds/worker-4-tc2/source:/opt/rustwide/workdir:ro,Z" "-v" "/var/lib/crater-agent-workspace/cargo-home:/opt/rustwide/cargo-home:ro,Z" "-v" "/var/lib/crater-agent-workspace/rustup-home:/opt/rustwide/rustup-home:ro,Z" "-e" "SOURCE_DIR=/opt/rustwide/workdir" "-e" "CARGO_TARGET_DIR=/opt/rustwide/target" "-e" "CARGO_INCREMENTAL=0" "-e" "RUST_BACKTRACE=full" "-e" "RUSTFLAGS=--cap-lints=warn" "-e" "RUSTDOCFLAGS=--cap-lints=warn" "-e" "CARGO_HOME=/opt/rustwide/cargo-home" "-e" "RUSTUP_HOME=/opt/rustwide/rustup-home" "-w" "/opt/rustwide/workdir" "-m" "1610612736" "--user" "0:0" "--network" "none" "ghcr.io/rust-lang/crates-build-env/linux@sha256:f3a9d4ad9d972b27faf3965f35b62e55ba32bbce8f20bc8fe909558a86702fde" "/opt/rustwide/cargo-home/bin/cargo" "+beta-2024-12-08" "test" "--frozen" "--no-run" "--message-format=json", kill_on_drop: false }`
[INFO] [stdout] 3374fbe44bdb7e35154ec71b7ee2cfb03006b78d04bc1073532bf92db38cb299
[INFO] running `Command { std: "docker" "start" "-a" "3374fbe44bdb7e35154ec71b7ee2cfb03006b78d04bc1073532bf92db38cb299", kill_on_drop: false }`
[INFO] [stderr]    Compiling super_cell v0.1.1 (/opt/rustwide/workdir)
[INFO] [stderr]     Finished `test` profile [unoptimized + debuginfo] target(s) in 0.68s
[INFO] running `Command { std: "docker" "inspect" "3374fbe44bdb7e35154ec71b7ee2cfb03006b78d04bc1073532bf92db38cb299", kill_on_drop: false }`
[INFO] running `Command { std: "docker" "rm" "-f" "3374fbe44bdb7e35154ec71b7ee2cfb03006b78d04bc1073532bf92db38cb299", kill_on_drop: false }`
[INFO] [stdout] 3374fbe44bdb7e35154ec71b7ee2cfb03006b78d04bc1073532bf92db38cb299
[INFO] running `Command { std: "docker" "create" "-v" "/var/lib/crater-agent-workspace/builds/worker-4-tc2/target:/opt/rustwide/target:rw,Z" "-v" "/var/lib/crater-agent-workspace/builds/worker-4-tc2/source:/opt/rustwide/workdir:ro,Z" "-v" "/var/lib/crater-agent-workspace/cargo-home:/opt/rustwide/cargo-home:ro,Z" "-v" "/var/lib/crater-agent-workspace/rustup-home:/opt/rustwide/rustup-home:ro,Z" "-e" "SOURCE_DIR=/opt/rustwide/workdir" "-e" "CARGO_TARGET_DIR=/opt/rustwide/target" "-e" "CARGO_INCREMENTAL=0" "-e" "RUST_BACKTRACE=full" "-e" "RUSTFLAGS=--cap-lints=warn" "-e" "RUSTDOCFLAGS=--cap-lints=warn" "-e" "CARGO_HOME=/opt/rustwide/cargo-home" "-e" "RUSTUP_HOME=/opt/rustwide/rustup-home" "-w" "/opt/rustwide/workdir" "-m" "1610612736" "--user" "0:0" "--network" "none" "ghcr.io/rust-lang/crates-build-env/linux@sha256:f3a9d4ad9d972b27faf3965f35b62e55ba32bbce8f20bc8fe909558a86702fde" "/opt/rustwide/cargo-home/bin/cargo" "+beta-2024-12-08" "test" "--frozen", kill_on_drop: false }`
[INFO] [stdout] 579fcf14d1c0ab5cc851d4be6f1c5266f7be3f74ca4901b71c36373f22d6ea3c
[INFO] running `Command { std: "docker" "start" "-a" "579fcf14d1c0ab5cc851d4be6f1c5266f7be3f74ca4901b71c36373f22d6ea3c", kill_on_drop: false }`
[INFO] [stderr]     Finished `test` profile [unoptimized + debuginfo] target(s) in 0.02s
[INFO] [stderr]      Running unittests src/lib.rs (/opt/rustwide/target/debug/deps/super_cell-7e921fcab9a73355)
[INFO] [stdout] 
[INFO] [stdout] running 5 tests
[INFO] [stdout] test tests::multiple_mutable_references ... ok
[INFO] [stdout] test tests::mutability_primitive ... ok
[INFO] [stdout] test tests::arrays ... ok
[INFO] [stdout] test tests::mutability_struct ... ok
[INFO] [stdout] test tests::async_mutability ... ok
[INFO] [stdout] 
[INFO] [stdout] test result: ok. 5 passed; 0 failed; 0 ignored; 0 measured; 0 filtered out; finished in 0.03s
[INFO] [stdout] 
[INFO] [stderr]    Doc-tests super_cell
[INFO] [stdout] 
[INFO] [stdout] running 1 test
[INFO] [stdout] test src/lib.rs - SuperCell<[T;N]>::as_array_of_cells (line 46) ... FAILED
[INFO] [stdout] 
[INFO] [stdout] failures:
[INFO] [stdout] 
[INFO] [stdout] ---- src/lib.rs - SuperCell<[T;N]>::as_array_of_cells (line 46) stdout ----
[INFO] [stdout] error[E0599]: no function or associated item named `from_mut` found for struct `SuperCell` in the current scope
[INFO] [stdout]   --> src/lib.rs:51:51
[INFO] [stdout]    |
[INFO] [stdout] 8  | let cell_array: &SuperCell<[i32; 3]> = SuperCell::from_mut(&mut array);
[INFO] [stdout]    |                                                   ^^^^^^^^ function or associated item not found in `SuperCell<_>`
[INFO] [stdout]    |
[INFO] [stdout] note: if you're trying to build a new `SuperCell<_>`, consider using `SuperCell::<T>::new` which returns `SuperCell<_>`
[INFO] [stdout]   --> /opt/rustwide/workdir/src/lib.rs:16:5
[INFO] [stdout]    |
[INFO] [stdout] 16 |     pub const fn new(value : T) -> Self {
[INFO] [stdout]    |     ^^^^^^^^^^^^^^^^^^^^^^^^^^^^^^^^^^^
[INFO] [stdout] help: there is an associated function `from` with a similar name
[INFO] [stdout]    |
[INFO] [stdout] 8  | let cell_array: &SuperCell<[i32; 3]> = SuperCell::from(&mut array);
[INFO] [stdout]    |                                                   ~~~~
[INFO] [stdout] 
[INFO] [stdout] error: aborting due to 1 previous error
[INFO] [stdout] 
[INFO] [stdout] For more information about this error, try `rustc --explain E0599`.
[INFO] [stdout] Couldn't compile the test.
[INFO] [stdout] 
[INFO] [stdout] failures:
[INFO] [stdout]     src/lib.rs - SuperCell<[T;N]>::as_array_of_cells (line 46)
[INFO] [stdout] 
[INFO] [stdout] test result: FAILED. 0 passed; 1 failed; 0 ignored; 0 measured; 0 filtered out; finished in 0.11s
[INFO] [stdout] 
[INFO] [stderr] error: doctest failed, to rerun pass `--doc`
[INFO] running `Command { std: "docker" "inspect" "579fcf14d1c0ab5cc851d4be6f1c5266f7be3f74ca4901b71c36373f22d6ea3c", kill_on_drop: false }`
[INFO] running `Command { std: "docker" "rm" "-f" "579fcf14d1c0ab5cc851d4be6f1c5266f7be3f74ca4901b71c36373f22d6ea3c", kill_on_drop: false }`
[INFO] [stdout] 579fcf14d1c0ab5cc851d4be6f1c5266f7be3f74ca4901b71c36373f22d6ea3c
