[INFO] fetching crate sun-times 0.2.0...
[INFO] testing sun-times-0.2.0 against beta-2024-12-08 for beta-1.84.0-4-retry
[INFO] extracting crate sun-times 0.2.0 into /workspace/builds/worker-2-tc2/source
[INFO] validating manifest of crates.io crate sun-times 0.2.0 on toolchain beta-2024-12-08
[INFO] running `Command { std: CARGO_HOME="/workspace/cargo-home" RUSTUP_HOME="/workspace/rustup-home" "/workspace/cargo-home/bin/cargo" "+beta-2024-12-08" "metadata" "--manifest-path" "Cargo.toml" "--no-deps", kill_on_drop: false }`
[INFO] started tweaking crates.io crate sun-times 0.2.0
[INFO] finished tweaking crates.io crate sun-times 0.2.0
[INFO] tweaked toml for crates.io crate sun-times 0.2.0 written to /workspace/builds/worker-2-tc2/source/Cargo.toml
[INFO] crate crates.io crate sun-times 0.2.0 already has a lockfile, it will not be regenerated
[INFO] running `Command { std: CARGO_HOME="/workspace/cargo-home" RUSTUP_HOME="/workspace/rustup-home" "/workspace/cargo-home/bin/cargo" "+beta-2024-12-08" "fetch" "--manifest-path" "Cargo.toml", kill_on_drop: false }`
[INFO] [stderr]     Blocking waiting for file lock on package cache
[INFO] [stderr]     Blocking waiting for file lock on package cache
[INFO] running `Command { std: "docker" "create" "-v" "/var/lib/crater-agent-workspace/builds/worker-2-tc2/target:/opt/rustwide/target:rw,Z" "-v" "/var/lib/crater-agent-workspace/builds/worker-2-tc2/source:/opt/rustwide/workdir:ro,Z" "-v" "/var/lib/crater-agent-workspace/cargo-home:/opt/rustwide/cargo-home:ro,Z" "-v" "/var/lib/crater-agent-workspace/rustup-home:/opt/rustwide/rustup-home:ro,Z" "-e" "SOURCE_DIR=/opt/rustwide/workdir" "-e" "CARGO_TARGET_DIR=/opt/rustwide/target" "-e" "CARGO_HOME=/opt/rustwide/cargo-home" "-e" "RUSTUP_HOME=/opt/rustwide/rustup-home" "-w" "/opt/rustwide/workdir" "-m" "1610612736" "--user" "0:0" "--network" "none" "ghcr.io/rust-lang/crates-build-env/linux@sha256:f3a9d4ad9d972b27faf3965f35b62e55ba32bbce8f20bc8fe909558a86702fde" "/opt/rustwide/cargo-home/bin/cargo" "+beta-2024-12-08" "metadata" "--no-deps" "--format-version=1", kill_on_drop: false }`
[INFO] [stdout] 30b4a7c0bbab06c5221501c4339590b9950c511b168f7cc63995e4c8b2458fda
[INFO] running `Command { std: "docker" "start" "-a" "30b4a7c0bbab06c5221501c4339590b9950c511b168f7cc63995e4c8b2458fda", kill_on_drop: false }`
[INFO] running `Command { std: "docker" "inspect" "30b4a7c0bbab06c5221501c4339590b9950c511b168f7cc63995e4c8b2458fda", kill_on_drop: false }`
[INFO] running `Command { std: "docker" "rm" "-f" "30b4a7c0bbab06c5221501c4339590b9950c511b168f7cc63995e4c8b2458fda", kill_on_drop: false }`
[INFO] [stdout] 30b4a7c0bbab06c5221501c4339590b9950c511b168f7cc63995e4c8b2458fda
[INFO] running `Command { std: "docker" "create" "-v" "/var/lib/crater-agent-workspace/builds/worker-2-tc2/target:/opt/rustwide/target:rw,Z" "-v" "/var/lib/crater-agent-workspace/builds/worker-2-tc2/source:/opt/rustwide/workdir:ro,Z" "-v" "/var/lib/crater-agent-workspace/cargo-home:/opt/rustwide/cargo-home:ro,Z" "-v" "/var/lib/crater-agent-workspace/rustup-home:/opt/rustwide/rustup-home:ro,Z" "-e" "SOURCE_DIR=/opt/rustwide/workdir" "-e" "CARGO_TARGET_DIR=/opt/rustwide/target" "-e" "CARGO_INCREMENTAL=0" "-e" "RUST_BACKTRACE=full" "-e" "RUSTFLAGS=--cap-lints=warn" "-e" "RUSTDOCFLAGS=--cap-lints=warn" "-e" "CARGO_HOME=/opt/rustwide/cargo-home" "-e" "RUSTUP_HOME=/opt/rustwide/rustup-home" "-w" "/opt/rustwide/workdir" "-m" "1610612736" "--user" "0:0" "--network" "none" "ghcr.io/rust-lang/crates-build-env/linux@sha256:f3a9d4ad9d972b27faf3965f35b62e55ba32bbce8f20bc8fe909558a86702fde" "/opt/rustwide/cargo-home/bin/cargo" "+beta-2024-12-08" "build" "--frozen" "--message-format=json", kill_on_drop: false }`
[INFO] [stdout] 68e25b5f231d77649c12579d357be4e875e910796a74d01e5260a5a96d037593
[INFO] running `Command { std: "docker" "start" "-a" "68e25b5f231d77649c12579d357be4e875e910796a74d01e5260a5a96d037593", kill_on_drop: false }`
[INFO] [stderr]    Compiling autocfg v1.1.0
[INFO] [stderr]    Compiling libc v0.2.137
[INFO] [stderr]    Compiling iana-time-zone v0.1.53
[INFO] [stderr]    Compiling num-traits v0.2.15
[INFO] [stderr]    Compiling num-integer v0.1.45
[INFO] [stderr]    Compiling time v0.1.44
[INFO] [stderr]    Compiling chrono v0.4.23
[INFO] [stderr]    Compiling sun-times v0.2.0 (/opt/rustwide/workdir)
[INFO] [stderr]     Finished `dev` profile [unoptimized + debuginfo] target(s) in 3.83s
[INFO] running `Command { std: "docker" "inspect" "68e25b5f231d77649c12579d357be4e875e910796a74d01e5260a5a96d037593", kill_on_drop: false }`
[INFO] running `Command { std: "docker" "rm" "-f" "68e25b5f231d77649c12579d357be4e875e910796a74d01e5260a5a96d037593", kill_on_drop: false }`
[INFO] [stdout] 68e25b5f231d77649c12579d357be4e875e910796a74d01e5260a5a96d037593
[INFO] running `Command { std: "docker" "create" "-v" "/var/lib/crater-agent-workspace/builds/worker-2-tc2/target:/opt/rustwide/target:rw,Z" "-v" "/var/lib/crater-agent-workspace/builds/worker-2-tc2/source:/opt/rustwide/workdir:ro,Z" "-v" "/var/lib/crater-agent-workspace/cargo-home:/opt/rustwide/cargo-home:ro,Z" "-v" "/var/lib/crater-agent-workspace/rustup-home:/opt/rustwide/rustup-home:ro,Z" "-e" "SOURCE_DIR=/opt/rustwide/workdir" "-e" "CARGO_TARGET_DIR=/opt/rustwide/target" "-e" "CARGO_INCREMENTAL=0" "-e" "RUST_BACKTRACE=full" "-e" "RUSTFLAGS=--cap-lints=warn" "-e" "RUSTDOCFLAGS=--cap-lints=warn" "-e" "CARGO_HOME=/opt/rustwide/cargo-home" "-e" "RUSTUP_HOME=/opt/rustwide/rustup-home" "-w" "/opt/rustwide/workdir" "-m" "1610612736" "--user" "0:0" "--network" "none" "ghcr.io/rust-lang/crates-build-env/linux@sha256:f3a9d4ad9d972b27faf3965f35b62e55ba32bbce8f20bc8fe909558a86702fde" "/opt/rustwide/cargo-home/bin/cargo" "+beta-2024-12-08" "test" "--frozen" "--no-run" "--message-format=json", kill_on_drop: false }`
[INFO] [stdout] 212d776bd4c3be6f7b05db705c74dfc1a62f3d9501273b5a36876186409dd320
[INFO] running `Command { std: "docker" "start" "-a" "212d776bd4c3be6f7b05db705c74dfc1a62f3d9501273b5a36876186409dd320", kill_on_drop: false }`
[INFO] [stderr]    Compiling num-traits v0.2.15
[INFO] [stderr]    Compiling num-integer v0.1.45
[INFO] [stderr]    Compiling chrono v0.4.23
[INFO] [stderr]    Compiling sun-times v0.2.0 (/opt/rustwide/workdir)
[INFO] [stderr]     Finished `test` profile [unoptimized + debuginfo] target(s) in 4.96s
[INFO] running `Command { std: "docker" "inspect" "212d776bd4c3be6f7b05db705c74dfc1a62f3d9501273b5a36876186409dd320", kill_on_drop: false }`
[INFO] running `Command { std: "docker" "rm" "-f" "212d776bd4c3be6f7b05db705c74dfc1a62f3d9501273b5a36876186409dd320", kill_on_drop: false }`
[INFO] [stdout] 212d776bd4c3be6f7b05db705c74dfc1a62f3d9501273b5a36876186409dd320
[INFO] running `Command { std: "docker" "create" "-v" "/var/lib/crater-agent-workspace/builds/worker-2-tc2/target:/opt/rustwide/target:rw,Z" "-v" "/var/lib/crater-agent-workspace/builds/worker-2-tc2/source:/opt/rustwide/workdir:ro,Z" "-v" "/var/lib/crater-agent-workspace/cargo-home:/opt/rustwide/cargo-home:ro,Z" "-v" "/var/lib/crater-agent-workspace/rustup-home:/opt/rustwide/rustup-home:ro,Z" "-e" "SOURCE_DIR=/opt/rustwide/workdir" "-e" "CARGO_TARGET_DIR=/opt/rustwide/target" "-e" "CARGO_INCREMENTAL=0" "-e" "RUST_BACKTRACE=full" "-e" "RUSTFLAGS=--cap-lints=warn" "-e" "RUSTDOCFLAGS=--cap-lints=warn" "-e" "CARGO_HOME=/opt/rustwide/cargo-home" "-e" "RUSTUP_HOME=/opt/rustwide/rustup-home" "-w" "/opt/rustwide/workdir" "-m" "1610612736" "--user" "0:0" "--network" "none" "ghcr.io/rust-lang/crates-build-env/linux@sha256:f3a9d4ad9d972b27faf3965f35b62e55ba32bbce8f20bc8fe909558a86702fde" "/opt/rustwide/cargo-home/bin/cargo" "+beta-2024-12-08" "test" "--frozen", kill_on_drop: false }`
[INFO] [stdout] 2472232c24e187aba2aff4d4d61b355fa07fe2d99a7aa66d2ab78ea0cc481517
[INFO] running `Command { std: "docker" "start" "-a" "2472232c24e187aba2aff4d4d61b355fa07fe2d99a7aa66d2ab78ea0cc481517", kill_on_drop: false }`
[INFO] [stderr]     Finished `test` profile [unoptimized + debuginfo] target(s) in 0.03s
[INFO] [stderr]      Running unittests src/lib.rs (/opt/rustwide/target/debug/deps/sun_times-39c1fd486e120a55)
[INFO] [stdout] 
[INFO] [stdout] running 1 test
[INFO] [stdout] test tests::sunrise_and_sunset_land_on_requested_day ... ok
[INFO] [stdout] 
[INFO] [stdout] test result: ok. 1 passed; 0 failed; 0 ignored; 0 measured; 0 filtered out; finished in 0.00s
[INFO] [stdout] 
[INFO] [stderr]    Doc-tests sun_times
[INFO] [stdout] 
[INFO] [stdout] running 2 tests
[INFO] [stdout] test src/lib.rs - sun_times (line 68) ... FAILED
[INFO] [stderr] error: doctest failed, to rerun pass `--doc`
[INFO] [stdout] test src/lib.rs - altitude (line 150) ... FAILED
[INFO] [stdout] 
[INFO] [stdout] failures:
[INFO] [stdout] 
[INFO] [stdout] ---- src/lib.rs - sun_times (line 68) stdout ----
[INFO] [stdout] error[E0423]: expected function, found crate `sun_times`
[INFO] [stdout]  --> src/lib.rs:71:13
[INFO] [stdout]   |
[INFO] [stdout] 6 | let times = sun_times(Utc::today(),53.38,-1.48,100.0);
[INFO] [stdout]   |             ^^^^^^^^^ not a function
[INFO] [stdout]   |
[INFO] [stdout] help: consider importing this function instead
[INFO] [stdout]   |
[INFO] [stdout] 3 + use sun_times::sun_times;
[INFO] [stdout]   |
[INFO] [stdout] 
[INFO] [stdout] error[E0433]: failed to resolve: use of undeclared type `Utc`
[INFO] [stdout]  --> src/lib.rs:71:23
[INFO] [stdout]   |
[INFO] [stdout] 6 | let times = sun_times(Utc::today(),53.38,-1.48,100.0);
[INFO] [stdout]   |                       ^^^ use of undeclared type `Utc`
[INFO] [stdout]   |
[INFO] [stdout] help: consider importing this struct
[INFO] [stdout]   |
[INFO] [stdout] 3 + use chrono::Utc;
[INFO] [stdout]   |
[INFO] [stdout] 
[INFO] [stdout] error: aborting due to 2 previous errors
[INFO] [stdout] 
[INFO] [stdout] Some errors have detailed explanations: E0423, E0433.
[INFO] [stdout] For more information about an error, try `rustc --explain E0423`.
[INFO] [stdout] Couldn't compile the test.
[INFO] [stdout] ---- src/lib.rs - altitude (line 150) stdout ----
[INFO] [stdout] error[E0425]: cannot find function `altitude` in this scope
[INFO] [stdout]  --> src/lib.rs:152:16
[INFO] [stdout]   |
[INFO] [stdout] 4 | let altitude = altitude(Utc::now(),53.38,-1.48);
[INFO] [stdout]   |                ^^^^^^^^ not found in this scope
[INFO] [stdout]   |
[INFO] [stdout] help: consider importing this function
[INFO] [stdout]   |
[INFO] [stdout] 3 + use sun_times::altitude;
[INFO] [stdout]   |
[INFO] [stdout] 
[INFO] [stdout] error[E0433]: failed to resolve: use of undeclared type `Utc`
[INFO] [stdout]  --> src/lib.rs:152:25
[INFO] [stdout]   |
[INFO] [stdout] 4 | let altitude = altitude(Utc::now(),53.38,-1.48);
[INFO] [stdout]   |                         ^^^ use of undeclared type `Utc`
[INFO] [stdout]   |
[INFO] [stdout] help: consider importing this struct
[INFO] [stdout]   |
[INFO] [stdout] 3 + use chrono::Utc;
[INFO] [stdout]   |
[INFO] [stdout] 
[INFO] [stdout] error: aborting due to 2 previous errors
[INFO] [stdout] 
[INFO] [stdout] Some errors have detailed explanations: E0425, E0433.
[INFO] [stdout] For more information about an error, try `rustc --explain E0425`.
[INFO] [stdout] Couldn't compile the test.
[INFO] [stdout] 
[INFO] [stdout] failures:
[INFO] [stdout]     src/lib.rs - altitude (line 150)
[INFO] [stdout]     src/lib.rs - sun_times (line 68)
[INFO] [stdout] 
[INFO] [stdout] test result: FAILED. 0 passed; 2 failed; 0 ignored; 0 measured; 0 filtered out; finished in 0.10s
[INFO] [stdout] 
[INFO] running `Command { std: "docker" "inspect" "2472232c24e187aba2aff4d4d61b355fa07fe2d99a7aa66d2ab78ea0cc481517", kill_on_drop: false }`
[INFO] running `Command { std: "docker" "rm" "-f" "2472232c24e187aba2aff4d4d61b355fa07fe2d99a7aa66d2ab78ea0cc481517", kill_on_drop: false }`
[INFO] [stdout] 2472232c24e187aba2aff4d4d61b355fa07fe2d99a7aa66d2ab78ea0cc481517
