[INFO] fetching crate sumdir 0.2.0...
[INFO] testing sumdir-0.2.0 against 1.83.0 for beta-1.84.0-4-retry
[INFO] extracting crate sumdir 0.2.0 into /workspace/builds/worker-1-tc1/source
[INFO] validating manifest of crates.io crate sumdir 0.2.0 on toolchain 1.83.0
[INFO] running `Command { std: CARGO_HOME="/workspace/cargo-home" RUSTUP_HOME="/workspace/rustup-home" "/workspace/cargo-home/bin/cargo" "+1.83.0" "metadata" "--manifest-path" "Cargo.toml" "--no-deps", kill_on_drop: false }`
[INFO] started tweaking crates.io crate sumdir 0.2.0
[INFO] finished tweaking crates.io crate sumdir 0.2.0
[INFO] tweaked toml for crates.io crate sumdir 0.2.0 written to /workspace/builds/worker-1-tc1/source/Cargo.toml
[INFO] running `Command { std: CARGO_HOME="/workspace/cargo-home" RUSTUP_HOME="/workspace/rustup-home" "/workspace/cargo-home/bin/cargo" "+1.83.0" "generate-lockfile" "--manifest-path" "Cargo.toml", kill_on_drop: false }`
[INFO] [stderr]     Updating crates.io index
[INFO] [stderr]      Locking 23 packages to latest compatible versions
[INFO] [stderr]       Adding base64 v0.10.1 (available: v0.22.1)
[INFO] [stderr]       Adding blake2 v0.8.1 (available: v0.10.6)
[INFO] running `Command { std: CARGO_HOME="/workspace/cargo-home" RUSTUP_HOME="/workspace/rustup-home" "/workspace/cargo-home/bin/cargo" "+1.83.0" "fetch" "--manifest-path" "Cargo.toml", kill_on_drop: false }`
[INFO] running `Command { std: "docker" "create" "-v" "/var/lib/crater-agent-workspace/builds/worker-1-tc1/target:/opt/rustwide/target:rw,Z" "-v" "/var/lib/crater-agent-workspace/builds/worker-1-tc1/source:/opt/rustwide/workdir:ro,Z" "-v" "/var/lib/crater-agent-workspace/cargo-home:/opt/rustwide/cargo-home:ro,Z" "-v" "/var/lib/crater-agent-workspace/rustup-home:/opt/rustwide/rustup-home:ro,Z" "-e" "SOURCE_DIR=/opt/rustwide/workdir" "-e" "CARGO_TARGET_DIR=/opt/rustwide/target" "-e" "CARGO_HOME=/opt/rustwide/cargo-home" "-e" "RUSTUP_HOME=/opt/rustwide/rustup-home" "-w" "/opt/rustwide/workdir" "-m" "1610612736" "--user" "0:0" "--network" "none" "ghcr.io/rust-lang/crates-build-env/linux@sha256:f3a9d4ad9d972b27faf3965f35b62e55ba32bbce8f20bc8fe909558a86702fde" "/opt/rustwide/cargo-home/bin/cargo" "+1.83.0" "metadata" "--no-deps" "--format-version=1", kill_on_drop: false }`
[INFO] [stdout] a155562090be4f85d95df8ff68f8b95f62473bbc4eb9f587b1e423ca0dfddec4
[INFO] running `Command { std: "docker" "start" "-a" "a155562090be4f85d95df8ff68f8b95f62473bbc4eb9f587b1e423ca0dfddec4", kill_on_drop: false }`
[INFO] running `Command { std: "docker" "inspect" "a155562090be4f85d95df8ff68f8b95f62473bbc4eb9f587b1e423ca0dfddec4", kill_on_drop: false }`
[INFO] running `Command { std: "docker" "rm" "-f" "a155562090be4f85d95df8ff68f8b95f62473bbc4eb9f587b1e423ca0dfddec4", kill_on_drop: false }`
[INFO] [stdout] a155562090be4f85d95df8ff68f8b95f62473bbc4eb9f587b1e423ca0dfddec4
[INFO] running `Command { std: "docker" "create" "-v" "/var/lib/crater-agent-workspace/builds/worker-1-tc1/target:/opt/rustwide/target:rw,Z" "-v" "/var/lib/crater-agent-workspace/builds/worker-1-tc1/source:/opt/rustwide/workdir:ro,Z" "-v" "/var/lib/crater-agent-workspace/cargo-home:/opt/rustwide/cargo-home:ro,Z" "-v" "/var/lib/crater-agent-workspace/rustup-home:/opt/rustwide/rustup-home:ro,Z" "-e" "SOURCE_DIR=/opt/rustwide/workdir" "-e" "CARGO_TARGET_DIR=/opt/rustwide/target" "-e" "CARGO_INCREMENTAL=0" "-e" "RUST_BACKTRACE=full" "-e" "RUSTFLAGS=--cap-lints=warn" "-e" "RUSTDOCFLAGS=--cap-lints=warn" "-e" "CARGO_HOME=/opt/rustwide/cargo-home" "-e" "RUSTUP_HOME=/opt/rustwide/rustup-home" "-w" "/opt/rustwide/workdir" "-m" "1610612736" "--user" "0:0" "--network" "none" "ghcr.io/rust-lang/crates-build-env/linux@sha256:f3a9d4ad9d972b27faf3965f35b62e55ba32bbce8f20bc8fe909558a86702fde" "/opt/rustwide/cargo-home/bin/cargo" "+1.83.0" "build" "--frozen" "--message-format=json", kill_on_drop: false }`
[INFO] [stdout] 7419726a849456b0087985f61a5783121426efb1c786949b04cdf2984c95a635
[INFO] running `Command { std: "docker" "start" "-a" "7419726a849456b0087985f61a5783121426efb1c786949b04cdf2984c95a635", kill_on_drop: false }`
[INFO] [stderr]    Compiling typenum v1.17.0
[INFO] [stderr]    Compiling subtle v1.0.0
[INFO] [stderr]    Compiling opaque-debug v0.2.3
[INFO] [stderr]    Compiling byte-tools v0.3.1
[INFO] [stderr]    Compiling byteorder v1.5.0
[INFO] [stderr]    Compiling same-file v1.0.6
[INFO] [stderr]    Compiling walkdir v2.5.0
[INFO] [stderr]    Compiling base64 v0.10.1
[INFO] [stderr]    Compiling generic-array v0.12.4
[INFO] [stderr]    Compiling crypto-mac v0.7.0
[INFO] [stderr]    Compiling digest v0.8.1
[INFO] [stderr]    Compiling blake2 v0.8.1
[INFO] [stderr]    Compiling sumdir v0.2.0 (/opt/rustwide/workdir)
[INFO] [stderr]     Finished `dev` profile [unoptimized + debuginfo] target(s) in 2.69s
[INFO] running `Command { std: "docker" "inspect" "7419726a849456b0087985f61a5783121426efb1c786949b04cdf2984c95a635", kill_on_drop: false }`
[INFO] running `Command { std: "docker" "rm" "-f" "7419726a849456b0087985f61a5783121426efb1c786949b04cdf2984c95a635", kill_on_drop: false }`
[INFO] [stdout] 7419726a849456b0087985f61a5783121426efb1c786949b04cdf2984c95a635
[INFO] running `Command { std: "docker" "create" "-v" "/var/lib/crater-agent-workspace/builds/worker-1-tc1/target:/opt/rustwide/target:rw,Z" "-v" "/var/lib/crater-agent-workspace/builds/worker-1-tc1/source:/opt/rustwide/workdir:ro,Z" "-v" "/var/lib/crater-agent-workspace/cargo-home:/opt/rustwide/cargo-home:ro,Z" "-v" "/var/lib/crater-agent-workspace/rustup-home:/opt/rustwide/rustup-home:ro,Z" "-e" "SOURCE_DIR=/opt/rustwide/workdir" "-e" "CARGO_TARGET_DIR=/opt/rustwide/target" "-e" "CARGO_INCREMENTAL=0" "-e" "RUST_BACKTRACE=full" "-e" "RUSTFLAGS=--cap-lints=warn" "-e" "RUSTDOCFLAGS=--cap-lints=warn" "-e" "CARGO_HOME=/opt/rustwide/cargo-home" "-e" "RUSTUP_HOME=/opt/rustwide/rustup-home" "-w" "/opt/rustwide/workdir" "-m" "1610612736" "--user" "0:0" "--network" "none" "ghcr.io/rust-lang/crates-build-env/linux@sha256:f3a9d4ad9d972b27faf3965f35b62e55ba32bbce8f20bc8fe909558a86702fde" "/opt/rustwide/cargo-home/bin/cargo" "+1.83.0" "test" "--frozen" "--no-run" "--message-format=json", kill_on_drop: false }`
[INFO] [stdout] 9946dc7b1f496405cf3e1147f2da3b2937710ab182ba43f37daf5d949410e6dc
[INFO] running `Command { std: "docker" "start" "-a" "9946dc7b1f496405cf3e1147f2da3b2937710ab182ba43f37daf5d949410e6dc", kill_on_drop: false }`
[INFO] [stderr]    Compiling sumdir v0.2.0 (/opt/rustwide/workdir)
[INFO] [stderr]     Finished `test` profile [unoptimized + debuginfo] target(s) in 0.42s
[INFO] running `Command { std: "docker" "inspect" "9946dc7b1f496405cf3e1147f2da3b2937710ab182ba43f37daf5d949410e6dc", kill_on_drop: false }`
[INFO] running `Command { std: "docker" "rm" "-f" "9946dc7b1f496405cf3e1147f2da3b2937710ab182ba43f37daf5d949410e6dc", kill_on_drop: false }`
[INFO] [stdout] 9946dc7b1f496405cf3e1147f2da3b2937710ab182ba43f37daf5d949410e6dc
[INFO] running `Command { std: "docker" "create" "-v" "/var/lib/crater-agent-workspace/builds/worker-1-tc1/target:/opt/rustwide/target:rw,Z" "-v" "/var/lib/crater-agent-workspace/builds/worker-1-tc1/source:/opt/rustwide/workdir:ro,Z" "-v" "/var/lib/crater-agent-workspace/cargo-home:/opt/rustwide/cargo-home:ro,Z" "-v" "/var/lib/crater-agent-workspace/rustup-home:/opt/rustwide/rustup-home:ro,Z" "-e" "SOURCE_DIR=/opt/rustwide/workdir" "-e" "CARGO_TARGET_DIR=/opt/rustwide/target" "-e" "CARGO_INCREMENTAL=0" "-e" "RUST_BACKTRACE=full" "-e" "RUSTFLAGS=--cap-lints=warn" "-e" "RUSTDOCFLAGS=--cap-lints=warn" "-e" "CARGO_HOME=/opt/rustwide/cargo-home" "-e" "RUSTUP_HOME=/opt/rustwide/rustup-home" "-w" "/opt/rustwide/workdir" "-m" "1610612736" "--user" "0:0" "--network" "none" "ghcr.io/rust-lang/crates-build-env/linux@sha256:f3a9d4ad9d972b27faf3965f35b62e55ba32bbce8f20bc8fe909558a86702fde" "/opt/rustwide/cargo-home/bin/cargo" "+1.83.0" "test" "--frozen", kill_on_drop: false }`
[INFO] [stdout] ba62936329280820cef8b66fdaef8c5a8b976d99683b9a970f747c883a795c71
[INFO] running `Command { std: "docker" "start" "-a" "ba62936329280820cef8b66fdaef8c5a8b976d99683b9a970f747c883a795c71", kill_on_drop: false }`
[INFO] [stderr]     Finished `test` profile [unoptimized + debuginfo] target(s) in 0.01s
[INFO] [stderr]      Running unittests src/lib.rs (/opt/rustwide/target/debug/deps/sumdir-3b245964d2e17c99)
[INFO] [stdout] 
[INFO] [stdout] running 1 test
[INFO] [stdout] test tests::test_dir_hash ... ok
[INFO] [stdout] 
[INFO] [stdout] test result: ok. 1 passed; 0 failed; 0 ignored; 0 measured; 0 filtered out; finished in 0.00s
[INFO] [stdout] 
[INFO] [stderr]    Doc-tests sumdir
[INFO] [stdout] 
[INFO] [stdout] running 1 test
[INFO] [stdout] test src/lib.rs - dir_hash (line 10) - compile ... FAILED
[INFO] [stdout] 
[INFO] [stdout] failures:
[INFO] [stdout] 
[INFO] [stdout] ---- src/lib.rs - dir_hash (line 10) stdout ----
[INFO] [stdout] error[E0277]: can't compare `&str` with `Result<String, std::io::Error>`
[INFO] [stdout]  --> src/lib.rs:14:1
[INFO] [stdout]   |
[INFO] [stdout] 7 | assert_eq!("{}", sumdir::dir_hash("test-checksum"));
[INFO] [stdout]   | ^^^^^^^^^^^^^^^^^^^^^^^^^^^^^^^^^^^^^^^^^^^^^^^^^^^ no implementation for `&str == Result<String, std::io::Error>`
[INFO] [stdout]   |
[INFO] [stdout]   = help: the trait `PartialEq<Result<String, std::io::Error>>` is not implemented for `&str`
[INFO] [stdout]   = help: the following other types implement trait `PartialEq<Rhs>`:
[INFO] [stdout]             `&str` implements `PartialEq<Cow<'_, str>>`
[INFO] [stdout]             `&str` implements `PartialEq<OsString>`
[INFO] [stdout]             `&str` implements `PartialEq<String>`
[INFO] [stdout]             `str` implements `PartialEq<Cow<'_, str>>`
[INFO] [stdout]             `str` implements `PartialEq<OsStr>`
[INFO] [stdout]             `str` implements `PartialEq<OsString>`
[INFO] [stdout]             `str` implements `PartialEq<String>`
[INFO] [stdout]             `str` implements `PartialEq`
[INFO] [stdout]   = note: this error originates in the macro `assert_eq` (in Nightly builds, run with -Z macro-backtrace for more info)
[INFO] [stdout] 
[INFO] [stdout] error: aborting due to 1 previous error
[INFO] [stdout] 
[INFO] [stdout] For more information about this error, try `rustc --explain E0277`.
[INFO] [stdout] Couldn't compile the test.
[INFO] [stdout] 
[INFO] [stdout] failures:
[INFO] [stdout]     src/lib.rs - dir_hash (line 10)
[INFO] [stdout] 
[INFO] [stdout] test result: FAILED. 0 passed; 1 failed; 0 ignored; 0 measured; 0 filtered out; finished in 0.03s
[INFO] [stdout] 
[INFO] [stderr] error: doctest failed, to rerun pass `--doc`
[INFO] running `Command { std: "docker" "inspect" "ba62936329280820cef8b66fdaef8c5a8b976d99683b9a970f747c883a795c71", kill_on_drop: false }`
[INFO] running `Command { std: "docker" "rm" "-f" "ba62936329280820cef8b66fdaef8c5a8b976d99683b9a970f747c883a795c71", kill_on_drop: false }`
[INFO] [stdout] ba62936329280820cef8b66fdaef8c5a8b976d99683b9a970f747c883a795c71
