[INFO] fetching crate sulid 0.6.2...
[INFO] testing sulid-0.6.2 against 1.83.0 for beta-1.84.0-4-retry
[INFO] extracting crate sulid 0.6.2 into /workspace/builds/worker-4-tc1/source
[INFO] validating manifest of crates.io crate sulid 0.6.2 on toolchain 1.83.0
[INFO] running `Command { std: CARGO_HOME="/workspace/cargo-home" RUSTUP_HOME="/workspace/rustup-home" "/workspace/cargo-home/bin/cargo" "+1.83.0" "metadata" "--manifest-path" "Cargo.toml" "--no-deps", kill_on_drop: false }`
[INFO] started tweaking crates.io crate sulid 0.6.2
[INFO] removed 0 missing examples
[INFO] finished tweaking crates.io crate sulid 0.6.2
[INFO] tweaked toml for crates.io crate sulid 0.6.2 written to /workspace/builds/worker-4-tc1/source/Cargo.toml
[INFO] crate crates.io crate sulid 0.6.2 already has a lockfile, it will not be regenerated
[INFO] running `Command { std: CARGO_HOME="/workspace/cargo-home" RUSTUP_HOME="/workspace/rustup-home" "/workspace/cargo-home/bin/cargo" "+1.83.0" "fetch" "--manifest-path" "Cargo.toml", kill_on_drop: false }`
[INFO] running `Command { std: "docker" "create" "-v" "/var/lib/crater-agent-workspace/builds/worker-4-tc1/target:/opt/rustwide/target:rw,Z" "-v" "/var/lib/crater-agent-workspace/builds/worker-4-tc1/source:/opt/rustwide/workdir:ro,Z" "-v" "/var/lib/crater-agent-workspace/cargo-home:/opt/rustwide/cargo-home:ro,Z" "-v" "/var/lib/crater-agent-workspace/rustup-home:/opt/rustwide/rustup-home:ro,Z" "-e" "SOURCE_DIR=/opt/rustwide/workdir" "-e" "CARGO_TARGET_DIR=/opt/rustwide/target" "-e" "CARGO_HOME=/opt/rustwide/cargo-home" "-e" "RUSTUP_HOME=/opt/rustwide/rustup-home" "-w" "/opt/rustwide/workdir" "-m" "1610612736" "--user" "0:0" "--network" "none" "ghcr.io/rust-lang/crates-build-env/linux@sha256:f3a9d4ad9d972b27faf3965f35b62e55ba32bbce8f20bc8fe909558a86702fde" "/opt/rustwide/cargo-home/bin/cargo" "+1.83.0" "metadata" "--no-deps" "--format-version=1", kill_on_drop: false }`
[INFO] [stdout] e32a5382b64486a61d141b3cbf6cd6ec7ea08e529e81db5a2941036a74d2e8d4
[INFO] running `Command { std: "docker" "start" "-a" "e32a5382b64486a61d141b3cbf6cd6ec7ea08e529e81db5a2941036a74d2e8d4", kill_on_drop: false }`
[INFO] running `Command { std: "docker" "inspect" "e32a5382b64486a61d141b3cbf6cd6ec7ea08e529e81db5a2941036a74d2e8d4", kill_on_drop: false }`
[INFO] running `Command { std: "docker" "rm" "-f" "e32a5382b64486a61d141b3cbf6cd6ec7ea08e529e81db5a2941036a74d2e8d4", kill_on_drop: false }`
[INFO] [stdout] e32a5382b64486a61d141b3cbf6cd6ec7ea08e529e81db5a2941036a74d2e8d4
[INFO] running `Command { std: "docker" "create" "-v" "/var/lib/crater-agent-workspace/builds/worker-4-tc1/target:/opt/rustwide/target:rw,Z" "-v" "/var/lib/crater-agent-workspace/builds/worker-4-tc1/source:/opt/rustwide/workdir:ro,Z" "-v" "/var/lib/crater-agent-workspace/cargo-home:/opt/rustwide/cargo-home:ro,Z" "-v" "/var/lib/crater-agent-workspace/rustup-home:/opt/rustwide/rustup-home:ro,Z" "-e" "SOURCE_DIR=/opt/rustwide/workdir" "-e" "CARGO_TARGET_DIR=/opt/rustwide/target" "-e" "CARGO_INCREMENTAL=0" "-e" "RUST_BACKTRACE=full" "-e" "RUSTFLAGS=--cap-lints=warn" "-e" "RUSTDOCFLAGS=--cap-lints=warn" "-e" "CARGO_HOME=/opt/rustwide/cargo-home" "-e" "RUSTUP_HOME=/opt/rustwide/rustup-home" "-w" "/opt/rustwide/workdir" "-m" "1610612736" "--user" "0:0" "--network" "none" "ghcr.io/rust-lang/crates-build-env/linux@sha256:f3a9d4ad9d972b27faf3965f35b62e55ba32bbce8f20bc8fe909558a86702fde" "/opt/rustwide/cargo-home/bin/cargo" "+1.83.0" "build" "--frozen" "--message-format=json", kill_on_drop: false }`
[INFO] [stdout] 489a2548e2cc9bc2092e197b88a75964913efe5a57b82393453a4a713082920d
[INFO] running `Command { std: "docker" "start" "-a" "489a2548e2cc9bc2092e197b88a75964913efe5a57b82393453a4a713082920d", kill_on_drop: false }`
[INFO] [stderr]    Compiling proc-macro2 v1.0.86
[INFO] [stderr]    Compiling unicode-ident v1.0.12
[INFO] [stderr]    Compiling libc v0.2.158
[INFO] [stderr]    Compiling byteorder v1.5.0
[INFO] [stderr]    Compiling cfg-if v1.0.0
[INFO] [stderr]    Compiling quote v1.0.37
[INFO] [stderr]    Compiling syn v2.0.77
[INFO] [stderr]    Compiling getrandom v0.2.15
[INFO] [stderr]    Compiling rand_core v0.6.4
[INFO] [stderr]    Compiling zerocopy-derive v0.7.35
[INFO] [stderr]    Compiling zerocopy v0.7.35
[INFO] [stderr]    Compiling ppv-lite86 v0.2.20
[INFO] [stderr]    Compiling rand_chacha v0.3.1
[INFO] [stderr]    Compiling rand v0.8.5
[INFO] [stderr]    Compiling ulid v1.1.3
[INFO] [stderr]    Compiling sulid v0.6.2 (/opt/rustwide/workdir)
[INFO] [stderr]     Finished `dev` profile [unoptimized + debuginfo] target(s) in 8.18s
[INFO] running `Command { std: "docker" "inspect" "489a2548e2cc9bc2092e197b88a75964913efe5a57b82393453a4a713082920d", kill_on_drop: false }`
[INFO] running `Command { std: "docker" "rm" "-f" "489a2548e2cc9bc2092e197b88a75964913efe5a57b82393453a4a713082920d", kill_on_drop: false }`
[INFO] [stdout] 489a2548e2cc9bc2092e197b88a75964913efe5a57b82393453a4a713082920d
[INFO] running `Command { std: "docker" "create" "-v" "/var/lib/crater-agent-workspace/builds/worker-4-tc1/target:/opt/rustwide/target:rw,Z" "-v" "/var/lib/crater-agent-workspace/builds/worker-4-tc1/source:/opt/rustwide/workdir:ro,Z" "-v" "/var/lib/crater-agent-workspace/cargo-home:/opt/rustwide/cargo-home:ro,Z" "-v" "/var/lib/crater-agent-workspace/rustup-home:/opt/rustwide/rustup-home:ro,Z" "-e" "SOURCE_DIR=/opt/rustwide/workdir" "-e" "CARGO_TARGET_DIR=/opt/rustwide/target" "-e" "CARGO_INCREMENTAL=0" "-e" "RUST_BACKTRACE=full" "-e" "RUSTFLAGS=--cap-lints=warn" "-e" "RUSTDOCFLAGS=--cap-lints=warn" "-e" "CARGO_HOME=/opt/rustwide/cargo-home" "-e" "RUSTUP_HOME=/opt/rustwide/rustup-home" "-w" "/opt/rustwide/workdir" "-m" "1610612736" "--user" "0:0" "--network" "none" "ghcr.io/rust-lang/crates-build-env/linux@sha256:f3a9d4ad9d972b27faf3965f35b62e55ba32bbce8f20bc8fe909558a86702fde" "/opt/rustwide/cargo-home/bin/cargo" "+1.83.0" "test" "--frozen" "--no-run" "--message-format=json", kill_on_drop: false }`
[INFO] [stdout] a00ccd232219b79f21de6051a58f1a16758a34195b4c2bfe397a5e723e3b1ff7
[INFO] running `Command { std: "docker" "start" "-a" "a00ccd232219b79f21de6051a58f1a16758a34195b4c2bfe397a5e723e3b1ff7", kill_on_drop: false }`
[INFO] [stderr]    Compiling sulid v0.6.2 (/opt/rustwide/workdir)
[INFO] [stderr]     Finished `test` profile [unoptimized + debuginfo] target(s) in 0.92s
[INFO] running `Command { std: "docker" "inspect" "a00ccd232219b79f21de6051a58f1a16758a34195b4c2bfe397a5e723e3b1ff7", kill_on_drop: false }`
[INFO] running `Command { std: "docker" "rm" "-f" "a00ccd232219b79f21de6051a58f1a16758a34195b4c2bfe397a5e723e3b1ff7", kill_on_drop: false }`
[INFO] [stdout] a00ccd232219b79f21de6051a58f1a16758a34195b4c2bfe397a5e723e3b1ff7
[INFO] running `Command { std: "docker" "create" "-v" "/var/lib/crater-agent-workspace/builds/worker-4-tc1/target:/opt/rustwide/target:rw,Z" "-v" "/var/lib/crater-agent-workspace/builds/worker-4-tc1/source:/opt/rustwide/workdir:ro,Z" "-v" "/var/lib/crater-agent-workspace/cargo-home:/opt/rustwide/cargo-home:ro,Z" "-v" "/var/lib/crater-agent-workspace/rustup-home:/opt/rustwide/rustup-home:ro,Z" "-e" "SOURCE_DIR=/opt/rustwide/workdir" "-e" "CARGO_TARGET_DIR=/opt/rustwide/target" "-e" "CARGO_INCREMENTAL=0" "-e" "RUST_BACKTRACE=full" "-e" "RUSTFLAGS=--cap-lints=warn" "-e" "RUSTDOCFLAGS=--cap-lints=warn" "-e" "CARGO_HOME=/opt/rustwide/cargo-home" "-e" "RUSTUP_HOME=/opt/rustwide/rustup-home" "-w" "/opt/rustwide/workdir" "-m" "1610612736" "--user" "0:0" "--network" "none" "ghcr.io/rust-lang/crates-build-env/linux@sha256:f3a9d4ad9d972b27faf3965f35b62e55ba32bbce8f20bc8fe909558a86702fde" "/opt/rustwide/cargo-home/bin/cargo" "+1.83.0" "test" "--frozen", kill_on_drop: false }`
[INFO] [stdout] 50fe1f041621b039a31363c60eea61fb13163a799ac0323c56fb5fb108c32760
[INFO] running `Command { std: "docker" "start" "-a" "50fe1f041621b039a31363c60eea61fb13163a799ac0323c56fb5fb108c32760", kill_on_drop: false }`
[INFO] [stderr]     Finished `test` profile [unoptimized + debuginfo] target(s) in 0.05s
[INFO] [stderr]      Running unittests src/lib.rs (/opt/rustwide/target/debug/deps/sulid-2ca266a58beb1605)
[INFO] [stdout] 
[INFO] [stdout] running 15 tests
[INFO] [stdout] test sulid::std_feature::tests::test_datetime ... ok
[INFO] [stdout] test sulid::std_feature::tests::nil_is_at_unix_epoch ... ok
[INFO] [stdout] test sulid::std_feature::tests::test_order ... ok
[INFO] [stdout] test sulid::std_feature::tests::test_source ... ok
[INFO] [stdout] test sulid::std_feature::tests::truncates_at_unix_epoch ... ok
[INFO] [stdout] test sulid::tests::can_into_thing ... ok
[INFO] [stdout] test sulid::std_feature::tests::can_display_things ... ok
[INFO] [stdout] test sulid::tests::default_is_nil ... ok
[INFO] [stdout] test sulid::std_feature::tests::test_dynamic ... ok
[INFO] [stdout] test sulid::tests::test_increment ... ok
[INFO] [stdout] test sulid::tests::test_increment_overflow ... ok
[INFO] [stdout] test sulid::tests::test_static ... ok
[INFO] [stdout] test generator::std_feature::tests::generate_unique_ids ... ok
[INFO] [stdout] test sulid::std_feature::tests::test_timestamp ... ok
[INFO] [stderr]    Doc-tests sulid
[INFO] [stdout] test sulid::std_feature::tests::default_is_nil ... ok
[INFO] [stdout] 
[INFO] [stdout] test result: ok. 15 passed; 0 failed; 0 ignored; 0 measured; 0 filtered out; finished in 0.02s
[INFO] [stdout] 
[INFO] [stdout] 
[INFO] [stdout] running 28 tests
[INFO] [stdout] test src/lib.rs - (line 38) ... FAILED
[INFO] [stdout] test src/lib.rs - (line 49) ... FAILED
[INFO] [stdout] test src/sulid.rs - sulid::Sulid::from_string (line 186) ... ok
[INFO] [stdout] test src/sulid.rs - sulid::Sulid::random (line 247) ... ok
[INFO] [stdout] test src/generator.rs - generator::std_feature::SulidGenerator::v2_new (line 214) ... ok
[INFO] [stdout] test src/generator.rs - generator::std_feature::SulidGenerator::v1_new (line 192) ... ok
[INFO] [stdout] test src/sulid.rs - sulid::Sulid::to_bytes (line 351) ... ok
[INFO] [stdout] test src/sulid.rs - sulid::Sulid::array_to_str (line 282) ... ok
[INFO] [stdout] test src/generator.rs - generator::no_std_feature::SulidGenerator::v1_new (line 45) ... ok
[INFO] [stdout] test src/sulid.rs - sulid::Sulid::timestamp_ms (line 227) ... ok
[INFO] [stdout] test src/sulid.rs - sulid::Sulid::v1_from_parts (line 79) ... ok
[INFO] [stdout] test src/generator.rs - generator::no_std_feature::SulidGenerator::v2_new (line 74) ... ok
[INFO] [stdout] test src/generator.rs - generator::std_feature::SulidGenerator::generate (line 231) ... ok
[INFO] [stdout] test src/lib.rs - (line 64) ... ok
[INFO] [stdout] test src/sulid.rs - sulid::Sulid::from_bytes (line 332) ... ok
[INFO] [stdout] test src/sulid.rs - sulid::Sulid::nil (line 209) ... ok
[INFO] [stdout] test src/sulid.rs - sulid::std_feature::Sulid::v1_from_datetime_with_source (line 618) ... ok
[INFO] [stdout] test src/sulid.rs - sulid::std_feature::Sulid::to_string (line 697) ... ok
[INFO] [stdout] test src/sulid.rs - sulid (line 9) ... ok
[INFO] [stdout] test src/sulid.rs - sulid::Sulid::is_nil (line 300) ... ok
[INFO] [stdout] test src/sulid.rs - sulid::std_feature::Sulid::v2_from_datetime (line 602) ... ok
[INFO] [stdout] test src/sulid.rs - sulid::std_feature::Sulid::v2_new (line 544) ... ok
[INFO] [stdout] test src/sulid.rs - sulid::Sulid::v2_from_parts (line 138) ... ok
[INFO] [stdout] test src/sulid.rs - sulid::std_feature::Sulid::v1_from_datetime (line 579) ... ok
[INFO] [stdout] test src/sulid.rs - sulid::std_feature::Sulid::datetime (line 678) ... ok
[INFO] [stdout] test src/sulid.rs - sulid::std_feature::Sulid::with_source (line 556) ... ok
[INFO] [stdout] test src/sulid.rs - sulid::std_feature::Sulid::v2_from_datetime_with_source (line 650) ... ok
[INFO] [stdout] test src/sulid.rs - sulid::std_feature::Sulid::v1_new (line 530) ... ok
[INFO] [stdout] 
[INFO] [stdout] failures:
[INFO] [stdout] 
[INFO] [stdout] ---- src/lib.rs - (line 38) stdout ----
[INFO] [stdout] error: expected one of `!`, `,`, `...`, `..=`, `..`, `.`, `::`, `:`, `?`, `{`, `|`, or an operator, found `Timestamp`
[INFO] [stdout]  --> src/lib.rs:39:10
[INFO] [stdout]   |
[INFO] [stdout] 3 | | 48-bit Timestamp | 70-bit Random Number | 5-bit Data Center ID | 5-bit Machine ID |
[INFO] [stdout]   |         -^^^^^^^^^ expected one of 12 possible tokens
[INFO] [stdout]   |         |
[INFO] [stdout]   |         help: missing `,`
[INFO] [stdout] 
[INFO] [stdout] error: expected a pattern, found an expression
[INFO] [stdout]  --> src/lib.rs:39:3
[INFO] [stdout]   |
[INFO] [stdout] 3 | | 48-bit Timestamp | 70-bit Random Number | 5-bit Data Center ID | 5-bit Machine ID |
[INFO] [stdout]   |   ^^^^^^ not a pattern
[INFO] [stdout]   |
[INFO] [stdout]   = note: arbitrary expressions are not allowed in patterns: <https://doc.rust-lang.org/book/ch18-00-patterns.html>
[INFO] [stdout] help: consider extracting the expression into a `const`
[INFO] [stdout]   |
[INFO] [stdout] 3 + const VAL: /* Type */ = 48-bit;
[INFO] [stdout] 4 ~ | VAL Timestamp | 70-bit Random Number | 5-bit Data Center ID | 5-bit Machine ID |
[INFO] [stdout]   |
[INFO] [stdout] 
[INFO] [stdout] error: expected one of `!`, `.`, `::`, `;`, `?`, `{`, `}`, or an operator, found `Random`
[INFO] [stdout]  --> src/lib.rs:39:29
[INFO] [stdout]   |
[INFO] [stdout] 3 | | 48-bit Timestamp | 70-bit Random Number | 5-bit Data Center ID | 5-bit Machine ID |
[INFO] [stdout]   |                             ^^^^^^ expected one of 8 possible tokens
[INFO] [stdout] 
[INFO] [stdout] error: aborting due to 3 previous errors
[INFO] [stdout] 
[INFO] [stdout] Couldn't compile the test.
[INFO] [stdout] ---- src/lib.rs - (line 49) stdout ----
[INFO] [stdout] error: expected one of `!`, `,`, `...`, `..=`, `..`, `.`, `::`, `:`, `?`, `{`, `|`, or an operator, found `Timestamp`
[INFO] [stdout]  --> src/lib.rs:50:10
[INFO] [stdout]   |
[INFO] [stdout] 3 | | 48-bit Timestamp | 70-bit Random Number | 10-bit Worker ID |
[INFO] [stdout]   |         -^^^^^^^^^ expected one of 12 possible tokens
[INFO] [stdout]   |         |
[INFO] [stdout]   |         help: missing `,`
[INFO] [stdout] 
[INFO] [stdout] error: expected a pattern, found an expression
[INFO] [stdout]  --> src/lib.rs:50:3
[INFO] [stdout]   |
[INFO] [stdout] 3 | | 48-bit Timestamp | 70-bit Random Number | 10-bit Worker ID |
[INFO] [stdout]   |   ^^^^^^ not a pattern
[INFO] [stdout]   |
[INFO] [stdout]   = note: arbitrary expressions are not allowed in patterns: <https://doc.rust-lang.org/book/ch18-00-patterns.html>
[INFO] [stdout] help: consider extracting the expression into a `const`
[INFO] [stdout]   |
[INFO] [stdout] 3 + const VAL: /* Type */ = 48-bit;
[INFO] [stdout] 4 ~ | VAL Timestamp | 70-bit Random Number | 10-bit Worker ID |
[INFO] [stdout]   |
[INFO] [stdout] 
[INFO] [stdout] error: expected one of `!`, `.`, `::`, `;`, `?`, `{`, `}`, or an operator, found `Random`
[INFO] [stdout]  --> src/lib.rs:50:29
[INFO] [stdout]   |
[INFO] [stdout] 3 | | 48-bit Timestamp | 70-bit Random Number | 10-bit Worker ID |
[INFO] [stdout]   |                             ^^^^^^ expected one of 8 possible tokens
[INFO] [stdout] 
[INFO] [stdout] error: aborting due to 3 previous errors
[INFO] [stdout] 
[INFO] [stdout] Couldn't compile the test.
[INFO] [stdout] 
[INFO] [stdout] failures:
[INFO] [stdout]     src/lib.rs - (line 38)
[INFO] [stdout]     src/lib.rs - (line 49)
[INFO] [stdout] 
[INFO] [stdout] test result: FAILED. 26 passed; 2 failed; 0 ignored; 0 measured; 0 filtered out; finished in 2.84s
[INFO] [stdout] 
[INFO] [stderr] error: doctest failed, to rerun pass `--doc`
[INFO] running `Command { std: "docker" "inspect" "50fe1f041621b039a31363c60eea61fb13163a799ac0323c56fb5fb108c32760", kill_on_drop: false }`
[INFO] running `Command { std: "docker" "rm" "-f" "50fe1f041621b039a31363c60eea61fb13163a799ac0323c56fb5fb108c32760", kill_on_drop: false }`
[INFO] [stdout] 50fe1f041621b039a31363c60eea61fb13163a799ac0323c56fb5fb108c32760
