[INFO] fetching crate suffix_trie 0.1.0...
[INFO] testing suffix_trie-0.1.0 against 1.83.0 for beta-1.84.0-4-retry
[INFO] extracting crate suffix_trie 0.1.0 into /workspace/builds/worker-4-tc1/source
[INFO] validating manifest of crates.io crate suffix_trie 0.1.0 on toolchain 1.83.0
[INFO] running `Command { std: CARGO_HOME="/workspace/cargo-home" RUSTUP_HOME="/workspace/rustup-home" "/workspace/cargo-home/bin/cargo" "+1.83.0" "metadata" "--manifest-path" "Cargo.toml" "--no-deps", kill_on_drop: false }`
[INFO] started tweaking crates.io crate suffix_trie 0.1.0
[INFO] finished tweaking crates.io crate suffix_trie 0.1.0
[INFO] tweaked toml for crates.io crate suffix_trie 0.1.0 written to /workspace/builds/worker-4-tc1/source/Cargo.toml
[INFO] running `Command { std: CARGO_HOME="/workspace/cargo-home" RUSTUP_HOME="/workspace/rustup-home" "/workspace/cargo-home/bin/cargo" "+1.83.0" "generate-lockfile" "--manifest-path" "Cargo.toml", kill_on_drop: false }`
[INFO] running `Command { std: CARGO_HOME="/workspace/cargo-home" RUSTUP_HOME="/workspace/rustup-home" "/workspace/cargo-home/bin/cargo" "+1.83.0" "fetch" "--manifest-path" "Cargo.toml", kill_on_drop: false }`
[INFO] running `Command { std: "docker" "create" "-v" "/var/lib/crater-agent-workspace/builds/worker-4-tc1/target:/opt/rustwide/target:rw,Z" "-v" "/var/lib/crater-agent-workspace/builds/worker-4-tc1/source:/opt/rustwide/workdir:ro,Z" "-v" "/var/lib/crater-agent-workspace/cargo-home:/opt/rustwide/cargo-home:ro,Z" "-v" "/var/lib/crater-agent-workspace/rustup-home:/opt/rustwide/rustup-home:ro,Z" "-e" "SOURCE_DIR=/opt/rustwide/workdir" "-e" "CARGO_TARGET_DIR=/opt/rustwide/target" "-e" "CARGO_HOME=/opt/rustwide/cargo-home" "-e" "RUSTUP_HOME=/opt/rustwide/rustup-home" "-w" "/opt/rustwide/workdir" "-m" "1610612736" "--user" "0:0" "--network" "none" "ghcr.io/rust-lang/crates-build-env/linux@sha256:f3a9d4ad9d972b27faf3965f35b62e55ba32bbce8f20bc8fe909558a86702fde" "/opt/rustwide/cargo-home/bin/cargo" "+1.83.0" "metadata" "--no-deps" "--format-version=1", kill_on_drop: false }`
[INFO] [stdout] f5f78681ee9e9bf097308cc7ae7d79a1f6a49e1bdd2aba6629e743ad79b84511
[INFO] running `Command { std: "docker" "start" "-a" "f5f78681ee9e9bf097308cc7ae7d79a1f6a49e1bdd2aba6629e743ad79b84511", kill_on_drop: false }`
[INFO] running `Command { std: "docker" "inspect" "f5f78681ee9e9bf097308cc7ae7d79a1f6a49e1bdd2aba6629e743ad79b84511", kill_on_drop: false }`
[INFO] running `Command { std: "docker" "rm" "-f" "f5f78681ee9e9bf097308cc7ae7d79a1f6a49e1bdd2aba6629e743ad79b84511", kill_on_drop: false }`
[INFO] [stdout] f5f78681ee9e9bf097308cc7ae7d79a1f6a49e1bdd2aba6629e743ad79b84511
[INFO] running `Command { std: "docker" "create" "-v" "/var/lib/crater-agent-workspace/builds/worker-4-tc1/target:/opt/rustwide/target:rw,Z" "-v" "/var/lib/crater-agent-workspace/builds/worker-4-tc1/source:/opt/rustwide/workdir:ro,Z" "-v" "/var/lib/crater-agent-workspace/cargo-home:/opt/rustwide/cargo-home:ro,Z" "-v" "/var/lib/crater-agent-workspace/rustup-home:/opt/rustwide/rustup-home:ro,Z" "-e" "SOURCE_DIR=/opt/rustwide/workdir" "-e" "CARGO_TARGET_DIR=/opt/rustwide/target" "-e" "CARGO_INCREMENTAL=0" "-e" "RUST_BACKTRACE=full" "-e" "RUSTFLAGS=--cap-lints=warn" "-e" "RUSTDOCFLAGS=--cap-lints=warn" "-e" "CARGO_HOME=/opt/rustwide/cargo-home" "-e" "RUSTUP_HOME=/opt/rustwide/rustup-home" "-w" "/opt/rustwide/workdir" "-m" "1610612736" "--user" "0:0" "--network" "none" "ghcr.io/rust-lang/crates-build-env/linux@sha256:f3a9d4ad9d972b27faf3965f35b62e55ba32bbce8f20bc8fe909558a86702fde" "/opt/rustwide/cargo-home/bin/cargo" "+1.83.0" "build" "--frozen" "--message-format=json", kill_on_drop: false }`
[INFO] [stdout] 6243de440e793f34992e47c1f3326ee9fb32cffd6e408f6fdbfd6538dd943db5
[INFO] running `Command { std: "docker" "start" "-a" "6243de440e793f34992e47c1f3326ee9fb32cffd6e408f6fdbfd6538dd943db5", kill_on_drop: false }`
[INFO] [stderr]    Compiling suffix_trie v0.1.0 (/opt/rustwide/workdir)
[INFO] [stderr]     Finished `dev` profile [unoptimized + debuginfo] target(s) in 0.39s
[INFO] running `Command { std: "docker" "inspect" "6243de440e793f34992e47c1f3326ee9fb32cffd6e408f6fdbfd6538dd943db5", kill_on_drop: false }`
[INFO] running `Command { std: "docker" "rm" "-f" "6243de440e793f34992e47c1f3326ee9fb32cffd6e408f6fdbfd6538dd943db5", kill_on_drop: false }`
[INFO] [stdout] 6243de440e793f34992e47c1f3326ee9fb32cffd6e408f6fdbfd6538dd943db5
[INFO] running `Command { std: "docker" "create" "-v" "/var/lib/crater-agent-workspace/builds/worker-4-tc1/target:/opt/rustwide/target:rw,Z" "-v" "/var/lib/crater-agent-workspace/builds/worker-4-tc1/source:/opt/rustwide/workdir:ro,Z" "-v" "/var/lib/crater-agent-workspace/cargo-home:/opt/rustwide/cargo-home:ro,Z" "-v" "/var/lib/crater-agent-workspace/rustup-home:/opt/rustwide/rustup-home:ro,Z" "-e" "SOURCE_DIR=/opt/rustwide/workdir" "-e" "CARGO_TARGET_DIR=/opt/rustwide/target" "-e" "CARGO_INCREMENTAL=0" "-e" "RUST_BACKTRACE=full" "-e" "RUSTFLAGS=--cap-lints=warn" "-e" "RUSTDOCFLAGS=--cap-lints=warn" "-e" "CARGO_HOME=/opt/rustwide/cargo-home" "-e" "RUSTUP_HOME=/opt/rustwide/rustup-home" "-w" "/opt/rustwide/workdir" "-m" "1610612736" "--user" "0:0" "--network" "none" "ghcr.io/rust-lang/crates-build-env/linux@sha256:f3a9d4ad9d972b27faf3965f35b62e55ba32bbce8f20bc8fe909558a86702fde" "/opt/rustwide/cargo-home/bin/cargo" "+1.83.0" "test" "--frozen" "--no-run" "--message-format=json", kill_on_drop: false }`
[INFO] [stdout] 0c6352208a725648c5a5cfcb73af02663a0adccf954636d640e5481205d4ab26
[INFO] running `Command { std: "docker" "start" "-a" "0c6352208a725648c5a5cfcb73af02663a0adccf954636d640e5481205d4ab26", kill_on_drop: false }`
[INFO] [stderr]    Compiling suffix_trie v0.1.0 (/opt/rustwide/workdir)
[INFO] [stderr]     Finished `test` profile [unoptimized + debuginfo] target(s) in 0.41s
[INFO] running `Command { std: "docker" "inspect" "0c6352208a725648c5a5cfcb73af02663a0adccf954636d640e5481205d4ab26", kill_on_drop: false }`
[INFO] running `Command { std: "docker" "rm" "-f" "0c6352208a725648c5a5cfcb73af02663a0adccf954636d640e5481205d4ab26", kill_on_drop: false }`
[INFO] [stdout] 0c6352208a725648c5a5cfcb73af02663a0adccf954636d640e5481205d4ab26
[INFO] running `Command { std: "docker" "create" "-v" "/var/lib/crater-agent-workspace/builds/worker-4-tc1/target:/opt/rustwide/target:rw,Z" "-v" "/var/lib/crater-agent-workspace/builds/worker-4-tc1/source:/opt/rustwide/workdir:ro,Z" "-v" "/var/lib/crater-agent-workspace/cargo-home:/opt/rustwide/cargo-home:ro,Z" "-v" "/var/lib/crater-agent-workspace/rustup-home:/opt/rustwide/rustup-home:ro,Z" "-e" "SOURCE_DIR=/opt/rustwide/workdir" "-e" "CARGO_TARGET_DIR=/opt/rustwide/target" "-e" "CARGO_INCREMENTAL=0" "-e" "RUST_BACKTRACE=full" "-e" "RUSTFLAGS=--cap-lints=warn" "-e" "RUSTDOCFLAGS=--cap-lints=warn" "-e" "CARGO_HOME=/opt/rustwide/cargo-home" "-e" "RUSTUP_HOME=/opt/rustwide/rustup-home" "-w" "/opt/rustwide/workdir" "-m" "1610612736" "--user" "0:0" "--network" "none" "ghcr.io/rust-lang/crates-build-env/linux@sha256:f3a9d4ad9d972b27faf3965f35b62e55ba32bbce8f20bc8fe909558a86702fde" "/opt/rustwide/cargo-home/bin/cargo" "+1.83.0" "test" "--frozen", kill_on_drop: false }`
[INFO] [stdout] 7aff8baebf78e2f1f6c88d53629f3ece50be3d7f583ea14628d9839aafd8497a
[INFO] running `Command { std: "docker" "start" "-a" "7aff8baebf78e2f1f6c88d53629f3ece50be3d7f583ea14628d9839aafd8497a", kill_on_drop: false }`
[INFO] [stderr]     Finished `test` profile [unoptimized + debuginfo] target(s) in 0.01s
[INFO] [stderr]      Running unittests src/lib.rs (/opt/rustwide/target/debug/deps/suffix_trie-570cf96646f84ba0)
[INFO] [stdout] 
[INFO] [stdout] running 0 tests
[INFO] [stdout] 
[INFO] [stdout] test result: ok. 0 passed; 0 failed; 0 ignored; 0 measured; 0 filtered out; finished in 0.00s
[INFO] [stdout] 
[INFO] [stderr]    Doc-tests suffix_trie
[INFO] [stdout] 
[INFO] [stdout] running 1 test
[INFO] [stdout] test src/../README.md - (line 24) ... FAILED
[INFO] [stdout] 
[INFO] [stdout] failures:
[INFO] [stdout] 
[INFO] [stdout] ---- src/../README.md - (line 24) stdout ----
[INFO] [stdout] error[E0599]: no method named `add_suffix` found for struct `SuffixTrie` in the current scope
[INFO] [stdout]  --> src/../README.md:29:6
[INFO] [stdout]   |
[INFO] [stdout] 8 | trie.add_suffix("hello".to_string());
[INFO] [stdout]   |      ^^^^^^^^^^ method not found in `SuffixTrie`
[INFO] [stdout] 
[INFO] [stdout] error[E0599]: no method named `add_suffix` found for struct `SuffixTrie` in the current scope
[INFO] [stdout]  --> src/../README.md:30:6
[INFO] [stdout]   |
[INFO] [stdout] 9 | trie.add_suffix("helium".to_string());
[INFO] [stdout]   |      ^^^^^^^^^^ method not found in `SuffixTrie`
[INFO] [stdout] 
[INFO] [stdout] error: aborting due to 2 previous errors
[INFO] [stdout] 
[INFO] [stdout] For more information about this error, try `rustc --explain E0599`.
[INFO] [stdout] Couldn't compile the test.
[INFO] [stdout] 
[INFO] [stdout] failures:
[INFO] [stdout]     src/../README.md - (line 24)
[INFO] [stdout] 
[INFO] [stdout] test result: FAILED. 0 passed; 1 failed; 0 ignored; 0 measured; 0 filtered out; finished in 0.11s
[INFO] [stdout] 
[INFO] [stderr] error: doctest failed, to rerun pass `--doc`
[INFO] running `Command { std: "docker" "inspect" "7aff8baebf78e2f1f6c88d53629f3ece50be3d7f583ea14628d9839aafd8497a", kill_on_drop: false }`
[INFO] running `Command { std: "docker" "rm" "-f" "7aff8baebf78e2f1f6c88d53629f3ece50be3d7f583ea14628d9839aafd8497a", kill_on_drop: false }`
[INFO] [stdout] 7aff8baebf78e2f1f6c88d53629f3ece50be3d7f583ea14628d9839aafd8497a
