[INFO] fetching crate subtitle-translator-cli 0.1.0...
[INFO] testing subtitle-translator-cli-0.1.0 against 1.83.0 for beta-1.84.0-4-retry
[INFO] extracting crate subtitle-translator-cli 0.1.0 into /workspace/builds/worker-4-tc1/source
[INFO] validating manifest of crates.io crate subtitle-translator-cli 0.1.0 on toolchain 1.83.0
[INFO] running `Command { std: CARGO_HOME="/workspace/cargo-home" RUSTUP_HOME="/workspace/rustup-home" "/workspace/cargo-home/bin/cargo" "+1.83.0" "metadata" "--manifest-path" "Cargo.toml" "--no-deps", kill_on_drop: false }`
[INFO] started tweaking crates.io crate subtitle-translator-cli 0.1.0
[INFO] finished tweaking crates.io crate subtitle-translator-cli 0.1.0
[INFO] tweaked toml for crates.io crate subtitle-translator-cli 0.1.0 written to /workspace/builds/worker-4-tc1/source/Cargo.toml
[INFO] crate crates.io crate subtitle-translator-cli 0.1.0 already has a lockfile, it will not be regenerated
[INFO] running `Command { std: CARGO_HOME="/workspace/cargo-home" RUSTUP_HOME="/workspace/rustup-home" "/workspace/cargo-home/bin/cargo" "+1.83.0" "fetch" "--manifest-path" "Cargo.toml", kill_on_drop: false }`
[INFO] [stderr]     Updating crates.io index
[INFO] [stderr]  Downloading crates ...
[INFO] [stderr]   Downloaded rustlate v1.0.0
[INFO] [stderr]   Downloaded tl v0.2.1
[INFO] running `Command { std: "docker" "create" "-v" "/var/lib/crater-agent-workspace/builds/worker-4-tc1/target:/opt/rustwide/target:rw,Z" "-v" "/var/lib/crater-agent-workspace/builds/worker-4-tc1/source:/opt/rustwide/workdir:ro,Z" "-v" "/var/lib/crater-agent-workspace/cargo-home:/opt/rustwide/cargo-home:ro,Z" "-v" "/var/lib/crater-agent-workspace/rustup-home:/opt/rustwide/rustup-home:ro,Z" "-e" "SOURCE_DIR=/opt/rustwide/workdir" "-e" "CARGO_TARGET_DIR=/opt/rustwide/target" "-e" "CARGO_HOME=/opt/rustwide/cargo-home" "-e" "RUSTUP_HOME=/opt/rustwide/rustup-home" "-w" "/opt/rustwide/workdir" "-m" "1610612736" "--user" "0:0" "--network" "none" "ghcr.io/rust-lang/crates-build-env/linux@sha256:f3a9d4ad9d972b27faf3965f35b62e55ba32bbce8f20bc8fe909558a86702fde" "/opt/rustwide/cargo-home/bin/cargo" "+1.83.0" "metadata" "--no-deps" "--format-version=1", kill_on_drop: false }`
[INFO] [stdout] 563ab913e18971a3b14d76e563d9d35055b9c5eff5a66bae624fdf3b71868782
[INFO] running `Command { std: "docker" "start" "-a" "563ab913e18971a3b14d76e563d9d35055b9c5eff5a66bae624fdf3b71868782", kill_on_drop: false }`
[INFO] running `Command { std: "docker" "inspect" "563ab913e18971a3b14d76e563d9d35055b9c5eff5a66bae624fdf3b71868782", kill_on_drop: false }`
[INFO] running `Command { std: "docker" "rm" "-f" "563ab913e18971a3b14d76e563d9d35055b9c5eff5a66bae624fdf3b71868782", kill_on_drop: false }`
[INFO] [stdout] 563ab913e18971a3b14d76e563d9d35055b9c5eff5a66bae624fdf3b71868782
[INFO] running `Command { std: "docker" "create" "-v" "/var/lib/crater-agent-workspace/builds/worker-4-tc1/target:/opt/rustwide/target:rw,Z" "-v" "/var/lib/crater-agent-workspace/builds/worker-4-tc1/source:/opt/rustwide/workdir:ro,Z" "-v" "/var/lib/crater-agent-workspace/cargo-home:/opt/rustwide/cargo-home:ro,Z" "-v" "/var/lib/crater-agent-workspace/rustup-home:/opt/rustwide/rustup-home:ro,Z" "-e" "SOURCE_DIR=/opt/rustwide/workdir" "-e" "CARGO_TARGET_DIR=/opt/rustwide/target" "-e" "CARGO_INCREMENTAL=0" "-e" "RUST_BACKTRACE=full" "-e" "RUSTFLAGS=--cap-lints=warn" "-e" "RUSTDOCFLAGS=--cap-lints=warn" "-e" "CARGO_HOME=/opt/rustwide/cargo-home" "-e" "RUSTUP_HOME=/opt/rustwide/rustup-home" "-w" "/opt/rustwide/workdir" "-m" "1610612736" "--user" "0:0" "--network" "none" "ghcr.io/rust-lang/crates-build-env/linux@sha256:f3a9d4ad9d972b27faf3965f35b62e55ba32bbce8f20bc8fe909558a86702fde" "/opt/rustwide/cargo-home/bin/cargo" "+1.83.0" "build" "--frozen" "--message-format=json", kill_on_drop: false }`
[INFO] [stdout] c41dffde6a362cda3f27756c8cf5944a94410acf415e05d40daa5c754dd18a82
[INFO] running `Command { std: "docker" "start" "-a" "c41dffde6a362cda3f27756c8cf5944a94410acf415e05d40daa5c754dd18a82", kill_on_drop: false }`
[INFO] [stderr]    Compiling libc v0.2.155
[INFO] [stderr]    Compiling proc-macro2 v1.0.86
[INFO] [stderr]    Compiling unicode-ident v1.0.12
[INFO] [stderr]    Compiling pkg-config v0.3.30
[INFO] [stderr]    Compiling cc v1.0.99
[INFO] [stderr]    Compiling pin-project-lite v0.2.14
[INFO] [stderr]    Compiling vcpkg v0.2.15
[INFO] [stderr]    Compiling once_cell v1.19.0
[INFO] [stderr]    Compiling bytes v1.6.0
[INFO] [stderr]    Compiling memchr v2.7.4
[INFO] [stderr]    Compiling autocfg v1.3.0
[INFO] [stderr]    Compiling futures-core v0.3.30
[INFO] [stderr]    Compiling itoa v1.0.11
[INFO] [stderr]    Compiling fnv v1.0.7
[INFO] [stderr]    Compiling cfg-if v1.0.0
[INFO] [stderr]    Compiling openssl v0.10.64
[INFO] [stderr]    Compiling foreign-types-shared v0.1.1
[INFO] [stderr]    Compiling tinyvec_macros v0.1.1
[INFO] [stderr]    Compiling equivalent v1.0.1
[INFO] [stderr]    Compiling foreign-types v0.3.2
[INFO] [stderr]    Compiling tracing-core v0.1.32
[INFO] [stderr]    Compiling bitflags v2.5.0
[INFO] [stderr]    Compiling futures-sink v0.3.30
[INFO] [stderr]    Compiling httparse v1.9.4
[INFO] [stderr]    Compiling futures-io v0.3.30
[INFO] [stderr]    Compiling hashbrown v0.14.5
[INFO] [stderr]    Compiling pin-utils v0.1.0
[INFO] [stderr]    Compiling native-tls v0.2.12
[INFO] [stderr]    Compiling crossbeam-utils v0.8.20
[INFO] [stderr]    Compiling slab v0.4.9
[INFO] [stderr]    Compiling futures-task v0.3.30
[INFO] [stderr]    Compiling tinyvec v1.6.0
[INFO] [stderr]    Compiling http v0.2.12
[INFO] [stderr]    Compiling percent-encoding v2.3.1
[INFO] [stderr]    Compiling openssl-probe v0.1.5
[INFO] [stderr]    Compiling tracing v0.1.40
[INFO] [stderr]    Compiling try-lock v0.2.5
[INFO] [stderr]    Compiling serde v1.0.203
[INFO] [stderr]    Compiling log v0.4.21
[INFO] [stderr]    Compiling want v0.3.1
[INFO] [stderr]    Compiling form_urlencoded v1.2.1
[INFO] [stderr]    Compiling futures-channel v0.3.30
[INFO] [stderr]    Compiling unicode-bidi v0.3.15
[INFO] [stderr]    Compiling tower-service v0.3.2
[INFO] [stderr]    Compiling utf8parse v0.2.2
[INFO] [stderr]    Compiling indexmap v2.2.6
[INFO] [stderr]    Compiling httpdate v1.0.3
[INFO] [stderr]    Compiling futures-util v0.3.30
[INFO] [stderr]    Compiling anstyle-parse v0.2.4
[INFO] [stderr]    Compiling ryu v1.0.18
[INFO] [stderr]    Compiling anstyle v1.0.7
[INFO] [stderr]    Compiling colorchoice v1.0.1
[INFO] [stderr]    Compiling portable-atomic v1.6.0
[INFO] [stderr]    Compiling anstyle-query v1.1.0
[INFO] [stderr]    Compiling base64 v0.21.7
[INFO] [stderr]    Compiling rayon-core v1.12.1
[INFO] [stderr]    Compiling quote v1.0.36
[INFO] [stderr]    Compiling is_terminal_polyfill v1.70.0
[INFO] [stderr]    Compiling aho-corasick v1.1.3
[INFO] [stderr]    Compiling syn v2.0.67
[INFO] [stderr]    Compiling anstream v0.6.14
[INFO] [stderr]    Compiling unicode-normalization v0.1.23
[INFO] [stderr]    Compiling crossbeam-epoch v0.9.18
[INFO] [stderr]    Compiling mio v0.8.11
[INFO] [stderr]    Compiling socket2 v0.5.7
[INFO] [stderr]    Compiling http-body v0.4.6
[INFO] [stderr]    Compiling idna v0.5.0
[INFO] [stderr]    Compiling crossbeam-deque v0.8.5
[INFO] [stderr]    Compiling rustls-pemfile v1.0.4
[INFO] [stderr]    Compiling encoding_rs v0.8.34
[INFO] [stderr]    Compiling heck v0.5.0
[INFO] [stderr]    Compiling regex-syntax v0.8.4
[INFO] [stderr]    Compiling tokio v1.38.0
[INFO] [stderr]    Compiling mime v0.3.17
[INFO] [stderr]    Compiling unicode-width v0.1.13
[INFO] [stderr]    Compiling lazy_static v1.5.0
[INFO] [stderr]    Compiling strsim v0.11.1
[INFO] [stderr]    Compiling ipnet v2.9.0
[INFO] [stderr]    Compiling clap_lex v0.7.1
[INFO] [stderr]    Compiling openssl-sys v0.9.102
[INFO] [stderr]    Compiling sync_wrapper v0.1.2
[INFO] [stderr]    Compiling console v0.15.8
[INFO] [stderr]    Compiling tl v0.2.1
[INFO] [stderr]    Compiling clap_builder v4.5.7
[INFO] [stderr]    Compiling url v2.5.2
[INFO] [stderr]    Compiling number_prefix v0.4.0
[INFO] [stderr]    Compiling either v1.12.0
[INFO] [stderr]    Compiling glob v0.3.1
[INFO] [stderr]    Compiling indicatif v0.17.8
[INFO] [stderr]    Compiling rayon v1.10.0
[INFO] [stderr]    Compiling openssl-macros v0.1.1
[INFO] [stderr]    Compiling clap_derive v4.5.5
[INFO] [stderr]    Compiling regex-automata v0.4.7
[INFO] [stderr]    Compiling serde_urlencoded v0.7.1
[INFO] [stderr]    Compiling tokio-util v0.7.11
[INFO] [stderr]    Compiling h2 v0.3.26
[INFO] [stderr]    Compiling clap v4.5.7
[INFO] [stderr]    Compiling regex v1.10.5
[INFO] [stderr]    Compiling tokio-native-tls v0.3.1
[INFO] [stderr]    Compiling hyper v0.14.29
[INFO] [stderr]    Compiling hyper-tls v0.5.0
[INFO] [stderr]    Compiling reqwest v0.11.27
[INFO] [stderr]    Compiling rustlate v1.0.0
[INFO] [stderr]    Compiling subtitle-translator-cli v0.1.0 (/opt/rustwide/workdir)
[INFO] [stderr]     Finished `dev` profile [unoptimized + debuginfo] target(s) in 34.67s
[INFO] running `Command { std: "docker" "inspect" "c41dffde6a362cda3f27756c8cf5944a94410acf415e05d40daa5c754dd18a82", kill_on_drop: false }`
[INFO] running `Command { std: "docker" "rm" "-f" "c41dffde6a362cda3f27756c8cf5944a94410acf415e05d40daa5c754dd18a82", kill_on_drop: false }`
[INFO] [stdout] c41dffde6a362cda3f27756c8cf5944a94410acf415e05d40daa5c754dd18a82
[INFO] running `Command { std: "docker" "create" "-v" "/var/lib/crater-agent-workspace/builds/worker-4-tc1/target:/opt/rustwide/target:rw,Z" "-v" "/var/lib/crater-agent-workspace/builds/worker-4-tc1/source:/opt/rustwide/workdir:ro,Z" "-v" "/var/lib/crater-agent-workspace/cargo-home:/opt/rustwide/cargo-home:ro,Z" "-v" "/var/lib/crater-agent-workspace/rustup-home:/opt/rustwide/rustup-home:ro,Z" "-e" "SOURCE_DIR=/opt/rustwide/workdir" "-e" "CARGO_TARGET_DIR=/opt/rustwide/target" "-e" "CARGO_INCREMENTAL=0" "-e" "RUST_BACKTRACE=full" "-e" "RUSTFLAGS=--cap-lints=warn" "-e" "RUSTDOCFLAGS=--cap-lints=warn" "-e" "CARGO_HOME=/opt/rustwide/cargo-home" "-e" "RUSTUP_HOME=/opt/rustwide/rustup-home" "-w" "/opt/rustwide/workdir" "-m" "1610612736" "--user" "0:0" "--network" "none" "ghcr.io/rust-lang/crates-build-env/linux@sha256:f3a9d4ad9d972b27faf3965f35b62e55ba32bbce8f20bc8fe909558a86702fde" "/opt/rustwide/cargo-home/bin/cargo" "+1.83.0" "test" "--frozen" "--no-run" "--message-format=json", kill_on_drop: false }`
[INFO] [stdout] b4e9b80b062f8cd29d19cdfab0cd428c96a685cb30ab588dc0e2c3da6ff94368
[INFO] running `Command { std: "docker" "start" "-a" "b4e9b80b062f8cd29d19cdfab0cd428c96a685cb30ab588dc0e2c3da6ff94368", kill_on_drop: false }`
[INFO] [stderr]    Compiling subtitle-translator-cli v0.1.0 (/opt/rustwide/workdir)
[INFO] [stderr]     Finished `test` profile [unoptimized + debuginfo] target(s) in 4.16s
[INFO] running `Command { std: "docker" "inspect" "b4e9b80b062f8cd29d19cdfab0cd428c96a685cb30ab588dc0e2c3da6ff94368", kill_on_drop: false }`
[INFO] running `Command { std: "docker" "rm" "-f" "b4e9b80b062f8cd29d19cdfab0cd428c96a685cb30ab588dc0e2c3da6ff94368", kill_on_drop: false }`
[INFO] [stdout] b4e9b80b062f8cd29d19cdfab0cd428c96a685cb30ab588dc0e2c3da6ff94368
[INFO] running `Command { std: "docker" "create" "-v" "/var/lib/crater-agent-workspace/builds/worker-4-tc1/target:/opt/rustwide/target:rw,Z" "-v" "/var/lib/crater-agent-workspace/builds/worker-4-tc1/source:/opt/rustwide/workdir:ro,Z" "-v" "/var/lib/crater-agent-workspace/cargo-home:/opt/rustwide/cargo-home:ro,Z" "-v" "/var/lib/crater-agent-workspace/rustup-home:/opt/rustwide/rustup-home:ro,Z" "-e" "SOURCE_DIR=/opt/rustwide/workdir" "-e" "CARGO_TARGET_DIR=/opt/rustwide/target" "-e" "CARGO_INCREMENTAL=0" "-e" "RUST_BACKTRACE=full" "-e" "RUSTFLAGS=--cap-lints=warn" "-e" "RUSTDOCFLAGS=--cap-lints=warn" "-e" "CARGO_HOME=/opt/rustwide/cargo-home" "-e" "RUSTUP_HOME=/opt/rustwide/rustup-home" "-w" "/opt/rustwide/workdir" "-m" "1610612736" "--user" "0:0" "--network" "none" "ghcr.io/rust-lang/crates-build-env/linux@sha256:f3a9d4ad9d972b27faf3965f35b62e55ba32bbce8f20bc8fe909558a86702fde" "/opt/rustwide/cargo-home/bin/cargo" "+1.83.0" "test" "--frozen", kill_on_drop: false }`
[INFO] [stdout] 9fe68d20d755257232ea453ff81b0c6177d747a8012e85f75153e9ff6d09f192
[INFO] running `Command { std: "docker" "start" "-a" "9fe68d20d755257232ea453ff81b0c6177d747a8012e85f75153e9ff6d09f192", kill_on_drop: false }`
[INFO] [stderr]     Finished `test` profile [unoptimized + debuginfo] target(s) in 0.15s
[INFO] [stderr]      Running unittests src/lib.rs (/opt/rustwide/target/debug/deps/subtitle_translator_cli-1291eb8ac918a6e8)
[INFO] [stdout] 
[INFO] [stdout] running 2 tests
[INFO] [stdout] test tests::test_translate ... ok
[INFO] [stdout] test tests::test_process_files ... FAILED
[INFO] [stdout] 
[INFO] [stdout] failures:
[INFO] [stdout] 
[INFO] [stdout] ---- tests::test_process_files stdout ----
[INFO] [stdout] Translation error: "error sending request for url (https://translate.google.com/m?tl=en&sl=auto&q=I%20must%20sway%20the%20non-believers.): error trying to connect: dns error: failed to lookup address information: Temporary failure in name resolution"
[INFO] [stdout] Translation error: "error sending request for url (https://translate.google.com/m?tl=en&sl=auto&q=%E4%BB%96%E8%AE%A4%E4%B8%BA%E4%BD%A0%E4%BB%AC%E6%98%AF%E9%97%B4%E8%B0%8D): error trying to connect: dns error: failed to lookup address information: Temporary failure in name resolution"
[INFO] [stdout] Translation error: "error sending request for url (https://translate.google.com/m?tl=en&sl=auto&q=Sietch%20Tabr): error trying to connect: dns error: failed to lookup address information: Temporary failure in name resolution"
[INFO] [stdout] Translation error: "error sending request for url (https://translate.google.com/m?tl=en&sl=auto&q=%E8%B7%9F%E7%B4%A7%E6%88%91): error trying to connect: dns error: failed to lookup address information: Temporary failure in name resolution"
[INFO] [stdout] Translation error: "error sending request for url (https://translate.google.com/m?tl=en&sl=auto&q=Your%20father%20didn%27t%20believe%20in%20revenge.): error trying to connect: dns error: failed to lookup address information: Temporary failure in name resolution"
[INFO] [stdout] Translation error: "error sending request for url (https://translate.google.com/m?tl=en&sl=auto&q=%E5%A6%82%E6%9E%9C%E4%BB%96%E4%BB%AC%E8%B7%9F%E7%9D%80%E6%88%91%20%E6%88%91%E4%BB%AC%E5%B0%B1%E5%8F%AF%E4%BB%A5): error trying to connect: dns error: failed to lookup address information: Temporary failure in name resolution"
[INFO] [stdout] Translation error: "error sending request for url (https://translate.google.com/m?tl=en&sl=auto&q=%E5%9B%A0%E4%B8%BA%E4%BD%A0%E4%BA%86%E8%A7%A3%E9%A2%84%E8%A8%80): error trying to connect: dns error: failed to lookup address information: Temporary failure in name resolution"
[INFO] [stdout] Translation error: "error sending request for url (https://translate.google.com/m?tl=en&sl=auto&q=%E8%A9%B9%E7%B1%B3!%20%E8%A9%B9%E7%B1%B3%EF%BC%81): error trying to connect: dns error: failed to lookup address information: Temporary failure in name resolution"
[INFO] [stdout] Translation error: "error sending request for url (https://translate.google.com/m?tl=en&sl=auto&q=He%20thinks%20you%27re%20spies.): error trying to connect: dns error: failed to lookup address information: Temporary failure in name resolution"
[INFO] [stdout] Translation error: "error sending request for url (https://translate.google.com/m?tl=en&sl=auto&q=%E6%9C%89%E5%BE%81%E5%85%86): error trying to connect: dns error: failed to lookup address information: Temporary failure in name resolution"
[INFO] [stdout] Translation error: "error sending request for url (https://translate.google.com/m?tl=en&sl=auto&q=%E9%82%A3%E4%B8%AA%E5%A5%B3%E4%BA%BA%E5%91%A2%EF%BC%9F): error trying to connect: dns error: failed to lookup address information: Temporary failure in name resolution"
[INFO] [stdout] Translation error: "error sending request for url (https://translate.google.com/m?tl=en&sl=auto&q=Stay%20close%20to%20me.): error trying to connect: dns error: failed to lookup address information: Temporary failure in name resolution"
[INFO] [stdout] Translation error: "error sending request for url (https://translate.google.com/m?tl=en&sl=auto&q=Because%20you%20understand%20the%20prophecies.): error trying to connect: dns error: failed to lookup address information: Temporary failure in name resolution"
[INFO] [stdout] Translation error: "error sending request for url (https://translate.google.com/m?tl=en&sl=auto&q=%E4%BD%A0%E6%9D%80%E4%BA%86%E8%A9%B9%E7%B1%B3%EF%BC%81): error trying to connect: dns error: failed to lookup address information: Temporary failure in name resolution"
[INFO] [stdout] Translation error: "error sending request for url (https://translate.google.com/m?tl=en&sl=auto&q=%E5%A5%B3%E5%B7%AB%EF%BC%81): error trying to connect: dns error: failed to lookup address information: Temporary failure in name resolution"
[INFO] [stdout] Translation error: "error sending request for url (https://translate.google.com/m?tl=en&sl=auto&q=If%20they%20follow%20me,%20we%20can): error trying to connect: dns error: failed to lookup address information: Temporary failure in name resolution"
[INFO] [stdout] Translation error: "error sending request for url (https://translate.google.com/m?tl=en&sl=auto&q=%E5%A1%94%E5%B8%83%E5%B0%94%E7%A9%B4%E5%9C%B0): error trying to connect: dns error: failed to lookup address information: Temporary failure in name resolution"
[INFO] [stdout] Translation error: "error sending request for url (https://translate.google.com/m?tl=en&sl=auto&q=%E6%88%91%E7%9B%B8%E4%BF%A1): error trying to connect: dns error: failed to lookup address information: Temporary failure in name resolution"
[INFO] [stdout] Translation error: "error sending request for url (https://translate.google.com/m?tl=en&sl=auto&q=He%20said...): error trying to connect: dns error: failed to lookup address information: Temporary failure in name resolution"
[INFO] [stdout] Translation error: "error sending request for url (https://translate.google.com/m?tl=en&sl=auto&q=%E6%9D%8E%E6%A1%91%C2%B7%E9%98%BF%E5%B0%94-%E7%9B%96%E5%B8%83%E7%9A%84%E6%AF%8D%E4%BA%B2): error trying to connect: dns error: failed to lookup address information: Temporary failure in name resolution"
[INFO] [stdout] Translation error: "error sending request for url (https://translate.google.com/m?tl=en&sl=auto&q=%E4%B8%89%E5%8D%83%E5%85%AB%E7%99%BE%E4%B8%87%E5%85%AC%E5%8D%87): error trying to connect: dns error: failed to lookup address information: Temporary failure in name resolution"
[INFO] [stdout] Translation error: "error sending request for url (https://translate.google.com/m?tl=en&sl=auto&q=%E7%9C%8B%E6%9D%A5%E8%B4%9D%E5%B0%BC%C2%B7%E6%9D%B0%E7%91%9F%E9%87%8C%E7%89%B9%E7%9A%84%E5%AE%A3%E4%BC%A0%E5%B7%B2%E7%BB%8F%E6%B7%B1%E5%85%A5%E4%BA%BA%E5%BF%83): error trying to connect: dns error: failed to lookup address information: Temporary failure in name resolution"
[INFO] [stdout] Translation error: "error sending request for url (https://translate.google.com/m?tl=en&sl=auto&q=%E9%A3%9F%E7%89%A9%E9%87%8C%E6%9C%89%E9%A6%99%E6%96%99): error trying to connect: dns error: failed to lookup address information: Temporary failure in name resolution"
[INFO] [stdout] Translation error: "error sending request for url (https://translate.google.com/m?tl=en&sl=auto&q=Thanks.): error trying to connect: dns error: failed to lookup address information: Temporary failure in name resolution"
[INFO] [stdout] Translation error: "error sending request for url (https://translate.google.com/m?tl=en&sl=auto&q=%E5%88%AB%E5%90%90%E5%87%BA%E6%9D%A5): error trying to connect: dns error: failed to lookup address information: Temporary failure in name resolution"
[INFO] [stdout] Translation error: "error sending request for url (https://translate.google.com/m?tl=en&sl=auto&q=I%20think%20you%20should%20feel%20honored.): error trying to connect: dns error: failed to lookup address information: Temporary failure in name resolution"
[INFO] [stdout] Translation error: "error sending request for url (https://translate.google.com/m?tl=en&sl=auto&q=%E9%97%B4%E8%B0%8D%EF%BC%81): error trying to connect: dns error: failed to lookup address information: Temporary failure in name resolution"
[INFO] [stdout] Translation error: "error sending request for url (https://translate.google.com/m?tl=en&sl=auto&q=There%20are%20signs.): error trying to connect: dns error: failed to lookup address information: Temporary failure in name resolution"
[INFO] [stdout] Translation error: "error sending request for url (https://translate.google.com/m?tl=en&sl=auto&q=%E8%BF%99%E9%87%8C%E4%B8%8D%E6%AC%A2%E8%BF%8E%E4%BD%A0%E4%BB%AC): error trying to connect: dns error: failed to lookup address information: Temporary failure in name resolution"
[INFO] [stdout] Translation error: "error sending request for url (https://translate.google.com/m?tl=en&sl=auto&q=I%20got%20that.): error trying to connect: dns error: failed to lookup address information: Temporary failure in name resolution"
[INFO] [stdout] Translation error: "error sending request for url (https://translate.google.com/m?tl=en&sl=auto&q=%E6%88%91%E5%90%AC%E6%87%82%E4%BA%86): error trying to connect: dns error: failed to lookup address information: Temporary failure in name resolution"
[INFO] [stdout] Translation error: "error sending request for url (https://translate.google.com/m?tl=en&sl=auto&q=disrupt%20spice%20production.): error trying to connect: dns error: failed to lookup address information: Temporary failure in name resolution"
[INFO] [stdout] Translation error: "error sending request for url (https://translate.google.com/m?tl=en&sl=auto&q=%E7%A0%B4%E5%9D%8F%E9%A6%99%E6%96%99%E7%94%9F%E4%BA%A7): error trying to connect: dns error: failed to lookup address information: Temporary failure in name resolution"
[INFO] [stdout] Translation error: "error sending request for url (https://translate.google.com/m?tl=en&sl=auto&q=Hell,%20I%20do.): error trying to connect: dns error: failed to lookup address information: Temporary failure in name resolution"
[INFO] [stdout] Translation error: "error sending request for url (https://translate.google.com/m?tl=en&sl=auto&q=%E4%BD%8F%E6%89%8B!%20%E4%BD%8F%E6%89%8B%EF%BC%81): error trying to connect: dns error: failed to lookup address information: Temporary failure in name resolution"
[INFO] [stdout] Translation error: "error sending request for url (https://translate.google.com/m?tl=en&sl=auto&q=The%20mother%20of%20the%20Lisan%20al-Gaib): error trying to connect: dns error: failed to lookup address information: Temporary failure in name resolution"
[INFO] [stdout] Translation error: "error sending request for url (https://translate.google.com/m?tl=en&sl=auto&q=There%27s%20spice%20in%20the%20food.): error trying to connect: dns error: failed to lookup address information: Temporary failure in name resolution"
[INFO] [stdout] Translation error: "error sending request for url (https://translate.google.com/m?tl=en&sl=auto&q=38%20million%20decaliters.): error trying to connect: dns error: failed to lookup address information: Temporary failure in name resolution"
[INFO] [stdout] Translation error: "error sending request for url (https://translate.google.com/m?tl=en&sl=auto&q=Looks%20like%20the%20Bene%20Gesserit%27s%20%27%20propaganda%20has%20taken%20root): error trying to connect: dns error: failed to lookup address information: Temporary failure in name resolution"
[INFO] [stdout] Translation error: "error sending request for url (https://translate.google.com/m?tl=en&sl=auto&q=%E4%BD%A0%E6%83%B3%E8%AE%A9%E6%88%91%E4%BB%A3%E6%9B%BF%E5%A5%B9%EF%BC%9F): error trying to connect: dns error: failed to lookup address information: Temporary failure in name resolution"
[INFO] [stdout] Translation error: "error sending request for url (https://translate.google.com/m?tl=en&sl=auto&q=%E8%BF%99%E6%98%AF%E7%94%9F%E6%AD%BB%E5%86%B3%E6%8B%A9): error trying to connect: dns error: failed to lookup address information: Temporary failure in name resolution"
[INFO] [stdout] Translation error: "error sending request for url (https://translate.google.com/m?tl=en&sl=auto&q=Don%27t%20let%20it%20out.): error trying to connect: dns error: failed to lookup address information: Temporary failure in name resolution"
[INFO] [stdout] Translation error: "error sending request for url (https://translate.google.com/m?tl=en&sl=auto&q=%E4%BB%96%E8%AF%B4%E2%80%A6%E2%80%A6): error trying to connect: dns error: failed to lookup address information: Temporary failure in name resolution"
[INFO] [stdout] Translation error: "error sending request for url (https://translate.google.com/m?tl=en&sl=auto&q=%E6%98%AF%E7%9A%84): error trying to connect: dns error: failed to lookup address information: Temporary failure in name resolution"
[INFO] [stdout] Translation error: "error sending request for url (https://translate.google.com/m?tl=en&sl=auto&q=%E4%BC%9A%E6%88%90%E4%B8%BA%E5%9C%A3%E6%AF%8D): error trying to connect: dns error: failed to lookup address information: Temporary failure in name resolution"
[INFO] [stdout] Translation error: "error sending request for url (https://translate.google.com/m?tl=en&sl=auto&q=%E8%B0%A2%E8%B0%A2): error trying to connect: dns error: failed to lookup address information: Temporary failure in name resolution"
[INFO] [stdout] Translation error: "error sending request for url (https://translate.google.com/m?tl=en&sl=auto&q=%E4%B8%8D%20%E6%88%91%E4%BB%AC%E4%B8%8D%E4%BF%A1): error trying to connect: dns error: failed to lookup address information: Temporary failure in name resolution"
[INFO] [stdout] Translation error: "error sending request for url (https://translate.google.com/m?tl=en&sl=auto&q=%E6%88%91%E6%83%B3): error trying to connect: dns error: failed to lookup address information: Temporary failure in name resolution"
[INFO] [stdout] Translation error: "error sending request for url (https://translate.google.com/m?tl=en&sl=auto&q=%E5%8F%AA%E6%9C%89%E8%BF%99%E6%9D%A1%E8%B7%AF%E6%88%91%E6%89%8D%E8%83%BD%E6%8E%A5%E8%BF%91%E7%9A%87%E5%B8%9D): error trying to connect: dns error: failed to lookup address information: Temporary failure in name resolution"
[INFO] [stdout] Translation error: "error sending request for url (https://translate.google.com/m?tl=en&sl=auto&q=%E6%80%8E%E4%B9%88%E4%BA%86%EF%BC%9F): error trying to connect: dns error: failed to lookup address information: Temporary failure in name resolution"
[INFO] [stdout] Translation error: "error sending request for url (https://translate.google.com/m?tl=en&sl=auto&q=%E4%BB%96%E5%80%BC%E5%BE%97%E6%88%91%E4%BB%AC%E5%B0%8A%E9%87%8D%20%E4%BB%96%E6%98%AF%E4%B8%AA%E5%A5%BD%E6%88%98%E5%A3%AB): error trying to connect: dns error: failed to lookup address information: Temporary failure in name resolution"
[INFO] [stdout] Translation error: "error sending request for url (https://translate.google.com/m?tl=en&sl=auto&q=%E4%BB%96%E4%BB%AC%E4%B8%8D%E7%9F%A5%E9%81%93%E8%87%AA%E5%B7%B1%E5%9C%A8%E8%AF%B4%E4%BB%80%E4%B9%88): error trying to connect: dns error: failed to lookup address information: Temporary failure in name resolution"
[INFO] [stdout] Translation error: "error sending request for url (https://translate.google.com/m?tl=en&sl=auto&q=%E4%BB%96%E8%93%9D%E7%9C%BC%E7%9D%9B%E4%B8%80%E5%AE%9A%E5%BE%88%E5%A5%BD%E7%9C%8B): error trying to connect: dns error: failed to lookup address information: Temporary failure in name resolution"
[INFO] [stdout] Translation error: "error sending request for url (https://translate.google.com/m?tl=en&sl=auto&q=%E6%9C%89%E4%BA%9B%E4%BA%BA%E5%B7%B2%E7%BB%8F%E8%AE%A4%E4%B8%BA%E6%88%91%E6%98%AF%E4%BB%96%E4%BB%AC%E7%9A%84%E6%95%91%E4%B8%96%E4%B8%BB%E4%BA%86): error trying to connect: dns error: failed to lookup address information: Temporary failure in name resolution"
[INFO] [stdout] Translation error: "error sending request for url (https://translate.google.com/m?tl=en&sl=auto&q=%E6%88%91%E4%BB%AC%E5%8D%B3%E4%BD%BF%E6%B8%B4%E6%AD%BB): error trying to connect: dns error: failed to lookup address information: Temporary failure in name resolution"
[INFO] [stdout] Translation error: "error sending request for url (https://translate.google.com/m?tl=en&sl=auto&q=%E5%B7%AE%E4%B8%80%E7%82%B9): error trying to connect: dns error: failed to lookup address information: Temporary failure in name resolution"
[INFO] [stdout] Translation error: "error sending request for url (https://translate.google.com/m?tl=en&sl=auto&q=Yes.): error trying to connect: dns error: failed to lookup address information: Temporary failure in name resolution"
[INFO] [stdout] Translation error: "error sending request for url (https://translate.google.com/m?tl=en&sl=auto&q=You%20want%20me%20to%20take%20her%20place?): error trying to connect: dns error: failed to lookup address information: Temporary failure in name resolution"
[INFO] [stdout] Translation error: "error sending request for url (https://translate.google.com/m?tl=en&sl=auto&q=%E6%98%AF%E7%9A%84): error trying to connect: dns error: failed to lookup address information: Temporary failure in name resolution"
[INFO] [stdout] Translation error: "error sending request for url (https://translate.google.com/m?tl=en&sl=auto&q=It%20was%20a%20choice%20between%20this%20or%20death,): error trying to connect: dns error: failed to lookup address information: Temporary failure in name resolution"
[INFO] [stdout] Translation error: "error sending request for url (https://translate.google.com/m?tl=en&sl=auto&q=I%20do.): error trying to connect: dns error: failed to lookup address information: Temporary failure in name resolution"
[INFO] [stdout] Translation error: "error sending request for url (https://translate.google.com/m?tl=en&sl=auto&q=%E5%88%AB%E5%98%B2%E7%AC%91%E4%BB%96): error trying to connect: dns error: failed to lookup address information: Temporary failure in name resolution"
[INFO] [stdout] Translation error: "error sending request for url (https://translate.google.com/m?tl=en&sl=auto&q=No,%20we%20don%27t.): error trying to connect: dns error: failed to lookup address information: Temporary failure in name resolution"
[INFO] [stdout] Translation error: "error sending request for url (https://translate.google.com/m?tl=en&sl=auto&q=will%20be%20a%20Reverend%20mother.): error trying to connect: dns error: failed to lookup address information: Temporary failure in name resolution"
[INFO] [stdout] Translation error: "error sending request for url (https://translate.google.com/m?tl=en&sl=auto&q=That%27s%20the%20only%20way%20I%20can%20get%20to%20the%20emperor.): error trying to connect: dns error: failed to lookup address information: Temporary failure in name resolution"
[INFO] [stdout] Translation error: "error sending request for url (https://translate.google.com/m?tl=en&sl=auto&q=Others,%20false%20prophet.): error trying to connect: dns error: failed to lookup address information: Temporary failure in name resolution"
[INFO] [stdout] Translation error: "error sending request for url (https://translate.google.com/m?tl=en&sl=auto&q=Some%20of%20them%20already%20think%20I%27m%20their%20messiah.): error trying to connect: dns error: failed to lookup address information: Temporary failure in name resolution"
[INFO] [stdout] Translation error: "error sending request for url (https://translate.google.com/m?tl=en&sl=auto&q=%E5%A5%B3%E4%BA%BA%20%E8%B7%9F%E6%88%91%E6%9D%A5): error trying to connect: dns error: failed to lookup address information: Temporary failure in name resolution"
[INFO] [stdout] Translation error: "error sending request for url (https://translate.google.com/m?tl=en&sl=auto&q=What%20is%20happening?): error trying to connect: dns error: failed to lookup address information: Temporary failure in name resolution"
[INFO] [stdout] Translation error: "error sending request for url (https://translate.google.com/m?tl=en&sl=auto&q=%E6%9D%8E%E6%A1%91%C2%B7%E9%98%BF%E5%B0%94-%E7%9B%96%E5%B8%83!%20%E6%9D%8E%E6%A1%91%C2%B7%E9%98%BF%E5%B0%94-%E7%9B%96%E5%B8%83%EF%BC%81): error trying to connect: dns error: failed to lookup address information: Temporary failure in name resolution"
[INFO] [stdout] Translation error: "error sending request for url (https://translate.google.com/m?tl=en&sl=auto&q=None%20of%20us,%20even%20dying%20of%20thirst): error trying to connect: dns error: failed to lookup address information: Temporary failure in name resolution"
[INFO] [stdout] Translation error: "error sending request for url (https://translate.google.com/m?tl=en&sl=auto&q=I%20can%27t.): error trying to connect: dns error: failed to lookup address information: Temporary failure in name resolution"
[INFO] [stdout] Translation error: "error sending request for url (https://translate.google.com/m?tl=en&sl=auto&q=%E6%88%91%E4%BB%AC%E7%9A%84%E5%9C%A3%E6%AF%8D%E5%BF%AB%E6%AD%BB%E4%BA%86): error trying to connect: dns error: failed to lookup address information: Temporary failure in name resolution"
[INFO] [stdout] Translation error: "error sending request for url (https://translate.google.com/m?tl=en&sl=auto&q=%E5%A6%82%E6%9E%9C%E6%88%91%E6%8B%92%E7%BB%9D%E5%91%A2%EF%BC%9F): error trying to connect: dns error: failed to lookup address information: Temporary failure in name resolution"
[INFO] [stdout] Translation error: "error sending request for url (https://translate.google.com/m?tl=en&sl=auto&q=Yes,): error trying to connect: dns error: failed to lookup address information: Temporary failure in name resolution"
[INFO] [stdout] Translation error: "error sending request for url (https://translate.google.com/m?tl=en&sl=auto&q=%E4%BD%A0%E5%B0%B1%E6%B2%A1%E6%9C%89%E4%BB%BB%E4%BD%95%E6%84%8F%E4%B9%89%E4%BA%86): error trying to connect: dns error: failed to lookup address information: Temporary failure in name resolution"
[INFO] [stdout] Translation error: "error sending request for url (https://translate.google.com/m?tl=en&sl=auto&q=You%20want%20to%20control%20people?): error trying to connect: dns error: failed to lookup address information: Temporary failure in name resolution"
[INFO] [stdout] Translation error: "error sending request for url (https://translate.google.com/m?tl=en&sl=auto&q=%E4%BD%A0%E7%9B%B8%E4%BF%A1%E4%BF%9D%E7%BD%97%E5%90%97%EF%BC%9F): error trying to connect: dns error: failed to lookup address information: Temporary failure in name resolution"
[INFO] [stdout] Translation error: "error sending request for url (https://translate.google.com/m?tl=en&sl=auto&q=%E8%BF%99%E4%BA%9B%E9%83%BD%E6%98%AF%E5%8D%97%E6%96%B9%E7%9A%84%E4%BF%A1%E4%BB%B0): error trying to connect: dns error: failed to lookup address information: Temporary failure in name resolution"
[INFO] [stdout] Translation error: "error sending request for url (https://translate.google.com/m?tl=en&sl=auto&q=%E6%89%80%E4%BB%A5%E8%AF%B7%E5%8E%9F%E8%B0%85%E6%88%91%E7%9A%84%E4%B8%8D%E6%95%AC): error trying to connect: dns error: failed to lookup address information: Temporary failure in name resolution"
[INFO] [stdout] Translation error: "error sending request for url (https://translate.google.com/m?tl=en&sl=auto&q=%E5%85%B6%E4%BB%96%E4%BA%BA%20%E5%88%99%E8%AE%A4%E4%B8%BA%E6%88%91%E6%98%AF%E5%81%87%E5%85%88%E7%9F%A5): error trying to connect: dns error: failed to lookup address information: Temporary failure in name resolution"
[INFO] [stdout] Translation error: "error sending request for url (https://translate.google.com/m?tl=en&sl=auto&q=%E6%88%91%E5%BF%85%E9%A1%BB%E8%AF%B4%E6%9C%8D%E9%82%A3%E4%BA%9B%E4%B8%8D%E4%BF%A1%E7%9A%84%E4%BA%BA): error trying to connect: dns error: failed to lookup address information: Temporary failure in name resolution"
[INFO] [stdout] Translation error: "error sending request for url (https://translate.google.com/m?tl=en&sl=auto&q=Woman,%20come%20with%20me.): error trying to connect: dns error: failed to lookup address information: Temporary failure in name resolution"
[INFO] [stdout] Translation error: "error sending request for url (https://translate.google.com/m?tl=en&sl=auto&q=%E5%A4%96%E5%9B%BD%E4%BA%BA%E5%90%83%E4%B8%8D%E4%BA%86%E8%BE%A3%EF%BC%9F): error trying to connect: dns error: failed to lookup address information: Temporary failure in name resolution"
[INFO] [stdout] Translation error: "error sending request for url (https://translate.google.com/m?tl=en&sl=auto&q=%E4%BD%A0%E7%88%B6%E4%BA%B2%E4%B8%8D%E7%9B%B8%E4%BF%A1%E5%A4%8D%E4%BB%87): error trying to connect: dns error: failed to lookup address information: Temporary failure in name resolution"
[INFO] [stdout] Translation error: "error sending request for url (https://translate.google.com/m?tl=en&sl=auto&q=What%20if%20I%20would%20refuse?): error trying to connect: dns error: failed to lookup address information: Temporary failure in name resolution"
[INFO] [stdout] Translation error: "error sending request for url (https://translate.google.com/m?tl=en&sl=auto&q=Our%20Reverend%20Mother%20is%20dying.): error trying to connect: dns error: failed to lookup address information: Temporary failure in name resolution"
[INFO] [stdout] Translation error: "error sending request for url (https://translate.google.com/m?tl=en&sl=auto&q=%E4%B9%9F%E4%B8%8D%E4%BC%9A%E5%96%9D%E8%BF%99%E7%9A%84%E6%B0%B4): error trying to connect: dns error: failed to lookup address information: Temporary failure in name resolution"
[INFO] [stdout] Translation error: "error sending request for url (https://translate.google.com/m?tl=en&sl=auto&q=%E6%95%91%E4%B8%96%E4%B8%BB%EF%BC%81): error trying to connect: dns error: failed to lookup address information: Temporary failure in name resolution"
[INFO] [stdout] Translation error: "error sending request for url (https://translate.google.com/m?tl=en&sl=auto&q=%E6%88%91%E6%B2%A1%E4%BA%8B): error trying to connect: dns error: failed to lookup address information: Temporary failure in name resolution"
[INFO] [stdout] Translation error: "error sending request for url (https://translate.google.com/m?tl=en&sl=auto&q=%E6%94%B9%E5%8F%98%E5%8E%84%E6%8B%89%E7%A7%91%E6%96%AF%E6%98%9F%E7%90%83%E7%9A%84%E9%9D%A2%E8%B2%8C): error trying to connect: dns error: failed to lookup address information: Temporary failure in name resolution"
[INFO] [stdout] Translation error: "error sending request for url (https://translate.google.com/m?tl=en&sl=auto&q=And%20you%20have%20no%20purpose%20to%20serve.): error trying to connect: dns error: failed to lookup address information: Temporary failure in name resolution"
[INFO] [stdout] Translation error: "error sending request for url (https://translate.google.com/m?tl=en&sl=auto&q=%E4%BD%A0%E5%91%8A%E8%AF%89%E4%BB%96%E4%BB%AC%E6%95%91%E4%B8%96%E4%B8%BB%E4%BC%9A%E6%9D%A5): error trying to connect: dns error: failed to lookup address information: Temporary failure in name resolution"
[INFO] [stdout] Translation error: "error sending request for url (https://translate.google.com/m?tl=en&sl=auto&q=Do%20you%20believe%20in%20Paul?): error trying to connect: dns error: failed to lookup address information: Temporary failure in name resolution"
[INFO] [stdout] Translation error: "error sending request for url (https://translate.google.com/m?tl=en&sl=auto&q=These%20are%20all%20Southern%20beliefs.): error trying to connect: dns error: failed to lookup address information: Temporary failure in name resolution"
[INFO] [stdout] Translation error: "error sending request for url (https://translate.google.com/m?tl=en&sl=auto&q=%E6%80%8E%E4%B9%88%E5%9B%9E%E4%BA%8B%EF%BC%9F): error trying to connect: dns error: failed to lookup address information: Temporary failure in name resolution"
[INFO] [stdout] Translation error: "error sending request for url (https://translate.google.com/m?tl=en&sl=auto&q=%E5%88%9B%E4%B8%96%E7%BA%AA%E4%B9%8B%E6%B0%B4): error trying to connect: dns error: failed to lookup address information: Temporary failure in name resolution"
[INFO] [stdout] Translation error: "error sending request for url (https://translate.google.com/m?tl=en&sl=auto&q=so%20forgive%20me%20if%20I%27m%20not%20flattered.): error trying to connect: dns error: failed to lookup address information: Temporary failure in name resolution"
[INFO] [stdout] Translation error: "error sending request for url (https://translate.google.com/m?tl=en&sl=auto&q=%E6%94%BE%E5%9B%9E%E4%BA%95%E9%87%8C%20%E6%88%91%E4%BB%AC%E7%9A%84%E6%B0%B4%E5%9B%9E%E6%9D%A5%E4%BA%86): error trying to connect: dns error: failed to lookup address information: Temporary failure in name resolution"
[INFO] [stdout] Translation error: "error sending request for url (https://translate.google.com/m?tl=en&sl=auto&q=%E6%88%91%E4%BB%AC%E6%9C%89%E8%B6%B3%E5%A4%9F%E7%9A%84%E6%B0%B4%E6%BA%90): error trying to connect: dns error: failed to lookup address information: Temporary failure in name resolution"
[INFO] [stdout] Translation error: "error sending request for url (https://translate.google.com/m?tl=en&sl=auto&q=%E6%88%91%E4%BB%AC%E7%A5%9D%E7%A6%8F%E6%88%91%E4%BB%AC%E7%9A%84%E5%85%84%E5%BC%9F%20%E8%A9%B9%E7%B1%B3): error trying to connect: dns error: failed to lookup address information: Temporary failure in name resolution"
[INFO] [stdout] Translation error: "error sending request for url (https://translate.google.com/m?tl=en&sl=auto&q=would%20ever%20drink%20this%20water.): error trying to connect: dns error: failed to lookup address information: Temporary failure in name resolution"
[INFO] [stdout] Translation error: "error sending request for url (https://translate.google.com/m?tl=en&sl=auto&q=%E4%BC%9A%E6%9D%A5%E6%8B%AF%E6%95%91%E6%88%91%E4%BB%AC%E8%84%B1%E7%A6%BB%E9%82%AA%E6%81%B6): error trying to connect: dns error: failed to lookup address information: Temporary failure in name resolution"
[INFO] [stdout] Translation error: "error sending request for url (https://translate.google.com/m?tl=en&sl=auto&q=%E9%82%A3%E4%BB%96%E5%B0%B1%E4%B8%8D%E6%98%AF%E6%9D%8E%E6%A1%91%C2%B7%E9%98%BF%E5%B0%94-%E7%9B%96%E5%B8%83): error trying to connect: dns error: failed to lookup address information: Temporary failure in name resolution"
[INFO] [stdout] Translation error: "error sending request for url (https://translate.google.com/m?tl=en&sl=auto&q=%E6%88%91%E9%9C%80%E8%A6%81%E4%BD%A0%E6%8C%87%E5%BC%95%E6%88%91%E4%BB%AC%E6%80%8E%E4%B9%88%E5%A4%84%E7%90%86%E9%82%A3%E4%B8%A4%E4%B8%AA%E5%A4%96%E5%9B%BD%E4%BA%BA): error trying to connect: dns error: failed to lookup address information: Temporary failure in name resolution"
[INFO] [stdout] Translation error: "error sending request for url (https://translate.google.com/m?tl=en&sl=auto&q=Change%20the%20face%20of%20Arrakis): error trying to connect: dns error: failed to lookup address information: Temporary failure in name resolution"
[INFO] [stdout] Translation error: "error sending request for url (https://translate.google.com/m?tl=en&sl=auto&q=You%20tell%20them%20a%20Messiah%20will%20come.): error trying to connect: dns error: failed to lookup address information: Temporary failure in name resolution"
[INFO] [stdout] Translation error: "error sending request for url (https://translate.google.com/m?tl=en&sl=auto&q=%E9%82%A3%E4%BD%A0%E8%BF%98%E8%83%BD%E5%81%9A%E4%BB%80%E4%B9%88%EF%BC%9F): error trying to connect: dns error: failed to lookup address information: Temporary failure in name resolution"
[INFO] [stdout] Translation error: "error sending request for url (https://translate.google.com/m?tl=en&sl=auto&q=I%27m%20okay.): error trying to connect: dns error: failed to lookup address information: Temporary failure in name resolution"
[INFO] [stdout] Translation error: "error sending request for url (https://translate.google.com/m?tl=en&sl=auto&q=%E6%9D%8E%E6%A1%91%C2%B7%E9%98%BF%E5%B0%94-%E7%9B%96%E5%B8%83%E5%B0%86%E4%BC%9A): error trying to connect: dns error: failed to lookup address information: Temporary failure in name resolution"
[INFO] [stdout] Translation error: "error sending request for url (https://translate.google.com/m?tl=en&sl=auto&q=%E5%8D%97%E6%96%B9%E7%9A%84%E4%BF%A1%E4%BB%B0%EF%BC%9F): error trying to connect: dns error: failed to lookup address information: Temporary failure in name resolution"
[INFO] [stdout] Translation error: "error sending request for url (https://translate.google.com/m?tl=en&sl=auto&q=%E4%B8%80%E4%B8%AA%E4%BA%BA%E6%80%8E%E6%A0%B7%E6%89%8D%E8%83%BD%E5%BD%93%E4%B8%8A%E5%9C%A3%E6%AF%8D%EF%BC%9F): error trying to connect: dns error: failed to lookup address information: Temporary failure in name resolution"
[INFO] [stdout] Translation error: "error sending request for url (https://translate.google.com/m?tl=en&sl=auto&q=What%20is%20it?): error trying to connect: dns error: failed to lookup address information: Temporary failure in name resolution"
[INFO] [stdout] Translation error: "error sending request for url (https://translate.google.com/m?tl=en&sl=auto&q=Genesis%20water.): error trying to connect: dns error: failed to lookup address information: Temporary failure in name resolution"
[INFO] [stdout] Translation error: "error sending request for url (https://translate.google.com/m?tl=en&sl=auto&q=The%20Lisan%20al-Gaib%20will): error trying to connect: dns error: failed to lookup address information: Temporary failure in name resolution"
[INFO] [stdout] Translation error: "error sending request for url (https://translate.google.com/m?tl=en&sl=auto&q=%E6%B0%B8%E8%BF%9C%E4%B8%8D%E8%A6%81%E6%8A%8A%E4%BD%A0%E7%9A%84%E6%B0%B4%E7%BB%99%E5%88%AB%E4%BA%BA): error trying to connect: dns error: failed to lookup address information: Temporary failure in name resolution"
[INFO] [stdout] Translation error: "error sending request for url (https://translate.google.com/m?tl=en&sl=auto&q=Then%20he%20is%20not%20Lisan%20al-Gaib,): error trying to connect: dns error: failed to lookup address information: Temporary failure in name resolution"
[INFO] [stdout] Translation error: "error sending request for url (https://translate.google.com/m?tl=en&sl=auto&q=will%20come%20to%20deliver%20us%20from%20evil.): error trying to connect: dns error: failed to lookup address information: Temporary failure in name resolution"
[INFO] [stdout] Translation error: "error sending request for url (https://translate.google.com/m?tl=en&sl=auto&q=%E8%BF%99%E6%98%AF%E7%A5%9E%E5%9C%A3%E7%9A%84): error trying to connect: dns error: failed to lookup address information: Temporary failure in name resolution"
[INFO] [stdout] Translation error: "error sending request for url (https://translate.google.com/m?tl=en&sl=auto&q=where%20we%20have%20enough%20water.): error trying to connect: dns error: failed to lookup address information: Temporary failure in name resolution"
[INFO] [stdout] Translation error: "error sending request for url (https://translate.google.com/m?tl=en&sl=auto&q=%E7%84%B6%E5%90%8E%E4%BB%96%E4%BB%AC%E4%BC%9A%E7%AD%89%E4%B8%8A%E5%87%A0%E4%B8%AA%E4%B8%96%E7%BA%AA): error trying to connect: dns error: failed to lookup address information: Temporary failure in name resolution"
[INFO] [stdout] Translation error: "error sending request for url (https://translate.google.com/m?tl=en&sl=auto&q=%E5%AE%83%E5%B0%86%E4%BD%BF%E6%A0%91%E6%9C%A8%E9%87%8D%E7%94%9F%20%E5%AE%83%E5%B0%86%E4%BD%BF%E2%80%A6%E2%80%A6): error trying to connect: dns error: failed to lookup address information: Temporary failure in name resolution"
[INFO] [stdout] Translation error: "error sending request for url (https://translate.google.com/m?tl=en&sl=auto&q=%E6%8A%8A%E4%BB%96%E4%BB%AC%E4%BA%A4%E7%BB%99%E6%B2%99%E6%BC%A0): error trying to connect: dns error: failed to lookup address information: Temporary failure in name resolution"
[INFO] [stdout] Translation error: "error sending request for url (https://translate.google.com/m?tl=en&sl=auto&q=What%20else%20is%20left%20to%20do%20then?): error trying to connect: dns error: failed to lookup address information: Temporary failure in name resolution"
[INFO] [stdout] Translation error: "error sending request for url (https://translate.google.com/m?tl=en&sl=auto&q=%E4%BD%A0%E7%A1%AE%E5%AE%9A%EF%BC%9F): error trying to connect: dns error: failed to lookup address information: Temporary failure in name resolution"
[INFO] [stdout] Translation error: "error sending request for url (https://translate.google.com/m?tl=en&sl=auto&q=How%20does%20one%20become%20a%20Reverend%20Mother?): error trying to connect: dns error: failed to lookup address information: Temporary failure in name resolution"
[INFO] [stdout] Translation error: "error sending request for url (https://translate.google.com/m?tl=en&sl=auto&q=%E6%88%91%E4%BB%AC%E6%9C%89%E5%87%A0%E5%8D%83%E4%B8%AA%E8%BF%99%E6%A0%B7%E7%9A%84%E5%9C%B0%E6%96%B9): error trying to connect: dns error: failed to lookup address information: Temporary failure in name resolution"
[INFO] [stdout] Translation error: "error sending request for url (https://translate.google.com/m?tl=en&sl=auto&q=%E6%8A%8A%E4%BD%A0%E7%9A%84%E6%B0%B4%E6%94%BE%E5%9B%9E%E4%BA%95%E9%87%8C%EF%BC%9F): error trying to connect: dns error: failed to lookup address information: Temporary failure in name resolution"
[INFO] [stdout] Translation error: "error sending request for url (https://translate.google.com/m?tl=en&sl=auto&q=%E8%BF%99%E6%98%AF%E7%A7%8D%E8%8D%A3%E8%AA%89%20%E4%B8%8D%E6%98%AF%E5%90%97%EF%BC%9F): error trying to connect: dns error: failed to lookup address information: Temporary failure in name resolution"
[INFO] [stdout] Translation error: "error sending request for url (https://translate.google.com/m?tl=en&sl=auto&q=Southern%20beliefs?): error trying to connect: dns error: failed to lookup address information: Temporary failure in name resolution"
[INFO] [stdout] Translation error: "error sending request for url (https://translate.google.com/m?tl=en&sl=auto&q=of%20holding%20the%20memories): error trying to connect: dns error: failed to lookup address information: Temporary failure in name resolution"
[INFO] [stdout] Translation error: "error sending request for url (https://translate.google.com/m?tl=en&sl=auto&q=What%20about%20him?): error trying to connect: dns error: failed to lookup address information: Temporary failure in name resolution"
[INFO] [stdout] Translation error: "error sending request for url (https://translate.google.com/m?tl=en&sl=auto&q=Never%20give%20your%20water%20away,): error trying to connect: dns error: failed to lookup address information: Temporary failure in name resolution"
[INFO] [stdout] Translation error: "error sending request for url (https://translate.google.com/m?tl=en&sl=auto&q=%E4%BD%A0%E4%B8%8D%E7%9B%B8%E4%BF%A1%E6%9D%8E%E6%A1%91%C2%B7%E9%98%BF%E5%B0%94-%E7%9B%96%E5%B8%83%EF%BC%9F): error trying to connect: dns error: failed to lookup address information: Temporary failure in name resolution"
[INFO] [stdout] Translation error: "error sending request for url (https://translate.google.com/m?tl=en&sl=auto&q=This%20is%20sacred.): error trying to connect: dns error: failed to lookup address information: Temporary failure in name resolution"
[INFO] [stdout] Translation error: "error sending request for url (https://translate.google.com/m?tl=en&sl=auto&q=%E6%88%91%E7%9C%8B%E5%88%B0%E4%BA%86%E5%BE%81%E5%85%86): error trying to connect: dns error: failed to lookup address information: Temporary failure in name resolution"
[INFO] [stdout] Translation error: "error sending request for url (https://translate.google.com/m?tl=en&sl=auto&q=It%20will%20bring%20back%20trees,%20it%20will%20bring%20back...): error trying to connect: dns error: failed to lookup address information: Temporary failure in name resolution"
[INFO] [stdout] Translation error: "error sending request for url (https://translate.google.com/m?tl=en&sl=auto&q=It%27s%20an%20honor,%20isn%27t%20it?): error trying to connect: dns error: failed to lookup address information: Temporary failure in name resolution"
[INFO] [stdout] Translation error: "error sending request for url (https://translate.google.com/m?tl=en&sl=auto&q=Then%20they%27ll%20wait,%20for%20centuries.): error trying to connect: dns error: failed to lookup address information: Temporary failure in name resolution"
[INFO] [stdout] Translation error: "error sending request for url (https://translate.google.com/m?tl=en&sl=auto&q=But%20return%20your%20water%20to%20the%20well?): error trying to connect: dns error: failed to lookup address information: Temporary failure in name resolution"
[INFO] [stdout] Translation error: "error sending request for url (https://translate.google.com/m?tl=en&sl=auto&q=%E5%8D%97%E6%96%B9%E9%83%A8%E8%90%BD%E7%9B%B8%E4%BF%A1%E5%BC%A5%E8%B5%9B%E4%BA%9A): error trying to connect: dns error: failed to lookup address information: Temporary failure in name resolution"
[INFO] [stdout] Translation error: "error sending request for url (https://translate.google.com/m?tl=en&sl=auto&q=We%20have%20thousands%20of%20places.): error trying to connect: dns error: failed to lookup address information: Temporary failure in name resolution"
[INFO] [stdout] Translation error: "error sending request for url (https://translate.google.com/m?tl=en&sl=auto&q=%E6%88%91%E8%A7%89%E5%BE%97%E4%BD%A0%E5%BA%94%E8%AF%A5%E6%84%9F%E5%88%B0%E8%8D%A3%E5%B9%B8): error trying to connect: dns error: failed to lookup address information: Temporary failure in name resolution"
[INFO] [stdout] Translation error: "error sending request for url (https://translate.google.com/m?tl=en&sl=auto&q=%E4%B8%8D%E5%90%8C%E7%9A%84%E6%96%87%E5%8C%96%E6%98%AF%E4%B8%8D%E5%90%8C%E7%9A%84): error trying to connect: dns error: failed to lookup address information: Temporary failure in name resolution"
[INFO] [stdout] Translation error: "error sending request for url (https://translate.google.com/m?tl=en&sl=auto&q=Are%20you%20sure?): error trying to connect: dns error: failed to lookup address information: Temporary failure in name resolution"
[INFO] [stdout] Translation error: "error sending request for url (https://translate.google.com/m?tl=en&sl=auto&q=%E5%8F%88%E6%9D%A5%E4%BA%86): error trying to connect: dns error: failed to lookup address information: Temporary failure in name resolution"
[INFO] [stdout] Translation error: "error sending request for url (https://translate.google.com/m?tl=en&sl=auto&q=%E5%85%A8%E9%83%A8%E8%AE%B0%E5%BF%86%E7%9A%84%E4%BD%BF%E5%91%BD): error trying to connect: dns error: failed to lookup address information: Temporary failure in name resolution"
[INFO] [stdout] Translation error: "error sending request for url (https://translate.google.com/m?tl=en&sl=auto&q=%E6%96%AF%E7%AC%AC%E5%B0%94%E6%A0%BC%EF%BC%9F): error trying to connect: dns error: failed to lookup address information: Temporary failure in name resolution"
[INFO] [stdout] Translation error: "error sending request for url (https://translate.google.com/m?tl=en&sl=auto&q=%E5%8D%B3%E4%BD%BF%E6%AD%BB%E4%BA%BA%E4%B9%9F%E4%B8%8D%E8%A1%8C): error trying to connect: dns error: failed to lookup address information: Temporary failure in name resolution"
[INFO] [stdout] Translation error: "error sending request for url (https://translate.google.com/m?tl=en&sl=auto&q=You%20don%27t%20believe%20in%20the%20Lisan%20al-Gaib?): error trying to connect: dns error: failed to lookup address information: Temporary failure in name resolution"
[INFO] [stdout] Translation error: "error sending request for url (https://translate.google.com/m?tl=en&sl=auto&q=It%27s%20different%20from%20one%20culture%20to%20another.): error trying to connect: dns error: failed to lookup address information: Temporary failure in name resolution"
[INFO] [stdout] Translation error: "error sending request for url (https://translate.google.com/m?tl=en&sl=auto&q=%E4%BD%A0%E4%B8%BA%E4%BB%80%E4%B9%88%E5%B8%A6%E6%88%91%E7%9C%8B%E8%BF%99%E4%BA%9B%EF%BC%9F): error trying to connect: dns error: failed to lookup address information: Temporary failure in name resolution"
[INFO] [stdout] Translation error: "error sending request for url (https://translate.google.com/m?tl=en&sl=auto&q=%E7%8E%B0%E5%9C%A8%20%E6%88%91%E4%BB%AC%E5%BF%85%E9%A1%BB%E7%A5%88%E7%A5%B7): error trying to connect: dns error: failed to lookup address information: Temporary failure in name resolution"
[INFO] [stdout] Translation error: "error sending request for url (https://translate.google.com/m?tl=en&sl=auto&q=%E4%BB%96%E4%BC%9A%E8%AF%B4%E6%88%91%E4%BB%AC%E7%9A%84%E8%AF%AD%E8%A8%80): error trying to connect: dns error: failed to lookup address information: Temporary failure in name resolution"
[INFO] [stdout] Translation error: "error sending request for url (https://translate.google.com/m?tl=en&sl=auto&q=%E7%BB%BF%E8%89%B2%E5%A4%A9%E5%A0%82%E9%87%8D%E7%8E%B0): error trying to connect: dns error: failed to lookup address information: Temporary failure in name resolution"
[INFO] [stdout] Translation error: "error sending request for url (https://translate.google.com/m?tl=en&sl=auto&q=Southern%20tribes%20believe%20that%20a%20Messiah): error trying to connect: dns error: failed to lookup address information: Temporary failure in name resolution"
[INFO] [stdout] Translation error: "error sending request for url (https://translate.google.com/m?tl=en&sl=auto&q=%E6%88%91%E6%84%BF%E6%84%8F%E4%B8%BA%E4%BB%96%E7%8C%AE%E5%87%BA%E7%94%9F%E5%91%BD): error trying to connect: dns error: failed to lookup address information: Temporary failure in name resolution"
[INFO] [stdout] Translation error: "error sending request for url (https://translate.google.com/m?tl=en&sl=auto&q=You%27re%20afraid.): error trying to connect: dns error: failed to lookup address information: Temporary failure in name resolution"
[INFO] [stdout] Translation error: "error sending request for url (https://translate.google.com/m?tl=en&sl=auto&q=%E5%9B%A0%E4%B8%BA%E4%BD%A0%E6%98%AF%E8%B4%9D%E5%B0%BC%C2%B7%E6%9D%B0%E7%91%9F%E9%87%8C%E7%89%B9): error trying to connect: dns error: failed to lookup address information: Temporary failure in name resolution"
[INFO] [stdout] Translation error: "error sending request for url (https://translate.google.com/m?tl=en&sl=auto&q=Now,%20we%20must%20pray.): error trying to connect: dns error: failed to lookup address information: Temporary failure in name resolution"
[INFO] [stdout] Translation error: "error sending request for url (https://translate.google.com/m?tl=en&sl=auto&q=of%20all%20the%20Reverend%20Mothers%20that%20came%20before%20them,): error trying to connect: dns error: failed to lookup address information: Temporary failure in name resolution"
[INFO] [stdout] Translation error: "error sending request for url (https://translate.google.com/m?tl=en&sl=auto&q=%E6%96%AF%E7%AC%AC%E5%B0%94%E6%A0%BC%20%E4%BD%A0%E7%9A%84%E4%BF%A1%E4%BB%B0%E8%92%99%E8%94%BD%E4%BA%86%E4%BD%A0%E7%9A%84%E5%8F%8C%E7%9C%BC): error trying to connect: dns error: failed to lookup address information: Temporary failure in name resolution"
[INFO] [stdout] Translation error: "error sending request for url (https://translate.google.com/m?tl=en&sl=auto&q=Stilgar?): error trying to connect: dns error: failed to lookup address information: Temporary failure in name resolution"
[INFO] [stdout] Translation error: "error sending request for url (https://translate.google.com/m?tl=en&sl=auto&q=not%20even%20for%20the%20dead.): error trying to connect: dns error: failed to lookup address information: Temporary failure in name resolution"
[INFO] [stdout] Translation error: "error sending request for url (https://translate.google.com/m?tl=en&sl=auto&q=%E4%BD%A0%E6%89%93%E5%BE%97%E5%BE%88%E5%A5%BD): error trying to connect: dns error: failed to lookup address information: Temporary failure in name resolution"
[INFO] [stdout] Translation error: "error sending request for url (https://translate.google.com/m?tl=en&sl=auto&q=%E4%BB%96%E5%BE%88%E5%BF%AB%E5%B0%B1%E4%BC%9A%E5%AD%A6%E4%BC%9A%E6%88%91%E4%BB%AC%E7%9A%84%E7%94%9F%E5%AD%98%E4%B9%8B%E9%81%93): error trying to connect: dns error: failed to lookup address information: Temporary failure in name resolution"
[INFO] [stdout] Translation error: "error sending request for url (https://translate.google.com/m?tl=en&sl=auto&q=%E6%88%91%E4%BB%AC%E7%9B%B8%E4%BF%A1%E5%BC%97%E9%9B%B7%E6%9B%BC%E4%BA%BA): error trying to connect: dns error: failed to lookup address information: Temporary failure in name resolution"
[INFO] [stdout] Translation error: "error sending request for url (https://translate.google.com/m?tl=en&sl=auto&q=Why%20are%20you%20showing%20me%20this?): error trying to connect: dns error: failed to lookup address information: Temporary failure in name resolution"
[INFO] [stdout] Translation error: "error sending request for url (https://translate.google.com/m?tl=en&sl=auto&q=%E9%98%BF%E9%97%A8): error trying to connect: dns error: failed to lookup address information: Temporary failure in name resolution"
[INFO] [stdout] Translation error: "error sending request for url (https://translate.google.com/m?tl=en&sl=auto&q=%E5%9C%A8%E5%8E%84%E6%8B%89%E7%A7%91%E6%96%AF%E6%98%9F%E7%90%83%20%E6%88%91%E4%B8%8D%E7%9F%A5%E9%81%93): error trying to connect: dns error: failed to lookup address information: Temporary failure in name resolution"
[INFO] [stdout] Translation error: "error sending request for url (https://translate.google.com/m?tl=en&sl=auto&q=Because%20you%20are%20Bene%20Gesserit): error trying to connect: dns error: failed to lookup address information: Temporary failure in name resolution"
[INFO] [stdout] Translation error: "error sending request for url (https://translate.google.com/m?tl=en&sl=auto&q=a%20green%20paradise.): error trying to connect: dns error: failed to lookup address information: Temporary failure in name resolution"
[INFO] [stdout] Translation error: "error sending request for url (https://translate.google.com/m?tl=en&sl=auto&q=%E4%BD%A0%E6%83%B3%E6%8E%A7%E5%88%B6%E5%88%AB%E4%BA%BA%EF%BC%9F): error trying to connect: dns error: failed to lookup address information: Temporary failure in name resolution"
[INFO] [stdout] Translation error: "error sending request for url (https://translate.google.com/m?tl=en&sl=auto&q=%E5%9C%A3%E6%AF%8D%E8%82%A9%E8%B4%9F%E7%9D%80): error trying to connect: dns error: failed to lookup address information: Temporary failure in name resolution"
[INFO] [stdout] Translation error: "error sending request for url (https://translate.google.com/m?tl=en&sl=auto&q=%E6%B2%99%E6%BC%A0%E5%B0%86%E5%86%B3%E5%AE%9A%E4%BB%96%E7%9A%84%E5%91%BD%E8%BF%90): error trying to connect: dns error: failed to lookup address information: Temporary failure in name resolution"
[INFO] [stdout] Translation error: "error sending request for url (https://translate.google.com/m?tl=en&sl=auto&q=%E4%BB%96%E6%98%AF%E5%8D%97%E6%96%B9%E4%BA%BA): error trying to connect: dns error: failed to lookup address information: Temporary failure in name resolution"
[INFO] [stdout] Translation error: "error sending request for url (https://translate.google.com/m?tl=en&sl=auto&q=%E4%BB%96%E6%80%8E%E4%B9%88%E4%BA%86%EF%BC%9F): error trying to connect: dns error: failed to lookup address information: Temporary failure in name resolution"
[INFO] [stdout] Translation error: "error sending request for url (https://translate.google.com/m?tl=en&sl=auto&q=%E6%9D%8E%E6%A1%91%C2%B7%E9%98%BF%E5%B0%94-%E7%9B%96%E5%B8%83%E8%BF%98%E6%B2%A1%E5%87%BA%E4%B8%96%E5%91%A2%EF%BC%81): error trying to connect: dns error: failed to lookup address information: Temporary failure in name resolution"
[INFO] [stdout] Translation error: "error sending request for url (https://translate.google.com/m?tl=en&sl=auto&q=%E6%89%80%E4%BB%A5%E6%88%91%E4%BC%9A%E8%A2%AB%E8%B5%90%E4%BA%88%E5%87%A0%E4%B8%AA%E4%B8%96%E7%BA%AA%E7%9A%84%E7%97%9B%E8%8B%A6%E4%B8%8E%E6%82%B2%E4%BC%A4): error trying to connect: dns error: failed to lookup address information: Temporary failure in name resolution"
[INFO] [stdout] Translation error: "error sending request for url (https://translate.google.com/m?tl=en&sl=auto&q=We%20believe%20in%20Fremen): error trying to connect: dns error: failed to lookup address information: Temporary failure in name resolution"
[INFO] [stdout] Translation error: "error sending request for url (https://translate.google.com/m?tl=en&sl=auto&q=Here%20on%20Arrakis,%20I%20have%20no%20idea.): error trying to connect: dns error: failed to lookup address information: Temporary failure in name resolution"
[INFO] [stdout] Translation error: "error sending request for url (https://translate.google.com/m?tl=en&sl=auto&q=You%20fought%20well.): error trying to connect: dns error: failed to lookup address information: Temporary failure in name resolution"
[INFO] [stdout] Translation error: "error sending request for url (https://translate.google.com/m?tl=en&sl=auto&q=%E4%BF%9D%E5%AD%98%E4%BB%96%E4%BB%AC%E4%BB%A5%E5%89%8D%E5%8E%86%E4%BB%A3%E5%9C%A3%E6%AF%8D%E7%9A%84): error trying to connect: dns error: failed to lookup address information: Temporary failure in name resolution"
[INFO] [stdout] Translation error: "error sending request for url (https://translate.google.com/m?tl=en&sl=auto&q=A%20Reverend%20Mother%20has%20the%20task): error trying to connect: dns error: failed to lookup address information: Temporary failure in name resolution"
[INFO] [stdout] Translation error: "error sending request for url (https://translate.google.com/m?tl=en&sl=auto&q=%E4%BB%96%E5%9C%A8%E4%B8%80%E5%9C%BA%E5%85%AC%E5%B9%B3%E7%9A%84%E5%86%B3%E6%96%97%E4%B8%AD%E6%88%98%E8%83%9C%E4%BA%86%E8%A9%B9%E7%B1%B3): error trying to connect: dns error: failed to lookup address information: Temporary failure in name resolution"
[INFO] [stdout] Translation error: "error sending request for url (https://translate.google.com/m?tl=en&sl=auto&q=We%20have%E2%80%93): error trying to connect: dns error: failed to lookup address information: Temporary failure in name resolution"
[INFO] [stdout] Translation error: "error sending request for url (https://translate.google.com/m?tl=en&sl=auto&q=I%20beg%20your%20pardon?): error trying to connect: dns error: failed to lookup address information: Temporary failure in name resolution"
[INFO] [stdout] Translation error: "error sending request for url (https://translate.google.com/m?tl=en&sl=auto&q=%E8%BF%99%E4%B9%88%E5%A4%9A%E7%81%B5%E9%AD%82): error trying to connect: dns error: failed to lookup address information: Temporary failure in name resolution"
[INFO] [stdout] Translation error: "error sending request for url (https://translate.google.com/m?tl=en&sl=auto&q=You%20didn%27t%20notice%20his%20accent.): error trying to connect: dns error: failed to lookup address information: Temporary failure in name resolution"
[INFO] [stdout] Translation error: "error sending request for url (https://translate.google.com/m?tl=en&sl=auto&q=He%27s%20from%20the%20South.): error trying to connect: dns error: failed to lookup address information: Temporary failure in name resolution"
[INFO] [stdout] Translation error: "error sending request for url (https://translate.google.com/m?tl=en&sl=auto&q=To%20rats.): error trying to connect: dns error: failed to lookup address information: Temporary failure in name resolution"
[INFO] [stdout] Translation error: "error sending request for url (https://translate.google.com/m?tl=en&sl=auto&q=Rats!): error trying to connect: dns error: failed to lookup address information: Temporary failure in name resolution"
[INFO] [stdout] Translation error: "error sending request for url (https://translate.google.com/m?tl=en&sl=auto&q=I%20can%27t%20confirm,%20my%20Lord.): error trying to connect: dns error: failed to lookup address information: Temporary failure in name resolution"
[INFO] [stdout] Translation error: "error sending request for url (https://translate.google.com/m?tl=en&sl=auto&q=so%20I%27ll%20be%20given%20centuries%20of%20pain%20and%20sorrow.): error trying to connect: dns error: failed to lookup address information: Temporary failure in name resolution"
[INFO] [stdout] Translation error: "error sending request for url (https://translate.google.com/m?tl=en&sl=auto&q=So%20many%20souls): error trying to connect: dns error: failed to lookup address information: Temporary failure in name resolution"
[INFO] [stdout] Translation error: "error sending request for url (https://translate.google.com/m?tl=en&sl=auto&q=It%27s%20lethal%20for%20men.): error trying to connect: dns error: failed to lookup address information: Temporary failure in name resolution"
[INFO] [stdout] Translation error: "error sending request for url (https://translate.google.com/m?tl=en&sl=auto&q=%E4%BD%A0%E5%AE%B3%E6%80%95%E4%BA%86): error trying to connect: dns error: failed to lookup address information: Temporary failure in name resolution"
[INFO] [stdout] Translation error: "error sending request for url (https://translate.google.com/m?tl=en&sl=auto&q=%E4%B8%80%E6%97%A6%E4%BD%A0%E9%86%92%E6%9D%A5): error trying to connect: dns error: failed to lookup address information: Temporary failure in name resolution"
[INFO] [stdout] Translation error: "error sending request for url (https://translate.google.com/m?tl=en&sl=auto&q=Your%20orders,): error trying to connect: dns error: failed to lookup address information: Temporary failure in name resolution"
[INFO] [stdout] Translation error: "error sending request for url (https://translate.google.com/m?tl=en&sl=auto&q=What%20are%20you%20guys%20laughing%20about?): error trying to connect: dns error: failed to lookup address information: Temporary failure in name resolution"
[INFO] [stdout] Translation error: "error sending request for url (https://translate.google.com/m?tl=en&sl=auto&q=%E6%88%91%E4%BB%AC%E6%8D%9F%E5%A4%B1%E7%9A%84%E4%BA%BA%E2%80%A6%E2%80%A6): error trying to connect: dns error: failed to lookup address information: Temporary failure in name resolution"
[INFO] [stdout] Translation error: "error sending request for url (https://translate.google.com/m?tl=en&sl=auto&q=%E6%88%91%E5%A6%88%E5%A6%88%E4%BC%9A%E6%80%8E%E4%B9%88%E6%A0%B7%EF%BC%9F): error trying to connect: dns error: failed to lookup address information: Temporary failure in name resolution"
[INFO] [stdout] Translation error: "error sending request for url (https://translate.google.com/m?tl=en&sl=auto&q=were%20too%20control%20the%20whole%20the%20planet.): error trying to connect: dns error: failed to lookup address information: Temporary failure in name resolution"
[INFO] [stdout] Translation error: "error sending request for url (https://translate.google.com/m?tl=en&sl=auto&q=%E4%BD%A0%E6%B2%A1%E6%B3%A8%E6%84%8F%E5%88%B0%E4%BB%96%E7%9A%84%E5%8F%A3%E9%9F%B3): error trying to connect: dns error: failed to lookup address information: Temporary failure in name resolution"
[INFO] [stdout] Translation error: "error sending request for url (https://translate.google.com/m?tl=en&sl=auto&q=%E8%BF%99%E5%8F%AA%E6%98%AF%E4%B8%80%E5%8D%8A): error trying to connect: dns error: failed to lookup address information: Temporary failure in name resolution"
[INFO] [stdout] Translation error: "error sending request for url (https://translate.google.com/m?tl=en&sl=auto&q=%E5%BC%97%E9%9B%B7%E6%9B%BC%E4%BA%BA): error trying to connect: dns error: failed to lookup address information: Temporary failure in name resolution"
[INFO] [stdout] Translation error: "error sending request for url (https://translate.google.com/m?tl=en&sl=auto&q=%E6%98%AF%E6%8E%A7%E5%88%B6%E6%95%B4%E4%B8%AA%E6%98%9F%E7%90%83): error trying to connect: dns error: failed to lookup address information: Temporary failure in name resolution"
[INFO] [stdout] Translation error: "error sending request for url (https://translate.google.com/m?tl=en&sl=auto&q=%E5%8D%B1%E9%99%A9%E5%90%97%EF%BC%9F): error trying to connect: dns error: failed to lookup address information: Temporary failure in name resolution"
[INFO] [stdout] Translation error: "error sending request for url (https://translate.google.com/m?tl=en&sl=auto&q=%E5%9C%A8%E5%BC%80%E9%98%94%E7%9A%84%E6%B2%99%E5%9C%B0%E4%B8%8A%E9%80%9A%E8%AE%AF%E5%BE%88%E6%B7%B7%E4%B9%B1): error trying to connect: dns error: failed to lookup address information: Temporary failure in name resolution"
[INFO] [stdout] Translation error: "error sending request for url (https://translate.google.com/m?tl=en&sl=auto&q=%E6%9D%80%E5%85%89%E4%BB%96%E4%BB%AC%EF%BC%81): error trying to connect: dns error: failed to lookup address information: Temporary failure in name resolution"
[INFO] [stdout] Translation error: "error sending request for url (https://translate.google.com/m?tl=en&sl=auto&q=%E7%BB%9D%E5%AF%B9%E6%98%AF): error trying to connect: dns error: failed to lookup address information: Temporary failure in name resolution"
[INFO] [stdout] Translation error: "error sending request for url (https://translate.google.com/m?tl=en&sl=auto&q=Don%27t%20bother.): error trying to connect: dns error: failed to lookup address information: Temporary failure in name resolution"
[INFO] [stdout] Translation error: "error sending request for url (https://translate.google.com/m?tl=en&sl=auto&q=Fremen.): error trying to connect: dns error: failed to lookup address information: Temporary failure in name resolution"
[INFO] [stdout] Translation error: "error sending request for url (https://translate.google.com/m?tl=en&sl=auto&q=Once%20you%20woke%20up.): error trying to connect: dns error: failed to lookup address information: Temporary failure in name resolution"
[INFO] [stdout] Translation error: "error sending request for url (https://translate.google.com/m?tl=en&sl=auto&q=%E5%88%AB%E7%AE%A1%E4%BA%86): error trying to connect: dns error: failed to lookup address information: Temporary failure in name resolution"
[INFO] [stdout] Translation error: "error sending request for url (https://translate.google.com/m?tl=en&sl=auto&q=%E6%88%91%E4%BB%AC%E6%9C%89%E2%80%A6%E2%80%A6): error trying to connect: dns error: failed to lookup address information: Temporary failure in name resolution"
[INFO] [stdout] Translation error: "error sending request for url (https://translate.google.com/m?tl=en&sl=auto&q=As%20you%20may%20recall,%20the%20south%20is%20uninhabtable,%20my%20Lord): error trying to connect: dns error: failed to lookup address information: Temporary failure in name resolution"
[INFO] [stdout] Translation error: "error sending request for url (https://translate.google.com/m?tl=en&sl=auto&q=%E7%BB%99%E4%BA%86%E8%80%81%E9%BC%A0): error trying to connect: dns error: failed to lookup address information: Temporary failure in name resolution"
[INFO] [stdout] Translation error: "error sending request for url (https://translate.google.com/m?tl=en&sl=auto&q=What%27ll%20happen%20to%20my%20mother?): error trying to connect: dns error: failed to lookup address information: Temporary failure in name resolution"
[INFO] [stdout] Translation error: "error sending request for url (https://translate.google.com/m?tl=en&sl=auto&q=We%27re%20losing%20them...): error trying to connect: dns error: failed to lookup address information: Temporary failure in name resolution"
[INFO] [stdout] Translation error: "error sending request for url (https://translate.google.com/m?tl=en&sl=auto&q=That%27s%20for%20sure.): error trying to connect: dns error: failed to lookup address information: Temporary failure in name resolution"
[INFO] [stdout] Translation error: "error sending request for url (https://translate.google.com/m?tl=en&sl=auto&q=Communications%20are%20hectic%20in%20the%20open%20sands.): error trying to connect: dns error: failed to lookup address information: Temporary failure in name resolution"
[INFO] [stdout] Translation error: "error sending request for url (https://translate.google.com/m?tl=en&sl=auto&q=Is%20it%20dangerous?): error trying to connect: dns error: failed to lookup address information: Temporary failure in name resolution"
[INFO] [stdout] Translation error: "error sending request for url (https://translate.google.com/m?tl=en&sl=auto&q=That%27s%20only%20half%20of%20it.): error trying to connect: dns error: failed to lookup address information: Temporary failure in name resolution"
[INFO] [stdout] Translation error: "error sending request for url (https://translate.google.com/m?tl=en&sl=auto&q=Kill%20them%20all!): error trying to connect: dns error: failed to lookup address information: Temporary failure in name resolution"
[INFO] [stdout] Translation error: "error sending request for url (https://translate.google.com/m?tl=en&sl=auto&q=%E6%88%91%E6%9D%A5%E5%90%A7): error trying to connect: dns error: failed to lookup address information: Temporary failure in name resolution"
[INFO] [stdout] Translation error: "error sending request for url (https://translate.google.com/m?tl=en&sl=auto&q=%E4%BD%A0%E4%B8%8D%E7%9B%B8%E4%BF%A1%E8%BF%99%E4%B8%80%E5%88%87%EF%BC%9F): error trying to connect: dns error: failed to lookup address information: Temporary failure in name resolution"
[INFO] [stdout] Translation error: "error sending request for url (https://translate.google.com/m?tl=en&sl=auto&q=%E6%88%91%E6%B2%A1%E7%9D%A1%E7%9D%80): error trying to connect: dns error: failed to lookup address information: Temporary failure in name resolution"
[INFO] [stdout] Translation error: "error sending request for url (https://translate.google.com/m?tl=en&sl=auto&q=%E6%88%91%E6%97%A0%E6%B3%95%E7%A1%AE%E8%AE%A4%20%E5%A4%A7%E4%BA%BA): error trying to connect: dns error: failed to lookup address information: Temporary failure in name resolution"
[INFO] [stdout] Translation error: "error sending request for url (https://translate.google.com/m?tl=en&sl=auto&q=Kill%20them%20all!): error trying to connect: dns error: failed to lookup address information: Temporary failure in name resolution"
[INFO] [stdout] Translation error: "error sending request for url (https://translate.google.com/m?tl=en&sl=auto&q=Rats!): error trying to connect: dns error: failed to lookup address information: Temporary failure in name resolution"
[INFO] [stdout] Translation error: "error sending request for url (https://translate.google.com/m?tl=en&sl=auto&q=We%27re%20losing%20too%20many%20men%20to%20the%20desert): error trying to connect: dns error: failed to lookup address information: Temporary failure in name resolution"
[INFO] [stdout] Translation error: "error sending request for url (https://translate.google.com/m?tl=en&sl=auto&q=%E6%9D%80%E5%85%89%E4%BB%96%E4%BB%AC%EF%BC%81): error trying to connect: dns error: failed to lookup address information: Temporary failure in name resolution"
[INFO] [stdout] Translation error: "error sending request for url (https://translate.google.com/m?tl=en&sl=auto&q=%E6%88%91%E5%BB%BA%E8%AE%AE%E4%BD%A0%E4%BC%91%E6%81%AF%E4%B8%80%E4%B8%8B%20%E5%A5%BD%E5%90%97%EF%BC%9F): error trying to connect: dns error: failed to lookup address information: Temporary failure in name resolution"
[INFO] [stdout] Translation error: "error sending request for url (https://translate.google.com/m?tl=en&sl=auto&q=I%20strongly%20recommend%20bringing%20all%20troops): error trying to connect: dns error: failed to lookup address information: Temporary failure in name resolution"
[INFO] [stdout] Translation error: "error sending request for url (https://translate.google.com/m?tl=en&sl=auto&q=%E4%BD%A0%E4%BB%AC%E5%9C%A8%E7%AC%91%E4%BB%80%E4%B9%88%EF%BC%9F): error trying to connect: dns error: failed to lookup address information: Temporary failure in name resolution"
[INFO] [stdout] Translation error: "error sending request for url (https://translate.google.com/m?tl=en&sl=auto&q=%E4%BD%A0%E5%8F%AF%E8%83%BD%E8%BF%98%E8%AE%B0%E5%BE%97%20%E5%8D%97%E6%96%B9%E4%B8%8D%E9%80%82%E5%90%88%E5%B1%85%E4%BD%8F%20%E5%A4%A7%E4%BA%BA): error trying to connect: dns error: failed to lookup address information: Temporary failure in name resolution"
[INFO] [stdout] Translation error: "error sending request for url (https://translate.google.com/m?tl=en&sl=auto&q=%E4%BD%A0%E7%9A%84%E4%BB%BB%E5%8A%A1): error trying to connect: dns error: failed to lookup address information: Temporary failure in name resolution"
[INFO] [stdout] Translation error: "error sending request for url (https://translate.google.com/m?tl=en&sl=auto&q=%E4%BB%96%E9%97%AE%E6%88%91%E4%BB%AC%E4%B8%BA%E4%BB%80%E4%B9%88%E8%BF%9F%E5%88%B0%E4%BA%86): error trying to connect: dns error: failed to lookup address information: Temporary failure in name resolution"
[INFO] [stdout] Translation error: "error sending request for url (https://translate.google.com/m?tl=en&sl=auto&q=%E5%AF%B9%E7%94%B7%E4%BA%BA%E6%9D%A5%E8%AF%B4%E6%98%AF%E8%87%B4%E5%91%BD%E7%9A%84): error trying to connect: dns error: failed to lookup address information: Temporary failure in name resolution"
[INFO] [stdout] Translation error: "error sending request for url (https://translate.google.com/m?tl=en&sl=auto&q=I%27ll%20do%20it.): error trying to connect: dns error: failed to lookup address information: Temporary failure in name resolution"
[INFO] [stdout] Translation error: "error sending request for url (https://translate.google.com/m?tl=en&sl=auto&q=You%20don%27t%20believe%20in%20all%20this?): error trying to connect: dns error: failed to lookup address information: Temporary failure in name resolution"
[INFO] [stdout] Translation error: "error sending request for url (https://translate.google.com/m?tl=en&sl=auto&q=May%20I%20suggest%20you%20get%20some%20rest?): error trying to connect: dns error: failed to lookup address information: Temporary failure in name resolution"
[INFO] [stdout] Translation error: "error sending request for url (https://translate.google.com/m?tl=en&sl=auto&q=%E8%80%81%E9%BC%A0%EF%BC%81): error trying to connect: dns error: failed to lookup address information: Temporary failure in name resolution"
[INFO] [stdout] Translation error: "error sending request for url (https://translate.google.com/m?tl=en&sl=auto&q=I%20wasn%27t%20sleeping.): error trying to connect: dns error: failed to lookup address information: Temporary failure in name resolution"
[INFO] [stdout] Translation error: "error sending request for url (https://translate.google.com/m?tl=en&sl=auto&q=Lord%20Raban.): error trying to connect: dns error: failed to lookup address information: Temporary failure in name resolution"
[INFO] [stdout] Translation error: "error sending request for url (https://translate.google.com/m?tl=en&sl=auto&q=%E9%98%BF%E6%8B%89%E8%82%AF%20%E5%8C%97%E5%8E%84%E6%8B%89%E7%A7%91%E6%96%AF%E6%98%9F%E7%90%83%E9%A6%96%E5%BA%9C): error trying to connect: dns error: failed to lookup address information: Temporary failure in name resolution"
[INFO] [stdout] Translation error: "error sending request for url (https://translate.google.com/m?tl=en&sl=auto&q=%E8%80%81%E9%BC%A0): error trying to connect: dns error: failed to lookup address information: Temporary failure in name resolution"
[INFO] [stdout] Translation error: "error sending request for url (https://translate.google.com/m?tl=en&sl=auto&q=%E6%88%91%E5%BC%BA%E7%83%88%E5%BB%BA%E8%AE%AE%E5%B0%86%E6%89%80%E6%9C%89%E5%86%9B%E9%98%9F): error trying to connect: dns error: failed to lookup address information: Temporary failure in name resolution"
[INFO] [stdout] Translation error: "error sending request for url (https://translate.google.com/m?tl=en&sl=auto&q=Now%20that%20the%20spice%20field%20are%20secured,): error trying to connect: dns error: failed to lookup address information: Temporary failure in name resolution"
[INFO] [stdout] Translation error: "error sending request for url (https://translate.google.com/m?tl=en&sl=auto&q=%E6%92%A4%E5%87%BA%E5%BC%97%E9%9B%B7%E6%9B%BC%E4%BA%BA%E7%9A%84%E5%8C%BA%E5%9F%9F): error trying to connect: dns error: failed to lookup address information: Temporary failure in name resolution"
[INFO] [stdout] Translation error: "error sending request for url (https://translate.google.com/m?tl=en&sl=auto&q=%E6%8B%89%20%E6%8B%89%E7%8F%AD%E5%A4%A7%E4%BA%BA): error trying to connect: dns error: failed to lookup address information: Temporary failure in name resolution"
[INFO] [stdout] Translation error: "error sending request for url (https://translate.google.com/m?tl=en&sl=auto&q=He%27s%20asking%20why%20we%27re%20so%20late.): error trying to connect: dns error: failed to lookup address information: Temporary failure in name resolution"
[INFO] [stdout] Translation error: "error sending request for url (https://translate.google.com/m?tl=en&sl=auto&q=%E7%8E%B0%E5%9C%A8%E9%A6%99%E6%96%99%E7%94%B0%E5%B7%B2%E7%BB%8F%E5%AE%89%E5%85%A8%E4%BA%86): error trying to connect: dns error: failed to lookup address information: Temporary failure in name resolution"
[INFO] [stdout] Translation error: "error sending request for url (https://translate.google.com/m?tl=en&sl=auto&q=Rats.): error trying to connect: dns error: failed to lookup address information: Temporary failure in name resolution"
[INFO] [stdout] Translation error: "error sending request for url (https://translate.google.com/m?tl=en&sl=auto&q=No,%20no,%20no.): error trying to connect: dns error: failed to lookup address information: Temporary failure in name resolution"
[INFO] [stdout] Translation error: "error sending request for url (https://translate.google.com/m?tl=en&sl=auto&q=%E8%80%81%E9%BC%A0%EF%BC%81): error trying to connect: dns error: failed to lookup address information: Temporary failure in name resolution"
[INFO] [stdout] Translation error: "error sending request for url (https://translate.google.com/m?tl=en&sl=auto&q=out%20of%20Fremen%20territories.): error trying to connect: dns error: failed to lookup address information: Temporary failure in name resolution"
[INFO] [stdout] Translation error: "error sending request for url (https://translate.google.com/m?tl=en&sl=auto&q=%E4%B8%8D%20%E4%B8%8D%20%E4%B8%8D): error trying to connect: dns error: failed to lookup address information: Temporary failure in name resolution"
[INFO] [stdout] Translation error: "error sending request for url (https://translate.google.com/m?tl=en&sl=auto&q=%E4%BD%A0%E8%AF%B4%E4%BB%80%E4%B9%88%EF%BC%9F): error trying to connect: dns error: failed to lookup address information: Temporary failure in name resolution"
[INFO] [stdout] Translation error: "error sending request for url (https://translate.google.com/m?tl=en&sl=auto&q=%E6%88%91%E4%BB%AC%E5%9C%A8%E6%B2%99%E6%BC%A0%E9%87%8C%E6%8D%9F%E5%A4%B1%E4%BA%86%E5%A4%AA%E5%A4%9A%E4%BA%BA): error trying to connect: dns error: failed to lookup address information: Temporary failure in name resolution"
[INFO] [stdout] thread 'tests::test_process_files' panicked at src/processor.rs:32:10:
[INFO] [stdout] called `Result::unwrap()` on an `Err` value: Os { code: 30, kind: ReadOnlyFilesystem, message: "Read-only file system" }
[INFO] [stdout] stack backtrace:
[INFO] [stdout]    0:     0x55cb086d928a - std::backtrace_rs::backtrace::libunwind::trace::h5a5b8284f2d0c266
[INFO] [stdout]                                at /rustc/90b35a6239c3d8bdabc530a6a0816f7ff89a0aaf/library/std/src/../../backtrace/src/backtrace/libunwind.rs:116:5
[INFO] [stdout]    1:     0x55cb086d928a - std::backtrace_rs::backtrace::trace_unsynchronized::h76d4f1c9b0b875e3
[INFO] [stdout]                                at /rustc/90b35a6239c3d8bdabc530a6a0816f7ff89a0aaf/library/std/src/../../backtrace/src/backtrace/mod.rs:66:5
[INFO] [stdout]    2:     0x55cb086d928a - std::sys::backtrace::_print_fmt::hc4546b8364a537c6
[INFO] [stdout]                                at /rustc/90b35a6239c3d8bdabc530a6a0816f7ff89a0aaf/library/std/src/sys/backtrace.rs:66:9
[INFO] [stdout]    3:     0x55cb086d928a - <std::sys::backtrace::BacktraceLock::print::DisplayBacktrace as core::fmt::Display>::fmt::h5b6bd5631a6d1f6b
[INFO] [stdout]                                at /rustc/90b35a6239c3d8bdabc530a6a0816f7ff89a0aaf/library/std/src/sys/backtrace.rs:39:26
[INFO] [stdout]    4:     0x55cb08702683 - core::fmt::rt::Argument::fmt::h270f6602a2b96f62
[INFO] [stdout]                                at /rustc/90b35a6239c3d8bdabc530a6a0816f7ff89a0aaf/library/core/src/fmt/rt.rs:177:76
[INFO] [stdout]    5:     0x55cb08702683 - core::fmt::write::h7550c97b06c86515
[INFO] [stdout]                                at /rustc/90b35a6239c3d8bdabc530a6a0816f7ff89a0aaf/library/core/src/fmt/mod.rs:1186:21
[INFO] [stdout]    6:     0x55cb086d5913 - std::io::Write::write_fmt::h509ff860e5956e5e
[INFO] [stdout]                                at /rustc/90b35a6239c3d8bdabc530a6a0816f7ff89a0aaf/library/std/src/io/mod.rs:1839:15
[INFO] [stdout]    7:     0x55cb086d90d2 - std::sys::backtrace::BacktraceLock::print::h2395ccd2c84ba3aa
[INFO] [stdout]                                at /rustc/90b35a6239c3d8bdabc530a6a0816f7ff89a0aaf/library/std/src/sys/backtrace.rs:42:9
[INFO] [stdout]    8:     0x55cb086da6ea - std::panicking::default_hook::{{closure}}::he19d4c7230e07961
[INFO] [stdout]                                at /rustc/90b35a6239c3d8bdabc530a6a0816f7ff89a0aaf/library/std/src/panicking.rs:268:22
[INFO] [stdout]    9:     0x55cb086da4f4 - std::panicking::default_hook::hf614597d3c67bbdb
[INFO] [stdout]                                at /rustc/90b35a6239c3d8bdabc530a6a0816f7ff89a0aaf/library/std/src/panicking.rs:292:9
[INFO] [stdout]   10:     0x55cb08251929 - <alloc::boxed::Box<F,A> as core::ops::function::Fn<Args>>::call::h39b51ce4599c23d1
[INFO] [stdout]                                at /rustc/90b35a6239c3d8bdabc530a6a0816f7ff89a0aaf/library/alloc/src/boxed.rs:2468:9
[INFO] [stdout]   11:     0x55cb08251929 - test::test_main::{{closure}}::he977ae839a582784
[INFO] [stdout]                                at /rustc/90b35a6239c3d8bdabc530a6a0816f7ff89a0aaf/library/test/src/lib.rs:133:21
[INFO] [stdout]   12:     0x55cb086dad88 - <alloc::boxed::Box<F,A> as core::ops::function::Fn<Args>>::call::h9455091b6b06f9fb
[INFO] [stdout]                                at /rustc/90b35a6239c3d8bdabc530a6a0816f7ff89a0aaf/library/alloc/src/boxed.rs:2468:9
[INFO] [stdout]   13:     0x55cb086dad88 - std::panicking::rust_panic_with_hook::h8942133a8b252070
[INFO] [stdout]                                at /rustc/90b35a6239c3d8bdabc530a6a0816f7ff89a0aaf/library/std/src/panicking.rs:809:13
[INFO] [stdout]   14:     0x55cb086dab4a - std::panicking::begin_panic_handler::{{closure}}::hb5f5963570096b29
[INFO] [stdout]                                at /rustc/90b35a6239c3d8bdabc530a6a0816f7ff89a0aaf/library/std/src/panicking.rs:674:13
[INFO] [stdout]   15:     0x55cb086d9769 - std::sys::backtrace::__rust_end_short_backtrace::h6208cedc1922feda
[INFO] [stdout]                                at /rustc/90b35a6239c3d8bdabc530a6a0816f7ff89a0aaf/library/std/src/sys/backtrace.rs:170:18
[INFO] [stdout]   16:     0x55cb086da7dc - rust_begin_unwind
[INFO] [stdout]                                at /rustc/90b35a6239c3d8bdabc530a6a0816f7ff89a0aaf/library/std/src/panicking.rs:665:5
[INFO] [stdout]   17:     0x55cb08200330 - core::panicking::panic_fmt::h0c3082644d1bf418
[INFO] [stdout]                                at /rustc/90b35a6239c3d8bdabc530a6a0816f7ff89a0aaf/library/core/src/panicking.rs:74:14
[INFO] [stdout]   18:     0x55cb082007b6 - core::result::unwrap_failed::hd20b4aa073bda1e2
[INFO] [stdout]                                at /rustc/90b35a6239c3d8bdabc530a6a0816f7ff89a0aaf/library/core/src/result.rs:1700:5
[INFO] [stdout]   19:     0x55cb082172ad - core::result::Result<T,E>::unwrap::h6a5e87e7e43ee4ac
[INFO] [stdout]                                at /rustc/90b35a6239c3d8bdabc530a6a0816f7ff89a0aaf/library/core/src/result.rs:1104:23
[INFO] [stdout]   20:     0x55cb082172ad - subtitle_translator_cli::processor::process_file::hffdcc46433643f51
[INFO] [stdout]                                at /opt/rustwide/workdir/src/processor.rs:27:9
[INFO] [stdout]   21:     0x55cb08219345 - subtitle_translator_cli::tests::test_process_files::he6d9c4afc7b28516
[INFO] [stdout]                                at /opt/rustwide/workdir/src/lib.rs:46:31
[INFO] [stdout]   22:     0x55cb082190a7 - subtitle_translator_cli::tests::test_process_files::{{closure}}::he6006cd035d49f10
[INFO] [stdout]                                at /opt/rustwide/workdir/src/lib.rs:38:28
[INFO] [stdout]   23:     0x55cb08208ad6 - core::ops::function::FnOnce::call_once::h3940990006cc553c
[INFO] [stdout]                                at /rustc/90b35a6239c3d8bdabc530a6a0816f7ff89a0aaf/library/core/src/ops/function.rs:250:5
[INFO] [stdout]   24:     0x55cb082562eb - core::ops::function::FnOnce::call_once::h109cf8051a59b34e
[INFO] [stdout]                                at /rustc/90b35a6239c3d8bdabc530a6a0816f7ff89a0aaf/library/core/src/ops/function.rs:250:5
[INFO] [stdout]   25:     0x55cb082562eb - test::__rust_begin_short_backtrace::hf4fff89d377446ba
[INFO] [stdout]                                at /rustc/90b35a6239c3d8bdabc530a6a0816f7ff89a0aaf/library/test/src/lib.rs:621:18
[INFO] [stdout]   26:     0x55cb08255b27 - test::run_test_in_process::{{closure}}::h0e39181dd7ee5a43
[INFO] [stdout]                                at /rustc/90b35a6239c3d8bdabc530a6a0816f7ff89a0aaf/library/test/src/lib.rs:644:60
[INFO] [stdout]   27:     0x55cb08255b27 - <core::panic::unwind_safe::AssertUnwindSafe<F> as core::ops::function::FnOnce<()>>::call_once::hc5a66a30f0bdfd1f
[INFO] [stdout]                                at /rustc/90b35a6239c3d8bdabc530a6a0816f7ff89a0aaf/library/core/src/panic/unwind_safe.rs:272:9
[INFO] [stdout]   28:     0x55cb08255b27 - std::panicking::try::do_call::h873b7cf639554a5e
[INFO] [stdout]                                at /rustc/90b35a6239c3d8bdabc530a6a0816f7ff89a0aaf/library/std/src/panicking.rs:557:40
[INFO] [stdout]   29:     0x55cb08255b27 - std::panicking::try::hdb19862fad9c8bd1
[INFO] [stdout]                                at /rustc/90b35a6239c3d8bdabc530a6a0816f7ff89a0aaf/library/std/src/panicking.rs:520:19
[INFO] [stdout]   30:     0x55cb08255b27 - std::panic::catch_unwind::h281fe732d236d260
[INFO] [stdout]                                at /rustc/90b35a6239c3d8bdabc530a6a0816f7ff89a0aaf/library/std/src/panic.rs:358:14
[INFO] [stdout]   31:     0x55cb08255b27 - test::run_test_in_process::h949b6df8457ed338
[INFO] [stdout]                                at /rustc/90b35a6239c3d8bdabc530a6a0816f7ff89a0aaf/library/test/src/lib.rs:644:27
[INFO] [stdout]   32:     0x55cb08255b27 - test::run_test::{{closure}}::h52c556a6d4740e10
[INFO] [stdout]                                at /rustc/90b35a6239c3d8bdabc530a6a0816f7ff89a0aaf/library/test/src/lib.rs:565:43
[INFO] [stdout]   33:     0x55cb0821ae04 - test::run_test::{{closure}}::h4237f6381c45ccb9
[INFO] [stdout]                                at /rustc/90b35a6239c3d8bdabc530a6a0816f7ff89a0aaf/library/test/src/lib.rs:595:41
[INFO] [stdout]   34:     0x55cb0821ae04 - std::sys::backtrace::__rust_begin_short_backtrace::h505c97a579eca628
[INFO] [stdout]                                at /rustc/90b35a6239c3d8bdabc530a6a0816f7ff89a0aaf/library/std/src/sys/backtrace.rs:154:18
[INFO] [stdout]   35:     0x55cb0821e4ce - std::thread::Builder::spawn_unchecked_::{{closure}}::{{closure}}::h9e86b2e2bc107ea3
[INFO] [stdout]                                at /rustc/90b35a6239c3d8bdabc530a6a0816f7ff89a0aaf/library/std/src/thread/mod.rs:538:17
[INFO] [stdout]   36:     0x55cb0821e4ce - <core::panic::unwind_safe::AssertUnwindSafe<F> as core::ops::function::FnOnce<()>>::call_once::h8b06ddb275ff4a25
[INFO] [stdout]                                at /rustc/90b35a6239c3d8bdabc530a6a0816f7ff89a0aaf/library/core/src/panic/unwind_safe.rs:272:9
[INFO] [stdout]   37:     0x55cb0821e4ce - std::panicking::try::do_call::hb26ecd7cd9a9355d
[INFO] [stdout]                                at /rustc/90b35a6239c3d8bdabc530a6a0816f7ff89a0aaf/library/std/src/panicking.rs:557:40
[INFO] [stdout]   38:     0x55cb0821e4ce - std::panicking::try::h8ddeca9d705f9069
[INFO] [stdout]                                at /rustc/90b35a6239c3d8bdabc530a6a0816f7ff89a0aaf/library/std/src/panicking.rs:520:19
[INFO] [stdout]   39:     0x55cb0821e4ce - std::panic::catch_unwind::h49e1c33078844c46
[INFO] [stdout]                                at /rustc/90b35a6239c3d8bdabc530a6a0816f7ff89a0aaf/library/std/src/panic.rs:358:14
[INFO] [stdout]   40:     0x55cb0821e4ce - std::thread::Builder::spawn_unchecked_::{{closure}}::h6073db6ff56ad35d
[INFO] [stdout]                                at /rustc/90b35a6239c3d8bdabc530a6a0816f7ff89a0aaf/library/std/src/thread/mod.rs:537:30
[INFO] [stdout]   41:     0x55cb0821e4ce - core::ops::function::FnOnce::call_once{{vtable.shim}}::h2c5a5f3779c774f1
[INFO] [stdout]                                at /rustc/90b35a6239c3d8bdabc530a6a0816f7ff89a0aaf/library/core/src/ops/function.rs:250:5
[INFO] [stdout]   42:     0x55cb086df3db - <alloc::boxed::Box<F,A> as core::ops::function::FnOnce<Args>>::call_once::hf75717d9f28faebf
[INFO] [stdout]                                at /rustc/90b35a6239c3d8bdabc530a6a0816f7ff89a0aaf/library/alloc/src/boxed.rs:2454:9
[INFO] [stdout]   43:     0x55cb086df3db - <alloc::boxed::Box<F,A> as core::ops::function::FnOnce<Args>>::call_once::h7bd883a5f3c5f3c1
[INFO] [stdout]                                at /rustc/90b35a6239c3d8bdabc530a6a0816f7ff89a0aaf/library/alloc/src/boxed.rs:2454:9
[INFO] [stdout]   44:     0x55cb086df3db - std::sys::pal::unix::thread::Thread::new::thread_start::hcc78f3943333fa94
[INFO] [stdout]                                at /rustc/90b35a6239c3d8bdabc530a6a0816f7ff89a0aaf/library/std/src/sys/pal/unix/thread.rs:105:17
[INFO] [stdout]   45:     0x7ee513becac3 - <unknown>
[INFO] [stdout]   46:     0x7ee513c7da04 - clone
[INFO] [stdout]   47:                0x0 - <unknown>
[INFO] [stdout] 
[INFO] [stdout] 
[INFO] [stdout] failures:
[INFO] [stdout]     tests::test_process_files
[INFO] [stdout] 
[INFO] [stdout] test result: FAILED. 1 passed; 1 failed; 0 ignored; 0 measured; 0 filtered out; finished in 10.91s
[INFO] [stdout] 
[INFO] [stderr] error: test failed, to rerun pass `--lib`
[INFO] running `Command { std: "docker" "inspect" "9fe68d20d755257232ea453ff81b0c6177d747a8012e85f75153e9ff6d09f192", kill_on_drop: false }`
[INFO] running `Command { std: "docker" "rm" "-f" "9fe68d20d755257232ea453ff81b0c6177d747a8012e85f75153e9ff6d09f192", kill_on_drop: false }`
[INFO] [stdout] 9fe68d20d755257232ea453ff81b0c6177d747a8012e85f75153e9ff6d09f192
