[INFO] fetching crate stylish-html 0.1.2...
[INFO] testing stylish-html-0.1.2 against 1.83.0 for beta-1.84.0-4-retry
[INFO] extracting crate stylish-html 0.1.2 into /workspace/builds/worker-5-tc1/source
[INFO] validating manifest of crates.io crate stylish-html 0.1.2 on toolchain 1.83.0
[INFO] running `Command { std: CARGO_HOME="/workspace/cargo-home" RUSTUP_HOME="/workspace/rustup-home" "/workspace/cargo-home/bin/cargo" "+1.83.0" "metadata" "--manifest-path" "Cargo.toml" "--no-deps", kill_on_drop: false }`
[INFO] started tweaking crates.io crate stylish-html 0.1.2
[INFO] finished tweaking crates.io crate stylish-html 0.1.2
[INFO] tweaked toml for crates.io crate stylish-html 0.1.2 written to /workspace/builds/worker-5-tc1/source/Cargo.toml
[INFO] running `Command { std: CARGO_HOME="/workspace/cargo-home" RUSTUP_HOME="/workspace/rustup-home" "/workspace/cargo-home/bin/cargo" "+1.83.0" "generate-lockfile" "--manifest-path" "Cargo.toml", kill_on_drop: false }`
[INFO] [stderr]     Updating crates.io index
[INFO] [stderr]      Locking 17 packages to latest compatible versions
[INFO] running `Command { std: CARGO_HOME="/workspace/cargo-home" RUSTUP_HOME="/workspace/rustup-home" "/workspace/cargo-home/bin/cargo" "+1.83.0" "fetch" "--manifest-path" "Cargo.toml", kill_on_drop: false }`
[INFO] running `Command { std: "docker" "create" "-v" "/var/lib/crater-agent-workspace/builds/worker-5-tc1/target:/opt/rustwide/target:rw,Z" "-v" "/var/lib/crater-agent-workspace/builds/worker-5-tc1/source:/opt/rustwide/workdir:ro,Z" "-v" "/var/lib/crater-agent-workspace/cargo-home:/opt/rustwide/cargo-home:ro,Z" "-v" "/var/lib/crater-agent-workspace/rustup-home:/opt/rustwide/rustup-home:ro,Z" "-e" "SOURCE_DIR=/opt/rustwide/workdir" "-e" "CARGO_TARGET_DIR=/opt/rustwide/target" "-e" "CARGO_HOME=/opt/rustwide/cargo-home" "-e" "RUSTUP_HOME=/opt/rustwide/rustup-home" "-w" "/opt/rustwide/workdir" "-m" "1610612736" "--user" "0:0" "--network" "none" "ghcr.io/rust-lang/crates-build-env/linux@sha256:f3a9d4ad9d972b27faf3965f35b62e55ba32bbce8f20bc8fe909558a86702fde" "/opt/rustwide/cargo-home/bin/cargo" "+1.83.0" "metadata" "--no-deps" "--format-version=1", kill_on_drop: false }`
[INFO] [stdout] 210246fb86c63ec146f2856429c81d9dc4d0458a492c1a9315421ffb528b062b
[INFO] running `Command { std: "docker" "start" "-a" "210246fb86c63ec146f2856429c81d9dc4d0458a492c1a9315421ffb528b062b", kill_on_drop: false }`
[INFO] running `Command { std: "docker" "inspect" "210246fb86c63ec146f2856429c81d9dc4d0458a492c1a9315421ffb528b062b", kill_on_drop: false }`
[INFO] running `Command { std: "docker" "rm" "-f" "210246fb86c63ec146f2856429c81d9dc4d0458a492c1a9315421ffb528b062b", kill_on_drop: false }`
[INFO] [stdout] 210246fb86c63ec146f2856429c81d9dc4d0458a492c1a9315421ffb528b062b
[INFO] running `Command { std: "docker" "create" "-v" "/var/lib/crater-agent-workspace/builds/worker-5-tc1/target:/opt/rustwide/target:rw,Z" "-v" "/var/lib/crater-agent-workspace/builds/worker-5-tc1/source:/opt/rustwide/workdir:ro,Z" "-v" "/var/lib/crater-agent-workspace/cargo-home:/opt/rustwide/cargo-home:ro,Z" "-v" "/var/lib/crater-agent-workspace/rustup-home:/opt/rustwide/rustup-home:ro,Z" "-e" "SOURCE_DIR=/opt/rustwide/workdir" "-e" "CARGO_TARGET_DIR=/opt/rustwide/target" "-e" "CARGO_INCREMENTAL=0" "-e" "RUST_BACKTRACE=full" "-e" "RUSTFLAGS=--cap-lints=warn" "-e" "RUSTDOCFLAGS=--cap-lints=warn" "-e" "CARGO_HOME=/opt/rustwide/cargo-home" "-e" "RUSTUP_HOME=/opt/rustwide/rustup-home" "-w" "/opt/rustwide/workdir" "-m" "1610612736" "--user" "0:0" "--network" "none" "ghcr.io/rust-lang/crates-build-env/linux@sha256:f3a9d4ad9d972b27faf3965f35b62e55ba32bbce8f20bc8fe909558a86702fde" "/opt/rustwide/cargo-home/bin/cargo" "+1.83.0" "build" "--frozen" "--message-format=json", kill_on_drop: false }`
[INFO] [stdout] e51cee80c6c5aed0da43eea79c0383f75503c13644a7bf8197f2925643357366
[INFO] running `Command { std: "docker" "start" "-a" "e51cee80c6c5aed0da43eea79c0383f75503c13644a7bf8197f2925643357366", kill_on_drop: false }`
[INFO] [stderr]    Compiling stylish-style v0.1.1
[INFO] [stderr]    Compiling askama_escape v0.10.3
[INFO] [stderr]    Compiling stylish-core v0.1.2
[INFO] [stderr]    Compiling stylish-html v0.1.2 (/opt/rustwide/workdir)
[INFO] [stderr]     Finished `dev` profile [unoptimized + debuginfo] target(s) in 1.50s
[INFO] running `Command { std: "docker" "inspect" "e51cee80c6c5aed0da43eea79c0383f75503c13644a7bf8197f2925643357366", kill_on_drop: false }`
[INFO] running `Command { std: "docker" "rm" "-f" "e51cee80c6c5aed0da43eea79c0383f75503c13644a7bf8197f2925643357366", kill_on_drop: false }`
[INFO] [stdout] e51cee80c6c5aed0da43eea79c0383f75503c13644a7bf8197f2925643357366
[INFO] running `Command { std: "docker" "create" "-v" "/var/lib/crater-agent-workspace/builds/worker-5-tc1/target:/opt/rustwide/target:rw,Z" "-v" "/var/lib/crater-agent-workspace/builds/worker-5-tc1/source:/opt/rustwide/workdir:ro,Z" "-v" "/var/lib/crater-agent-workspace/cargo-home:/opt/rustwide/cargo-home:ro,Z" "-v" "/var/lib/crater-agent-workspace/rustup-home:/opt/rustwide/rustup-home:ro,Z" "-e" "SOURCE_DIR=/opt/rustwide/workdir" "-e" "CARGO_TARGET_DIR=/opt/rustwide/target" "-e" "CARGO_INCREMENTAL=0" "-e" "RUST_BACKTRACE=full" "-e" "RUSTFLAGS=--cap-lints=warn" "-e" "RUSTDOCFLAGS=--cap-lints=warn" "-e" "CARGO_HOME=/opt/rustwide/cargo-home" "-e" "RUSTUP_HOME=/opt/rustwide/rustup-home" "-w" "/opt/rustwide/workdir" "-m" "1610612736" "--user" "0:0" "--network" "none" "ghcr.io/rust-lang/crates-build-env/linux@sha256:f3a9d4ad9d972b27faf3965f35b62e55ba32bbce8f20bc8fe909558a86702fde" "/opt/rustwide/cargo-home/bin/cargo" "+1.83.0" "test" "--frozen" "--no-run" "--message-format=json", kill_on_drop: false }`
[INFO] [stdout] f6e3e5fa01bf4074dc8cbe896842f2271b932ee096d6b88325590aa047c1c159
[INFO] running `Command { std: "docker" "start" "-a" "f6e3e5fa01bf4074dc8cbe896842f2271b932ee096d6b88325590aa047c1c159", kill_on_drop: false }`
[INFO] [stderr]    Compiling proc-macro2 v1.0.92
[INFO] [stderr]    Compiling unicode-ident v1.0.14
[INFO] [stderr]    Compiling syn v1.0.109
[INFO] [stderr]    Compiling minimal-lexical v0.2.1
[INFO] [stderr]    Compiling memchr v2.7.4
[INFO] [stderr]    Compiling stylish-style v0.1.1
[INFO] [stderr]    Compiling nom v7.1.3
[INFO] [stderr]    Compiling quote v1.0.37
[INFO] [stderr]    Compiling with_builtin_macros-proc_macros v0.0.3
[INFO] [stderr]    Compiling stylish-macros v0.1.2
[INFO] [stderr]    Compiling with_builtin_macros v0.0.3
[INFO] [stderr]    Compiling stylish-core v0.1.2
[INFO] [stderr]    Compiling stylish v0.1.0
[INFO] [stderr]    Compiling stylish-html v0.1.2 (/opt/rustwide/workdir)
[INFO] [stderr]     Finished `test` profile [unoptimized + debuginfo] target(s) in 8.35s
[INFO] running `Command { std: "docker" "inspect" "f6e3e5fa01bf4074dc8cbe896842f2271b932ee096d6b88325590aa047c1c159", kill_on_drop: false }`
[INFO] running `Command { std: "docker" "rm" "-f" "f6e3e5fa01bf4074dc8cbe896842f2271b932ee096d6b88325590aa047c1c159", kill_on_drop: false }`
[INFO] [stdout] f6e3e5fa01bf4074dc8cbe896842f2271b932ee096d6b88325590aa047c1c159
[INFO] running `Command { std: "docker" "create" "-v" "/var/lib/crater-agent-workspace/builds/worker-5-tc1/target:/opt/rustwide/target:rw,Z" "-v" "/var/lib/crater-agent-workspace/builds/worker-5-tc1/source:/opt/rustwide/workdir:ro,Z" "-v" "/var/lib/crater-agent-workspace/cargo-home:/opt/rustwide/cargo-home:ro,Z" "-v" "/var/lib/crater-agent-workspace/rustup-home:/opt/rustwide/rustup-home:ro,Z" "-e" "SOURCE_DIR=/opt/rustwide/workdir" "-e" "CARGO_TARGET_DIR=/opt/rustwide/target" "-e" "CARGO_INCREMENTAL=0" "-e" "RUST_BACKTRACE=full" "-e" "RUSTFLAGS=--cap-lints=warn" "-e" "RUSTDOCFLAGS=--cap-lints=warn" "-e" "CARGO_HOME=/opt/rustwide/cargo-home" "-e" "RUSTUP_HOME=/opt/rustwide/rustup-home" "-w" "/opt/rustwide/workdir" "-m" "1610612736" "--user" "0:0" "--network" "none" "ghcr.io/rust-lang/crates-build-env/linux@sha256:f3a9d4ad9d972b27faf3965f35b62e55ba32bbce8f20bc8fe909558a86702fde" "/opt/rustwide/cargo-home/bin/cargo" "+1.83.0" "test" "--frozen", kill_on_drop: false }`
[INFO] [stdout] 7990b30b4dae2871d8a07406ff81dcda74aca87030084bf24bc6ba6688b79cfa
[INFO] running `Command { std: "docker" "start" "-a" "7990b30b4dae2871d8a07406ff81dcda74aca87030084bf24bc6ba6688b79cfa", kill_on_drop: false }`
[INFO] [stderr]     Finished `test` profile [unoptimized + debuginfo] target(s) in 0.03s
[INFO] [stderr]      Running unittests src/lib.rs (/opt/rustwide/target/debug/deps/stylish_html-768d0c8a1ac66672)
[INFO] [stdout] 
[INFO] [stdout] running 0 tests
[INFO] [stdout] 
[INFO] [stdout] test result: ok. 0 passed; 0 failed; 0 ignored; 0 measured; 0 filtered out; finished in 0.00s
[INFO] [stdout] 
[INFO] [stderr]    Doc-tests stylish_html
[INFO] [stdout] 
[INFO] [stdout] running 2 tests
[INFO] [stdout] test src/html.rs - html::Html (line 11) ... FAILED
[INFO] [stdout] test src/format.rs - format::format (line 28) ... FAILED
[INFO] [stdout] 
[INFO] [stdout] failures:
[INFO] [stdout] 
[INFO] [stdout] ---- src/html.rs - html::Html (line 11) stdout ----
[INFO] [stdout] error[E0433]: failed to resolve: could not find `Html` in `stylish`
[INFO] [stdout]    --> src/html.rs:12:27
[INFO] [stdout]     |
[INFO] [stdout] 3   | let mut writer = stylish::Html::new(String::new());
[INFO] [stdout]     |                           ^^^^ could not find `Html` in `stylish`
[INFO] [stdout]     |
[INFO] [stdout] note: found an item that was configured out
[INFO] [stdout]    --> /opt/rustwide/cargo-home/registry/src/index.crates.io-6f17d22bba15001f/stylish-0.1.0/src/lib.rs:133:23
[INFO] [stdout]     |
[INFO] [stdout] 133 | pub use stylish_html::Html;
[INFO] [stdout]     |                       ^^^^
[INFO] [stdout] note: the item is gated behind the `html` feature
[INFO] [stdout]    --> /opt/rustwide/cargo-home/registry/src/index.crates.io-6f17d22bba15001f/stylish-0.1.0/src/lib.rs:132:7
[INFO] [stdout]     |
[INFO] [stdout] 132 | #[cfg(feature = "html")]
[INFO] [stdout]     |       ^^^^^^^^^^^^^^^^
[INFO] [stdout] help: consider importing one of these structs
[INFO] [stdout]     |
[INFO] [stdout] 2   + use askama_escape::Html;
[INFO] [stdout]     |
[INFO] [stdout] 2   + use stylish_html::Html;
[INFO] [stdout]     |
[INFO] [stdout] help: if you import `Html`, refer to it directly
[INFO] [stdout]     |
[INFO] [stdout] 3   - let mut writer = stylish::Html::new(String::new());
[INFO] [stdout] 3   + let mut writer = Html::new(String::new());
[INFO] [stdout]     |
[INFO] [stdout] 
[INFO] [stdout] error: aborting due to 1 previous error
[INFO] [stdout] 
[INFO] [stdout] For more information about this error, try `rustc --explain E0433`.
[INFO] [stdout] Couldn't compile the test.
[INFO] [stdout] ---- src/format.rs - format::format (line 28) stdout ----
[INFO] [stdout] error[E0433]: failed to resolve: could not find `html` in `stylish`
[INFO] [stdout]    --> src/format.rs:30:14
[INFO] [stdout]     |
[INFO] [stdout] 4   |     stylish::html::format(stylish::format_args!(
[INFO] [stdout]     |              ^^^^ could not find `html` in `stylish`
[INFO] [stdout]     |
[INFO] [stdout] note: found an item that was configured out
[INFO] [stdout]    --> /opt/rustwide/cargo-home/registry/src/index.crates.io-6f17d22bba15001f/stylish-0.1.0/src/lib.rs:103:8
[INFO] [stdout]     |
[INFO] [stdout] 103 | pub fn html<T: core::fmt::Write>(inner: T) -> Html<T> {
[INFO] [stdout]     |        ^^^^
[INFO] [stdout] note: the item is gated behind the `html` feature
[INFO] [stdout]    --> /opt/rustwide/cargo-home/registry/src/index.crates.io-6f17d22bba15001f/stylish-0.1.0/src/lib.rs:91:7
[INFO] [stdout]     |
[INFO] [stdout] 91  | #[cfg(feature = "html")]
[INFO] [stdout]     |       ^^^^^^^^^^^^^^^^
[INFO] [stdout] note: found an item that was configured out
[INFO] [stdout]    --> /opt/rustwide/cargo-home/registry/src/index.crates.io-6f17d22bba15001f/stylish-0.1.0/src/lib.rs:137:9
[INFO] [stdout]     |
[INFO] [stdout] 137 | pub mod html {
[INFO] [stdout]     |         ^^^^
[INFO] [stdout] note: the item is gated behind the `html` feature
[INFO] [stdout]    --> /opt/rustwide/cargo-home/registry/src/index.crates.io-6f17d22bba15001f/stylish-0.1.0/src/lib.rs:136:7
[INFO] [stdout]     |
[INFO] [stdout] 136 | #[cfg(feature = "html")]
[INFO] [stdout]     |       ^^^^^^^^^^^^^^^^
[INFO] [stdout] 
[INFO] [stdout] error: aborting due to 1 previous error
[INFO] [stdout] 
[INFO] [stdout] For more information about this error, try `rustc --explain E0433`.
[INFO] [stdout] Couldn't compile the test.
[INFO] [stdout] 
[INFO] [stdout] failures:
[INFO] [stdout]     src/format.rs - format::format (line 28)
[INFO] [stdout]     src/html.rs - html::Html (line 11)
[INFO] [stdout] 
[INFO] [stdout] test result: FAILED. 0 passed; 2 failed; 0 ignored; 0 measured; 0 filtered out; finished in 0.06s
[INFO] [stdout] 
[INFO] [stderr] error: doctest failed, to rerun pass `--doc`
[INFO] running `Command { std: "docker" "inspect" "7990b30b4dae2871d8a07406ff81dcda74aca87030084bf24bc6ba6688b79cfa", kill_on_drop: false }`
[INFO] running `Command { std: "docker" "rm" "-f" "7990b30b4dae2871d8a07406ff81dcda74aca87030084bf24bc6ba6688b79cfa", kill_on_drop: false }`
[INFO] [stdout] 7990b30b4dae2871d8a07406ff81dcda74aca87030084bf24bc6ba6688b79cfa
