[INFO] fetching crate stuck-macros 0.3.1...
[INFO] testing stuck-macros-0.3.1 against beta-2024-12-08 for beta-1.84.0-4-retry
[INFO] extracting crate stuck-macros 0.3.1 into /workspace/builds/worker-7-tc2/source
[INFO] validating manifest of crates.io crate stuck-macros 0.3.1 on toolchain beta-2024-12-08
[INFO] running `Command { std: CARGO_HOME="/workspace/cargo-home" RUSTUP_HOME="/workspace/rustup-home" "/workspace/cargo-home/bin/cargo" "+beta-2024-12-08" "metadata" "--manifest-path" "Cargo.toml" "--no-deps", kill_on_drop: false }`
[INFO] started tweaking crates.io crate stuck-macros 0.3.1
[INFO] finished tweaking crates.io crate stuck-macros 0.3.1
[INFO] tweaked toml for crates.io crate stuck-macros 0.3.1 written to /workspace/builds/worker-7-tc2/source/Cargo.toml
[INFO] running `Command { std: CARGO_HOME="/workspace/cargo-home" RUSTUP_HOME="/workspace/rustup-home" "/workspace/cargo-home/bin/cargo" "+beta-2024-12-08" "generate-lockfile" "--manifest-path" "Cargo.toml", kill_on_drop: false }`
[INFO] [stderr]     Updating crates.io index
[INFO] [stderr]      Locking 4 packages to latest compatible versions
[INFO] [stderr]       Adding syn v1.0.109 (available: v2.0.90)
[INFO] running `Command { std: CARGO_HOME="/workspace/cargo-home" RUSTUP_HOME="/workspace/rustup-home" "/workspace/cargo-home/bin/cargo" "+beta-2024-12-08" "fetch" "--manifest-path" "Cargo.toml", kill_on_drop: false }`
[INFO] running `Command { std: "docker" "create" "-v" "/var/lib/crater-agent-workspace/builds/worker-7-tc2/target:/opt/rustwide/target:rw,Z" "-v" "/var/lib/crater-agent-workspace/builds/worker-7-tc2/source:/opt/rustwide/workdir:ro,Z" "-v" "/var/lib/crater-agent-workspace/cargo-home:/opt/rustwide/cargo-home:ro,Z" "-v" "/var/lib/crater-agent-workspace/rustup-home:/opt/rustwide/rustup-home:ro,Z" "-e" "SOURCE_DIR=/opt/rustwide/workdir" "-e" "CARGO_TARGET_DIR=/opt/rustwide/target" "-e" "CARGO_HOME=/opt/rustwide/cargo-home" "-e" "RUSTUP_HOME=/opt/rustwide/rustup-home" "-w" "/opt/rustwide/workdir" "-m" "1610612736" "--user" "0:0" "--network" "none" "ghcr.io/rust-lang/crates-build-env/linux@sha256:f3a9d4ad9d972b27faf3965f35b62e55ba32bbce8f20bc8fe909558a86702fde" "/opt/rustwide/cargo-home/bin/cargo" "+beta-2024-12-08" "metadata" "--no-deps" "--format-version=1", kill_on_drop: false }`
[INFO] [stdout] dd76d4d6dac4ae2ba4ab61a81c5e94af11ca80ca9e2847235a39301a17cae654
[INFO] running `Command { std: "docker" "start" "-a" "dd76d4d6dac4ae2ba4ab61a81c5e94af11ca80ca9e2847235a39301a17cae654", kill_on_drop: false }`
[INFO] running `Command { std: "docker" "inspect" "dd76d4d6dac4ae2ba4ab61a81c5e94af11ca80ca9e2847235a39301a17cae654", kill_on_drop: false }`
[INFO] running `Command { std: "docker" "rm" "-f" "dd76d4d6dac4ae2ba4ab61a81c5e94af11ca80ca9e2847235a39301a17cae654", kill_on_drop: false }`
[INFO] [stdout] dd76d4d6dac4ae2ba4ab61a81c5e94af11ca80ca9e2847235a39301a17cae654
[INFO] running `Command { std: "docker" "create" "-v" "/var/lib/crater-agent-workspace/builds/worker-7-tc2/target:/opt/rustwide/target:rw,Z" "-v" "/var/lib/crater-agent-workspace/builds/worker-7-tc2/source:/opt/rustwide/workdir:ro,Z" "-v" "/var/lib/crater-agent-workspace/cargo-home:/opt/rustwide/cargo-home:ro,Z" "-v" "/var/lib/crater-agent-workspace/rustup-home:/opt/rustwide/rustup-home:ro,Z" "-e" "SOURCE_DIR=/opt/rustwide/workdir" "-e" "CARGO_TARGET_DIR=/opt/rustwide/target" "-e" "CARGO_INCREMENTAL=0" "-e" "RUST_BACKTRACE=full" "-e" "RUSTFLAGS=--cap-lints=warn" "-e" "RUSTDOCFLAGS=--cap-lints=warn" "-e" "CARGO_HOME=/opt/rustwide/cargo-home" "-e" "RUSTUP_HOME=/opt/rustwide/rustup-home" "-w" "/opt/rustwide/workdir" "-m" "1610612736" "--user" "0:0" "--network" "none" "ghcr.io/rust-lang/crates-build-env/linux@sha256:f3a9d4ad9d972b27faf3965f35b62e55ba32bbce8f20bc8fe909558a86702fde" "/opt/rustwide/cargo-home/bin/cargo" "+beta-2024-12-08" "build" "--frozen" "--message-format=json", kill_on_drop: false }`
[INFO] [stdout] d353f64111bb4b9ee9e8981025dbf6f7f165ad99b8bd40f862b4e1e6790cba5c
[INFO] running `Command { std: "docker" "start" "-a" "d353f64111bb4b9ee9e8981025dbf6f7f165ad99b8bd40f862b4e1e6790cba5c", kill_on_drop: false }`
[INFO] [stderr]    Compiling syn v1.0.109
[INFO] [stderr]    Compiling stuck-macros v0.3.1 (/opt/rustwide/workdir)
[INFO] [stderr]     Finished `dev` profile [unoptimized + debuginfo] target(s) in 5.27s
[INFO] running `Command { std: "docker" "inspect" "d353f64111bb4b9ee9e8981025dbf6f7f165ad99b8bd40f862b4e1e6790cba5c", kill_on_drop: false }`
[INFO] running `Command { std: "docker" "rm" "-f" "d353f64111bb4b9ee9e8981025dbf6f7f165ad99b8bd40f862b4e1e6790cba5c", kill_on_drop: false }`
[INFO] [stdout] d353f64111bb4b9ee9e8981025dbf6f7f165ad99b8bd40f862b4e1e6790cba5c
[INFO] running `Command { std: "docker" "create" "-v" "/var/lib/crater-agent-workspace/builds/worker-7-tc2/target:/opt/rustwide/target:rw,Z" "-v" "/var/lib/crater-agent-workspace/builds/worker-7-tc2/source:/opt/rustwide/workdir:ro,Z" "-v" "/var/lib/crater-agent-workspace/cargo-home:/opt/rustwide/cargo-home:ro,Z" "-v" "/var/lib/crater-agent-workspace/rustup-home:/opt/rustwide/rustup-home:ro,Z" "-e" "SOURCE_DIR=/opt/rustwide/workdir" "-e" "CARGO_TARGET_DIR=/opt/rustwide/target" "-e" "CARGO_INCREMENTAL=0" "-e" "RUST_BACKTRACE=full" "-e" "RUSTFLAGS=--cap-lints=warn" "-e" "RUSTDOCFLAGS=--cap-lints=warn" "-e" "CARGO_HOME=/opt/rustwide/cargo-home" "-e" "RUSTUP_HOME=/opt/rustwide/rustup-home" "-w" "/opt/rustwide/workdir" "-m" "1610612736" "--user" "0:0" "--network" "none" "ghcr.io/rust-lang/crates-build-env/linux@sha256:f3a9d4ad9d972b27faf3965f35b62e55ba32bbce8f20bc8fe909558a86702fde" "/opt/rustwide/cargo-home/bin/cargo" "+beta-2024-12-08" "test" "--frozen" "--no-run" "--message-format=json", kill_on_drop: false }`
[INFO] [stdout] 2f578564378542997519d47c5016a150e3e0cb8a1a598d73daf7053adcdf684b
[INFO] running `Command { std: "docker" "start" "-a" "2f578564378542997519d47c5016a150e3e0cb8a1a598d73daf7053adcdf684b", kill_on_drop: false }`
[INFO] [stderr]    Compiling stuck-macros v0.3.1 (/opt/rustwide/workdir)
[INFO] [stderr]     Finished `test` profile [unoptimized + debuginfo] target(s) in 0.83s
[INFO] running `Command { std: "docker" "inspect" "2f578564378542997519d47c5016a150e3e0cb8a1a598d73daf7053adcdf684b", kill_on_drop: false }`
[INFO] running `Command { std: "docker" "rm" "-f" "2f578564378542997519d47c5016a150e3e0cb8a1a598d73daf7053adcdf684b", kill_on_drop: false }`
[INFO] [stdout] 2f578564378542997519d47c5016a150e3e0cb8a1a598d73daf7053adcdf684b
[INFO] running `Command { std: "docker" "create" "-v" "/var/lib/crater-agent-workspace/builds/worker-7-tc2/target:/opt/rustwide/target:rw,Z" "-v" "/var/lib/crater-agent-workspace/builds/worker-7-tc2/source:/opt/rustwide/workdir:ro,Z" "-v" "/var/lib/crater-agent-workspace/cargo-home:/opt/rustwide/cargo-home:ro,Z" "-v" "/var/lib/crater-agent-workspace/rustup-home:/opt/rustwide/rustup-home:ro,Z" "-e" "SOURCE_DIR=/opt/rustwide/workdir" "-e" "CARGO_TARGET_DIR=/opt/rustwide/target" "-e" "CARGO_INCREMENTAL=0" "-e" "RUST_BACKTRACE=full" "-e" "RUSTFLAGS=--cap-lints=warn" "-e" "RUSTDOCFLAGS=--cap-lints=warn" "-e" "CARGO_HOME=/opt/rustwide/cargo-home" "-e" "RUSTUP_HOME=/opt/rustwide/rustup-home" "-w" "/opt/rustwide/workdir" "-m" "1610612736" "--user" "0:0" "--network" "none" "ghcr.io/rust-lang/crates-build-env/linux@sha256:f3a9d4ad9d972b27faf3965f35b62e55ba32bbce8f20bc8fe909558a86702fde" "/opt/rustwide/cargo-home/bin/cargo" "+beta-2024-12-08" "test" "--frozen", kill_on_drop: false }`
[INFO] [stdout] b82666c2401657e1cb83fdad2b3212320939f02ad98acdeba2ceba5a3cd2793e
[INFO] running `Command { std: "docker" "start" "-a" "b82666c2401657e1cb83fdad2b3212320939f02ad98acdeba2ceba5a3cd2793e", kill_on_drop: false }`
[INFO] [stderr]     Finished `test` profile [unoptimized + debuginfo] target(s) in 0.02s
[INFO] [stderr]      Running unittests src/lib.rs (/opt/rustwide/target/debug/deps/stuck_macros-26a22da1e1373141)
[INFO] [stdout] 
[INFO] [stdout] running 0 tests
[INFO] [stdout] 
[INFO] [stdout] test result: ok. 0 passed; 0 failed; 0 ignored; 0 measured; 0 filtered out; finished in 0.00s
[INFO] [stdout] 
[INFO] [stderr]    Doc-tests stuck_macros
[INFO] [stdout] 
[INFO] [stdout] running 2 tests
[INFO] [stdout] test src/lib.rs - main (line 131) ... FAILED
[INFO] [stdout] test src/lib.rs - main (line 138) ... FAILED
[INFO] [stdout] 
[INFO] [stdout] failures:
[INFO] [stdout] 
[INFO] [stdout] ---- src/lib.rs - main (line 131) stdout ----
[INFO] [stdout] error[E0433]: failed to resolve: use of undeclared crate or module `stuck`
[INFO] [stdout]  --> src/lib.rs:132:3
[INFO] [stdout]   |
[INFO] [stdout] 2 | #[stuck::main]
[INFO] [stdout]   |   ^^^^^ use of undeclared crate or module `stuck`
[INFO] [stdout] 
[INFO] [stdout] error[E0433]: failed to resolve: use of undeclared crate or module `stuck`
[INFO] [stdout]  --> src/lib.rs:134:5
[INFO] [stdout]   |
[INFO] [stdout] 4 |     stuck::task::yield_now();
[INFO] [stdout]   |     ^^^^^ use of undeclared crate or module `stuck`
[INFO] [stdout] 
[INFO] [stdout] error: aborting due to 2 previous errors
[INFO] [stdout] 
[INFO] [stdout] For more information about this error, try `rustc --explain E0433`.
[INFO] [stdout] Couldn't compile the test.
[INFO] [stdout] ---- src/lib.rs - main (line 138) stdout ----
[INFO] [stdout] error[E0433]: failed to resolve: use of undeclared crate or module `stuck`
[INFO] [stdout]  --> src/lib.rs:139:3
[INFO] [stdout]   |
[INFO] [stdout] 2 | #[stuck::main(parallelism = 1)]
[INFO] [stdout]   |   ^^^^^ use of undeclared crate or module `stuck`
[INFO] [stdout] 
[INFO] [stdout] error[E0433]: failed to resolve: use of undeclared crate or module `stuck`
[INFO] [stdout]  --> src/lib.rs:141:5
[INFO] [stdout]   |
[INFO] [stdout] 4 |     stuck::task::yield_now();
[INFO] [stdout]   |     ^^^^^ use of undeclared crate or module `stuck`
[INFO] [stdout] 
[INFO] [stdout] error: aborting due to 2 previous errors
[INFO] [stdout] 
[INFO] [stdout] For more information about this error, try `rustc --explain E0433`.
[INFO] [stdout] Couldn't compile the test.
[INFO] [stdout] 
[INFO] [stdout] failures:
[INFO] [stdout]     src/lib.rs - main (line 131)
[INFO] [stdout]     src/lib.rs - main (line 138)
[INFO] [stdout] 
[INFO] [stdout] test result: FAILED. 0 passed; 2 failed; 0 ignored; 0 measured; 0 filtered out; finished in 0.10s
[INFO] [stdout] 
[INFO] [stderr] error: doctest failed, to rerun pass `--doc`
[INFO] running `Command { std: "docker" "inspect" "b82666c2401657e1cb83fdad2b3212320939f02ad98acdeba2ceba5a3cd2793e", kill_on_drop: false }`
[INFO] running `Command { std: "docker" "rm" "-f" "b82666c2401657e1cb83fdad2b3212320939f02ad98acdeba2ceba5a3cd2793e", kill_on_drop: false }`
[INFO] [stdout] b82666c2401657e1cb83fdad2b3212320939f02ad98acdeba2ceba5a3cd2793e
