[INFO] fetching crate stubr 0.6.2...
[INFO] testing stubr-0.6.2 against 1.83.0 for beta-1.84.0-4-retry
[INFO] extracting crate stubr 0.6.2 into /workspace/builds/worker-6-tc1/source
[INFO] validating manifest of crates.io crate stubr 0.6.2 on toolchain 1.83.0
[INFO] running `Command { std: CARGO_HOME="/workspace/cargo-home" RUSTUP_HOME="/workspace/rustup-home" "/workspace/cargo-home/bin/cargo" "+1.83.0" "metadata" "--manifest-path" "Cargo.toml" "--no-deps", kill_on_drop: false }`
[INFO] started tweaking crates.io crate stubr 0.6.2
[INFO] finished tweaking crates.io crate stubr 0.6.2
[INFO] tweaked toml for crates.io crate stubr 0.6.2 written to /workspace/builds/worker-6-tc1/source/Cargo.toml
[INFO] running `Command { std: CARGO_HOME="/workspace/cargo-home" RUSTUP_HOME="/workspace/rustup-home" "/workspace/cargo-home/bin/cargo" "+1.83.0" "generate-lockfile" "--manifest-path" "Cargo.toml", kill_on_drop: false }`
[INFO] [stderr]     Updating crates.io index
[INFO] [stderr]     Blocking waiting for file lock on package cache
[INFO] [stderr]      Locking 421 packages to latest compatible versions
[INFO] [stderr]       Adding asserhttp v0.6.1 (available: v0.7.1)
[INFO] [stderr]       Adding base64 v0.21.7 (available: v0.22.1)
[INFO] [stderr]       Adding chrono-tz v0.8.6 (available: v0.10.0)
[INFO] [stderr]       Adding handlebars v4.3.6 (available: v4.5.0)
[INFO] [stderr]       Adding http v0.2.12 (available: v1.2.0)
[INFO] [stderr]       Adding hyper v0.14.31 (available: v1.5.1)
[INFO] [stderr]       Adding itertools v0.10.5 (available: v0.13.0)
[INFO] [stderr]       Adding json_value_merge v1.1.2 (available: v2.0.0)
[INFO] [stderr]       Adding jsonwebtoken v8.3.0 (available: v9.3.0)
[INFO] [stderr]       Adding prost v0.11.9 (available: v0.13.4)
[INFO] [stderr]       Adding protobuf v3.2.0 (available: v3.7.1)
[INFO] [stderr]       Adding protobuf-json-mapping v3.2.0 (available: v3.7.1)
[INFO] [stderr]       Adding protobuf-parse v3.2.0 (available: v3.7.1)
[INFO] [stderr]       Adding protobuf-support v3.2.0 (available: v3.7.1)
[INFO] [stderr]       Adding rand_regex v0.15.1 (available: v0.17.0)
[INFO] [stderr]       Adding regex-syntax v0.6.29 (available: v0.8.5)
[INFO] [stderr]       Adding reqwest v0.11.27 (available: v0.12.9)
[INFO] [stderr]       Adding subtle v2.4.1 (available: v2.6.1)
[INFO] [stderr]       Adding thiserror v1.0.69 (available: v2.0.7)
[INFO] [stderr]       Adding tonic v0.9.2 (available: v0.12.3)
[INFO] [stderr]       Adding tonic-build v0.9.2 (available: v0.12.3)
[INFO] running `Command { std: CARGO_HOME="/workspace/cargo-home" RUSTUP_HOME="/workspace/rustup-home" "/workspace/cargo-home/bin/cargo" "+1.83.0" "fetch" "--manifest-path" "Cargo.toml", kill_on_drop: false }`
[INFO] [stderr]  Downloading crates ...
[INFO] [stderr]   Downloaded protobuf-support v3.2.0
[INFO] [stderr]   Downloaded simpledateformat v0.1.4
[INFO] [stderr]   Downloaded email-address-parser v2.0.0
[INFO] [stderr]   Downloaded warp-reverse-proxy v1.0.0
[INFO] [stderr]   Downloaded json_value_merge v1.1.2
[INFO] [stderr]   Downloaded tonic-build v0.9.2
[INFO] [stderr]   Downloaded protobuf-json-mapping v3.2.0
[INFO] [stderr]   Downloaded stubr-attributes v0.6.2
[INFO] [stderr]   Downloaded asserhttp v0.6.1
[INFO] [stderr]   Downloaded protobuf v3.2.0
[INFO] [stderr]   Downloaded protobuf-parse v3.2.0
[INFO] running `Command { std: "docker" "create" "-v" "/var/lib/crater-agent-workspace/builds/worker-6-tc1/target:/opt/rustwide/target:rw,Z" "-v" "/var/lib/crater-agent-workspace/builds/worker-6-tc1/source:/opt/rustwide/workdir:ro,Z" "-v" "/var/lib/crater-agent-workspace/cargo-home:/opt/rustwide/cargo-home:ro,Z" "-v" "/var/lib/crater-agent-workspace/rustup-home:/opt/rustwide/rustup-home:ro,Z" "-e" "SOURCE_DIR=/opt/rustwide/workdir" "-e" "CARGO_TARGET_DIR=/opt/rustwide/target" "-e" "CARGO_HOME=/opt/rustwide/cargo-home" "-e" "RUSTUP_HOME=/opt/rustwide/rustup-home" "-w" "/opt/rustwide/workdir" "-m" "1610612736" "--user" "0:0" "--network" "none" "ghcr.io/rust-lang/crates-build-env/linux@sha256:f3a9d4ad9d972b27faf3965f35b62e55ba32bbce8f20bc8fe909558a86702fde" "/opt/rustwide/cargo-home/bin/cargo" "+1.83.0" "metadata" "--no-deps" "--format-version=1", kill_on_drop: false }`
[INFO] [stdout] 246efd30ab3cd4e4316c840291884f81b577c2ebe035ffd251f682a57311ed84
[INFO] running `Command { std: "docker" "start" "-a" "246efd30ab3cd4e4316c840291884f81b577c2ebe035ffd251f682a57311ed84", kill_on_drop: false }`
[INFO] running `Command { std: "docker" "inspect" "246efd30ab3cd4e4316c840291884f81b577c2ebe035ffd251f682a57311ed84", kill_on_drop: false }`
[INFO] running `Command { std: "docker" "rm" "-f" "246efd30ab3cd4e4316c840291884f81b577c2ebe035ffd251f682a57311ed84", kill_on_drop: false }`
[INFO] [stdout] 246efd30ab3cd4e4316c840291884f81b577c2ebe035ffd251f682a57311ed84
[INFO] running `Command { std: "docker" "create" "-v" "/var/lib/crater-agent-workspace/builds/worker-6-tc1/target:/opt/rustwide/target:rw,Z" "-v" "/var/lib/crater-agent-workspace/builds/worker-6-tc1/source:/opt/rustwide/workdir:ro,Z" "-v" "/var/lib/crater-agent-workspace/cargo-home:/opt/rustwide/cargo-home:ro,Z" "-v" "/var/lib/crater-agent-workspace/rustup-home:/opt/rustwide/rustup-home:ro,Z" "-e" "SOURCE_DIR=/opt/rustwide/workdir" "-e" "CARGO_TARGET_DIR=/opt/rustwide/target" "-e" "CARGO_INCREMENTAL=0" "-e" "RUST_BACKTRACE=full" "-e" "RUSTFLAGS=--cap-lints=warn" "-e" "RUSTDOCFLAGS=--cap-lints=warn" "-e" "CARGO_HOME=/opt/rustwide/cargo-home" "-e" "RUSTUP_HOME=/opt/rustwide/rustup-home" "-w" "/opt/rustwide/workdir" "-m" "1610612736" "--user" "0:0" "--network" "none" "ghcr.io/rust-lang/crates-build-env/linux@sha256:f3a9d4ad9d972b27faf3965f35b62e55ba32bbce8f20bc8fe909558a86702fde" "/opt/rustwide/cargo-home/bin/cargo" "+1.83.0" "build" "--frozen" "--message-format=json", kill_on_drop: false }`
[INFO] [stdout] 2b7ca83e603e87da1472df5234f6ecd6d60b0d50c94be23e21ba6a51342b4bad
[INFO] running `Command { std: "docker" "start" "-a" "2b7ca83e603e87da1472df5234f6ecd6d60b0d50c94be23e21ba6a51342b4bad", kill_on_drop: false }`
[INFO] [stderr]    Compiling libc v0.2.168
[INFO] [stderr]    Compiling version_check v0.9.5
[INFO] [stderr]    Compiling memchr v2.7.4
[INFO] [stderr]    Compiling typenum v1.17.0
[INFO] [stderr]    Compiling byteorder v1.5.0
[INFO] [stderr]    Compiling value-bag v1.10.0
[INFO] [stderr]    Compiling futures-io v0.3.31
[INFO] [stderr]    Compiling crossbeam-utils v0.8.20
[INFO] [stderr]    Compiling parking v2.2.1
[INFO] [stderr]    Compiling serde v1.0.216
[INFO] [stderr]    Compiling syn v1.0.109
[INFO] [stderr]    Compiling subtle v2.4.1
[INFO] [stderr]    Compiling syn v2.0.90
[INFO] [stderr]    Compiling opaque-debug v0.3.1
[INFO] [stderr]    Compiling siphasher v0.3.11
[INFO] [stderr]    Compiling fastrand v2.3.0
[INFO] [stderr]    Compiling serde_json v1.0.133
[INFO] [stderr]    Compiling libm v0.2.11
[INFO] [stderr]    Compiling rustix v0.38.42
[INFO] [stderr]    Compiling phf_shared v0.11.2
[INFO] [stderr]    Compiling log v0.4.22
[INFO] [stderr]    Compiling thiserror v2.0.7
[INFO] [stderr]    Compiling regex-syntax v0.8.5
[INFO] [stderr]    Compiling proc-macro-hack v0.5.20+deprecated
[INFO] [stderr]    Compiling futures-lite v2.5.0
[INFO] [stderr]    Compiling num-traits v0.2.19
[INFO] [stderr]    Compiling getrandom v0.1.16
[INFO] [stderr]    Compiling generic-array v0.14.7
[INFO] [stderr]    Compiling standback v0.2.17
[INFO] [stderr]    Compiling aho-corasick v1.1.3
[INFO] [stderr]    Compiling bitflags v2.6.0
[INFO] [stderr]    Compiling linux-raw-sys v0.4.14
[INFO] [stderr]    Compiling futures-channel v0.3.31
[INFO] [stderr]    Compiling const_fn v0.4.10
[INFO] [stderr]    Compiling futures-task v0.3.31
[INFO] [stderr]    Compiling cpuid-bool v0.2.0
[INFO] [stderr]    Compiling thiserror v1.0.69
[INFO] [stderr]    Compiling atomic-waker v1.1.2
[INFO] [stderr]    Compiling concurrent-queue v2.5.0
[INFO] [stderr]    Compiling async-task v4.7.1
[INFO] [stderr]    Compiling ucd-trie v0.1.7
[INFO] [stderr]    Compiling event-listener v5.3.1
[INFO] [stderr]    Compiling piper v0.2.4
[INFO] [stderr]    Compiling time v0.2.27
[INFO] [stderr]    Compiling phf v0.11.2
[INFO] [stderr]    Compiling ring v0.16.20
[INFO] [stderr]    Compiling event-listener-strategy v0.5.3
[INFO] [stderr]    Compiling async-lock v3.4.0
[INFO] [stderr]    Compiling async-channel v2.3.1
[INFO] [stderr]    Compiling async-executor v1.13.1
[INFO] [stderr]    Compiling cookie v0.14.4
[INFO] [stderr]    Compiling either v1.13.0
[INFO] [stderr]    Compiling anyhow v1.0.94
[INFO] [stderr]    Compiling cpufeatures v0.2.16
[INFO] [stderr]    Compiling blocking v1.6.1
[INFO] [stderr]    Compiling event-listener v2.5.3
[INFO] [stderr]    Compiling async-channel v1.9.0
[INFO] [stderr]    Compiling getrandom v0.2.15
[INFO] [stderr]    Compiling parking_lot_core v0.9.10
[INFO] [stderr]    Compiling signal-hook-registry v1.4.2
[INFO] [stderr]    Compiling rand_core v0.6.4
[INFO] [stderr]    Compiling regex-automata v0.4.9
[INFO] [stderr]    Compiling cipher v0.2.5
[INFO] [stderr]    Compiling universal-hash v0.4.1
[INFO] [stderr]    Compiling digest v0.9.0
[INFO] [stderr]    Compiling crypto-mac v0.10.1
[INFO] [stderr]    Compiling parking_lot v0.12.3
[INFO] [stderr]    Compiling mio v1.0.3
[INFO] [stderr]    Compiling polyval v0.4.5
[INFO] [stderr]    Compiling socket2 v0.5.8
[INFO] [stderr]    Compiling aes-soft v0.6.4
[INFO] [stderr]    Compiling hmac v0.10.1
[INFO] [stderr]    Compiling ghash v0.3.1
[INFO] [stderr]    Compiling rand_core v0.5.1
[INFO] [stderr]    Compiling ctr v0.6.0
[INFO] [stderr]    Compiling block-buffer v0.9.0
[INFO] [stderr]    Compiling aead v0.3.2
[INFO] [stderr]    Compiling hkdf v0.10.0
[INFO] [stderr]    Compiling sha2 v0.9.9
[INFO] [stderr]    Compiling chrono v0.4.39
[INFO] [stderr]    Compiling kv-log-macro v1.0.7
[INFO] [stderr]    Compiling unicode-xid v0.2.6
[INFO] [stderr]    Compiling spin v0.5.2
[INFO] [stderr]    Compiling untrusted v0.7.1
[INFO] [stderr]    Compiling waker-fn v1.2.0
[INFO] [stderr]    Compiling http-types v2.12.0
[INFO] [stderr]    Compiling base64 v0.13.1
[INFO] [stderr]    Compiling aes v0.6.0
[INFO] [stderr]    Compiling aes-gcm v0.8.0
[INFO] [stderr]    Compiling fastrand v1.9.0
[INFO] [stderr]    Compiling const_format_proc_macros v0.2.34
[INFO] [stderr]    Compiling itertools v0.10.5
[INFO] [stderr]    Compiling chumsky v0.8.0
[INFO] [stderr]    Compiling infer v0.2.3
[INFO] [stderr]    Compiling futures-lite v1.13.0
[INFO] [stderr]    Compiling regex-syntax v0.6.29
[INFO] [stderr]    Compiling quick-error v1.2.3
[INFO] [stderr]    Compiling rand_xorshift v0.3.0
[INFO] [stderr]    Compiling humantime v2.1.0
[INFO] [stderr]    Compiling lazy_static v1.5.0
[INFO] [stderr]    Compiling futures-timer v3.0.3
[INFO] [stderr]    Compiling const_format v0.2.34
[INFO] [stderr]    Compiling simpledateformat v0.1.4
[INFO] [stderr]    Compiling synstructure v0.13.1
[INFO] [stderr]    Compiling regex v1.11.1
[INFO] [stderr]    Compiling time-macros-impl v0.1.2
[INFO] [stderr]    Compiling async-attributes v1.1.2
[INFO] [stderr]    Compiling stubr-attributes v0.6.2
[INFO] [stderr]    Compiling zerocopy-derive v0.7.35
[INFO] [stderr]    Compiling zerofrom-derive v0.1.5
[INFO] [stderr]    Compiling yoke-derive v0.7.5
[INFO] [stderr]    Compiling zerovec-derive v0.10.3
[INFO] [stderr]    Compiling serde_derive v1.0.216
[INFO] [stderr]    Compiling displaydoc v0.2.5
[INFO] [stderr]    Compiling tracing-attributes v0.1.28
[INFO] [stderr]    Compiling icu_provider_macros v1.5.0
[INFO] [stderr]    Compiling thiserror-impl v2.0.7
[INFO] [stderr]    Compiling futures-macro v0.3.31
[INFO] [stderr]    Compiling parse-zoneinfo v0.3.1
[INFO] [stderr]    Compiling thiserror-impl v1.0.69
[INFO] [stderr]    Compiling tokio-macros v2.4.0
[INFO] [stderr]    Compiling time-macros v0.1.1
[INFO] [stderr]    Compiling async-trait v0.1.83
[INFO] [stderr]    Compiling zerocopy v0.7.35
[INFO] [stderr]    Compiling futures-util v0.3.31
[INFO] [stderr]    Compiling ppv-lite86 v0.2.20
[INFO] [stderr]    Compiling tokio v1.42.0
[INFO] [stderr]    Compiling tracing v0.1.41
[INFO] [stderr]    Compiling zerofrom v0.1.5
[INFO] [stderr]    Compiling pest v2.7.15
[INFO] [stderr]    Compiling yoke v0.7.5
[INFO] [stderr]    Compiling rand_chacha v0.3.1
[INFO] [stderr]    Compiling rand_chacha v0.2.2
[INFO] [stderr]    Compiling polling v3.7.4
[INFO] [stderr]    Compiling rand v0.8.5
[INFO] [stderr]    Compiling zerovec v0.10.4
[INFO] [stderr]    Compiling rand v0.7.3
[INFO] [stderr]    Compiling async-io v2.4.0
[INFO] [stderr]    Compiling phf_generator v0.11.2
[INFO] [stderr]    Compiling rand_regex v0.15.1
[INFO] [stderr]    Compiling rand_distr v0.4.3
[INFO] [stderr]    Compiling phf_codegen v0.11.2
[INFO] [stderr]    Compiling chrono-tz-build v0.2.1
[INFO] [stderr]    Compiling async-global-executor v2.4.1
[INFO] [stderr]    Compiling chrono-tz v0.8.6
[INFO] [stderr]    Compiling tinystr v0.7.6
[INFO] [stderr]    Compiling icu_collections v1.5.0
[INFO] [stderr]    Compiling async-std v1.13.0
[INFO] [stderr]    Compiling icu_locid v1.5.0
[INFO] [stderr]    Compiling pest_meta v2.7.15
[INFO] [stderr]    Compiling futures-executor v0.3.31
[INFO] [stderr]    Compiling icu_provider v1.5.0
[INFO] [stderr]    Compiling futures v0.3.31
[INFO] [stderr]    Compiling icu_locid_transform v1.5.0
[INFO] [stderr]    Compiling pest_generator v2.7.15
[INFO] [stderr]    Compiling pest_derive v2.7.15
[INFO] [stderr]    Compiling icu_properties v1.5.1
[INFO] [stderr]    Compiling tokio-util v0.7.13
[INFO] [stderr]    Compiling h2 v0.3.26
[INFO] [stderr]    Compiling serde_qs v0.8.5
[INFO] [stderr]    Compiling serde_urlencoded v0.7.1
[INFO] [stderr]    Compiling icu_normalizer v1.5.0
[INFO] [stderr]    Compiling jsonwebtoken v8.3.0
[INFO] [stderr]    Compiling jsonpath-plus v0.1.9
[INFO] [stderr]    Compiling assert-json-diff v2.0.2
[INFO] [stderr]    Compiling handlebars v4.3.6
[INFO] [stderr]    Compiling jsonpath_lib v0.3.0
[INFO] [stderr]    Compiling idna_adapter v1.2.0
[INFO] [stderr]    Compiling idna v1.0.3
[INFO] [stderr]    Compiling url v2.5.4
[INFO] [stderr]    Compiling hyper v0.14.31
[INFO] [stderr]    Compiling stubr v0.6.2 (/opt/rustwide/workdir)
[INFO] [stdout] warning: unused import: `StubrResult`
[INFO] [stdout]  --> src/model/response/template/data.rs:1:51
[INFO] [stdout]   |
[INFO] [stdout] 1 | use crate::{wiremock::Request as WiremockRequest, StubrResult};
[INFO] [stdout]   |                                                   ^^^^^^^^^^^
[INFO] [stdout]   |
[INFO] [stdout]   = note: `#[warn(unused_imports)]` on by default
[INFO] [stdout] 
[INFO] [stdout] 
[INFO] [stdout] warning: unused imports: `HeaderName`, `HeaderValue`, and `HeaderValues`
[INFO] [stdout]  --> src/wiremock/http.rs:2:31
[INFO] [stdout]   |
[INFO] [stdout] 2 | pub use http_types::headers::{HeaderName, HeaderValue, HeaderValues};
[INFO] [stdout]   |                               ^^^^^^^^^^  ^^^^^^^^^^^  ^^^^^^^^^^^^
[INFO] [stdout] 
[INFO] [stdout] 
[INFO] [stdout] warning: unused imports: `Method` and `Url`
[INFO] [stdout]  --> src/wiremock/http.rs:3:22
[INFO] [stdout]   |
[INFO] [stdout] 3 | pub use http_types::{Method, Url};
[INFO] [stdout]   |                      ^^^^^^  ^^^
[INFO] [stdout] 
[INFO] [stdout] 
[INFO] [stdout] warning: unused import: `Times`
[INFO] [stdout]   --> src/wiremock/mod.rs:18:42
[INFO] [stdout]    |
[INFO] [stdout] 18 | pub use mock::{Match, Mock, MockBuilder, Times};
[INFO] [stdout]    |                                          ^^^^^
[INFO] [stdout] 
[INFO] [stdout] 
[INFO] [stdout] warning: unused import: `MockServerBuilder`
[INFO] [stdout]   --> src/wiremock/mod.rs:19:46
[INFO] [stdout]    |
[INFO] [stdout] 19 | pub use mock_server::{MockGuard, MockServer, MockServerBuilder};
[INFO] [stdout]    |                                              ^^^^^^^^^^^^^^^^^
[INFO] [stdout] 
[INFO] [stdout] 
[INFO] [stdout] warning: variable does not need to be mutable
[INFO] [stdout]    --> src/model/response/body.rs:203:40
[INFO] [stdout]     |
[INFO] [stdout] 203 |     fn render_response_template(&self, mut template: ResponseTemplate, data: &HandlebarsData) -> StubrResult<ResponseTemplate> {
[INFO] [stdout]     |                                        ----^^^^^^^^
[INFO] [stdout]     |                                        |
[INFO] [stdout]     |                                        help: remove this `mut`
[INFO] [stdout]     |
[INFO] [stdout]     = note: `#[warn(unused_mut)]` on by default
[INFO] [stdout] 
[INFO] [stdout] 
[INFO] [stdout] warning: variable does not need to be mutable
[INFO] [stdout]   --> src/wiremock/mock_set.rs:90:13
[INFO] [stdout]    |
[INFO] [stdout] 90 |         let mut mock = &mut self[mock_id];
[INFO] [stdout]    |             ----^^^^
[INFO] [stdout]    |             |
[INFO] [stdout]    |             help: remove this `mut`
[INFO] [stdout] 
[INFO] [stdout] 
[INFO] [stdout] warning: struct `StringRndGenerator` is never constructed
[INFO] [stdout]  --> src/gen/string.rs:3:12
[INFO] [stdout]   |
[INFO] [stdout] 3 | pub struct StringRndGenerator;
[INFO] [stdout]   |            ^^^^^^^^^^^^^^^^^^
[INFO] [stdout]   |
[INFO] [stdout]   = note: `#[warn(dead_code)]` on by default
[INFO] [stdout] 
[INFO] [stdout] 
[INFO] [stdout] warning: associated items `OFFSET`, `CHARSET`, `generate_string_containing`, `rand_str`, and `generate_number_containing` are never used
[INFO] [stdout]   --> src/gen/string.rs:6:11
[INFO] [stdout]    |
[INFO] [stdout] 5  | impl StringRndGenerator {
[INFO] [stdout]    | ----------------------- associated items in this implementation
[INFO] [stdout] 6  |     const OFFSET: usize = 5;
[INFO] [stdout]    |           ^^^^^^
[INFO] [stdout] 7  |     const CHARSET: &'static [u8] = b"ABCDEFGHIJKLMNOPQRSTUVWXYZabcdefghijklmnopqrstuvwxyz0123456789";
[INFO] [stdout]    |           ^^^^^^^
[INFO] [stdout] 8  |
[INFO] [stdout] 9  |     pub fn generate_string_containing(value: String) -> String {
[INFO] [stdout]    |            ^^^^^^^^^^^^^^^^^^^^^^^^^^
[INFO] [stdout] ...
[INFO] [stdout] 20 |     fn rand_str(len: usize) -> String {
[INFO] [stdout]    |        ^^^^^^^^
[INFO] [stdout] ...
[INFO] [stdout] 30 |     pub fn generate_number_containing(value: i64) -> String {
[INFO] [stdout]    |            ^^^^^^^^^^^^^^^^^^^^^^^^^^
[INFO] [stdout] 
[INFO] [stdout] 
[INFO] [stdout] warning: methods `up_to_n_times`, `with_priority`, `named`, `mount`, and `mount_as_scoped` are never used
[INFO] [stdout]    --> src/wiremock/mock.rs:338:12
[INFO] [stdout]     |
[INFO] [stdout] 281 | impl Mock {
[INFO] [stdout]     | --------- methods in this implementation
[INFO] [stdout] ...
[INFO] [stdout] 338 |     pub fn up_to_n_times(mut self, n: u64) -> Mock {
[INFO] [stdout]     |            ^^^^^^^^^^^^^
[INFO] [stdout] ...
[INFO] [stdout] 389 |     pub fn with_priority(mut self, p: u8) -> Mock {
[INFO] [stdout]     |            ^^^^^^^^^^^^^
[INFO] [stdout] ...
[INFO] [stdout] 510 |     pub fn named<T: Into<String>>(mut self, mock_name: T) -> Self {
[INFO] [stdout]     |            ^^^^^
[INFO] [stdout] ...
[INFO] [stdout] 524 |     pub async fn mount(self, server: &MockServer) {
[INFO] [stdout]     |                  ^^^^^
[INFO] [stdout] ...
[INFO] [stdout] 624 |     pub async fn mount_as_scoped(self, server: &MockServer) -> MockGuard {
[INFO] [stdout]     |                  ^^^^^^^^^^^^^^^
[INFO] [stdout] 
[INFO] [stdout] 
[INFO] [stdout] warning: methods `register_as_scoped`, `reset`, and `address` are never used
[INFO] [stdout]    --> src/wiremock/mock_server/bare_server.rs:98:18
[INFO] [stdout]     |
[INFO] [stdout] 42  | impl BareMockServer {
[INFO] [stdout]     | ------------------- methods in this implementation
[INFO] [stdout] ...
[INFO] [stdout] 98  |     pub async fn register_as_scoped(&self, mock: Mock) -> MockGuard {
[INFO] [stdout]     |                  ^^^^^^^^^^^^^^^^^^
[INFO] [stdout] ...
[INFO] [stdout] 111 |     pub(crate) async fn reset(&self) {
[INFO] [stdout]     |                         ^^^^^
[INFO] [stdout] ...
[INFO] [stdout] 137 |     pub(crate) fn address(&self) -> &SocketAddr {
[INFO] [stdout]     |                   ^^^^^^^
[INFO] [stdout] 
[INFO] [stdout] 
[INFO] [stdout] warning: method `received_requests` is never used
[INFO] [stdout]    --> src/wiremock/mock_server/bare_server.rs:183:18
[INFO] [stdout]     |
[INFO] [stdout] 182 | impl MockGuard {
[INFO] [stdout]     | -------------- method in this implementation
[INFO] [stdout] 183 |     pub async fn received_requests(&self) -> Vec<crate::wiremock::Request> {
[INFO] [stdout]     |                  ^^^^^^^^^^^^^^^^^
[INFO] [stdout] 
[INFO] [stdout] 
[INFO] [stdout] warning: methods `register_as_scoped`, `reset`, `address`, and `received_requests` are never used
[INFO] [stdout]    --> src/wiremock/mock_server/exposed_server.rs:210:18
[INFO] [stdout]     |
[INFO] [stdout] 57  | impl MockServer {
[INFO] [stdout]     | --------------- methods in this implementation
[INFO] [stdout] ...
[INFO] [stdout] 210 |     pub async fn register_as_scoped(&self, mock: Mock) -> MockGuard {
[INFO] [stdout]     |                  ^^^^^^^^^^^^^^^^^^
[INFO] [stdout] ...
[INFO] [stdout] 276 |     pub async fn reset(&self) {
[INFO] [stdout]     |                  ^^^^^
[INFO] [stdout] ...
[INFO] [stdout] 360 |     pub fn address(&self) -> &SocketAddr {
[INFO] [stdout]     |            ^^^^^^^
[INFO] [stdout] ...
[INFO] [stdout] 426 |     pub async fn received_requests(&self) -> Option<Vec<Request>> {
[INFO] [stdout]     |                  ^^^^^^^^^^^^^^^^^
[INFO] [stdout] 
[INFO] [stdout] 
[INFO] [stdout] warning: method `reset` is never used
[INFO] [stdout]   --> src/wiremock/mock_set.rs:81:19
[INFO] [stdout]    |
[INFO] [stdout] 39 | impl MountedMockSet {
[INFO] [stdout]    | ------------------- method in this implementation
[INFO] [stdout] ...
[INFO] [stdout] 81 |     pub(crate) fn reset(&mut self) {
[INFO] [stdout]    |                   ^^^^^
[INFO] [stdout] 
[INFO] [stdout] 
[INFO] [stdout] warning: method `received_requests` is never used
[INFO] [stdout]   --> src/wiremock/mounted_mock.rs:68:19
[INFO] [stdout]    |
[INFO] [stdout] 20 | impl MountedMock {
[INFO] [stdout]    | ---------------- method in this implementation
[INFO] [stdout] ...
[INFO] [stdout] 68 |     pub(crate) fn received_requests(&self) -> Vec<Request> {
[INFO] [stdout]    |                   ^^^^^^^^^^^^^^^^^
[INFO] [stdout] 
[INFO] [stdout] 
[INFO] [stdout] warning: associated items `body_json` and `from` are never used
[INFO] [stdout]   --> src/wiremock/request.rs:48:12
[INFO] [stdout]    |
[INFO] [stdout] 47 | impl Request {
[INFO] [stdout]    | ------------ associated items in this implementation
[INFO] [stdout] 48 |     pub fn body_json<T: DeserializeOwned>(&self) -> Result<T, serde_json::Error> {
[INFO] [stdout]    |            ^^^^^^^^^
[INFO] [stdout] ...
[INFO] [stdout] 52 |     pub async fn from(mut request: http_types::Request) -> Request {
[INFO] [stdout]    |                  ^^^^
[INFO] [stdout] 
[INFO] [stdout] 
[INFO] [stdout] warning: method `set_body_raw` is never used
[INFO] [stdout]    --> src/wiremock/response_template.rs:207:12
[INFO] [stdout]     |
[INFO] [stdout] 34  | impl ResponseTemplate {
[INFO] [stdout]     | --------------------- method in this implementation
[INFO] [stdout] ...
[INFO] [stdout] 207 |     pub fn set_body_raw<B>(mut self, body: B, mime: &str) -> Self
[INFO] [stdout]     |            ^^^^^^^^^^^^
[INFO] [stdout] 
[INFO] [stdout] 
[INFO] [stderr]     Finished `dev` profile [unoptimized + debuginfo] target(s) in 1m 08s
[INFO] running `Command { std: "docker" "inspect" "2b7ca83e603e87da1472df5234f6ecd6d60b0d50c94be23e21ba6a51342b4bad", kill_on_drop: false }`
[INFO] running `Command { std: "docker" "rm" "-f" "2b7ca83e603e87da1472df5234f6ecd6d60b0d50c94be23e21ba6a51342b4bad", kill_on_drop: false }`
[INFO] [stdout] 2b7ca83e603e87da1472df5234f6ecd6d60b0d50c94be23e21ba6a51342b4bad
[INFO] running `Command { std: "docker" "create" "-v" "/var/lib/crater-agent-workspace/builds/worker-6-tc1/target:/opt/rustwide/target:rw,Z" "-v" "/var/lib/crater-agent-workspace/builds/worker-6-tc1/source:/opt/rustwide/workdir:ro,Z" "-v" "/var/lib/crater-agent-workspace/cargo-home:/opt/rustwide/cargo-home:ro,Z" "-v" "/var/lib/crater-agent-workspace/rustup-home:/opt/rustwide/rustup-home:ro,Z" "-e" "SOURCE_DIR=/opt/rustwide/workdir" "-e" "CARGO_TARGET_DIR=/opt/rustwide/target" "-e" "CARGO_INCREMENTAL=0" "-e" "RUST_BACKTRACE=full" "-e" "RUSTFLAGS=--cap-lints=warn" "-e" "RUSTDOCFLAGS=--cap-lints=warn" "-e" "CARGO_HOME=/opt/rustwide/cargo-home" "-e" "RUSTUP_HOME=/opt/rustwide/rustup-home" "-w" "/opt/rustwide/workdir" "-m" "1610612736" "--user" "0:0" "--network" "none" "ghcr.io/rust-lang/crates-build-env/linux@sha256:f3a9d4ad9d972b27faf3965f35b62e55ba32bbce8f20bc8fe909558a86702fde" "/opt/rustwide/cargo-home/bin/cargo" "+1.83.0" "test" "--frozen" "--no-run" "--message-format=json", kill_on_drop: false }`
[INFO] [stdout] da9fa4a6404af3acac8e0b063da4c88679421b398c9494ad1b12eed26a3c61fa
[INFO] running `Command { std: "docker" "start" "-a" "da9fa4a6404af3acac8e0b063da4c88679421b398c9494ad1b12eed26a3c61fa", kill_on_drop: false }`
[INFO] [stderr]    Compiling libz-sys v1.1.20
[INFO] [stderr]    Compiling libnghttp2-sys v0.1.10+1.61.0
[INFO] [stderr]    Compiling curl-sys v0.4.78+curl-8.11.0
[INFO] [stderr]    Compiling wasm-bindgen-shared v0.2.99
[INFO] [stderr]    Compiling pin-project-internal v1.1.7
[INFO] [stderr]    Compiling bumpalo v3.16.0
[INFO] [stderr]    Compiling openssl-sys v0.9.104
[INFO] [stderr]    Compiling curl v0.4.47
[INFO] [stderr]    Compiling paste v1.0.15
[INFO] [stderr]    Compiling local-waker v0.1.4
[INFO] [stderr]    Compiling wasm-bindgen v0.2.99
[INFO] [stderr]    Compiling sluice v0.5.5
[INFO] [stderr]    Compiling spinning_top v0.2.5
[INFO] [stderr]    Compiling crypto-common v0.1.6
[INFO] [stderr]    Compiling block-buffer v0.10.4
[INFO] [stderr]    Compiling bytestring v1.4.0
[INFO] [stderr]    Compiling ahash v0.8.11
[INFO] [stderr]    Compiling unicase v2.8.0
[INFO] [stderr]    Compiling isahc v0.9.14
[INFO] [stderr]    Compiling digest v0.10.7
[INFO] [stderr]    Compiling actix-utils v3.0.1
[INFO] [stderr]    Compiling flume v0.9.2
[INFO] [stderr]    Compiling actix-rt v2.10.0
[INFO] [stderr]    Compiling crossbeam-epoch v0.9.18
[INFO] [stderr]    Compiling polling v2.8.0
[INFO] [stderr]    Compiling powerfmt v0.2.0
[INFO] [stderr]    Compiling bytes v0.5.6
[INFO] [stderr]    Compiling regex-lite v0.1.6
[INFO] [stderr]    Compiling mime_guess v2.0.5
[INFO] [stderr]    Compiling convert_case v0.4.0
[INFO] [stderr]    Compiling rayon-core v1.12.1
[INFO] [stderr]    Compiling wasm-bindgen-backend v0.2.99
[INFO] [stderr]    Compiling deranged v0.3.11
[INFO] [stderr]    Compiling crossbeam-deque v0.8.5
[INFO] [stderr]    Compiling sha1 v0.10.6
[INFO] [stderr]    Compiling local-channel v0.1.5
[INFO] [stderr]    Compiling derive_more v0.99.18
[INFO] [stderr]    Compiling actix-codec v0.5.2
[INFO] [stderr]    Compiling half v2.4.1
[INFO] [stderr]    Compiling actix-service v2.0.2
[INFO] [stderr]    Compiling time-core v0.1.2
[INFO] [stderr]    Compiling language-tags v0.3.2
[INFO] [stderr]    Compiling plotters-backend v0.3.7
[INFO] [stderr]    Compiling num-conv v0.1.0
[INFO] [stderr]    Compiling ciborium-io v0.2.2
[INFO] [stderr]    Compiling actix-router v0.5.3
[INFO] [stderr]    Compiling clap_lex v0.7.4
[INFO] [stderr]    Compiling base64 v0.22.1
[INFO] [stderr]    Compiling isahc v1.7.2
[INFO] [stderr]    Compiling anstyle v1.0.10
[INFO] [stderr]    Compiling plotters-svg v0.3.7
[INFO] [stderr]    Compiling clap_builder v4.5.23
[INFO] [stderr]    Compiling actix-server v2.5.0
[INFO] [stderr]    Compiling ciborium-ll v0.2.2
[INFO] [stderr]    Compiling time v0.3.37
[INFO] [stderr]    Compiling tokio-stream v0.1.17
[INFO] [stderr]    Compiling actix-macros v0.2.4
[INFO] [stderr]    Compiling pin-project v1.1.7
[INFO] [stderr]    Compiling tracing-futures v0.2.5
[INFO] [stderr]    Compiling impl-more v0.1.8
[INFO] [stderr]    Compiling cast v0.3.0
[INFO] [stderr]    Compiling same-file v1.0.6
[INFO] [stderr]    Compiling tower-layer v0.3.3
[INFO] [stderr]    Compiling wasm-bindgen-macro-support v0.2.99
[INFO] [stderr]    Compiling castaway v0.1.2
[INFO] [stderr]    Compiling walkdir v2.5.0
[INFO] [stderr]    Compiling criterion-plot v0.5.0
[INFO] [stderr]    Compiling rayon v1.10.0
[INFO] [stderr]    Compiling actix-web-codegen v4.3.0
[INFO] [stderr]    Compiling reqwest v0.11.27
[INFO] [stderr]    Compiling ciborium v0.2.2
[INFO] [stderr]    Compiling tonic v0.9.2
[INFO] [stderr]    Compiling plotters v0.3.7
[INFO] [stderr]    Compiling prost-derive v0.11.9
[INFO] [stderr]    Compiling tinytemplate v1.2.1
[INFO] [stderr]    Compiling is-terminal v0.4.13
[INFO] [stderr]    Compiling anes v0.1.6
[INFO] [stderr]    Compiling clap v4.5.23
[INFO] [stderr]    Compiling oorandom v11.1.4
[INFO] [stderr]    Compiling email-address-parser v2.0.0
[INFO] [stderr]    Compiling tempfile v3.14.0
[INFO] [stderr]    Compiling uuid v1.11.0
[INFO] [stderr]    Compiling wasm-bindgen-macro v0.2.99
[INFO] [stdout] warning: unused import: `StubrResult`
[INFO] [stdout]  --> src/model/response/template/data.rs:1:51
[INFO] [stdout]   |
[INFO] [stdout] 1 | use crate::{wiremock::Request as WiremockRequest, StubrResult};
[INFO] [stdout]   |                                                   ^^^^^^^^^^^
[INFO] [stdout]   |
[INFO] [stdout]   = note: `#[warn(unused_imports)]` on by default
[INFO] [stdout] 
[INFO] [stdout] 
[INFO] [stdout] warning: unused imports: `HeaderName`, `HeaderValue`, and `HeaderValues`
[INFO] [stdout]  --> src/wiremock/http.rs:2:31
[INFO] [stdout]   |
[INFO] [stdout] 2 | pub use http_types::headers::{HeaderName, HeaderValue, HeaderValues};
[INFO] [stdout]   |                               ^^^^^^^^^^  ^^^^^^^^^^^  ^^^^^^^^^^^^
[INFO] [stdout] 
[INFO] [stdout] 
[INFO] [stdout] warning: unused imports: `Method` and `Url`
[INFO] [stdout]  --> src/wiremock/http.rs:3:22
[INFO] [stdout]   |
[INFO] [stdout] 3 | pub use http_types::{Method, Url};
[INFO] [stdout]   |                      ^^^^^^  ^^^
[INFO] [stdout] 
[INFO] [stdout] 
[INFO] [stdout] warning: unused import: `Times`
[INFO] [stdout]   --> src/wiremock/mod.rs:18:42
[INFO] [stdout]    |
[INFO] [stdout] 18 | pub use mock::{Match, Mock, MockBuilder, Times};
[INFO] [stdout]    |                                          ^^^^^
[INFO] [stdout] 
[INFO] [stdout] 
[INFO] [stdout] warning: unused import: `MockServerBuilder`
[INFO] [stdout]   --> src/wiremock/mod.rs:19:46
[INFO] [stdout]    |
[INFO] [stdout] 19 | pub use mock_server::{MockGuard, MockServer, MockServerBuilder};
[INFO] [stdout]    |                                              ^^^^^^^^^^^^^^^^^
[INFO] [stdout] 
[INFO] [stdout] 
[INFO] [stdout] warning: variable does not need to be mutable
[INFO] [stdout]    --> src/model/response/body.rs:203:40
[INFO] [stdout]     |
[INFO] [stdout] 203 |     fn render_response_template(&self, mut template: ResponseTemplate, data: &HandlebarsData) -> StubrResult<ResponseTemplate> {
[INFO] [stdout]     |                                        ----^^^^^^^^
[INFO] [stdout]     |                                        |
[INFO] [stdout]     |                                        help: remove this `mut`
[INFO] [stdout]     |
[INFO] [stdout]     = note: `#[warn(unused_mut)]` on by default
[INFO] [stdout] 
[INFO] [stdout] 
[INFO] [stdout] warning: variable does not need to be mutable
[INFO] [stdout]   --> src/wiremock/mock_set.rs:90:13
[INFO] [stdout]    |
[INFO] [stdout] 90 |         let mut mock = &mut self[mock_id];
[INFO] [stdout]    |             ----^^^^
[INFO] [stdout]    |             |
[INFO] [stdout]    |             help: remove this `mut`
[INFO] [stdout] 
[INFO] [stdout] 
[INFO] [stdout] warning: struct `StringRndGenerator` is never constructed
[INFO] [stdout]  --> src/gen/string.rs:3:12
[INFO] [stdout]   |
[INFO] [stdout] 3 | pub struct StringRndGenerator;
[INFO] [stdout]   |            ^^^^^^^^^^^^^^^^^^
[INFO] [stdout]   |
[INFO] [stdout]   = note: `#[warn(dead_code)]` on by default
[INFO] [stdout] 
[INFO] [stdout] 
[INFO] [stdout] warning: associated items `OFFSET`, `CHARSET`, `generate_string_containing`, `rand_str`, and `generate_number_containing` are never used
[INFO] [stdout]   --> src/gen/string.rs:6:11
[INFO] [stdout]    |
[INFO] [stdout] 5  | impl StringRndGenerator {
[INFO] [stdout]    | ----------------------- associated items in this implementation
[INFO] [stdout] 6  |     const OFFSET: usize = 5;
[INFO] [stdout]    |           ^^^^^^
[INFO] [stdout] 7  |     const CHARSET: &'static [u8] = b"ABCDEFGHIJKLMNOPQRSTUVWXYZabcdefghijklmnopqrstuvwxyz0123456789";
[INFO] [stdout]    |           ^^^^^^^
[INFO] [stdout] 8  |
[INFO] [stdout] 9  |     pub fn generate_string_containing(value: String) -> String {
[INFO] [stdout]    |            ^^^^^^^^^^^^^^^^^^^^^^^^^^
[INFO] [stdout] ...
[INFO] [stdout] 20 |     fn rand_str(len: usize) -> String {
[INFO] [stdout]    |        ^^^^^^^^
[INFO] [stdout] ...
[INFO] [stdout] 30 |     pub fn generate_number_containing(value: i64) -> String {
[INFO] [stdout]    |            ^^^^^^^^^^^^^^^^^^^^^^^^^^
[INFO] [stdout] 
[INFO] [stdout] 
[INFO] [stdout] warning: methods `up_to_n_times`, `with_priority`, `named`, `mount`, and `mount_as_scoped` are never used
[INFO] [stdout]    --> src/wiremock/mock.rs:338:12
[INFO] [stdout]     |
[INFO] [stdout] 281 | impl Mock {
[INFO] [stdout]     | --------- methods in this implementation
[INFO] [stdout] ...
[INFO] [stdout] 338 |     pub fn up_to_n_times(mut self, n: u64) -> Mock {
[INFO] [stdout]     |            ^^^^^^^^^^^^^
[INFO] [stdout] ...
[INFO] [stdout] 389 |     pub fn with_priority(mut self, p: u8) -> Mock {
[INFO] [stdout]     |            ^^^^^^^^^^^^^
[INFO] [stdout] ...
[INFO] [stdout] 510 |     pub fn named<T: Into<String>>(mut self, mock_name: T) -> Self {
[INFO] [stdout]     |            ^^^^^
[INFO] [stdout] ...
[INFO] [stdout] 524 |     pub async fn mount(self, server: &MockServer) {
[INFO] [stdout]     |                  ^^^^^
[INFO] [stdout] ...
[INFO] [stdout] 624 |     pub async fn mount_as_scoped(self, server: &MockServer) -> MockGuard {
[INFO] [stdout]     |                  ^^^^^^^^^^^^^^^
[INFO] [stdout] 
[INFO] [stdout] 
[INFO] [stdout] warning: methods `register_as_scoped`, `reset`, and `address` are never used
[INFO] [stdout]    --> src/wiremock/mock_server/bare_server.rs:98:18
[INFO] [stdout]     |
[INFO] [stdout] 42  | impl BareMockServer {
[INFO] [stdout]     | ------------------- methods in this implementation
[INFO] [stdout] ...
[INFO] [stdout] 98  |     pub async fn register_as_scoped(&self, mock: Mock) -> MockGuard {
[INFO] [stdout]     |                  ^^^^^^^^^^^^^^^^^^
[INFO] [stdout] ...
[INFO] [stdout] 111 |     pub(crate) async fn reset(&self) {
[INFO] [stdout]     |                         ^^^^^
[INFO] [stdout] ...
[INFO] [stdout] 137 |     pub(crate) fn address(&self) -> &SocketAddr {
[INFO] [stdout]     |                   ^^^^^^^
[INFO] [stdout] 
[INFO] [stdout] 
[INFO] [stdout] warning: method `received_requests` is never used
[INFO] [stdout]    --> src/wiremock/mock_server/bare_server.rs:183:18
[INFO] [stdout]     |
[INFO] [stdout] 182 | impl MockGuard {
[INFO] [stdout]     | -------------- method in this implementation
[INFO] [stdout] 183 |     pub async fn received_requests(&self) -> Vec<crate::wiremock::Request> {
[INFO] [stdout]     |                  ^^^^^^^^^^^^^^^^^
[INFO] [stdout] 
[INFO] [stdout] 
[INFO] [stdout] warning: methods `register_as_scoped`, `reset`, `address`, and `received_requests` are never used
[INFO] [stdout]    --> src/wiremock/mock_server/exposed_server.rs:210:18
[INFO] [stdout]     |
[INFO] [stdout] 57  | impl MockServer {
[INFO] [stdout]     | --------------- methods in this implementation
[INFO] [stdout] ...
[INFO] [stdout] 210 |     pub async fn register_as_scoped(&self, mock: Mock) -> MockGuard {
[INFO] [stdout]     |                  ^^^^^^^^^^^^^^^^^^
[INFO] [stdout] ...
[INFO] [stdout] 276 |     pub async fn reset(&self) {
[INFO] [stdout]     |                  ^^^^^
[INFO] [stdout] ...
[INFO] [stdout] 360 |     pub fn address(&self) -> &SocketAddr {
[INFO] [stdout]     |            ^^^^^^^
[INFO] [stdout] ...
[INFO] [stdout] 426 |     pub async fn received_requests(&self) -> Option<Vec<Request>> {
[INFO] [stdout]     |                  ^^^^^^^^^^^^^^^^^
[INFO] [stdout] 
[INFO] [stdout] 
[INFO] [stdout] warning: method `reset` is never used
[INFO] [stdout]   --> src/wiremock/mock_set.rs:81:19
[INFO] [stdout]    |
[INFO] [stdout] 39 | impl MountedMockSet {
[INFO] [stdout]    | ------------------- method in this implementation
[INFO] [stdout] ...
[INFO] [stdout] 81 |     pub(crate) fn reset(&mut self) {
[INFO] [stdout]    |                   ^^^^^
[INFO] [stdout] 
[INFO] [stdout] 
[INFO] [stdout] warning: method `received_requests` is never used
[INFO] [stdout]   --> src/wiremock/mounted_mock.rs:68:19
[INFO] [stdout]    |
[INFO] [stdout] 20 | impl MountedMock {
[INFO] [stdout]    | ---------------- method in this implementation
[INFO] [stdout] ...
[INFO] [stdout] 68 |     pub(crate) fn received_requests(&self) -> Vec<Request> {
[INFO] [stdout]    |                   ^^^^^^^^^^^^^^^^^
[INFO] [stdout] 
[INFO] [stdout] 
[INFO] [stdout] warning: associated items `body_json` and `from` are never used
[INFO] [stdout]   --> src/wiremock/request.rs:48:12
[INFO] [stdout]    |
[INFO] [stdout] 47 | impl Request {
[INFO] [stdout]    | ------------ associated items in this implementation
[INFO] [stdout] 48 |     pub fn body_json<T: DeserializeOwned>(&self) -> Result<T, serde_json::Error> {
[INFO] [stdout]    |            ^^^^^^^^^
[INFO] [stdout] ...
[INFO] [stdout] 52 |     pub async fn from(mut request: http_types::Request) -> Request {
[INFO] [stdout]    |                  ^^^^
[INFO] [stdout] 
[INFO] [stdout] 
[INFO] [stdout] warning: method `set_body_raw` is never used
[INFO] [stdout]    --> src/wiremock/response_template.rs:207:12
[INFO] [stdout]     |
[INFO] [stdout] 34  | impl ResponseTemplate {
[INFO] [stdout]     | --------------------- method in this implementation
[INFO] [stdout] ...
[INFO] [stdout] 207 |     pub fn set_body_raw<B>(mut self, body: B, mime: &str) -> Self
[INFO] [stdout]     |            ^^^^^^^^^^^^
[INFO] [stdout] 
[INFO] [stdout] 
[INFO] [stderr]    Compiling criterion v0.5.1
[INFO] [stderr]    Compiling actix-http v3.9.0
[INFO] [stderr]    Compiling js-sys v0.3.76
[INFO] [stderr]    Compiling prost v0.11.9
[INFO] [stderr]    Compiling actix-web v4.9.0
[INFO] [stderr]    Compiling web-sys v0.3.76
[INFO] [stderr]    Compiling http-client v6.5.3
[INFO] [stderr]    Compiling surf v2.3.2
[INFO] [stderr]    Compiling asserhttp v0.6.1
[INFO] [stderr]    Compiling stubr v0.6.2 (/opt/rustwide/workdir)
[INFO] [stdout] warning: unused import: `StubrResult`
[INFO] [stdout]  --> src/model/response/template/data.rs:1:51
[INFO] [stdout]   |
[INFO] [stdout] 1 | use crate::{wiremock::Request as WiremockRequest, StubrResult};
[INFO] [stdout]   |                                                   ^^^^^^^^^^^
[INFO] [stdout]   |
[INFO] [stdout]   = note: `#[warn(unused_imports)]` on by default
[INFO] [stdout] 
[INFO] [stdout] 
[INFO] [stdout] warning: unused imports: `HeaderName`, `HeaderValue`, and `HeaderValues`
[INFO] [stdout]  --> src/wiremock/http.rs:2:31
[INFO] [stdout]   |
[INFO] [stdout] 2 | pub use http_types::headers::{HeaderName, HeaderValue, HeaderValues};
[INFO] [stdout]   |                               ^^^^^^^^^^  ^^^^^^^^^^^  ^^^^^^^^^^^^
[INFO] [stdout] 
[INFO] [stdout] 
[INFO] [stdout] warning: unused imports: `Method` and `Url`
[INFO] [stdout]  --> src/wiremock/http.rs:3:22
[INFO] [stdout]   |
[INFO] [stdout] 3 | pub use http_types::{Method, Url};
[INFO] [stdout]   |                      ^^^^^^  ^^^
[INFO] [stdout] 
[INFO] [stdout] 
[INFO] [stdout] warning: unused import: `Times`
[INFO] [stdout]   --> src/wiremock/mod.rs:18:42
[INFO] [stdout]    |
[INFO] [stdout] 18 | pub use mock::{Match, Mock, MockBuilder, Times};
[INFO] [stdout]    |                                          ^^^^^
[INFO] [stdout] 
[INFO] [stdout] 
[INFO] [stdout] warning: unused import: `MockServerBuilder`
[INFO] [stdout]   --> src/wiremock/mod.rs:19:46
[INFO] [stdout]    |
[INFO] [stdout] 19 | pub use mock_server::{MockGuard, MockServer, MockServerBuilder};
[INFO] [stdout]    |                                              ^^^^^^^^^^^^^^^^^
[INFO] [stdout] 
[INFO] [stdout] 
[INFO] [stdout] warning: variable does not need to be mutable
[INFO] [stdout]    --> src/model/response/body.rs:203:40
[INFO] [stdout]     |
[INFO] [stdout] 203 |     fn render_response_template(&self, mut template: ResponseTemplate, data: &HandlebarsData) -> StubrResult<ResponseTemplate> {
[INFO] [stdout]     |                                        ----^^^^^^^^
[INFO] [stdout]     |                                        |
[INFO] [stdout]     |                                        help: remove this `mut`
[INFO] [stdout]     |
[INFO] [stdout]     = note: `#[warn(unused_mut)]` on by default
[INFO] [stdout] 
[INFO] [stdout] 
[INFO] [stdout] warning: variable does not need to be mutable
[INFO] [stdout]   --> src/wiremock/mock_set.rs:90:13
[INFO] [stdout]    |
[INFO] [stdout] 90 |         let mut mock = &mut self[mock_id];
[INFO] [stdout]    |             ----^^^^
[INFO] [stdout]    |             |
[INFO] [stdout]    |             help: remove this `mut`
[INFO] [stdout] 
[INFO] [stdout] 
[INFO] [stdout] warning: methods `up_to_n_times`, `with_priority`, `named`, `mount`, and `mount_as_scoped` are never used
[INFO] [stdout]    --> src/wiremock/mock.rs:338:12
[INFO] [stdout]     |
[INFO] [stdout] 281 | impl Mock {
[INFO] [stdout]     | --------- methods in this implementation
[INFO] [stdout] ...
[INFO] [stdout] 338 |     pub fn up_to_n_times(mut self, n: u64) -> Mock {
[INFO] [stdout]     |            ^^^^^^^^^^^^^
[INFO] [stdout] ...
[INFO] [stdout] 389 |     pub fn with_priority(mut self, p: u8) -> Mock {
[INFO] [stdout]     |            ^^^^^^^^^^^^^
[INFO] [stdout] ...
[INFO] [stdout] 510 |     pub fn named<T: Into<String>>(mut self, mock_name: T) -> Self {
[INFO] [stdout]     |            ^^^^^
[INFO] [stdout] ...
[INFO] [stdout] 524 |     pub async fn mount(self, server: &MockServer) {
[INFO] [stdout]     |                  ^^^^^
[INFO] [stdout] ...
[INFO] [stdout] 624 |     pub async fn mount_as_scoped(self, server: &MockServer) -> MockGuard {
[INFO] [stdout]     |                  ^^^^^^^^^^^^^^^
[INFO] [stdout]     |
[INFO] [stdout]     = note: `#[warn(dead_code)]` on by default
[INFO] [stdout] 
[INFO] [stdout] 
[INFO] [stdout] warning: methods `register_as_scoped`, `reset`, and `address` are never used
[INFO] [stdout]    --> src/wiremock/mock_server/bare_server.rs:98:18
[INFO] [stdout]     |
[INFO] [stdout] 42  | impl BareMockServer {
[INFO] [stdout]     | ------------------- methods in this implementation
[INFO] [stdout] ...
[INFO] [stdout] 98  |     pub async fn register_as_scoped(&self, mock: Mock) -> MockGuard {
[INFO] [stdout]     |                  ^^^^^^^^^^^^^^^^^^
[INFO] [stdout] ...
[INFO] [stdout] 111 |     pub(crate) async fn reset(&self) {
[INFO] [stdout]     |                         ^^^^^
[INFO] [stdout] ...
[INFO] [stdout] 137 |     pub(crate) fn address(&self) -> &SocketAddr {
[INFO] [stdout]     |                   ^^^^^^^
[INFO] [stdout] 
[INFO] [stdout] 
[INFO] [stdout] warning: method `received_requests` is never used
[INFO] [stdout]    --> src/wiremock/mock_server/bare_server.rs:183:18
[INFO] [stdout]     |
[INFO] [stdout] 182 | impl MockGuard {
[INFO] [stdout]     | -------------- method in this implementation
[INFO] [stdout] 183 |     pub async fn received_requests(&self) -> Vec<crate::wiremock::Request> {
[INFO] [stdout]     |                  ^^^^^^^^^^^^^^^^^
[INFO] [stdout] 
[INFO] [stdout] 
[INFO] [stdout] warning: methods `register_as_scoped`, `reset`, `address`, and `received_requests` are never used
[INFO] [stdout]    --> src/wiremock/mock_server/exposed_server.rs:210:18
[INFO] [stdout]     |
[INFO] [stdout] 57  | impl MockServer {
[INFO] [stdout]     | --------------- methods in this implementation
[INFO] [stdout] ...
[INFO] [stdout] 210 |     pub async fn register_as_scoped(&self, mock: Mock) -> MockGuard {
[INFO] [stdout]     |                  ^^^^^^^^^^^^^^^^^^
[INFO] [stdout] ...
[INFO] [stdout] 276 |     pub async fn reset(&self) {
[INFO] [stdout]     |                  ^^^^^
[INFO] [stdout] ...
[INFO] [stdout] 360 |     pub fn address(&self) -> &SocketAddr {
[INFO] [stdout]     |            ^^^^^^^
[INFO] [stdout] ...
[INFO] [stdout] 426 |     pub async fn received_requests(&self) -> Option<Vec<Request>> {
[INFO] [stdout]     |                  ^^^^^^^^^^^^^^^^^
[INFO] [stdout] 
[INFO] [stdout] 
[INFO] [stdout] warning: method `received_requests` is never used
[INFO] [stdout]   --> src/wiremock/mounted_mock.rs:68:19
[INFO] [stdout]    |
[INFO] [stdout] 20 | impl MountedMock {
[INFO] [stdout]    | ---------------- method in this implementation
[INFO] [stdout] ...
[INFO] [stdout] 68 |     pub(crate) fn received_requests(&self) -> Vec<Request> {
[INFO] [stdout]    |                   ^^^^^^^^^^^^^^^^^
[INFO] [stdout] 
[INFO] [stdout] 
[INFO] [stdout] warning: associated items `body_json` and `from` are never used
[INFO] [stdout]   --> src/wiremock/request.rs:48:12
[INFO] [stdout]    |
[INFO] [stdout] 47 | impl Request {
[INFO] [stdout]    | ------------ associated items in this implementation
[INFO] [stdout] 48 |     pub fn body_json<T: DeserializeOwned>(&self) -> Result<T, serde_json::Error> {
[INFO] [stdout]    |            ^^^^^^^^^
[INFO] [stdout] ...
[INFO] [stdout] 52 |     pub async fn from(mut request: http_types::Request) -> Request {
[INFO] [stdout]    |                  ^^^^
[INFO] [stdout] 
[INFO] [stdout] 
[INFO] [stdout] warning: method `set_body_raw` is never used
[INFO] [stdout]    --> src/wiremock/response_template.rs:207:12
[INFO] [stdout]     |
[INFO] [stdout] 34  | impl ResponseTemplate {
[INFO] [stdout]     | --------------------- method in this implementation
[INFO] [stdout] ...
[INFO] [stdout] 207 |     pub fn set_body_raw<B>(mut self, body: B, mime: &str) -> Self
[INFO] [stdout]     |            ^^^^^^^^^^^^
[INFO] [stdout] 
[INFO] [stdout] 
[INFO] [stderr]     Finished `test` profile [unoptimized + debuginfo] target(s) in 1m 01s
[INFO] running `Command { std: "docker" "inspect" "da9fa4a6404af3acac8e0b063da4c88679421b398c9494ad1b12eed26a3c61fa", kill_on_drop: false }`
[INFO] running `Command { std: "docker" "rm" "-f" "da9fa4a6404af3acac8e0b063da4c88679421b398c9494ad1b12eed26a3c61fa", kill_on_drop: false }`
[INFO] [stdout] da9fa4a6404af3acac8e0b063da4c88679421b398c9494ad1b12eed26a3c61fa
[INFO] running `Command { std: "docker" "create" "-v" "/var/lib/crater-agent-workspace/builds/worker-6-tc1/target:/opt/rustwide/target:rw,Z" "-v" "/var/lib/crater-agent-workspace/builds/worker-6-tc1/source:/opt/rustwide/workdir:ro,Z" "-v" "/var/lib/crater-agent-workspace/cargo-home:/opt/rustwide/cargo-home:ro,Z" "-v" "/var/lib/crater-agent-workspace/rustup-home:/opt/rustwide/rustup-home:ro,Z" "-e" "SOURCE_DIR=/opt/rustwide/workdir" "-e" "CARGO_TARGET_DIR=/opt/rustwide/target" "-e" "CARGO_INCREMENTAL=0" "-e" "RUST_BACKTRACE=full" "-e" "RUSTFLAGS=--cap-lints=warn" "-e" "RUSTDOCFLAGS=--cap-lints=warn" "-e" "CARGO_HOME=/opt/rustwide/cargo-home" "-e" "RUSTUP_HOME=/opt/rustwide/rustup-home" "-w" "/opt/rustwide/workdir" "-m" "1610612736" "--user" "0:0" "--network" "none" "ghcr.io/rust-lang/crates-build-env/linux@sha256:f3a9d4ad9d972b27faf3965f35b62e55ba32bbce8f20bc8fe909558a86702fde" "/opt/rustwide/cargo-home/bin/cargo" "+1.83.0" "test" "--frozen", kill_on_drop: false }`
[INFO] [stdout] 9b1e63fa98352fbfba1c39e6224fdbf8cbc3e68b36474dc747249ea98936191a
[INFO] running `Command { std: "docker" "start" "-a" "9b1e63fa98352fbfba1c39e6224fdbf8cbc3e68b36474dc747249ea98936191a", kill_on_drop: false }`
[INFO] [stderr] warning: unused import: `StubrResult`
[INFO] [stderr]  --> src/model/response/template/data.rs:1:51
[INFO] [stderr]   |
[INFO] [stderr] 1 | use crate::{wiremock::Request as WiremockRequest, StubrResult};
[INFO] [stderr]   |                                                   ^^^^^^^^^^^
[INFO] [stderr]   |
[INFO] [stderr]   = note: `#[warn(unused_imports)]` on by default
[INFO] [stderr] 
[INFO] [stderr] warning: unused imports: `HeaderName`, `HeaderValue`, and `HeaderValues`
[INFO] [stderr]  --> src/wiremock/http.rs:2:31
[INFO] [stderr]   |
[INFO] [stderr] 2 | pub use http_types::headers::{HeaderName, HeaderValue, HeaderValues};
[INFO] [stderr]   |                               ^^^^^^^^^^  ^^^^^^^^^^^  ^^^^^^^^^^^^
[INFO] [stderr] 
[INFO] [stderr] warning: unused imports: `Method` and `Url`
[INFO] [stderr]  --> src/wiremock/http.rs:3:22
[INFO] [stderr]   |
[INFO] [stderr] 3 | pub use http_types::{Method, Url};
[INFO] [stderr]   |                      ^^^^^^  ^^^
[INFO] [stderr] 
[INFO] [stderr] warning: unused import: `Times`
[INFO] [stderr]   --> src/wiremock/mod.rs:18:42
[INFO] [stderr]    |
[INFO] [stderr] 18 | pub use mock::{Match, Mock, MockBuilder, Times};
[INFO] [stderr]    |                                          ^^^^^
[INFO] [stderr] 
[INFO] [stderr] warning: unused import: `MockServerBuilder`
[INFO] [stderr]   --> src/wiremock/mod.rs:19:46
[INFO] [stderr]    |
[INFO] [stderr] 19 | pub use mock_server::{MockGuard, MockServer, MockServerBuilder};
[INFO] [stderr]    |                                              ^^^^^^^^^^^^^^^^^
[INFO] [stderr] 
[INFO] [stderr] warning: variable does not need to be mutable
[INFO] [stderr]    --> src/model/response/body.rs:203:40
[INFO] [stderr]     |
[INFO] [stderr] 203 |     fn render_response_template(&self, mut template: ResponseTemplate, data: &HandlebarsData) -> StubrResult<ResponseTemplate> {
[INFO] [stderr]     |                                        ----^^^^^^^^
[INFO] [stderr]     |                                        |
[INFO] [stderr]     |                                        help: remove this `mut`
[INFO] [stderr]     |
[INFO] [stderr]     = note: `#[warn(unused_mut)]` on by default
[INFO] [stderr] 
[INFO] [stderr] warning: variable does not need to be mutable
[INFO] [stderr]   --> src/wiremock/mock_set.rs:90:13
[INFO] [stderr]    |
[INFO] [stderr] 90 |         let mut mock = &mut self[mock_id];
[INFO] [stderr]    |             ----^^^^
[INFO] [stderr]    |             |
[INFO] [stderr]    |             help: remove this `mut`
[INFO] [stderr] 
[INFO] [stderr] warning: struct `StringRndGenerator` is never constructed
[INFO] [stderr]  --> src/gen/string.rs:3:12
[INFO] [stderr]   |
[INFO] [stderr] 3 | pub struct StringRndGenerator;
[INFO] [stderr]   |            ^^^^^^^^^^^^^^^^^^
[INFO] [stderr]   |
[INFO] [stderr]   = note: `#[warn(dead_code)]` on by default
[INFO] [stderr] 
[INFO] [stderr] warning: associated items `OFFSET`, `CHARSET`, `generate_string_containing`, `rand_str`, and `generate_number_containing` are never used
[INFO] [stderr]   --> src/gen/string.rs:6:11
[INFO] [stderr]    |
[INFO] [stderr] 5  | impl StringRndGenerator {
[INFO] [stderr]    | ----------------------- associated items in this implementation
[INFO] [stderr] 6  |     const OFFSET: usize = 5;
[INFO] [stderr]    |           ^^^^^^
[INFO] [stderr] 7  |     const CHARSET: &'static [u8] = b"ABCDEFGHIJKLMNOPQRSTUVWXYZabcdefghijklmnopqrstuvwxyz0123456789";
[INFO] [stderr]    |           ^^^^^^^
[INFO] [stderr] 8  |
[INFO] [stderr] 9  |     pub fn generate_string_containing(value: String) -> String {
[INFO] [stderr]    |            ^^^^^^^^^^^^^^^^^^^^^^^^^^
[INFO] [stderr] ...
[INFO] [stderr] 20 |     fn rand_str(len: usize) -> String {
[INFO] [stderr]    |        ^^^^^^^^
[INFO] [stderr] ...
[INFO] [stderr] 30 |     pub fn generate_number_containing(value: i64) -> String {
[INFO] [stderr]    |            ^^^^^^^^^^^^^^^^^^^^^^^^^^
[INFO] [stderr] 
[INFO] [stderr] warning: methods `up_to_n_times`, `with_priority`, `named`, `mount`, and `mount_as_scoped` are never used
[INFO] [stderr]    --> src/wiremock/mock.rs:338:12
[INFO] [stderr]     |
[INFO] [stderr] 281 | impl Mock {
[INFO] [stderr]     | --------- methods in this implementation
[INFO] [stderr] ...
[INFO] [stderr] 338 |     pub fn up_to_n_times(mut self, n: u64) -> Mock {
[INFO] [stderr]     |            ^^^^^^^^^^^^^
[INFO] [stderr] ...
[INFO] [stderr] 389 |     pub fn with_priority(mut self, p: u8) -> Mock {
[INFO] [stderr]     |            ^^^^^^^^^^^^^
[INFO] [stderr] ...
[INFO] [stderr] 510 |     pub fn named<T: Into<String>>(mut self, mock_name: T) -> Self {
[INFO] [stderr]     |            ^^^^^
[INFO] [stderr] ...
[INFO] [stderr] 524 |     pub async fn mount(self, server: &MockServer) {
[INFO] [stderr]     |                  ^^^^^
[INFO] [stderr] ...
[INFO] [stderr] 624 |     pub async fn mount_as_scoped(self, server: &MockServer) -> MockGuard {
[INFO] [stderr]     |                  ^^^^^^^^^^^^^^^
[INFO] [stderr] 
[INFO] [stderr] warning: methods `register_as_scoped`, `reset`, and `address` are never used
[INFO] [stderr]    --> src/wiremock/mock_server/bare_server.rs:98:18
[INFO] [stderr]     |
[INFO] [stderr] 42  | impl BareMockServer {
[INFO] [stderr]     | ------------------- methods in this implementation
[INFO] [stderr] ...
[INFO] [stderr] 98  |     pub async fn register_as_scoped(&self, mock: Mock) -> MockGuard {
[INFO] [stderr]     |                  ^^^^^^^^^^^^^^^^^^
[INFO] [stderr] ...
[INFO] [stderr] 111 |     pub(crate) async fn reset(&self) {
[INFO] [stderr]     |                         ^^^^^
[INFO] [stderr] ...
[INFO] [stderr] 137 |     pub(crate) fn address(&self) -> &SocketAddr {
[INFO] [stderr]     |                   ^^^^^^^
[INFO] [stderr] 
[INFO] [stderr] warning: method `received_requests` is never used
[INFO] [stderr]    --> src/wiremock/mock_server/bare_server.rs:183:18
[INFO] [stderr]     |
[INFO] [stderr] 182 | impl MockGuard {
[INFO] [stderr]     | -------------- method in this implementation
[INFO] [stderr] 183 |     pub async fn received_requests(&self) -> Vec<crate::wiremock::Request> {
[INFO] [stderr]     |                  ^^^^^^^^^^^^^^^^^
[INFO] [stderr] 
[INFO] [stderr] warning: methods `register_as_scoped`, `reset`, `address`, and `received_requests` are never used
[INFO] [stderr]    --> src/wiremock/mock_server/exposed_server.rs:210:18
[INFO] [stderr]     |
[INFO] [stderr] 57  | impl MockServer {
[INFO] [stderr]     | --------------- methods in this implementation
[INFO] [stderr] ...
[INFO] [stderr] 210 |     pub async fn register_as_scoped(&self, mock: Mock) -> MockGuard {
[INFO] [stderr]     |                  ^^^^^^^^^^^^^^^^^^
[INFO] [stderr] ...
[INFO] [stderr] 276 |     pub async fn reset(&self) {
[INFO] [stderr]     |                  ^^^^^
[INFO] [stderr] ...
[INFO] [stderr] 360 |     pub fn address(&self) -> &SocketAddr {
[INFO] [stderr]     |            ^^^^^^^
[INFO] [stderr] ...
[INFO] [stderr] 426 |     pub async fn received_requests(&self) -> Option<Vec<Request>> {
[INFO] [stderr]     |                  ^^^^^^^^^^^^^^^^^
[INFO] [stderr] 
[INFO] [stderr] warning: method `reset` is never used
[INFO] [stderr]   --> src/wiremock/mock_set.rs:81:19
[INFO] [stderr]    |
[INFO] [stderr] 39 | impl MountedMockSet {
[INFO] [stderr]    | ------------------- method in this implementation
[INFO] [stderr] ...
[INFO] [stderr] 81 |     pub(crate) fn reset(&mut self) {
[INFO] [stderr]    |                   ^^^^^
[INFO] [stderr] 
[INFO] [stderr] warning: method `received_requests` is never used
[INFO] [stderr]   --> src/wiremock/mounted_mock.rs:68:19
[INFO] [stderr]    |
[INFO] [stderr] 20 | impl MountedMock {
[INFO] [stderr]    | ---------------- method in this implementation
[INFO] [stderr] ...
[INFO] [stderr] 68 |     pub(crate) fn received_requests(&self) -> Vec<Request> {
[INFO] [stderr]    |                   ^^^^^^^^^^^^^^^^^
[INFO] [stderr] 
[INFO] [stderr] warning: associated items `body_json` and `from` are never used
[INFO] [stderr]   --> src/wiremock/request.rs:48:12
[INFO] [stderr]    |
[INFO] [stderr] 47 | impl Request {
[INFO] [stderr]    | ------------ associated items in this implementation
[INFO] [stderr] 48 |     pub fn body_json<T: DeserializeOwned>(&self) -> Result<T, serde_json::Error> {
[INFO] [stderr]    |            ^^^^^^^^^
[INFO] [stderr] ...
[INFO] [stderr] 52 |     pub async fn from(mut request: http_types::Request) -> Request {
[INFO] [stderr]    |                  ^^^^
[INFO] [stderr] 
[INFO] [stderr] warning: method `set_body_raw` is never used
[INFO] [stderr]    --> src/wiremock/response_template.rs:207:12
[INFO] [stderr]     |
[INFO] [stderr] 34  | impl ResponseTemplate {
[INFO] [stderr]     | --------------------- method in this implementation
[INFO] [stderr] ...
[INFO] [stderr] 207 |     pub fn set_body_raw<B>(mut self, body: B, mime: &str) -> Self
[INFO] [stderr]     |            ^^^^^^^^^^^^
[INFO] [stderr] 
[INFO] [stderr] warning: `stubr` (lib) generated 17 warnings (run `cargo fix --lib -p stubr` to apply 7 suggestions)
[INFO] [stderr] warning: methods `up_to_n_times`, `with_priority`, `named`, `mount`, and `mount_as_scoped` are never used
[INFO] [stderr]    --> src/wiremock/mock.rs:338:12
[INFO] [stderr]     |
[INFO] [stderr] 281 | impl Mock {
[INFO] [stderr]     | --------- methods in this implementation
[INFO] [stderr] ...
[INFO] [stderr] 338 |     pub fn up_to_n_times(mut self, n: u64) -> Mock {
[INFO] [stderr]     |            ^^^^^^^^^^^^^
[INFO] [stderr] ...
[INFO] [stderr] 389 |     pub fn with_priority(mut self, p: u8) -> Mock {
[INFO] [stderr]     |            ^^^^^^^^^^^^^
[INFO] [stderr] ...
[INFO] [stderr] 510 |     pub fn named<T: Into<String>>(mut self, mock_name: T) -> Self {
[INFO] [stderr]     |            ^^^^^
[INFO] [stderr] ...
[INFO] [stderr] 524 |     pub async fn mount(self, server: &MockServer) {
[INFO] [stderr]     |                  ^^^^^
[INFO] [stderr] ...
[INFO] [stderr] 624 |     pub async fn mount_as_scoped(self, server: &MockServer) -> MockGuard {
[INFO] [stderr]     |                  ^^^^^^^^^^^^^^^
[INFO] [stderr]     |
[INFO] [stderr]     = note: `#[warn(dead_code)]` on by default
[INFO] [stderr] 
[INFO] [stderr] warning: `stubr` (lib test) generated 14 warnings (13 duplicates)
[INFO] [stderr]     Finished `test` profile [unoptimized + debuginfo] target(s) in 0.61s
[INFO] [stderr]      Running unittests src/lib.rs (/opt/rustwide/target/debug/deps/stubr-02d394cd37fbc423)
[INFO] [stdout] 
[INFO] [stdout] running 107 tests
[INFO] [stdout] test gen::regex::verify_regex_tests::should_respect_type_and_length ... ok
[INFO] [stdout] test gen::string::contains_generator_tests::number::should_preserve_negative_sign ... ok
[INFO] [stdout] test gen::string::contains_generator_tests::number::should_generate_number_starting_with ... ok
[INFO] [stdout] test gen::string::contains_generator_tests::number::should_have_correct_size ... ok
[INFO] [stdout] test gen::string::contains_generator_tests::string::should_generate_string_containing ... ok
[INFO] [stdout] test model::request::body::diff::all::relaxed_value_tests::missing_field_in_right_operand_should_not_be_equal ... ok
[INFO] [stdout] test model::request::body::diff::all::relaxed_value_tests::objects_with_same_value_but_different_keys_should_not_be_equal ... ok
[INFO] [stdout] test model::request::body::diff::all::relaxed_value_tests::should_delegate_to_value_eq_otherwise ... ok
[INFO] [stdout] test model::request::body::diff::all::relaxed_value_tests::should_ignore_array_order ... ok
[INFO] [stdout] test model::request::body::diff::all::relaxed_value_tests::obj_with_extra_should_be_equal ... ok
[INFO] [stdout] test gen::string::contains_generator_tests::number::should_not_truncate_input ... ok
[INFO] [stdout] test model::request::body::diff::array::relaxed_array_eq_tests::arrays_of_arrays_should_be_equal ... ok
[INFO] [stdout] test model::request::body::diff::all::relaxed_value_tests::unordered_obj_should_not_be_equal ... ok
[INFO] [stdout] test model::request::body::diff::array::relaxed_array_eq_tests::arrays_of_nested_should_be_equal ... ok
[INFO] [stdout] test model::request::body::diff::array::relaxed_array_eq_tests::different_arrays_should_not_be_equal ... ok
[INFO] [stdout] test gen::string::contains_generator_tests::string::should_have_correct_size ... ok
[INFO] [stdout] test model::request::body::diff::array::relaxed_array_eq_tests::differently_ordered_objects_should_not_be_equal ... ok
[INFO] [stdout] test model::request::body::diff::array::relaxed_array_eq_tests::differently_ordered_arrays_should_be_equal ... ok
[INFO] [stdout] test model::request::body::diff::array::relaxed_array_eq_tests::objects_with_same_value_but_different_keys_should_not_be_equal ... ok
[INFO] [stdout] test model::request::body::diff::array::relaxed_array_eq_tests::obj_with_extra_should_not_be_equal ... ok
[INFO] [stdout] test model::request::body::diff::array::relaxed_array_eq_tests::should_delegate_to_value_eq_when_not_array ... ok
[INFO] [stdout] test model::request::body::diff::array::relaxed_array_eq_tests::nested_arrays_should_be_equal ... ok
[INFO] [stdout] test model::request::body::diff::array::relaxed_array_eq_tests::similarly_ordered_arrays_should_be_equal ... ok
[INFO] [stdout] test model::request::body::diff::array::relaxed_array_eq_tests::unordered_obj_should_not_be_equal ... ok
[INFO] [stdout] test model::request::body::diff::extra::relaxed_extra_tests::array_with_extra_should_be_equal ... ok
[INFO] [stdout] test model::request::body::diff::extra::relaxed_extra_tests::different_obj_should_not_be_equal ... ok
[INFO] [stdout] test model::request::body::diff::extra::relaxed_extra_tests::identical_objects_should_be_equal ... ok
[INFO] [stdout] test model::request::body::diff::extra::relaxed_extra_tests::missing_field_in_right_operand_should_not_be_equal ... ok
[INFO] [stdout] test model::request::body::diff::extra::relaxed_extra_tests::obj_with_extra_should_be_equal ... ok
[INFO] [stdout] test model::request::body::diff::extra::relaxed_extra_tests::obj_with_nested_extra_in_arrays_should_not_be_equal ... ok
[INFO] [stdout] test model::request::body::diff::extra::relaxed_extra_tests::obj_with_nested_extra_should_be_equal ... ok
[INFO] [stdout] test model::request::body::diff::extra::relaxed_extra_tests::objects_with_same_value_but_different_keys_should_not_be_equal ... ok
[INFO] [stdout] test model::request::body::diff::extra::relaxed_extra_tests::unordered_obj_should_not_be_equal ... ok
[INFO] [stdout] test model::request::body::diff::extra::relaxed_extra_tests::differently_ordered_arrays_should_not_be_equal ... ok
[INFO] [stdout] test model::response::response_dto_tests::requires_response_templating_should_be_true_when_present ... ok
[INFO] [stdout] test model::response::template::data::tests::http_types_data::path_segments_should_be_empty_when_no_path ... ok
[INFO] [stdout] test model::response::template::data::tests::http_types_data::should_take_request_multi_query_parameters ... ok
[INFO] [stdout] test model::response::template::data::tests::http_types_data::should_take_request_method ... ok
[INFO] [stdout] test model::response::template::data::tests::http_types_data::should_take_request_json_body ... ok
[INFO] [stdout] test model::response::template::data::tests::http_types_data::request_query_parameters_should_be_none_when_missing ... ok
[INFO] [stdout] test model::response::template::data::tests::http_types_data::should_not_take_request_body_when_absent ... ok
[INFO] [stdout] test model::response::template::data::tests::http_types_data::should_not_take_request_port_when_absent ... ok
[INFO] [stdout] test model::response::template::data::tests::http_types_data::request_header_parameters_should_be_none_when_missing ... ok
[INFO] [stdout] test model::response::template::data::tests::http_types_data::should_take_multi_request_header_parameters ... ok
[INFO] [stdout] test model::response::template::data::tests::http_types_data::should_take_request_header_parameters ... ok
[INFO] [stdout] test model::request::body::diff::extra::relaxed_extra_tests::differently_ordered_objects_should_not_be_equal ... ok
[INFO] [stdout] test model::request::body::diff::all::relaxed_value_tests::different_obj_should_not_be_equal ... ok
[INFO] [stdout] test model::response::response_dto_tests::requires_response_templating_should_be_false_when_absent ... ok
[INFO] [stdout] test model::response::template::data::tests::http_types_data::should_take_request_path ... ok
[INFO] [stdout] test model::response::response_dto_tests::requires_response_templating_should_be_false_when_transformers_empty ... ok
[INFO] [stdout] test model::response::template::data::tests::http_types_data::should_take_request_path_ignoring_queries ... ok
[INFO] [stdout] test model::response::template::data::tests::http_types_data::should_take_request_path_segments ... ok
[INFO] [stdout] test model::response::template::data::tests::http_types_data::should_take_request_query_parameters ... ok
[INFO] [stdout] test model::response::template::data::tests::http_types_data::should_take_request_port ... ok
[INFO] [stdout] test model::response::template::data::tests::http_types_data::should_take_request_text_body ... ok
[INFO] [stdout] test model::response::template::data::tests::http_types_data::should_take_request_url ... ok
[INFO] [stdout] test model::response::template::data::tests::wiremock_data::path_segments_should_be_empty_when_no_path ... ok
[INFO] [stdout] test model::response::template::data::tests::http_types_data::should_take_request_url_when_no_query ... ok
[INFO] [stdout] test model::response::template::data::tests::wiremock_data::request_header_parameters_should_be_none_when_missing ... ok
[INFO] [stdout] test model::response::template::data::tests::wiremock_data::request_query_parameters_should_be_none_when_missing ... ok
[INFO] [stdout] test model::response::template::data::tests::wiremock_data::should_take_multi_request_header_parameters ... ok
[INFO] [stdout] test model::response::template::data::tests::wiremock_data::should_take_request_header_parameters ... ok
[INFO] [stdout] test model::response::template::data::tests::wiremock_data::should_take_request_json_body ... ok
[INFO] [stdout] test model::response::template::data::tests::wiremock_data::should_take_request_method ... ok
[INFO] [stdout] test model::response::template::data::tests::wiremock_data::should_take_request_path ... ok
[INFO] [stdout] test model::response::template::data::tests::wiremock_data::should_take_request_query_parameters ... ok
[INFO] [stdout] test model::response::template::data::tests::wiremock_data::should_take_request_path_segments ... ok
[INFO] [stdout] test model::response::template::data::tests::wiremock_data::should_take_request_port ... ok
[INFO] [stdout] test model::response::template::data::tests::wiremock_data::should_not_take_request_body_when_absent ... ok
[INFO] [stdout] test model::response::template::data::tests::wiremock_data::should_take_request_url ... ok
[INFO] [stdout] test model::response::template::helpers::string::string_case_tests::capitalize::should_capitalize_lowercase ... ok
[INFO] [stdout] test model::response::template::helpers::string::string_case_tests::capitalize::should_just_capitalize_first_word ... ok
[INFO] [stdout] test model::response::template::data::tests::wiremock_data::should_take_request_url_when_no_query ... ok
[INFO] [stdout] test model::response::template::data::tests::wiremock_data::should_not_take_request_port_when_absent ... ok
[INFO] [stdout] test model::response::template::data::tests::wiremock_data::should_take_request_multi_query_parameters ... ok
[INFO] [stdout] test model::response::template::data::tests::wiremock_data::should_take_request_text_body ... ok
[INFO] [stdout] test model::response::template::helpers::string::string_case_tests::capitalize::should_preserve_already_capitalized ... ok
[INFO] [stdout] test model::response::template::helpers::string::string_case_tests::capitalize::should_preserve_non_ascii ... ok
[INFO] [stdout] test model::response::template::helpers::string::string_case_tests::capitalize::should_preserve_rest ... ok
[INFO] [stdout] test model::response::template::helpers::string::string_case_tests::decapitalize::should_decapitalize_uppercase ... ok
[INFO] [stdout] test model::response::template::helpers::string::string_case_tests::decapitalize::should_just_decapitalize_first_word ... ok
[INFO] [stdout] test model::response::template::helpers::string::string_case_tests::decapitalize::should_preserve_already_decapitalized ... ok
[INFO] [stdout] test model::response::template::helpers::string::string_case_tests::decapitalize::should_preserve_non_ascii ... ok
[INFO] [stdout] test model::response::template::helpers::string::string_case_tests::decapitalize::should_preserve_rest ... ok
[INFO] [stdout] test model::response::template::verify::verifiable_test::predictable::should_be_predictable ... ok
[INFO] [stdout] test model::response::template::verify::verifiable_test::predictable::should_not_be_predictable ... ok
[INFO] [stdout] test model::response::template::verify::verifiable_test::verifiable::many_interleaved_predictable_template_should_be_verifiable ... ok
[INFO] [stdout] test model::response::template::verify::verifiable_test::verifiable::many_predictable_template_should_be_verifiable ... ok
[INFO] [stdout] test model::response::template::verify::verifiable_test::verifiable::many_rnd_template_should_not_be_verifiable ... ok
[INFO] [stdout] test model::response::template::verify::verifiable_test::verifiable::one_predictable_template_should_be_verifiable ... ok
[INFO] [stdout] test model::response::template::verify::verifiable_test::verifiable::one_predictable_template_should_be_verifiable_when_prefix_suffix ... ok
[INFO] [stdout] test model::response::template::verify::verifiable_test::verifiable::one_rnd_template_should_be_verifiable ... ok
[INFO] [stdout] test model::response::template::verify::verifiable_test::verifiable::one_rnd_template_should_not_be_verifiable_when_prefix_suffix ... ok
[INFO] [stdout] test model::response::template::verify::verifiable_test::verifiable::without_template_should_be_verifiable ... ok
[INFO] [stdout] test server::stub_finder::stub_finder_test::should_not_find_any_file_when_path_does_not_exist ... ok
[INFO] [stdout] test model::response::template::data::tests::wiremock_data::should_take_request_path_ignoring_queries ... ok
[INFO] [stdout] test wiremock::mock_set::tests::generation_is_incremented_for_every_reset ... ok
[INFO] [stdout] test wiremock::mock_set::tests::deactivating_a_mock_does_not_invalidate_other_ids ... ok
[INFO] [stdout] test server::server_test::should_not_find_any_mock_when_path_does_not_exist ... ok
[INFO] [stdout] test server::stub_finder::stub_finder_test::should_return_empty_vec_when_read_dir_fails ... ok
[INFO] [stdout] test wiremock::delay::tests::lognormal_should_return_expected_mean ... ok
[INFO] [stdout] test server::stub_finder::stub_finder_test::should_find_all_files_from_single_file ... FAILED
[INFO] [stdout] test server::stub_finder::stub_finder_test::should_find_just_json_files_from_dir ... FAILED
[INFO] [stdout] test server::stub_finder::stub_finder_test::should_find_all_stubs_recursively ... FAILED
[INFO] [stdout] test wiremock::mock_set::tests::accessing_a_mock_id_after_a_reset_triggers_a_panic - should panic ... ok
[INFO] [stdout] test server::server_test::should_find_all_mocks_from_single_file ... FAILED
[INFO] [stdout] test server::server_test::should_find_all_mocks_from_dir ... FAILED
[INFO] [stdout] 
[INFO] [stdout] failures:
[INFO] [stdout] 
[INFO] [stdout] ---- server::stub_finder::stub_finder_test::should_find_all_files_from_single_file stdout ----
[INFO] [stdout] thread 'server::stub_finder::stub_finder_test::should_find_all_files_from_single_file' panicked at src/server/stub_finder.rs:100:9:
[INFO] [stdout] assertion `left == right` failed
[INFO] [stdout]   left: 0
[INFO] [stdout]  right: 1
[INFO] [stdout] stack backtrace:
[INFO] [stdout]    0:     0x561942917caa - std::backtrace_rs::backtrace::libunwind::trace::h5a5b8284f2d0c266
[INFO] [stdout]                                at /rustc/90b35a6239c3d8bdabc530a6a0816f7ff89a0aaf/library/std/src/../../backtrace/src/backtrace/libunwind.rs:116:5
[INFO] [stdout]    1:     0x561942917caa - std::backtrace_rs::backtrace::trace_unsynchronized::h76d4f1c9b0b875e3
[INFO] [stdout]                                at /rustc/90b35a6239c3d8bdabc530a6a0816f7ff89a0aaf/library/std/src/../../backtrace/src/backtrace/mod.rs:66:5
[INFO] [stdout]    2:     0x561942917caa - std::sys::backtrace::_print_fmt::hc4546b8364a537c6
[INFO] [stdout]                                at /rustc/90b35a6239c3d8bdabc530a6a0816f7ff89a0aaf/library/std/src/sys/backtrace.rs:66:9
[INFO] [stdout]    3:     0x561942917caa - <std::sys::backtrace::BacktraceLock::print::DisplayBacktrace as core::fmt::Display>::fmt::h5b6bd5631a6d1f6b
[INFO] [stdout]                                at /rustc/90b35a6239c3d8bdabc530a6a0816f7ff89a0aaf/library/std/src/sys/backtrace.rs:39:26
[INFO] [stdout]    4:     0x56194293ffa3 - core::fmt::rt::Argument::fmt::h270f6602a2b96f62
[INFO] [stdout]                                at /rustc/90b35a6239c3d8bdabc530a6a0816f7ff89a0aaf/library/core/src/fmt/rt.rs:177:76
[INFO] [stdout]    5:     0x56194293ffa3 - core::fmt::write::h7550c97b06c86515
[INFO] [stdout]                                at /rustc/90b35a6239c3d8bdabc530a6a0816f7ff89a0aaf/library/core/src/fmt/mod.rs:1186:21
[INFO] [stdout]    6:     0x561942913c83 - std::io::Write::write_fmt::h509ff860e5956e5e
[INFO] [stdout]                                at /rustc/90b35a6239c3d8bdabc530a6a0816f7ff89a0aaf/library/std/src/io/mod.rs:1839:15
[INFO] [stdout]    7:     0x561942917af2 - std::sys::backtrace::BacktraceLock::print::h2395ccd2c84ba3aa
[INFO] [stdout]                                at /rustc/90b35a6239c3d8bdabc530a6a0816f7ff89a0aaf/library/std/src/sys/backtrace.rs:42:9
[INFO] [stdout]    8:     0x56194291910a - std::panicking::default_hook::{{closure}}::he19d4c7230e07961
[INFO] [stdout]                                at /rustc/90b35a6239c3d8bdabc530a6a0816f7ff89a0aaf/library/std/src/panicking.rs:268:22
[INFO] [stdout]    9:     0x561942918f14 - std::panicking::default_hook::hf614597d3c67bbdb
[INFO] [stdout]                                at /rustc/90b35a6239c3d8bdabc530a6a0816f7ff89a0aaf/library/std/src/panicking.rs:292:9
[INFO] [stdout]   10:     0x5619423e8889 - <alloc::boxed::Box<F,A> as core::ops::function::Fn<Args>>::call::h39b51ce4599c23d1
[INFO] [stdout]                                at /rustc/90b35a6239c3d8bdabc530a6a0816f7ff89a0aaf/library/alloc/src/boxed.rs:2468:9
[INFO] [stdout]   11:     0x5619423e8889 - test::test_main::{{closure}}::he977ae839a582784
[INFO] [stdout]                                at /rustc/90b35a6239c3d8bdabc530a6a0816f7ff89a0aaf/library/test/src/lib.rs:133:21
[INFO] [stdout]   12:     0x5619429197a8 - <alloc::boxed::Box<F,A> as core::ops::function::Fn<Args>>::call::h9455091b6b06f9fb
[INFO] [stdout]                                at /rustc/90b35a6239c3d8bdabc530a6a0816f7ff89a0aaf/library/alloc/src/boxed.rs:2468:9
[INFO] [stdout]   13:     0x5619429197a8 - std::panicking::rust_panic_with_hook::h8942133a8b252070
[INFO] [stdout]                                at /rustc/90b35a6239c3d8bdabc530a6a0816f7ff89a0aaf/library/std/src/panicking.rs:809:13
[INFO] [stdout]   14:     0x56194291956a - std::panicking::begin_panic_handler::{{closure}}::hb5f5963570096b29
[INFO] [stdout]                                at /rustc/90b35a6239c3d8bdabc530a6a0816f7ff89a0aaf/library/std/src/panicking.rs:674:13
[INFO] [stdout]   15:     0x561942918189 - std::sys::backtrace::__rust_end_short_backtrace::h6208cedc1922feda
[INFO] [stdout]                                at /rustc/90b35a6239c3d8bdabc530a6a0816f7ff89a0aaf/library/std/src/sys/backtrace.rs:170:18
[INFO] [stdout]   16:     0x5619429191fc - rust_begin_unwind
[INFO] [stdout]                                at /rustc/90b35a6239c3d8bdabc530a6a0816f7ff89a0aaf/library/std/src/panicking.rs:665:5
[INFO] [stdout]   17:     0x56194219d2f0 - core::panicking::panic_fmt::h0c3082644d1bf418
[INFO] [stdout]                                at /rustc/90b35a6239c3d8bdabc530a6a0816f7ff89a0aaf/library/core/src/panicking.rs:74:14
[INFO] [stdout]   18:     0x56194219d755 - core::panicking::assert_failed_inner::h2ddf1fcc067fa858
[INFO] [stdout]   19:     0x561942737768 - core::panicking::assert_failed::hd97da71be25b99f1
[INFO] [stdout]                                at /rustc/90b35a6239c3d8bdabc530a6a0816f7ff89a0aaf/library/core/src/panicking.rs:367:5
[INFO] [stdout]   20:     0x56194222156a - stubr::server::stub_finder::stub_finder_test::should_find_all_files_from_single_file::hf78870e9c1e26559
[INFO] [stdout]                                at /opt/rustwide/workdir/src/server/stub_finder.rs:100:9
[INFO] [stdout]   21:     0x561942221407 - stubr::server::stub_finder::stub_finder_test::should_find_all_files_from_single_file::{{closure}}::h4ae9a5fd33ef2ca2
[INFO] [stdout]                                at /opt/rustwide/workdir/src/server/stub_finder.rs:97:48
[INFO] [stdout]   22:     0x5619421c7756 - core::ops::function::FnOnce::call_once::h7e3bcd5c4c159b57
[INFO] [stdout]                                at /rustc/90b35a6239c3d8bdabc530a6a0816f7ff89a0aaf/library/core/src/ops/function.rs:250:5
[INFO] [stdout]   23:     0x5619423ed24b - core::ops::function::FnOnce::call_once::h109cf8051a59b34e
[INFO] [stdout]                                at /rustc/90b35a6239c3d8bdabc530a6a0816f7ff89a0aaf/library/core/src/ops/function.rs:250:5
[INFO] [stdout]   24:     0x5619423ed24b - test::__rust_begin_short_backtrace::hf4fff89d377446ba
[INFO] [stdout]                                at /rustc/90b35a6239c3d8bdabc530a6a0816f7ff89a0aaf/library/test/src/lib.rs:621:18
[INFO] [stdout]   25:     0x5619423eca87 - test::run_test_in_process::{{closure}}::h0e39181dd7ee5a43
[INFO] [stdout]                                at /rustc/90b35a6239c3d8bdabc530a6a0816f7ff89a0aaf/library/test/src/lib.rs:644:60
[INFO] [stdout]   26:     0x5619423eca87 - <core::panic::unwind_safe::AssertUnwindSafe<F> as core::ops::function::FnOnce<()>>::call_once::hc5a66a30f0bdfd1f
[INFO] [stdout]                                at /rustc/90b35a6239c3d8bdabc530a6a0816f7ff89a0aaf/library/core/src/panic/unwind_safe.rs:272:9
[INFO] [stdout]   27:     0x5619423eca87 - std::panicking::try::do_call::h873b7cf639554a5e
[INFO] [stdout]                                at /rustc/90b35a6239c3d8bdabc530a6a0816f7ff89a0aaf/library/std/src/panicking.rs:557:40
[INFO] [stdout]   28:     0x5619423eca87 - std::panicking::try::hdb19862fad9c8bd1
[INFO] [stdout]                                at /rustc/90b35a6239c3d8bdabc530a6a0816f7ff89a0aaf/library/std/src/panicking.rs:520:19
[INFO] [stdout]   29:     0x5619423eca87 - std::panic::catch_unwind::h281fe732d236d260
[INFO] [stdout]                                at /rustc/90b35a6239c3d8bdabc530a6a0816f7ff89a0aaf/library/std/src/panic.rs:358:14
[INFO] [stdout]   30:     0x5619423eca87 - test::run_test_in_process::h949b6df8457ed338
[INFO] [stdout]                                at /rustc/90b35a6239c3d8bdabc530a6a0816f7ff89a0aaf/library/test/src/lib.rs:644:27
[INFO] [stdout]   31:     0x5619423eca87 - test::run_test::{{closure}}::h52c556a6d4740e10
[INFO] [stdout]                                at /rustc/90b35a6239c3d8bdabc530a6a0816f7ff89a0aaf/library/test/src/lib.rs:565:43
[INFO] [stdout]   32:     0x5619423b1d64 - test::run_test::{{closure}}::h4237f6381c45ccb9
[INFO] [stdout]                                at /rustc/90b35a6239c3d8bdabc530a6a0816f7ff89a0aaf/library/test/src/lib.rs:595:41
[INFO] [stdout]   33:     0x5619423b1d64 - std::sys::backtrace::__rust_begin_short_backtrace::h505c97a579eca628
[INFO] [stdout]                                at /rustc/90b35a6239c3d8bdabc530a6a0816f7ff89a0aaf/library/std/src/sys/backtrace.rs:154:18
[INFO] [stdout]   34:     0x5619423b542e - std::thread::Builder::spawn_unchecked_::{{closure}}::{{closure}}::h9e86b2e2bc107ea3
[INFO] [stdout]                                at /rustc/90b35a6239c3d8bdabc530a6a0816f7ff89a0aaf/library/std/src/thread/mod.rs:538:17
[INFO] [stdout]   35:     0x5619423b542e - <core::panic::unwind_safe::AssertUnwindSafe<F> as core::ops::function::FnOnce<()>>::call_once::h8b06ddb275ff4a25
[INFO] [stdout]                                at /rustc/90b35a6239c3d8bdabc530a6a0816f7ff89a0aaf/library/core/src/panic/unwind_safe.rs:272:9
[INFO] [stdout]   36:     0x5619423b542e - std::panicking::try::do_call::hb26ecd7cd9a9355d
[INFO] [stdout]                                at /rustc/90b35a6239c3d8bdabc530a6a0816f7ff89a0aaf/library/std/src/panicking.rs:557:40
[INFO] [stdout]   37:     0x5619423b542e - std::panicking::try::h8ddeca9d705f9069
[INFO] [stdout]                                at /rustc/90b35a6239c3d8bdabc530a6a0816f7ff89a0aaf/library/std/src/panicking.rs:520:19
[INFO] [stdout]   38:     0x5619423b542e - std::panic::catch_unwind::h49e1c33078844c46
[INFO] [stdout]                                at /rustc/90b35a6239c3d8bdabc530a6a0816f7ff89a0aaf/library/std/src/panic.rs:358:14
[INFO] [stdout]   39:     0x5619423b542e - std::thread::Builder::spawn_unchecked_::{{closure}}::h6073db6ff56ad35d
[INFO] [stdout]                                at /rustc/90b35a6239c3d8bdabc530a6a0816f7ff89a0aaf/library/std/src/thread/mod.rs:537:30
[INFO] [stdout]   40:     0x5619423b542e - core::ops::function::FnOnce::call_once{{vtable.shim}}::h2c5a5f3779c774f1
[INFO] [stdout]                                at /rustc/90b35a6239c3d8bdabc530a6a0816f7ff89a0aaf/library/core/src/ops/function.rs:250:5
[INFO] [stdout]   41:     0x56194291db9b - <alloc::boxed::Box<F,A> as core::ops::function::FnOnce<Args>>::call_once::hf75717d9f28faebf
[INFO] [stdout]                                at /rustc/90b35a6239c3d8bdabc530a6a0816f7ff89a0aaf/library/alloc/src/boxed.rs:2454:9
[INFO] [stdout]   42:     0x56194291db9b - <alloc::boxed::Box<F,A> as core::ops::function::FnOnce<Args>>::call_once::h7bd883a5f3c5f3c1
[INFO] [stdout]                                at /rustc/90b35a6239c3d8bdabc530a6a0816f7ff89a0aaf/library/alloc/src/boxed.rs:2454:9
[INFO] [stdout]   43:     0x56194291db9b - std::sys::pal::unix::thread::Thread::new::thread_start::hcc78f3943333fa94
[INFO] [stdout]                                at /rustc/90b35a6239c3d8bdabc530a6a0816f7ff89a0aaf/library/std/src/sys/pal/unix/thread.rs:105:17
[INFO] [stdout]   44:     0x7d97c979bac3 - <unknown>
[INFO] [stdout]   45:     0x7d97c982ca04 - clone
[INFO] [stdout]   46:                0x0 - <unknown>
[INFO] [stdout] 
[INFO] [stdout] ---- server::stub_finder::stub_finder_test::should_find_just_json_files_from_dir stdout ----
[INFO] [stdout] thread 'server::stub_finder::stub_finder_test::should_find_just_json_files_from_dir' panicked at src/server/stub_finder.rs:90:9:
[INFO] [stdout] assertion failed: files.len().gt(&2)
[INFO] [stdout] stack backtrace:
[INFO] [stdout]    0:     0x561942917caa - std::backtrace_rs::backtrace::libunwind::trace::h5a5b8284f2d0c266
[INFO] [stdout]                                at /rustc/90b35a6239c3d8bdabc530a6a0816f7ff89a0aaf/library/std/src/../../backtrace/src/backtrace/libunwind.rs:116:5
[INFO] [stdout]    1:     0x561942917caa - std::backtrace_rs::backtrace::trace_unsynchronized::h76d4f1c9b0b875e3
[INFO] [stdout]                                at /rustc/90b35a6239c3d8bdabc530a6a0816f7ff89a0aaf/library/std/src/../../backtrace/src/backtrace/mod.rs:66:5
[INFO] [stdout]    2:     0x561942917caa - std::sys::backtrace::_print_fmt::hc4546b8364a537c6
[INFO] [stdout]                                at /rustc/90b35a6239c3d8bdabc530a6a0816f7ff89a0aaf/library/std/src/sys/backtrace.rs:66:9
[INFO] [stdout]    3:     0x561942917caa - <std::sys::backtrace::BacktraceLock::print::DisplayBacktrace as core::fmt::Display>::fmt::h5b6bd5631a6d1f6b
[INFO] [stdout]                                at /rustc/90b35a6239c3d8bdabc530a6a0816f7ff89a0aaf/library/std/src/sys/backtrace.rs:39:26
[INFO] [stdout]    4:     0x56194293ffa3 - core::fmt::rt::Argument::fmt::h270f6602a2b96f62
[INFO] [stdout]                                at /rustc/90b35a6239c3d8bdabc530a6a0816f7ff89a0aaf/library/core/src/fmt/rt.rs:177:76
[INFO] [stdout]    5:     0x56194293ffa3 - core::fmt::write::h7550c97b06c86515
[INFO] [stdout]                                at /rustc/90b35a6239c3d8bdabc530a6a0816f7ff89a0aaf/library/core/src/fmt/mod.rs:1186:21
[INFO] [stdout]    6:     0x561942913c83 - std::io::Write::write_fmt::h509ff860e5956e5e
[INFO] [stdout]                                at /rustc/90b35a6239c3d8bdabc530a6a0816f7ff89a0aaf/library/std/src/io/mod.rs:1839:15
[INFO] [stdout]    7:     0x561942917af2 - std::sys::backtrace::BacktraceLock::print::h2395ccd2c84ba3aa
[INFO] [stdout]                                at /rustc/90b35a6239c3d8bdabc530a6a0816f7ff89a0aaf/library/std/src/sys/backtrace.rs:42:9
[INFO] [stdout]    8:     0x56194291910a - std::panicking::default_hook::{{closure}}::he19d4c7230e07961
[INFO] [stdout]                                at /rustc/90b35a6239c3d8bdabc530a6a0816f7ff89a0aaf/library/std/src/panicking.rs:268:22
[INFO] [stdout]    9:     0x561942918f14 - std::panicking::default_hook::hf614597d3c67bbdb
[INFO] [stdout]                                at /rustc/90b35a6239c3d8bdabc530a6a0816f7ff89a0aaf/library/std/src/panicking.rs:292:9
[INFO] [stdout]   10:     0x5619423e8889 - <alloc::boxed::Box<F,A> as core::ops::function::Fn<Args>>::call::h39b51ce4599c23d1
[INFO] [stdout]                                at /rustc/90b35a6239c3d8bdabc530a6a0816f7ff89a0aaf/library/alloc/src/boxed.rs:2468:9
[INFO] [stdout]   11:     0x5619423e8889 - test::test_main::{{closure}}::he977ae839a582784
[INFO] [stdout]                                at /rustc/90b35a6239c3d8bdabc530a6a0816f7ff89a0aaf/library/test/src/lib.rs:133:21
[INFO] [stdout]   12:     0x5619429197a8 - <alloc::boxed::Box<F,A> as core::ops::function::Fn<Args>>::call::h9455091b6b06f9fb
[INFO] [stdout]                                at /rustc/90b35a6239c3d8bdabc530a6a0816f7ff89a0aaf/library/alloc/src/boxed.rs:2468:9
[INFO] [stdout]   13:     0x5619429197a8 - std::panicking::rust_panic_with_hook::h8942133a8b252070
[INFO] [stdout]                                at /rustc/90b35a6239c3d8bdabc530a6a0816f7ff89a0aaf/library/std/src/panicking.rs:809:13
[INFO] [stdout]   14:     0x561942919536 - std::panicking::begin_panic_handler::{{closure}}::hb5f5963570096b29
[INFO] [stdout]                                at /rustc/90b35a6239c3d8bdabc530a6a0816f7ff89a0aaf/library/std/src/panicking.rs:667:13
[INFO] [stdout]   15:     0x561942918189 - std::sys::backtrace::__rust_end_short_backtrace::h6208cedc1922feda
[INFO] [stdout]                                at /rustc/90b35a6239c3d8bdabc530a6a0816f7ff89a0aaf/library/std/src/sys/backtrace.rs:170:18
[INFO] [stdout]   16:     0x5619429191fc - rust_begin_unwind
[INFO] [stdout]                                at /rustc/90b35a6239c3d8bdabc530a6a0816f7ff89a0aaf/library/std/src/panicking.rs:665:5
[INFO] [stdout]   17:     0x56194219d2f0 - core::panicking::panic_fmt::h0c3082644d1bf418
[INFO] [stdout]                                at /rustc/90b35a6239c3d8bdabc530a6a0816f7ff89a0aaf/library/core/src/panicking.rs:74:14
[INFO] [stdout]   18:     0x56194219d37c - core::panicking::panic::h957f98c65a3b3074
[INFO] [stdout]                                at /rustc/90b35a6239c3d8bdabc530a6a0816f7ff89a0aaf/library/core/src/panicking.rs:148:5
[INFO] [stdout]   19:     0x56194222116b - stubr::server::stub_finder::stub_finder_test::should_find_just_json_files_from_dir::hc4c784afe485a086
[INFO] [stdout]                                at /opt/rustwide/workdir/src/server/stub_finder.rs:90:9
[INFO] [stdout]   20:     0x561942221017 - stubr::server::stub_finder::stub_finder_test::should_find_just_json_files_from_dir::{{closure}}::h5454a7100e5f0624
[INFO] [stdout]                                at /opt/rustwide/workdir/src/server/stub_finder.rs:87:46
[INFO] [stdout]   21:     0x5619421c8206 - core::ops::function::FnOnce::call_once::had76a955f16ce1cf
[INFO] [stdout]                                at /rustc/90b35a6239c3d8bdabc530a6a0816f7ff89a0aaf/library/core/src/ops/function.rs:250:5
[INFO] [stdout]   22:     0x5619423ed24b - core::ops::function::FnOnce::call_once::h109cf8051a59b34e
[INFO] [stdout]                                at /rustc/90b35a6239c3d8bdabc530a6a0816f7ff89a0aaf/library/core/src/ops/function.rs:250:5
[INFO] [stdout]   23:     0x5619423ed24b - test::__rust_begin_short_backtrace::hf4fff89d377446ba
[INFO] [stdout]                                at /rustc/90b35a6239c3d8bdabc530a6a0816f7ff89a0aaf/library/test/src/lib.rs:621:18
[INFO] [stdout]   24:     0x5619423eca87 - test::run_test_in_process::{{closure}}::h0e39181dd7ee5a43
[INFO] [stdout]                                at /rustc/90b35a6239c3d8bdabc530a6a0816f7ff89a0aaf/library/test/src/lib.rs:644:60
[INFO] [stdout]   25:     0x5619423eca87 - <core::panic::unwind_safe::AssertUnwindSafe<F> as core::ops::function::FnOnce<()>>::call_once::hc5a66a30f0bdfd1f
[INFO] [stdout]                                at /rustc/90b35a6239c3d8bdabc530a6a0816f7ff89a0aaf/library/core/src/panic/unwind_safe.rs:272:9
[INFO] [stdout]   26:     0x5619423eca87 - std::panicking::try::do_call::h873b7cf639554a5e
[INFO] [stdout]                                at /rustc/90b35a6239c3d8bdabc530a6a0816f7ff89a0aaf/library/std/src/panicking.rs:557:40
[INFO] [stdout]   27:     0x5619423eca87 - std::panicking::try::hdb19862fad9c8bd1
[INFO] [stdout]                                at /rustc/90b35a6239c3d8bdabc530a6a0816f7ff89a0aaf/library/std/src/panicking.rs:520:19
[INFO] [stdout]   28:     0x5619423eca87 - std::panic::catch_unwind::h281fe732d236d260
[INFO] [stdout]                                at /rustc/90b35a6239c3d8bdabc530a6a0816f7ff89a0aaf/library/std/src/panic.rs:358:14
[INFO] [stdout]   29:     0x5619423eca87 - test::run_test_in_process::h949b6df8457ed338
[INFO] [stdout]                                at /rustc/90b35a6239c3d8bdabc530a6a0816f7ff89a0aaf/library/test/src/lib.rs:644:27
[INFO] [stdout]   30:     0x5619423eca87 - test::run_test::{{closure}}::h52c556a6d4740e10
[INFO] [stdout]                                at /rustc/90b35a6239c3d8bdabc530a6a0816f7ff89a0aaf/library/test/src/lib.rs:565:43
[INFO] [stdout]   31:     0x5619423b1d64 - test::run_test::{{closure}}::h4237f6381c45ccb9
[INFO] [stdout]                                at /rustc/90b35a6239c3d8bdabc530a6a0816f7ff89a0aaf/library/test/src/lib.rs:595:41
[INFO] [stdout]   32:     0x5619423b1d64 - std::sys::backtrace::__rust_begin_short_backtrace::h505c97a579eca628
[INFO] [stdout]                                at /rustc/90b35a6239c3d8bdabc530a6a0816f7ff89a0aaf/library/std/src/sys/backtrace.rs:154:18
[INFO] [stdout]   33:     0x5619423b542e - std::thread::Builder::spawn_unchecked_::{{closure}}::{{closure}}::h9e86b2e2bc107ea3
[INFO] [stdout]                                at /rustc/90b35a6239c3d8bdabc530a6a0816f7ff89a0aaf/library/std/src/thread/mod.rs:538:17
[INFO] [stdout]   34:     0x5619423b542e - <core::panic::unwind_safe::AssertUnwindSafe<F> as core::ops::function::FnOnce<()>>::call_once::h8b06ddb275ff4a25
[INFO] [stdout]                                at /rustc/90b35a6239c3d8bdabc530a6a0816f7ff89a0aaf/library/core/src/panic/unwind_safe.rs:272:9
[INFO] [stdout]   35:     0x5619423b542e - std::panicking::try::do_call::hb26ecd7cd9a9355d
[INFO] [stdout]                                at /rustc/90b35a6239c3d8bdabc530a6a0816f7ff89a0aaf/library/std/src/panicking.rs:557:40
[INFO] [stdout]   36:     0x5619423b542e - std::panicking::try::h8ddeca9d705f9069
[INFO] [stdout]                                at /rustc/90b35a6239c3d8bdabc530a6a0816f7ff89a0aaf/library/std/src/panicking.rs:520:19
[INFO] [stdout]   37:     0x5619423b542e - std::panic::catch_unwind::h49e1c33078844c46
[INFO] [stdout]                                at /rustc/90b35a6239c3d8bdabc530a6a0816f7ff89a0aaf/library/std/src/panic.rs:358:14
[INFO] [stdout]   38:     0x5619423b542e - std::thread::Builder::spawn_unchecked_::{{closure}}::h6073db6ff56ad35d
[INFO] [stdout]                                at /rustc/90b35a6239c3d8bdabc530a6a0816f7ff89a0aaf/library/std/src/thread/mod.rs:537:30
[INFO] [stdout]   39:     0x5619423b542e - core::ops::function::FnOnce::call_once{{vtable.shim}}::h2c5a5f3779c774f1
[INFO] [stdout]                                at /rustc/90b35a6239c3d8bdabc530a6a0816f7ff89a0aaf/library/core/src/ops/function.rs:250:5
[INFO] [stdout]   40:     0x56194291db9b - <alloc::boxed::Box<F,A> as core::ops::function::FnOnce<Args>>::call_once::hf75717d9f28faebf
[INFO] [stdout]                                at /rustc/90b35a6239c3d8bdabc530a6a0816f7ff89a0aaf/library/alloc/src/boxed.rs:2454:9
[INFO] [stdout]   41:     0x56194291db9b - <alloc::boxed::Box<F,A> as core::ops::function::FnOnce<Args>>::call_once::h7bd883a5f3c5f3c1
[INFO] [stdout]                                at /rustc/90b35a6239c3d8bdabc530a6a0816f7ff89a0aaf/library/alloc/src/boxed.rs:2454:9
[INFO] [stdout]   42:     0x56194291db9b - std::sys::pal::unix::thread::Thread::new::thread_start::hcc78f3943333fa94
[INFO] [stdout]                                at /rustc/90b35a6239c3d8bdabc530a6a0816f7ff89a0aaf/library/std/src/sys/pal/unix/thread.rs:105:17
[INFO] [stdout]   43:     0x7d97c979bac3 - <unknown>
[INFO] [stdout]   44:     0x7d97c982ca04 - clone
[INFO] [stdout]   45:                0x0 - <unknown>
[INFO] [stdout] 
[INFO] [stdout] ---- server::stub_finder::stub_finder_test::should_find_all_stubs_recursively stdout ----
[INFO] [stdout] thread 'server::stub_finder::stub_finder_test::should_find_all_stubs_recursively' panicked at src/server/stub_finder.rs:124:9:
[INFO] [stdout] assertion `left == right` failed
[INFO] [stdout]   left: 0
[INFO] [stdout]  right: 3
[INFO] [stdout] stack backtrace:
[INFO] [stdout]    0:     0x561942917caa - std::backtrace_rs::backtrace::libunwind::trace::h5a5b8284f2d0c266
[INFO] [stdout]                                at /rustc/90b35a6239c3d8bdabc530a6a0816f7ff89a0aaf/library/std/src/../../backtrace/src/backtrace/libunwind.rs:116:5
[INFO] [stdout]    1:     0x561942917caa - std::backtrace_rs::backtrace::trace_unsynchronized::h76d4f1c9b0b875e3
[INFO] [stdout]                                at /rustc/90b35a6239c3d8bdabc530a6a0816f7ff89a0aaf/library/std/src/../../backtrace/src/backtrace/mod.rs:66:5
[INFO] [stdout]    2:     0x561942917caa - std::sys::backtrace::_print_fmt::hc4546b8364a537c6
[INFO] [stdout]                                at /rustc/90b35a6239c3d8bdabc530a6a0816f7ff89a0aaf/library/std/src/sys/backtrace.rs:66:9
[INFO] [stdout]    3:     0x561942917caa - <std::sys::backtrace::BacktraceLock::print::DisplayBacktrace as core::fmt::Display>::fmt::h5b6bd5631a6d1f6b
[INFO] [stdout]                                at /rustc/90b35a6239c3d8bdabc530a6a0816f7ff89a0aaf/library/std/src/sys/backtrace.rs:39:26
[INFO] [stdout]    4:     0x56194293ffa3 - core::fmt::rt::Argument::fmt::h270f6602a2b96f62
[INFO] [stdout]                                at /rustc/90b35a6239c3d8bdabc530a6a0816f7ff89a0aaf/library/core/src/fmt/rt.rs:177:76
[INFO] [stdout]    5:     0x56194293ffa3 - core::fmt::write::h7550c97b06c86515
[INFO] [stdout]                                at /rustc/90b35a6239c3d8bdabc530a6a0816f7ff89a0aaf/library/core/src/fmt/mod.rs:1186:21
[INFO] [stdout]    6:     0x561942913c83 - std::io::Write::write_fmt::h509ff860e5956e5e
[INFO] [stdout]                                at /rustc/90b35a6239c3d8bdabc530a6a0816f7ff89a0aaf/library/std/src/io/mod.rs:1839:15
[INFO] [stdout]    7:     0x561942917af2 - std::sys::backtrace::BacktraceLock::print::h2395ccd2c84ba3aa
[INFO] [stdout]                                at /rustc/90b35a6239c3d8bdabc530a6a0816f7ff89a0aaf/library/std/src/sys/backtrace.rs:42:9
[INFO] [stdout]    8:     0x56194291910a - std::panicking::default_hook::{{closure}}::he19d4c7230e07961
[INFO] [stdout]                                at /rustc/90b35a6239c3d8bdabc530a6a0816f7ff89a0aaf/library/std/src/panicking.rs:268:22
[INFO] [stdout]    9:     0x561942918f14 - std::panicking::default_hook::hf614597d3c67bbdb
[INFO] [stdout]                                at /rustc/90b35a6239c3d8bdabc530a6a0816f7ff89a0aaf/library/std/src/panicking.rs:292:9
[INFO] [stdout]   10:     0x5619423e8889 - <alloc::boxed::Box<F,A> as core::ops::function::Fn<Args>>::call::h39b51ce4599c23d1
[INFO] [stdout]                                at /rustc/90b35a6239c3d8bdabc530a6a0816f7ff89a0aaf/library/alloc/src/boxed.rs:2468:9
[INFO] [stdout]   11:     0x5619423e8889 - test::test_main::{{closure}}::he977ae839a582784
[INFO] [stdout]                                at /rustc/90b35a6239c3d8bdabc530a6a0816f7ff89a0aaf/library/test/src/lib.rs:133:21
[INFO] [stdout]   12:     0x5619429197a8 - <alloc::boxed::Box<F,A> as core::ops::function::Fn<Args>>::call::h9455091b6b06f9fb
[INFO] [stdout]                                at /rustc/90b35a6239c3d8bdabc530a6a0816f7ff89a0aaf/library/alloc/src/boxed.rs:2468:9
[INFO] [stdout]   13:     0x5619429197a8 - std::panicking::rust_panic_with_hook::h8942133a8b252070
[INFO] [stdout]                                at /rustc/90b35a6239c3d8bdabc530a6a0816f7ff89a0aaf/library/std/src/panicking.rs:809:13
[INFO] [stdout]   14:     0x56194291956a - std::panicking::begin_panic_handler::{{closure}}::hb5f5963570096b29
[INFO] [stdout]                                at /rustc/90b35a6239c3d8bdabc530a6a0816f7ff89a0aaf/library/std/src/panicking.rs:674:13
[INFO] [stdout]   15:     0x561942918189 - std::sys::backtrace::__rust_end_short_backtrace::h6208cedc1922feda
[INFO] [stdout]                                at /rustc/90b35a6239c3d8bdabc530a6a0816f7ff89a0aaf/library/std/src/sys/backtrace.rs:170:18
[INFO] [stdout]   16:     0x5619429191fc - rust_begin_unwind
[INFO] [stdout]                                at /rustc/90b35a6239c3d8bdabc530a6a0816f7ff89a0aaf/library/std/src/panicking.rs:665:5
[INFO] [stdout]   17:     0x56194219d2f0 - core::panicking::panic_fmt::h0c3082644d1bf418
[INFO] [stdout]                                at /rustc/90b35a6239c3d8bdabc530a6a0816f7ff89a0aaf/library/core/src/panicking.rs:74:14
[INFO] [stdout]   18:     0x56194219d755 - core::panicking::assert_failed_inner::h2ddf1fcc067fa858
[INFO] [stdout]   19:     0x561942737768 - core::panicking::assert_failed::hd97da71be25b99f1
[INFO] [stdout]                                at /rustc/90b35a6239c3d8bdabc530a6a0816f7ff89a0aaf/library/core/src/panicking.rs:367:5
[INFO] [stdout]   20:     0x561942221ccb - stubr::server::stub_finder::stub_finder_test::should_find_all_stubs_recursively::h30cbe0893d5d925b
[INFO] [stdout]                                at /opt/rustwide/workdir/src/server/stub_finder.rs:124:9
[INFO] [stdout]   21:     0x561942221b47 - stubr::server::stub_finder::stub_finder_test::should_find_all_stubs_recursively::{{closure}}::h9fc11c04236e478e
[INFO] [stdout]                                at /opt/rustwide/workdir/src/server/stub_finder.rs:121:43
[INFO] [stdout]   22:     0x5619421c64a6 - core::ops::function::FnOnce::call_once::h3813ecf506c28057
[INFO] [stdout]                                at /rustc/90b35a6239c3d8bdabc530a6a0816f7ff89a0aaf/library/core/src/ops/function.rs:250:5
[INFO] [stdout]   23:     0x5619423ed24b - core::ops::function::FnOnce::call_once::h109cf8051a59b34e
[INFO] [stdout]                                at /rustc/90b35a6239c3d8bdabc530a6a0816f7ff89a0aaf/library/core/src/ops/function.rs:250:5
[INFO] [stdout]   24:     0x5619423ed24b - test::__rust_begin_short_backtrace::hf4fff89d377446ba
[INFO] [stdout]                                at /rustc/90b35a6239c3d8bdabc530a6a0816f7ff89a0aaf/library/test/src/lib.rs:621:18
[INFO] [stdout]   25:     0x5619423eca87 - test::run_test_in_process::{{closure}}::h0e39181dd7ee5a43
[INFO] [stdout]                                at /rustc/90b35a6239c3d8bdabc530a6a0816f7ff89a0aaf/library/test/src/lib.rs:644:60
[INFO] [stdout]   26:     0x5619423eca87 - <core::panic::unwind_safe::AssertUnwindSafe<F> as core::ops::function::FnOnce<()>>::call_once::hc5a66a30f0bdfd1f
[INFO] [stdout]                                at /rustc/90b35a6239c3d8bdabc530a6a0816f7ff89a0aaf/library/core/src/panic/unwind_safe.rs:272:9
[INFO] [stdout]   27:     0x5619423eca87 - std::panicking::try::do_call::h873b7cf639554a5e
[INFO] [stdout]                                at /rustc/90b35a6239c3d8bdabc530a6a0816f7ff89a0aaf/library/std/src/panicking.rs:557:40
[INFO] [stdout]   28:     0x5619423eca87 - std::panicking::try::hdb19862fad9c8bd1
[INFO] [stdout]                                at /rustc/90b35a6239c3d8bdabc530a6a0816f7ff89a0aaf/library/std/src/panicking.rs:520:19
[INFO] [stdout]   29:     0x5619423eca87 - std::panic::catch_unwind::h281fe732d236d260
[INFO] [stdout]                                at /rustc/90b35a6239c3d8bdabc530a6a0816f7ff89a0aaf/library/std/src/panic.rs:358:14
[INFO] [stdout]   30:     0x5619423eca87 - test::run_test_in_process::h949b6df8457ed338
[INFO] [stdout]                                at /rustc/90b35a6239c3d8bdabc530a6a0816f7ff89a0aaf/library/test/src/lib.rs:644:27
[INFO] [stdout]   31:     0x5619423eca87 - test::run_test::{{closure}}::h52c556a6d4740e10
[INFO] [stdout]                                at /rustc/90b35a6239c3d8bdabc530a6a0816f7ff89a0aaf/library/test/src/lib.rs:565:43
[INFO] [stdout]   32:     0x5619423b1d64 - test::run_test::{{closure}}::h4237f6381c45ccb9
[INFO] [stdout]                                at /rustc/90b35a6239c3d8bdabc530a6a0816f7ff89a0aaf/library/test/src/lib.rs:595:41
[INFO] [stdout]   33:     0x5619423b1d64 - std::sys::backtrace::__rust_begin_short_backtrace::h505c97a579eca628
[INFO] [stdout]                                at /rustc/90b35a6239c3d8bdabc530a6a0816f7ff89a0aaf/library/std/src/sys/backtrace.rs:154:18
[INFO] [stdout]   34:     0x5619423b542e - std::thread::Builder::spawn_unchecked_::{{closure}}::{{closure}}::h9e86b2e2bc107ea3
[INFO] [stdout]                                at /rustc/90b35a6239c3d8bdabc530a6a0816f7ff89a0aaf/library/std/src/thread/mod.rs:538:17
[INFO] [stdout]   35:     0x5619423b542e - <core::panic::unwind_safe::AssertUnwindSafe<F> as core::ops::function::FnOnce<()>>::call_once::h8b06ddb275ff4a25
[INFO] [stdout]                                at /rustc/90b35a6239c3d8bdabc530a6a0816f7ff89a0aaf/library/core/src/panic/unwind_safe.rs:272:9
[INFO] [stdout]   36:     0x5619423b542e - std::panicking::try::do_call::hb26ecd7cd9a9355d
[INFO] [stdout]                                at /rustc/90b35a6239c3d8bdabc530a6a0816f7ff89a0aaf/library/std/src/panicking.rs:557:40
[INFO] [stdout]   37:     0x5619423b542e - std::panicking::try::h8ddeca9d705f9069
[INFO] [stdout]                                at /rustc/90b35a6239c3d8bdabc530a6a0816f7ff89a0aaf/library/std/src/panicking.rs:520:19
[INFO] [stdout]   38:     0x5619423b542e - std::panic::catch_unwind::h49e1c33078844c46
[INFO] [stdout]                                at /rustc/90b35a6239c3d8bdabc530a6a0816f7ff89a0aaf/library/std/src/panic.rs:358:14
[INFO] [stdout]   39:     0x5619423b542e - std::thread::Builder::spawn_unchecked_::{{closure}}::h6073db6ff56ad35d
[INFO] [stdout]                                at /rustc/90b35a6239c3d8bdabc530a6a0816f7ff89a0aaf/library/std/src/thread/mod.rs:537:30
[INFO] [stdout]   40:     0x5619423b542e - core::ops::function::FnOnce::call_once{{vtable.shim}}::h2c5a5f3779c774f1
[INFO] [stdout]                                at /rustc/90b35a6239c3d8bdabc530a6a0816f7ff89a0aaf/library/core/src/ops/function.rs:250:5
[INFO] [stdout]   41:     0x56194291db9b - <alloc::boxed::Box<F,A> as core::ops::function::FnOnce<Args>>::call_once::hf75717d9f28faebf
[INFO] [stdout]                                at /rustc/90b35a6239c3d8bdabc530a6a0816f7ff89a0aaf/library/alloc/src/boxed.rs:2454:9
[INFO] [stdout]   42:     0x56194291db9b - <alloc::boxed::Box<F,A> as core::ops::function::FnOnce<Args>>::call_once::h7bd883a5f3c5f3c1
[INFO] [stdout]                                at /rustc/90b35a6239c3d8bdabc530a6a0816f7ff89a0aaf/library/alloc/src/boxed.rs:2454:9
[INFO] [stdout]   43:     0x56194291db9b - std::sys::pal::unix::thread::Thread::new::thread_start::hcc78f3943333fa94
[INFO] [stdout]                                at /rustc/90b35a6239c3d8bdabc530a6a0816f7ff89a0aaf/library/std/src/sys/pal/unix/thread.rs:105:17
[INFO] [stdout]   44:     0x7d97c979bac3 - <unknown>
[INFO] [stdout]   45:     0x7d97c982ca04 - clone
[INFO] [stdout]   46:                0x0 - <unknown>
[INFO] [stdout] 
[INFO] [stdout] ---- server::server_test::should_find_all_mocks_from_single_file stdout ----
[INFO] [stdout] thread 'server::server_test::should_find_all_mocks_from_single_file' panicked at src/server/mod.rs:312:9:
[INFO] [stdout] assertion `left == right` failed
[INFO] [stdout]   left: 0
[INFO] [stdout]  right: 1
[INFO] [stdout] stack backtrace:
[INFO] [stdout]    0:     0x561942917caa - std::backtrace_rs::backtrace::libunwind::trace::h5a5b8284f2d0c266
[INFO] [stdout]                                at /rustc/90b35a6239c3d8bdabc530a6a0816f7ff89a0aaf/library/std/src/../../backtrace/src/backtrace/libunwind.rs:116:5
[INFO] [stdout]    1:     0x561942917caa - std::backtrace_rs::backtrace::trace_unsynchronized::h76d4f1c9b0b875e3
[INFO] [stdout]                                at /rustc/90b35a6239c3d8bdabc530a6a0816f7ff89a0aaf/library/std/src/../../backtrace/src/backtrace/mod.rs:66:5
[INFO] [stdout]    2:     0x561942917caa - std::sys::backtrace::_print_fmt::hc4546b8364a537c6
[INFO] [stdout]                                at /rustc/90b35a6239c3d8bdabc530a6a0816f7ff89a0aaf/library/std/src/sys/backtrace.rs:66:9
[INFO] [stdout]    3:     0x561942917caa - <std::sys::backtrace::BacktraceLock::print::DisplayBacktrace as core::fmt::Display>::fmt::h5b6bd5631a6d1f6b
[INFO] [stdout]                                at /rustc/90b35a6239c3d8bdabc530a6a0816f7ff89a0aaf/library/std/src/sys/backtrace.rs:39:26
[INFO] [stdout]    4:     0x56194293ffa3 - core::fmt::rt::Argument::fmt::h270f6602a2b96f62
[INFO] [stdout]                                at /rustc/90b35a6239c3d8bdabc530a6a0816f7ff89a0aaf/library/core/src/fmt/rt.rs:177:76
[INFO] [stdout]    5:     0x56194293ffa3 - core::fmt::write::h7550c97b06c86515
[INFO] [stdout]                                at /rustc/90b35a6239c3d8bdabc530a6a0816f7ff89a0aaf/library/core/src/fmt/mod.rs:1186:21
[INFO] [stdout]    6:     0x561942913c83 - std::io::Write::write_fmt::h509ff860e5956e5e
[INFO] [stdout]                                at /rustc/90b35a6239c3d8bdabc530a6a0816f7ff89a0aaf/library/std/src/io/mod.rs:1839:15
[INFO] [stdout]    7:     0x561942917af2 - std::sys::backtrace::BacktraceLock::print::h2395ccd2c84ba3aa
[INFO] [stdout]                                at /rustc/90b35a6239c3d8bdabc530a6a0816f7ff89a0aaf/library/std/src/sys/backtrace.rs:42:9
[INFO] [stdout]    8:     0x56194291910a - std::panicking::default_hook::{{closure}}::he19d4c7230e07961
[INFO] [stdout]                                at /rustc/90b35a6239c3d8bdabc530a6a0816f7ff89a0aaf/library/std/src/panicking.rs:268:22
[INFO] [stdout]    9:     0x561942918f14 - std::panicking::default_hook::hf614597d3c67bbdb
[INFO] [stdout]                                at /rustc/90b35a6239c3d8bdabc530a6a0816f7ff89a0aaf/library/std/src/panicking.rs:292:9
[INFO] [stdout]   10:     0x5619423e8889 - <alloc::boxed::Box<F,A> as core::ops::function::Fn<Args>>::call::h39b51ce4599c23d1
[INFO] [stdout]                                at /rustc/90b35a6239c3d8bdabc530a6a0816f7ff89a0aaf/library/alloc/src/boxed.rs:2468:9
[INFO] [stdout]   11:     0x5619423e8889 - test::test_main::{{closure}}::he977ae839a582784
[INFO] [stdout]                                at /rustc/90b35a6239c3d8bdabc530a6a0816f7ff89a0aaf/library/test/src/lib.rs:133:21
[INFO] [stdout]   12:     0x5619429197a8 - <alloc::boxed::Box<F,A> as core::ops::function::Fn<Args>>::call::h9455091b6b06f9fb
[INFO] [stdout]                                at /rustc/90b35a6239c3d8bdabc530a6a0816f7ff89a0aaf/library/alloc/src/boxed.rs:2468:9
[INFO] [stdout]   13:     0x5619429197a8 - std::panicking::rust_panic_with_hook::h8942133a8b252070
[INFO] [stdout]                                at /rustc/90b35a6239c3d8bdabc530a6a0816f7ff89a0aaf/library/std/src/panicking.rs:809:13
[INFO] [stdout]   14:     0x56194291956a - std::panicking::begin_panic_handler::{{closure}}::hb5f5963570096b29
[INFO] [stdout]                                at /rustc/90b35a6239c3d8bdabc530a6a0816f7ff89a0aaf/library/std/src/panicking.rs:674:13
[INFO] [stdout]   15:     0x561942918189 - std::sys::backtrace::__rust_end_short_backtrace::h6208cedc1922feda
[INFO] [stdout]                                at /rustc/90b35a6239c3d8bdabc530a6a0816f7ff89a0aaf/library/std/src/sys/backtrace.rs:170:18
[INFO] [stdout]   16:     0x5619429191fc - rust_begin_unwind
[INFO] [stdout]                                at /rustc/90b35a6239c3d8bdabc530a6a0816f7ff89a0aaf/library/std/src/panicking.rs:665:5
[INFO] [stdout]   17:     0x56194219d2f0 - core::panicking::panic_fmt::h0c3082644d1bf418
[INFO] [stdout]                                at /rustc/90b35a6239c3d8bdabc530a6a0816f7ff89a0aaf/library/core/src/panicking.rs:74:14
[INFO] [stdout]   18:     0x56194219d755 - core::panicking::assert_failed_inner::h2ddf1fcc067fa858
[INFO] [stdout]   19:     0x561942737768 - core::panicking::assert_failed::hd97da71be25b99f1
[INFO] [stdout]                                at /rustc/90b35a6239c3d8bdabc530a6a0816f7ff89a0aaf/library/core/src/panicking.rs:367:5
[INFO] [stdout]   20:     0x56194224cee6 - stubr::server::server_test::should_find_all_mocks_from_single_file::{{closure}}::h07ae3ecc190f3561
[INFO] [stdout]                                at /opt/rustwide/workdir/src/server/mod.rs:312:9
[INFO] [stdout]   21:     0x5619422e6302 - <async_std::task::builder::SupportTaskLocals<F> as core::future::future::Future>::poll::{{closure}}::h5269f0befc9d91b2
[INFO] [stdout]                                at /opt/rustwide/cargo-home/registry/src/index.crates.io-6f17d22bba15001f/async-std-1.13.0/src/task/builder.rs:199:17
[INFO] [stdout]   22:     0x56194234504c - async_std::task::task_locals_wrapper::TaskLocalsWrapper::set_current::{{closure}}::hb96d28cc8a41988f
[INFO] [stdout]                                at /opt/rustwide/cargo-home/registry/src/index.crates.io-6f17d22bba15001f/async-std-1.13.0/src/task/task_locals_wrapper.rs:60:13
[INFO] [stdout]   23:     0x56194231718a - std::thread::local::LocalKey<T>::try_with::hfbfff925f072bec7
[INFO] [stdout]                                at /rustc/90b35a6239c3d8bdabc530a6a0816f7ff89a0aaf/library/std/src/thread/local.rs:283:12
[INFO] [stdout]   24:     0x561942312aca - std::thread::local::LocalKey<T>::with::h7c1503ec837698a5
[INFO] [stdout]                                at /rustc/90b35a6239c3d8bdabc530a6a0816f7ff89a0aaf/library/std/src/thread/local.rs:260:9
[INFO] [stdout]   25:     0x561942344d08 - async_std::task::task_locals_wrapper::TaskLocalsWrapper::set_current::hc618c4b54a707841
[INFO] [stdout]                                at /opt/rustwide/cargo-home/registry/src/index.crates.io-6f17d22bba15001f/async-std-1.13.0/src/task/task_locals_wrapper.rs:55:9
[INFO] [stdout]   26:     0x5619422e6281 - <async_std::task::builder::SupportTaskLocals<F> as core::future::future::Future>::poll::h74b3038ea100b47a
[INFO] [stdout]                                at /opt/rustwide/cargo-home/registry/src/index.crates.io-6f17d22bba15001f/async-std-1.13.0/src/task/builder.rs:197:13
[INFO] [stdout]   27:     0x5619422e3cb4 - <futures_lite::future::Or<F1,F2> as core::future::future::Future>::poll::h81a3acc592faa99e
[INFO] [stdout]                                at /opt/rustwide/cargo-home/registry/src/index.crates.io-6f17d22bba15001f/futures-lite-2.5.0/src/future.rs:454:33
[INFO] [stdout]   28:     0x56194235d7d6 - async_executor::State::run::{{closure}}::h337a39da7e6b8dff
[INFO] [stdout]                                at /opt/rustwide/cargo-home/registry/src/index.crates.io-6f17d22bba15001f/async-executor-1.13.1/src/lib.rs:748:32
[INFO] [stdout]   29:     0x56194235eef2 - async_executor::Executor::run::{{closure}}::h4f7979ff33d9ff6d
[INFO] [stdout]                                at /opt/rustwide/cargo-home/registry/src/index.crates.io-6f17d22bba15001f/async-executor-1.13.1/src/lib.rs:344:34
[INFO] [stdout]   30:     0x56194235ce03 - async_executor::LocalExecutor::run::{{closure}}::h080c54e544959005
[INFO] [stdout]                                at /opt/rustwide/cargo-home/registry/src/index.crates.io-6f17d22bba15001f/async-executor-1.13.1/src/lib.rs:648:34
[INFO] [stdout]   31:     0x561942232eb1 - async_io::driver::block_on::{{closure}}::hbeb9a25be2175627
[INFO] [stdout]                                at /opt/rustwide/cargo-home/registry/src/index.crates.io-6f17d22bba15001f/async-io-2.4.0/src/driver.rs:199:37
[INFO] [stdout]   32:     0x561942314287 - std::thread::local::LocalKey<T>::try_with::h52c99f9e3d2ee46c
[INFO] [stdout]                                at /rustc/90b35a6239c3d8bdabc530a6a0816f7ff89a0aaf/library/std/src/thread/local.rs:283:12
[INFO] [stdout]   33:     0x5619423128da - std::thread::local::LocalKey<T>::with::h513137503bc2f804
[INFO] [stdout]                                at /rustc/90b35a6239c3d8bdabc530a6a0816f7ff89a0aaf/library/std/src/thread/local.rs:260:9
[INFO] [stdout]   34:     0x56194222cebe - async_io::driver::block_on::h40c2395c77f4df2d
[INFO] [stdout]                                at /opt/rustwide/cargo-home/registry/src/index.crates.io-6f17d22bba15001f/async-io-2.4.0/src/driver.rs:175:5
[INFO] [stdout]   35:     0x56194224f1b3 - async_global_executor::reactor::block_on::{{closure}}::h430f2fb1a5ce05c5
[INFO] [stdout]                                at /opt/rustwide/cargo-home/registry/src/index.crates.io-6f17d22bba15001f/async-global-executor-2.4.1/src/reactor.rs:3:18
[INFO] [stdout]   36:     0x56194224f183 - async_global_executor::reactor::block_on::hee6d3aaad31ac17c
[INFO] [stdout]                                at /opt/rustwide/cargo-home/registry/src/index.crates.io-6f17d22bba15001f/async-global-executor-2.4.1/src/reactor.rs:12:5
[INFO] [stdout]   37:     0x561942222e1b - async_global_executor::executor::block_on::{{closure}}::hb36f6790cf2d99d3
[INFO] [stdout]                                at /opt/rustwide/cargo-home/registry/src/index.crates.io-6f17d22bba15001f/async-global-executor-2.4.1/src/executor.rs:26:36
[INFO] [stdout]   38:     0x5619423131e5 - std::thread::local::LocalKey<T>::try_with::h07f99aab97c6b721
[INFO] [stdout]                                at /rustc/90b35a6239c3d8bdabc530a6a0816f7ff89a0aaf/library/std/src/thread/local.rs:283:12
[INFO] [stdout]   39:     0x561942312a9a - std::thread::local::LocalKey<T>::with::h7bdf11e40f3a375b
[INFO] [stdout]                                at /rustc/90b35a6239c3d8bdabc530a6a0816f7ff89a0aaf/library/std/src/thread/local.rs:260:9
[INFO] [stdout]   40:     0x561942222d06 - async_global_executor::executor::block_on::h57eaf0fed127659b
[INFO] [stdout]                                at /opt/rustwide/cargo-home/registry/src/index.crates.io-6f17d22bba15001f/async-global-executor-2.4.1/src/executor.rs:26:5
[INFO] [stdout]   41:     0x561942304a00 - async_std::task::builder::Builder::blocking::{{closure}}::{{closure}}::hbd7dd10927f5cc9f
[INFO] [stdout]                                at /opt/rustwide/cargo-home/registry/src/index.crates.io-6f17d22bba15001f/async-std-1.13.0/src/task/builder.rs:171:25
[INFO] [stdout]   42:     0x561942344f48 - async_std::task::task_locals_wrapper::TaskLocalsWrapper::set_current::{{closure}}::h83212d54ec8347be
[INFO] [stdout]                                at /opt/rustwide/cargo-home/registry/src/index.crates.io-6f17d22bba15001f/async-std-1.13.0/src/task/task_locals_wrapper.rs:60:13
[INFO] [stdout]   43:     0x561942314897 - std::thread::local::LocalKey<T>::try_with::h6860aa1c23e56e2c
[INFO] [stdout]                                at /rustc/90b35a6239c3d8bdabc530a6a0816f7ff89a0aaf/library/std/src/thread/local.rs:283:12
[INFO] [stdout]   44:     0x5619423127ba - std::thread::local::LocalKey<T>::with::h3bd6bb11be01db7a
[INFO] [stdout]                                at /rustc/90b35a6239c3d8bdabc530a6a0816f7ff89a0aaf/library/std/src/thread/local.rs:260:9
[INFO] [stdout]   45:     0x561942344d47 - async_std::task::task_locals_wrapper::TaskLocalsWrapper::set_current::hdf904c66106b4848
[INFO] [stdout]                                at /opt/rustwide/cargo-home/registry/src/index.crates.io-6f17d22bba15001f/async-std-1.13.0/src/task/task_locals_wrapper.rs:55:9
[INFO] [stdout]   46:     0x5619423045cc - async_std::task::builder::Builder::blocking::{{closure}}::h1fafab2270055970
[INFO] [stdout]                                at /opt/rustwide/cargo-home/registry/src/index.crates.io-6f17d22bba15001f/async-std-1.13.0/src/task/builder.rs:168:17
[INFO] [stdout]   47:     0x561942316f85 - std::thread::local::LocalKey<T>::try_with::hf103ca87ea804650
[INFO] [stdout]                                at /rustc/90b35a6239c3d8bdabc530a6a0816f7ff89a0aaf/library/std/src/thread/local.rs:283:12
[INFO] [stdout]   48:     0x561942312bda - std::thread::local::LocalKey<T>::with::h9d94b21a96156a33
[INFO] [stdout]                                at /rustc/90b35a6239c3d8bdabc530a6a0816f7ff89a0aaf/library/std/src/thread/local.rs:260:9
[INFO] [stdout]   49:     0x5619423042cc - async_std::task::builder::Builder::blocking::h9c999fe4a06ac227
[INFO] [stdout]                                at /opt/rustwide/cargo-home/registry/src/index.crates.io-6f17d22bba15001f/async-std-1.13.0/src/task/builder.rs:161:9
[INFO] [stdout]   50:     0x561942323b5e - async_std::task::block_on::block_on::h06ba730723ce69e4
[INFO] [stdout]                                at /opt/rustwide/cargo-home/registry/src/index.crates.io-6f17d22bba15001f/async-std-1.13.0/src/task/block_on.rs:33:5
[INFO] [stdout]   51:     0x56194224c909 - stubr::server::server_test::should_find_all_mocks_from_single_file::h2632399a5dff4e95
[INFO] [stdout]                                at /opt/rustwide/workdir/src/server/mod.rs:308:5
[INFO] [stdout]   52:     0x56194224c8d7 - stubr::server::server_test::should_find_all_mocks_from_single_file::{{closure}}::h5f598a941e061429
[INFO] [stdout]                                at /opt/rustwide/workdir/src/server/mod.rs:308:23
[INFO] [stdout]   53:     0x5619421c84d6 - core::ops::function::FnOnce::call_once::hb15e4337183ca0fc
[INFO] [stdout]                                at /rustc/90b35a6239c3d8bdabc530a6a0816f7ff89a0aaf/library/core/src/ops/function.rs:250:5
[INFO] [stdout]   54:     0x5619423ed24b - core::ops::function::FnOnce::call_once::h109cf8051a59b34e
[INFO] [stdout]                                at /rustc/90b35a6239c3d8bdabc530a6a0816f7ff89a0aaf/library/core/src/ops/function.rs:250:5
[INFO] [stdout]   55:     0x5619423ed24b - test::__rust_begin_short_backtrace::hf4fff89d377446ba
[INFO] [stdout]                                at /rustc/90b35a6239c3d8bdabc530a6a0816f7ff89a0aaf/library/test/src/lib.rs:621:18
[INFO] [stdout]   56:     0x5619423eca87 - test::run_test_in_process::{{closure}}::h0e39181dd7ee5a43
[INFO] [stdout]                                at /rustc/90b35a6239c3d8bdabc530a6a0816f7ff89a0aaf/library/test/src/lib.rs:644:60
[INFO] [stdout]   57:     0x5619423eca87 - <core::panic::unwind_safe::AssertUnwindSafe<F> as core::ops::function::FnOnce<()>>::call_once::hc5a66a30f0bdfd1f
[INFO] [stdout]                                at /rustc/90b35a6239c3d8bdabc530a6a0816f7ff89a0aaf/library/core/src/panic/unwind_safe.rs:272:9
[INFO] [stdout]   58:     0x5619423eca87 - std::panicking::try::do_call::h873b7cf639554a5e
[INFO] [stdout]                                at /rustc/90b35a6239c3d8bdabc530a6a0816f7ff89a0aaf/library/std/src/panicking.rs:557:40
[INFO] [stdout]   59:     0x5619423eca87 - std::panicking::try::hdb19862fad9c8bd1
[INFO] [stdout]                                at /rustc/90b35a6239c3d8bdabc530a6a0816f7ff89a0aaf/library/std/src/panicking.rs:520:19
[INFO] [stdout]   60:     0x5619423eca87 - std::panic::catch_unwind::h281fe732d236d260
[INFO] [stdout]                                at /rustc/90b35a6239c3d8bdabc530a6a0816f7ff89a0aaf/library/std/src/panic.rs:358:14
[INFO] [stdout]   61:     0x5619423eca87 - test::run_test_in_process::h949b6df8457ed338
[INFO] [stdout]                                at /rustc/90b35a6239c3d8bdabc530a6a0816f7ff89a0aaf/library/test/src/lib.rs:644:27
[INFO] [stdout]   62:     0x5619423eca87 - test::run_test::{{closure}}::h52c556a6d4740e10
[INFO] [stdout]                                at /rustc/90b35a6239c3d8bdabc530a6a0816f7ff89a0aaf/library/test/src/lib.rs:565:43
[INFO] [stdout]   63:     0x5619423b1d64 - test::run_test::{{closure}}::h4237f6381c45ccb9
[INFO] [stdout]                                at /rustc/90b35a6239c3d8bdabc530a6a0816f7ff89a0aaf/library/test/src/lib.rs:595:41
[INFO] [stdout]   64:     0x5619423b1d64 - std::sys::backtrace::__rust_begin_short_backtrace::h505c97a579eca628
[INFO] [stdout]                                at /rustc/90b35a6239c3d8bdabc530a6a0816f7ff89a0aaf/library/std/src/sys/backtrace.rs:154:18
[INFO] [stdout]   65:     0x5619423b542e - std::thread::Builder::spawn_unchecked_::{{closure}}::{{closure}}::h9e86b2e2bc107ea3
[INFO] [stdout]                                at /rustc/90b35a6239c3d8bdabc530a6a0816f7ff89a0aaf/library/std/src/thread/mod.rs:538:17
[INFO] [stdout]   66:     0x5619423b542e - <core::panic::unwind_safe::AssertUnwindSafe<F> as core::ops::function::FnOnce<()>>::call_once::h8b06ddb275ff4a25
[INFO] [stdout]                                at /rustc/90b35a6239c3d8bdabc530a6a0816f7ff89a0aaf/library/core/src/panic/unwind_safe.rs:272:9
[INFO] [stdout]   67:     0x5619423b542e - std::panicking::try::do_call::hb26ecd7cd9a9355d
[INFO] [stdout]                                at /rustc/90b35a6239c3d8bdabc530a6a0816f7ff89a0aaf/library/std/src/panicking.rs:557:40
[INFO] [stdout]   68:     0x5619423b542e - std::panicking::try::h8ddeca9d705f9069
[INFO] [stdout]                                at /rustc/90b35a6239c3d8bdabc530a6a0816f7ff89a0aaf/library/std/src/panicking.rs:520:19
[INFO] [stdout]   69:     0x5619423b542e - std::panic::catch_unwind::h49e1c33078844c46
[INFO] [stdout]                                at /rustc/90b35a6239c3d8bdabc530a6a0816f7ff89a0aaf/library/std/src/panic.rs:358:14
[INFO] [stdout]   70:     0x5619423b542e - std::thread::Builder::spawn_unchecked_::{{closure}}::h6073db6ff56ad35d
[INFO] [stdout]                                at /rustc/90b35a6239c3d8bdabc530a6a0816f7ff89a0aaf/library/std/src/thread/mod.rs:537:30
[INFO] [stdout]   71:     0x5619423b542e - core::ops::function::FnOnce::call_once{{vtable.shim}}::h2c5a5f3779c774f1
[INFO] [stdout]                                at /rustc/90b35a6239c3d8bdabc530a6a0816f7ff89a0aaf/library/core/src/ops/function.rs:250:5
[INFO] [stdout]   72:     0x56194291db9b - <alloc::boxed::Box<F,A> as core::ops::function::FnOnce<Args>>::call_once::hf75717d9f28faebf
[INFO] [stdout]                                at /rustc/90b35a6239c3d8bdabc530a6a0816f7ff89a0aaf/library/alloc/src/boxed.rs:2454:9
[INFO] [stdout]   73:     0x56194291db9b - <alloc::boxed::Box<F,A> as core::ops::function::FnOnce<Args>>::call_once::h7bd883a5f3c5f3c1
[INFO] [stdout]                                at /rustc/90b35a6239c3d8bdabc530a6a0816f7ff89a0aaf/library/alloc/src/boxed.rs:2454:9
[INFO] [stdout]   74:     0x56194291db9b - std::sys::pal::unix::thread::Thread::new::thread_start::hcc78f3943333fa94
[INFO] [stdout]                                at /rustc/90b35a6239c3d8bdabc530a6a0816f7ff89a0aaf/library/std/src/sys/pal/unix/thread.rs:105:17
[INFO] [stdout]   75:     0x7d97c979bac3 - <unknown>
[INFO] [stdout]   76:     0x7d97c982ca04 - clone
[INFO] [stdout]   77:                0x0 - <unknown>
[INFO] [stdout] 
[INFO] [stdout] ---- server::server_test::should_find_all_mocks_from_dir stdout ----
[INFO] [stdout] thread 'server::server_test::should_find_all_mocks_from_dir' panicked at src/server/mod.rs:305:9:
[INFO] [stdout] assertion failed: stubr.try_find_all_mocks(&from).unwrap().count().gt(&2)
[INFO] [stdout] stack backtrace:
[INFO] [stdout]    0:     0x561942917caa - std::backtrace_rs::backtrace::libunwind::trace::h5a5b8284f2d0c266
[INFO] [stdout]                                at /rustc/90b35a6239c3d8bdabc530a6a0816f7ff89a0aaf/library/std/src/../../backtrace/src/backtrace/libunwind.rs:116:5
[INFO] [stdout]    1:     0x561942917caa - std::backtrace_rs::backtrace::trace_unsynchronized::h76d4f1c9b0b875e3
[INFO] [stdout]                                at /rustc/90b35a6239c3d8bdabc530a6a0816f7ff89a0aaf/library/std/src/../../backtrace/src/backtrace/mod.rs:66:5
[INFO] [stdout]    2:     0x561942917caa - std::sys::backtrace::_print_fmt::hc4546b8364a537c6
[INFO] [stdout]                                at /rustc/90b35a6239c3d8bdabc530a6a0816f7ff89a0aaf/library/std/src/sys/backtrace.rs:66:9
[INFO] [stdout]    3:     0x561942917caa - <std::sys::backtrace::BacktraceLock::print::DisplayBacktrace as core::fmt::Display>::fmt::h5b6bd5631a6d1f6b
[INFO] [stdout]                                at /rustc/90b35a6239c3d8bdabc530a6a0816f7ff89a0aaf/library/std/src/sys/backtrace.rs:39:26
[INFO] [stdout]    4:     0x56194293ffa3 - core::fmt::rt::Argument::fmt::h270f6602a2b96f62
[INFO] [stdout]                                at /rustc/90b35a6239c3d8bdabc530a6a0816f7ff89a0aaf/library/core/src/fmt/rt.rs:177:76
[INFO] [stdout]    5:     0x56194293ffa3 - core::fmt::write::h7550c97b06c86515
[INFO] [stdout]                                at /rustc/90b35a6239c3d8bdabc530a6a0816f7ff89a0aaf/library/core/src/fmt/mod.rs:1186:21
[INFO] [stdout]    6:     0x561942913c83 - std::io::Write::write_fmt::h509ff860e5956e5e
[INFO] [stdout]                                at /rustc/90b35a6239c3d8bdabc530a6a0816f7ff89a0aaf/library/std/src/io/mod.rs:1839:15
[INFO] [stdout]    7:     0x561942917af2 - std::sys::backtrace::BacktraceLock::print::h2395ccd2c84ba3aa
[INFO] [stdout]                                at /rustc/90b35a6239c3d8bdabc530a6a0816f7ff89a0aaf/library/std/src/sys/backtrace.rs:42:9
[INFO] [stdout]    8:     0x56194291910a - std::panicking::default_hook::{{closure}}::he19d4c7230e07961
[INFO] [stdout]                                at /rustc/90b35a6239c3d8bdabc530a6a0816f7ff89a0aaf/library/std/src/panicking.rs:268:22
[INFO] [stdout]    9:     0x561942918f14 - std::panicking::default_hook::hf614597d3c67bbdb
[INFO] [stdout]                                at /rustc/90b35a6239c3d8bdabc530a6a0816f7ff89a0aaf/library/std/src/panicking.rs:292:9
[INFO] [stdout]   10:     0x5619423e8889 - <alloc::boxed::Box<F,A> as core::ops::function::Fn<Args>>::call::h39b51ce4599c23d1
[INFO] [stdout]                                at /rustc/90b35a6239c3d8bdabc530a6a0816f7ff89a0aaf/library/alloc/src/boxed.rs:2468:9
[INFO] [stdout]   11:     0x5619423e8889 - test::test_main::{{closure}}::he977ae839a582784
[INFO] [stdout]                                at /rustc/90b35a6239c3d8bdabc530a6a0816f7ff89a0aaf/library/test/src/lib.rs:133:21
[INFO] [stdout]   12:     0x5619429197a8 - <alloc::boxed::Box<F,A> as core::ops::function::Fn<Args>>::call::h9455091b6b06f9fb
[INFO] [stdout]                                at /rustc/90b35a6239c3d8bdabc530a6a0816f7ff89a0aaf/library/alloc/src/boxed.rs:2468:9
[INFO] [stdout]   13:     0x5619429197a8 - std::panicking::rust_panic_with_hook::h8942133a8b252070
[INFO] [stdout]                                at /rustc/90b35a6239c3d8bdabc530a6a0816f7ff89a0aaf/library/std/src/panicking.rs:809:13
[INFO] [stdout]   14:     0x561942919536 - std::panicking::begin_panic_handler::{{closure}}::hb5f5963570096b29
[INFO] [stdout]                                at /rustc/90b35a6239c3d8bdabc530a6a0816f7ff89a0aaf/library/std/src/panicking.rs:667:13
[INFO] [stdout]   15:     0x561942918189 - std::sys::backtrace::__rust_end_short_backtrace::h6208cedc1922feda
[INFO] [stdout]                                at /rustc/90b35a6239c3d8bdabc530a6a0816f7ff89a0aaf/library/std/src/sys/backtrace.rs:170:18
[INFO] [stdout]   16:     0x5619429191fc - rust_begin_unwind
[INFO] [stdout]                                at /rustc/90b35a6239c3d8bdabc530a6a0816f7ff89a0aaf/library/std/src/panicking.rs:665:5
[INFO] [stdout]   17:     0x56194219d2f0 - core::panicking::panic_fmt::h0c3082644d1bf418
[INFO] [stdout]                                at /rustc/90b35a6239c3d8bdabc530a6a0816f7ff89a0aaf/library/core/src/panicking.rs:74:14
[INFO] [stdout]   18:     0x56194219d37c - core::panicking::panic::h957f98c65a3b3074
[INFO] [stdout]                                at /rustc/90b35a6239c3d8bdabc530a6a0816f7ff89a0aaf/library/core/src/panicking.rs:148:5
[INFO] [stdout]   19:     0x56194224c878 - stubr::server::server_test::should_find_all_mocks_from_dir::{{closure}}::h69b0c3baa5bca913
[INFO] [stdout]                                at /opt/rustwide/workdir/src/server/mod.rs:305:9
[INFO] [stdout]   20:     0x5619422e6342 - <async_std::task::builder::SupportTaskLocals<F> as core::future::future::Future>::poll::{{closure}}::h9bfffd961ea835b8
[INFO] [stdout]                                at /opt/rustwide/cargo-home/registry/src/index.crates.io-6f17d22bba15001f/async-std-1.13.0/src/task/builder.rs:199:17
[INFO] [stdout]   21:     0x56194234513c - async_std::task::task_locals_wrapper::TaskLocalsWrapper::set_current::{{closure}}::hc294ad4ea765dce8
[INFO] [stdout]                                at /opt/rustwide/cargo-home/registry/src/index.crates.io-6f17d22bba15001f/async-std-1.13.0/src/task/task_locals_wrapper.rs:60:13
[INFO] [stdout]   22:     0x561942314e3a - std::thread::local::LocalKey<T>::try_with::h7703e6a185d0e235
[INFO] [stdout]                                at /rustc/90b35a6239c3d8bdabc530a6a0816f7ff89a0aaf/library/std/src/thread/local.rs:283:12
[INFO] [stdout]   23:     0x561942312b6a - std::thread::local::LocalKey<T>::with::h8be3ec294108883a
[INFO] [stdout]                                at /rustc/90b35a6239c3d8bdabc530a6a0816f7ff89a0aaf/library/std/src/thread/local.rs:260:9
[INFO] [stdout]   24:     0x561942344cc8 - async_std::task::task_locals_wrapper::TaskLocalsWrapper::set_current::h84b46d93288093d8
[INFO] [stdout]                                at /opt/rustwide/cargo-home/registry/src/index.crates.io-6f17d22bba15001f/async-std-1.13.0/src/task/task_locals_wrapper.rs:55:9
[INFO] [stdout]   25:     0x5619422e6241 - <async_std::task::builder::SupportTaskLocals<F> as core::future::future::Future>::poll::h57849c778da3583f
[INFO] [stdout]                                at /opt/rustwide/cargo-home/registry/src/index.crates.io-6f17d22bba15001f/async-std-1.13.0/src/task/builder.rs:197:13
[INFO] [stdout]   26:     0x5619422e3c24 - <futures_lite::future::Or<F1,F2> as core::future::future::Future>::poll::h7997a4e476ef8b93
[INFO] [stdout]                                at /opt/rustwide/cargo-home/registry/src/index.crates.io-6f17d22bba15001f/futures-lite-2.5.0/src/future.rs:454:33
[INFO] [stdout]   27:     0x56194235db86 - async_executor::State::run::{{closure}}::h6eabb78bd0e0cf6d
[INFO] [stdout]                                at /opt/rustwide/cargo-home/registry/src/index.crates.io-6f17d22bba15001f/async-executor-1.13.1/src/lib.rs:748:32
[INFO] [stdout]   28:     0x56194235f192 - async_executor::Executor::run::{{closure}}::hf7e17c5b3eb8dc87
[INFO] [stdout]                                at /opt/rustwide/cargo-home/registry/src/index.crates.io-6f17d22bba15001f/async-executor-1.13.1/src/lib.rs:344:34
[INFO] [stdout]   29:     0x56194235d363 - async_executor::LocalExecutor::run::{{closure}}::hc9cd25cbd4bec4d1
[INFO] [stdout]                                at /opt/rustwide/cargo-home/registry/src/index.crates.io-6f17d22bba15001f/async-executor-1.13.1/src/lib.rs:648:34
[INFO] [stdout]   30:     0x5619422380a1 - async_io::driver::block_on::{{closure}}::hf2efe6da40d0cab7
[INFO] [stdout]                                at /opt/rustwide/cargo-home/registry/src/index.crates.io-6f17d22bba15001f/async-io-2.4.0/src/driver.rs:199:37
[INFO] [stdout]   31:     0x561942313d97 - std::thread::local::LocalKey<T>::try_with::h437338a1a6d907b8
[INFO] [stdout]                                at /rustc/90b35a6239c3d8bdabc530a6a0816f7ff89a0aaf/library/std/src/thread/local.rs:283:12
[INFO] [stdout]   32:     0x56194231307a - std::thread::local::LocalKey<T>::with::hfac03eb6af8013ab
[INFO] [stdout]                                at /rustc/90b35a6239c3d8bdabc530a6a0816f7ff89a0aaf/library/std/src/thread/local.rs:260:9
[INFO] [stdout]   33:     0x56194222c4fe - async_io::driver::block_on::h20dcbc36e3e58f6a
[INFO] [stdout]                                at /opt/rustwide/cargo-home/registry/src/index.crates.io-6f17d22bba15001f/async-io-2.4.0/src/driver.rs:175:5
[INFO] [stdout]   34:     0x56194224f1e3 - async_global_executor::reactor::block_on::{{closure}}::h6bba5e588f5f210a
[INFO] [stdout]                                at /opt/rustwide/cargo-home/registry/src/index.crates.io-6f17d22bba15001f/async-global-executor-2.4.1/src/reactor.rs:3:18
[INFO] [stdout]   35:     0x56194224f153 - async_global_executor::reactor::block_on::ha41cb71788f0d394
[INFO] [stdout]                                at /opt/rustwide/cargo-home/registry/src/index.crates.io-6f17d22bba15001f/async-global-executor-2.4.1/src/reactor.rs:12:5
[INFO] [stdout]   36:     0x561942222d5b - async_global_executor::executor::block_on::{{closure}}::h8489db9447977b07
[INFO] [stdout]                                at /opt/rustwide/cargo-home/registry/src/index.crates.io-6f17d22bba15001f/async-global-executor-2.4.1/src/executor.rs:26:36
[INFO] [stdout]   37:     0x561942315f35 - std::thread::local::LocalKey<T>::try_with::hbe21fd0bfafaee6a
[INFO] [stdout]                                at /rustc/90b35a6239c3d8bdabc530a6a0816f7ff89a0aaf/library/std/src/thread/local.rs:283:12
[INFO] [stdout]   38:     0x5619423126ca - std::thread::local::LocalKey<T>::with::h2368835da808e9ea
[INFO] [stdout]                                at /rustc/90b35a6239c3d8bdabc530a6a0816f7ff89a0aaf/library/std/src/thread/local.rs:260:9
[INFO] [stdout]   39:     0x561942222cd6 - async_global_executor::executor::block_on::h09ce855be62ee290
[INFO] [stdout]                                at /opt/rustwide/cargo-home/registry/src/index.crates.io-6f17d22bba15001f/async-global-executor-2.4.1/src/executor.rs:26:5
[INFO] [stdout]   40:     0x561942304af0 - async_std::task::builder::Builder::blocking::{{closure}}::{{closure}}::he79ff2878b855fe3
[INFO] [stdout]                                at /opt/rustwide/cargo-home/registry/src/index.crates.io-6f17d22bba15001f/async-std-1.13.0/src/task/builder.rs:171:25
[INFO] [stdout]   41:     0x561942345348 - async_std::task::task_locals_wrapper::TaskLocalsWrapper::set_current::{{closure}}::hf77efb18660d0acb
[INFO] [stdout]                                at /opt/rustwide/cargo-home/registry/src/index.crates.io-6f17d22bba15001f/async-std-1.13.0/src/task/task_locals_wrapper.rs:60:13
[INFO] [stdout]   42:     0x561942316d47 - std::thread::local::LocalKey<T>::try_with::he63cc18ea6e2379d
[INFO] [stdout]                                at /rustc/90b35a6239c3d8bdabc530a6a0816f7ff89a0aaf/library/std/src/thread/local.rs:283:12
[INFO] [stdout]   43:     0x5619423127ea - std::thread::local::LocalKey<T>::with::h4169e8cdc351406f
[INFO] [stdout]                                at /rustc/90b35a6239c3d8bdabc530a6a0816f7ff89a0aaf/library/std/src/thread/local.rs:260:9
[INFO] [stdout]   44:     0x561942344c87 - async_std::task::task_locals_wrapper::TaskLocalsWrapper::set_current::h614d513dfa87e358
[INFO] [stdout]                                at /opt/rustwide/cargo-home/registry/src/index.crates.io-6f17d22bba15001f/async-std-1.13.0/src/task/task_locals_wrapper.rs:55:9
[INFO] [stdout]   45:     0x5619423046fc - async_std::task::builder::Builder::blocking::{{closure}}::h78f48c83167c5351
[INFO] [stdout]                                at /opt/rustwide/cargo-home/registry/src/index.crates.io-6f17d22bba15001f/async-std-1.13.0/src/task/builder.rs:168:17
[INFO] [stdout]   46:     0x5619423157a5 - std::thread::local::LocalKey<T>::try_with::h8e774749e80e717d
[INFO] [stdout]                                at /rustc/90b35a6239c3d8bdabc530a6a0816f7ff89a0aaf/library/std/src/thread/local.rs:283:12
[INFO] [stdout]   47:     0x5619423126fa - std::thread::local::LocalKey<T>::with::h30589d9ef79fe5a3
[INFO] [stdout]                                at /rustc/90b35a6239c3d8bdabc530a6a0816f7ff89a0aaf/library/std/src/thread/local.rs:260:9
[INFO] [stdout]   48:     0x56194230401c - async_std::task::builder::Builder::blocking::h292abf7f0d5618a2
[INFO] [stdout]                                at /opt/rustwide/cargo-home/registry/src/index.crates.io-6f17d22bba15001f/async-std-1.13.0/src/task/builder.rs:161:9
[INFO] [stdout]   49:     0x561942323c0e - async_std::task::block_on::block_on::h3225699489397e16
[INFO] [stdout]                                at /opt/rustwide/cargo-home/registry/src/index.crates.io-6f17d22bba15001f/async-std-1.13.0/src/task/block_on.rs:33:5
[INFO] [stdout]   50:     0x56194224c2b9 - stubr::server::server_test::should_find_all_mocks_from_dir::h2abf814f2fc2f731
[INFO] [stdout]                                at /opt/rustwide/workdir/src/server/mod.rs:301:5
[INFO] [stdout]   51:     0x56194224c287 - stubr::server::server_test::should_find_all_mocks_from_dir::{{closure}}::h5aca194c28995fbd
[INFO] [stdout]                                at /opt/rustwide/workdir/src/server/mod.rs:301:23
[INFO] [stdout]   52:     0x5619421c7896 - core::ops::function::FnOnce::call_once::h840c2cb932235cd5
[INFO] [stdout]                                at /rustc/90b35a6239c3d8bdabc530a6a0816f7ff89a0aaf/library/core/src/ops/function.rs:250:5
[INFO] [stdout]   53:     0x5619423ed24b - core::ops::function::FnOnce::call_once::h109cf8051a59b34e
[INFO] [stdout]                                at /rustc/90b35a6239c3d8bdabc530a6a0816f7ff89a0aaf/library/core/src/ops/function.rs:250:5
[INFO] [stdout]   54:     0x5619423ed24b - test::__rust_begin_short_backtrace::hf4fff89d377446ba
[INFO] [stdout]                                at /rustc/90b35a6239c3d8bdabc530a6a0816f7ff89a0aaf/library/test/src/lib.rs:621:18
[INFO] [stdout]   55:     0x5619423eca87 - test::run_test_in_process::{{closure}}::h0e39181dd7ee5a43
[INFO] [stdout]                                at /rustc/90b35a6239c3d8bdabc530a6a0816f7ff89a0aaf/library/test/src/lib.rs:644:60
[INFO] [stdout]   56:     0x5619423eca87 - <core::panic::unwind_safe::AssertUnwindSafe<F> as core::ops::function::FnOnce<()>>::call_once::hc5a66a30f0bdfd1f
[INFO] [stdout]                                at /rustc/90b35a6239c3d8bdabc530a6a0816f7ff89a0aaf/library/core/src/panic/unwind_safe.rs:272:9
[INFO] [stdout]   57:     0x5619423eca87 - std::panicking::try::do_call::h873b7cf639554a5e
[INFO] [stdout]                                at /rustc/90b35a6239c3d8bdabc530a6a0816f7ff89a0aaf/library/std/src/panicking.rs:557:40
[INFO] [stdout]   58:     0x5619423eca87 - std::panicking::try::hdb19862fad9c8bd1
[INFO] [stdout]                                at /rustc/90b35a6239c3d8bdabc530a6a0816f7ff89a0aaf/library/std/src/panicking.rs:520:19
[INFO] [stdout]   59:     0x5619423eca87 - std::panic::catch_unwind::h281fe732d236d260
[INFO] [stdout]                                at /rustc/90b35a6239c3d8bdabc530a6a0816f7ff89a0aaf/library/std/src/panic.rs:358:14
[INFO] [stdout]   60:     0x5619423eca87 - test::run_test_in_process::h949b6df8457ed338
[INFO] [stdout]                                at /rustc/90b35a6239c3d8bdabc530a6a0816f7ff89a0aaf/library/test/src/lib.rs:644:27
[INFO] [stdout]   61:     0x5619423eca87 - test::run_test::{{closure}}::h52c556a6d4740e10
[INFO] [stdout]                                at /rustc/90b35a6239c3d8bdabc530a6a0816f7ff89a0aaf/library/test/src/lib.rs:565:43
[INFO] [stdout]   62:     0x5619423b1d64 - test::run_test::{{closure}}::h4237f6381c45ccb9
[INFO] [stdout]                                at /rustc/90b35a6239c3d8bdabc530a6a0816f7ff89a0aaf/library/test/src/lib.rs:595:41
[INFO] [stdout]   63:     0x5619423b1d64 - std::sys::backtrace::__rust_begin_short_backtrace::h505c97a579eca628
[INFO] [stdout]                                at /rustc/90b35a6239c3d8bdabc530a6a0816f7ff89a0aaf/library/std/src/sys/backtrace.rs:154:18
[INFO] [stdout]   64:     0x5619423b542e - std::thread::Builder::spawn_unchecked_::{{closure}}::{{closure}}::h9e86b2e2bc107ea3
[INFO] [stdout]                                at /rustc/90b35a6239c3d8bdabc530a6a0816f7ff89a0aaf/library/std/src/thread/mod.rs:538:17
[INFO] [stdout]   65:     0x5619423b542e - <core::panic::unwind_safe::AssertUnwindSafe<F> as core::ops::function::FnOnce<()>>::call_once::h8b06ddb275ff4a25
[INFO] [stdout]                                at /rustc/90b35a6239c3d8bdabc530a6a0816f7ff89a0aaf/library/core/src/panic/unwind_safe.rs:272:9
[INFO] [stdout]   66:     0x5619423b542e - std::panicking::try::do_call::hb26ecd7cd9a9355d
[INFO] [stdout]                                at /rustc/90b35a6239c3d8bdabc530a6a0816f7ff89a0aaf/library/std/src/panicking.rs:557:40
[INFO] [stdout]   67:     0x5619423b542e - std::panicking::try::h8ddeca9d705f9069
[INFO] [stdout]                                at /rustc/90b35a6239c3d8bdabc530a6a0816f7ff89a0aaf/library/std/src/panicking.rs:520:19
[INFO] [stdout]   68:     0x5619423b542e - std::panic::catch_unwind::h49e1c33078844c46
[INFO] [stdout]                                at /rustc/90b35a6239c3d8bdabc530a6a0816f7ff89a0aaf/library/std/src/panic.rs:358:14
[INFO] [stdout]   69:     0x5619423b542e - std::thread::Builder::spawn_unchecked_::{{closure}}::h6073db6ff56ad35d
[INFO] [stdout]                                at /rustc/90b35a6239c3d8bdabc530a6a0816f7ff89a0aaf/library/std/src/thread/mod.rs:537:30
[INFO] [stdout]   70:     0x5619423b542e - core::ops::function::FnOnce::call_once{{vtable.shim}}::h2c5a5f3779c774f1
[INFO] [stdout]                                at /rustc/90b35a6239c3d8bdabc530a6a0816f7ff89a0aaf/library/core/src/ops/function.rs:250:5
[INFO] [stdout]   71:     0x56194291db9b - <alloc::boxed::Box<F,A> as core::ops::function::FnOnce<Args>>::call_once::hf75717d9f28faebf
[INFO] [stdout]                                at /rustc/90b35a6239c3d8bdabc530a6a0816f7ff89a0aaf/library/alloc/src/boxed.rs:2454:9
[INFO] [stdout]   72:     0x56194291db9b - <alloc::boxed::Box<F,A> as core::ops::function::FnOnce<Args>>::call_once::h7bd883a5f3c5f3c1
[INFO] [stdout]                                at /rustc/90b35a6239c3d8bdabc530a6a0816f7ff89a0aaf/library/alloc/src/boxed.rs:2454:9
[INFO] [stdout]   73:     0x56194291db9b - std::sys::pal::unix::thread::Thread::new::thread_start::hcc78f3943333fa94
[INFO] [stdout]                                at /rustc/90b35a6239c3d8bdabc530a6a0816f7ff89a0aaf/library/std/src/sys/pal/unix/thread.rs:105:17
[INFO] [stdout]   74:     0x7d97c979bac3 - <unknown>
[INFO] [stdout]   75:     0x7d97c982ca04 - clone
[INFO] [stdout]   76:                0x0 - <unknown>
[INFO] [stdout] 
[INFO] [stdout] 
[INFO] [stdout] failures:
[INFO] [stdout]     server::server_test::should_find_all_mocks_from_dir
[INFO] [stdout]     server::server_test::should_find_all_mocks_from_single_file
[INFO] [stdout]     server::stub_finder::stub_finder_test::should_find_all_files_from_single_file
[INFO] [stdout]     server::stub_finder::stub_finder_test::should_find_all_stubs_recursively
[INFO] [stdout]     server::stub_finder::stub_finder_test::should_find_just_json_files_from_dir
[INFO] [stdout] 
[INFO] [stdout] test result: FAILED. 102 passed; 5 failed; 0 ignored; 0 measured; 0 filtered out; finished in 0.16s
[INFO] [stdout] 
[INFO] [stderr] error: test failed, to rerun pass `--lib`
[INFO] running `Command { std: "docker" "inspect" "9b1e63fa98352fbfba1c39e6224fdbf8cbc3e68b36474dc747249ea98936191a", kill_on_drop: false }`
[INFO] running `Command { std: "docker" "rm" "-f" "9b1e63fa98352fbfba1c39e6224fdbf8cbc3e68b36474dc747249ea98936191a", kill_on_drop: false }`
[INFO] [stdout] 9b1e63fa98352fbfba1c39e6224fdbf8cbc3e68b36474dc747249ea98936191a
