[INFO] fetching crate strum_macros 0.26.4...
[INFO] testing strum_macros-0.26.4 against beta-2024-12-08 for beta-1.84.0-4-retry
[INFO] extracting crate strum_macros 0.26.4 into /workspace/builds/worker-5-tc2/source
[INFO] validating manifest of crates.io crate strum_macros 0.26.4 on toolchain beta-2024-12-08
[INFO] running `Command { std: CARGO_HOME="/workspace/cargo-home" RUSTUP_HOME="/workspace/rustup-home" "/workspace/cargo-home/bin/cargo" "+beta-2024-12-08" "metadata" "--manifest-path" "Cargo.toml" "--no-deps", kill_on_drop: false }`
[INFO] started tweaking crates.io crate strum_macros 0.26.4
[INFO] finished tweaking crates.io crate strum_macros 0.26.4
[INFO] tweaked toml for crates.io crate strum_macros 0.26.4 written to /workspace/builds/worker-5-tc2/source/Cargo.toml
[INFO] running `Command { std: CARGO_HOME="/workspace/cargo-home" RUSTUP_HOME="/workspace/rustup-home" "/workspace/cargo-home/bin/cargo" "+beta-2024-12-08" "generate-lockfile" "--manifest-path" "Cargo.toml", kill_on_drop: false }`
[INFO] [stderr]     Updating crates.io index
[INFO] [stderr]      Locking 7 packages to latest compatible versions
[INFO] running `Command { std: CARGO_HOME="/workspace/cargo-home" RUSTUP_HOME="/workspace/rustup-home" "/workspace/cargo-home/bin/cargo" "+beta-2024-12-08" "fetch" "--manifest-path" "Cargo.toml", kill_on_drop: false }`
[INFO] running `Command { std: "docker" "create" "-v" "/var/lib/crater-agent-workspace/builds/worker-5-tc2/target:/opt/rustwide/target:rw,Z" "-v" "/var/lib/crater-agent-workspace/builds/worker-5-tc2/source:/opt/rustwide/workdir:ro,Z" "-v" "/var/lib/crater-agent-workspace/cargo-home:/opt/rustwide/cargo-home:ro,Z" "-v" "/var/lib/crater-agent-workspace/rustup-home:/opt/rustwide/rustup-home:ro,Z" "-e" "SOURCE_DIR=/opt/rustwide/workdir" "-e" "CARGO_TARGET_DIR=/opt/rustwide/target" "-e" "CARGO_HOME=/opt/rustwide/cargo-home" "-e" "RUSTUP_HOME=/opt/rustwide/rustup-home" "-w" "/opt/rustwide/workdir" "-m" "1610612736" "--user" "0:0" "--network" "none" "ghcr.io/rust-lang/crates-build-env/linux@sha256:f3a9d4ad9d972b27faf3965f35b62e55ba32bbce8f20bc8fe909558a86702fde" "/opt/rustwide/cargo-home/bin/cargo" "+beta-2024-12-08" "metadata" "--no-deps" "--format-version=1", kill_on_drop: false }`
[INFO] [stdout] 7256caca4619667597d9a38cad60893c56d7bb3ea7542ab714ec958fb4da0061
[INFO] running `Command { std: "docker" "start" "-a" "7256caca4619667597d9a38cad60893c56d7bb3ea7542ab714ec958fb4da0061", kill_on_drop: false }`
[INFO] running `Command { std: "docker" "inspect" "7256caca4619667597d9a38cad60893c56d7bb3ea7542ab714ec958fb4da0061", kill_on_drop: false }`
[INFO] running `Command { std: "docker" "rm" "-f" "7256caca4619667597d9a38cad60893c56d7bb3ea7542ab714ec958fb4da0061", kill_on_drop: false }`
[INFO] [stdout] 7256caca4619667597d9a38cad60893c56d7bb3ea7542ab714ec958fb4da0061
[INFO] running `Command { std: "docker" "create" "-v" "/var/lib/crater-agent-workspace/builds/worker-5-tc2/target:/opt/rustwide/target:rw,Z" "-v" "/var/lib/crater-agent-workspace/builds/worker-5-tc2/source:/opt/rustwide/workdir:ro,Z" "-v" "/var/lib/crater-agent-workspace/cargo-home:/opt/rustwide/cargo-home:ro,Z" "-v" "/var/lib/crater-agent-workspace/rustup-home:/opt/rustwide/rustup-home:ro,Z" "-e" "SOURCE_DIR=/opt/rustwide/workdir" "-e" "CARGO_TARGET_DIR=/opt/rustwide/target" "-e" "CARGO_INCREMENTAL=0" "-e" "RUST_BACKTRACE=full" "-e" "RUSTFLAGS=--cap-lints=warn" "-e" "RUSTDOCFLAGS=--cap-lints=warn" "-e" "CARGO_HOME=/opt/rustwide/cargo-home" "-e" "RUSTUP_HOME=/opt/rustwide/rustup-home" "-w" "/opt/rustwide/workdir" "-m" "1610612736" "--user" "0:0" "--network" "none" "ghcr.io/rust-lang/crates-build-env/linux@sha256:f3a9d4ad9d972b27faf3965f35b62e55ba32bbce8f20bc8fe909558a86702fde" "/opt/rustwide/cargo-home/bin/cargo" "+beta-2024-12-08" "build" "--frozen" "--message-format=json", kill_on_drop: false }`
[INFO] [stdout] 0d29547a6e9ced450658dee23d35a8778dcc4366d903ab64e49abb15e6f439d2
[INFO] running `Command { std: "docker" "start" "-a" "0d29547a6e9ced450658dee23d35a8778dcc4366d903ab64e49abb15e6f439d2", kill_on_drop: false }`
[INFO] [stderr]    Compiling proc-macro2 v1.0.92
[INFO] [stderr]    Compiling unicode-ident v1.0.14
[INFO] [stderr]    Compiling rustversion v1.0.18
[INFO] [stderr]    Compiling heck v0.5.0
[INFO] [stderr]    Compiling quote v1.0.37
[INFO] [stderr]    Compiling syn v2.0.90
[INFO] [stderr]    Compiling strum_macros v0.26.4 (/opt/rustwide/workdir)
[INFO] [stdout] warning: field `kw` is never read
[INFO] [stdout]   --> src/helpers/metadata.rs:90:14
[INFO] [stdout]    |
[INFO] [stdout] 90 |     Derive { kw: kw::derive, paths: Vec<Path> },
[INFO] [stdout]    |     ------   ^^
[INFO] [stdout]    |     |
[INFO] [stdout]    |     field in this variant
[INFO] [stdout]    |
[INFO] [stdout]    = note: `#[warn(dead_code)]` on by default
[INFO] [stdout] 
[INFO] [stdout] 
[INFO] [stdout] warning: field `kw` is never read
[INFO] [stdout]    --> src/helpers/metadata.rs:157:9
[INFO] [stdout]     |
[INFO] [stdout] 156 |     Serialize {
[INFO] [stdout]     |     --------- field in this variant
[INFO] [stdout] 157 |         kw: kw::serialize,
[INFO] [stdout]     |         ^^
[INFO] [stdout] 
[INFO] [stdout] 
[INFO] [stdout] warning: field `kw` is never read
[INFO] [stdout]    --> src/helpers/metadata.rs:178:9
[INFO] [stdout]     |
[INFO] [stdout] 177 |     Props {
[INFO] [stdout]     |     ----- field in this variant
[INFO] [stdout] 178 |         kw: kw::props,
[INFO] [stdout]     |         ^^
[INFO] [stdout] 
[INFO] [stdout] 
[INFO] [stderr]     Finished `dev` profile [unoptimized + debuginfo] target(s) in 7.54s
[INFO] running `Command { std: "docker" "inspect" "0d29547a6e9ced450658dee23d35a8778dcc4366d903ab64e49abb15e6f439d2", kill_on_drop: false }`
[INFO] running `Command { std: "docker" "rm" "-f" "0d29547a6e9ced450658dee23d35a8778dcc4366d903ab64e49abb15e6f439d2", kill_on_drop: false }`
[INFO] [stdout] 0d29547a6e9ced450658dee23d35a8778dcc4366d903ab64e49abb15e6f439d2
[INFO] running `Command { std: "docker" "create" "-v" "/var/lib/crater-agent-workspace/builds/worker-5-tc2/target:/opt/rustwide/target:rw,Z" "-v" "/var/lib/crater-agent-workspace/builds/worker-5-tc2/source:/opt/rustwide/workdir:ro,Z" "-v" "/var/lib/crater-agent-workspace/cargo-home:/opt/rustwide/cargo-home:ro,Z" "-v" "/var/lib/crater-agent-workspace/rustup-home:/opt/rustwide/rustup-home:ro,Z" "-e" "SOURCE_DIR=/opt/rustwide/workdir" "-e" "CARGO_TARGET_DIR=/opt/rustwide/target" "-e" "CARGO_INCREMENTAL=0" "-e" "RUST_BACKTRACE=full" "-e" "RUSTFLAGS=--cap-lints=warn" "-e" "RUSTDOCFLAGS=--cap-lints=warn" "-e" "CARGO_HOME=/opt/rustwide/cargo-home" "-e" "RUSTUP_HOME=/opt/rustwide/rustup-home" "-w" "/opt/rustwide/workdir" "-m" "1610612736" "--user" "0:0" "--network" "none" "ghcr.io/rust-lang/crates-build-env/linux@sha256:f3a9d4ad9d972b27faf3965f35b62e55ba32bbce8f20bc8fe909558a86702fde" "/opt/rustwide/cargo-home/bin/cargo" "+beta-2024-12-08" "test" "--frozen" "--no-run" "--message-format=json", kill_on_drop: false }`
[INFO] [stdout] ecbf509217ebba357867578465232ed28040f15a40762d2c7c4f83b374ee093e
[INFO] running `Command { std: "docker" "start" "-a" "ecbf509217ebba357867578465232ed28040f15a40762d2c7c4f83b374ee093e", kill_on_drop: false }`
[INFO] [stderr]    Compiling strum v0.26.3
[INFO] [stderr]    Compiling strum_macros v0.26.4 (/opt/rustwide/workdir)
[INFO] [stdout] warning: field `kw` is never read
[INFO] [stdout]   --> src/helpers/metadata.rs:90:14
[INFO] [stdout]    |
[INFO] [stdout] 90 |     Derive { kw: kw::derive, paths: Vec<Path> },
[INFO] [stdout]    |     ------   ^^
[INFO] [stdout]    |     |
[INFO] [stdout]    |     field in this variant
[INFO] [stdout]    |
[INFO] [stdout]    = note: `#[warn(dead_code)]` on by default
[INFO] [stdout] 
[INFO] [stdout] 
[INFO] [stdout] warning: field `kw` is never read
[INFO] [stdout]    --> src/helpers/metadata.rs:157:9
[INFO] [stdout]     |
[INFO] [stdout] 156 |     Serialize {
[INFO] [stdout]     |     --------- field in this variant
[INFO] [stdout] 157 |         kw: kw::serialize,
[INFO] [stdout]     |         ^^
[INFO] [stdout] 
[INFO] [stdout] 
[INFO] [stdout] warning: field `kw` is never read
[INFO] [stdout]    --> src/helpers/metadata.rs:178:9
[INFO] [stdout]     |
[INFO] [stdout] 177 |     Props {
[INFO] [stdout]     |     ----- field in this variant
[INFO] [stdout] 178 |         kw: kw::props,
[INFO] [stdout]     |         ^^
[INFO] [stdout] 
[INFO] [stdout] 
[INFO] [stdout] warning: field `kw` is never read
[INFO] [stdout]   --> src/helpers/metadata.rs:90:14
[INFO] [stdout]    |
[INFO] [stdout] 90 |     Derive { kw: kw::derive, paths: Vec<Path> },
[INFO] [stdout]    |     ------   ^^
[INFO] [stdout]    |     |
[INFO] [stdout]    |     field in this variant
[INFO] [stdout]    |
[INFO] [stdout]    = note: `#[warn(dead_code)]` on by default
[INFO] [stdout] 
[INFO] [stdout] 
[INFO] [stdout] warning: field `kw` is never read
[INFO] [stdout]    --> src/helpers/metadata.rs:157:9
[INFO] [stdout]     |
[INFO] [stdout] 156 |     Serialize {
[INFO] [stdout]     |     --------- field in this variant
[INFO] [stdout] 157 |         kw: kw::serialize,
[INFO] [stdout]     |         ^^
[INFO] [stdout] 
[INFO] [stdout] 
[INFO] [stdout] warning: field `kw` is never read
[INFO] [stdout]    --> src/helpers/metadata.rs:178:9
[INFO] [stdout]     |
[INFO] [stdout] 177 |     Props {
[INFO] [stdout]     |     ----- field in this variant
[INFO] [stdout] 178 |         kw: kw::props,
[INFO] [stdout]     |         ^^
[INFO] [stdout] 
[INFO] [stdout] 
[INFO] [stderr]     Finished `test` profile [unoptimized + debuginfo] target(s) in 2.25s
[INFO] running `Command { std: "docker" "inspect" "ecbf509217ebba357867578465232ed28040f15a40762d2c7c4f83b374ee093e", kill_on_drop: false }`
[INFO] running `Command { std: "docker" "rm" "-f" "ecbf509217ebba357867578465232ed28040f15a40762d2c7c4f83b374ee093e", kill_on_drop: false }`
[INFO] [stdout] ecbf509217ebba357867578465232ed28040f15a40762d2c7c4f83b374ee093e
[INFO] running `Command { std: "docker" "create" "-v" "/var/lib/crater-agent-workspace/builds/worker-5-tc2/target:/opt/rustwide/target:rw,Z" "-v" "/var/lib/crater-agent-workspace/builds/worker-5-tc2/source:/opt/rustwide/workdir:ro,Z" "-v" "/var/lib/crater-agent-workspace/cargo-home:/opt/rustwide/cargo-home:ro,Z" "-v" "/var/lib/crater-agent-workspace/rustup-home:/opt/rustwide/rustup-home:ro,Z" "-e" "SOURCE_DIR=/opt/rustwide/workdir" "-e" "CARGO_TARGET_DIR=/opt/rustwide/target" "-e" "CARGO_INCREMENTAL=0" "-e" "RUST_BACKTRACE=full" "-e" "RUSTFLAGS=--cap-lints=warn" "-e" "RUSTDOCFLAGS=--cap-lints=warn" "-e" "CARGO_HOME=/opt/rustwide/cargo-home" "-e" "RUSTUP_HOME=/opt/rustwide/rustup-home" "-w" "/opt/rustwide/workdir" "-m" "1610612736" "--user" "0:0" "--network" "none" "ghcr.io/rust-lang/crates-build-env/linux@sha256:f3a9d4ad9d972b27faf3965f35b62e55ba32bbce8f20bc8fe909558a86702fde" "/opt/rustwide/cargo-home/bin/cargo" "+beta-2024-12-08" "test" "--frozen", kill_on_drop: false }`
[INFO] [stdout] aafbe672c74e9b6e1193e674d208d67a110f17207bc83df1edf16a7d3c5636e3
[INFO] running `Command { std: "docker" "start" "-a" "aafbe672c74e9b6e1193e674d208d67a110f17207bc83df1edf16a7d3c5636e3", kill_on_drop: false }`
[INFO] [stderr] warning: field `kw` is never read
[INFO] [stderr]   --> src/helpers/metadata.rs:90:14
[INFO] [stderr]    |
[INFO] [stderr] 90 |     Derive { kw: kw::derive, paths: Vec<Path> },
[INFO] [stderr]    |     ------   ^^
[INFO] [stderr]    |     |
[INFO] [stderr]    |     field in this variant
[INFO] [stderr]    |
[INFO] [stderr]    = note: `#[warn(dead_code)]` on by default
[INFO] [stderr] 
[INFO] [stderr] warning: field `kw` is never read
[INFO] [stderr]    --> src/helpers/metadata.rs:157:9
[INFO] [stderr]     |
[INFO] [stderr] 156 |     Serialize {
[INFO] [stderr]     |     --------- field in this variant
[INFO] [stderr] 157 |         kw: kw::serialize,
[INFO] [stderr]     |         ^^
[INFO] [stderr] 
[INFO] [stderr] warning: field `kw` is never read
[INFO] [stderr]    --> src/helpers/metadata.rs:178:9
[INFO] [stderr]     |
[INFO] [stderr] 177 |     Props {
[INFO] [stderr]     |     ----- field in this variant
[INFO] [stderr] 178 |         kw: kw::props,
[INFO] [stderr]     |         ^^
[INFO] [stderr] 
[INFO] [stderr] warning: `strum_macros` (lib) generated 3 warnings
[INFO] [stderr] warning: `strum_macros` (lib test) generated 3 warnings (3 duplicates)
[INFO] [stderr]     Finished `test` profile [unoptimized + debuginfo] target(s) in 0.02s
[INFO] [stderr]      Running unittests src/lib.rs (/opt/rustwide/target/debug/deps/strum_macros-124d31bbf27c6862)
[INFO] [stdout] 
[INFO] [stdout] running 2 tests
[INFO] [stdout] test helpers::case_style::tests::test_convert_case ... ok
[INFO] [stdout] test helpers::case_style::tests::test_impl_from_str_for_case_style_pascal_case ... ok
[INFO] [stdout] 
[INFO] [stdout] test result: ok. 2 passed; 0 failed; 0 ignored; 0 measured; 0 filtered out; finished in 0.01s
[INFO] [stdout] 
[INFO] [stderr]    Doc-tests strum_macros
[INFO] [stdout] 
[INFO] [stdout] running 19 tests
[INFO] [stdout] test src/lib.rs - enum_discriminants (line 830) ... FAILED
[INFO] [stdout] test src/lib.rs - static_variants_array (line 239) ... FAILED
[INFO] [stdout] test src/lib.rs - enum_properties (line 771) ... ok
[INFO] [stdout] test src/lib.rs - enum_count (line 930) ... ok
[INFO] [stdout] test src/lib.rs - enum_messages (line 683) ... ok
[INFO] [stdout] test src/lib.rs - from_repr (line 607) ... ok
[INFO] [stdout] test src/lib.rs - display (line 387) ... ok
[INFO] [stdout] test src/lib.rs - display (line 377) ... ok
[INFO] [stdout] test src/lib.rs - from_string (line 58) ... ok
[INFO] [stdout] test src/lib.rs - from_repr (line 638) ... ok
[INFO] [stdout] test src/lib.rs - enum_table (line 554) ... ok
[INFO] [stdout] test src/lib.rs - enum_try_as (line 505) ... ok
[INFO] [stdout] test src/lib.rs - as_ref_str (line 134) ... ok
[INFO] [stdout] test src/lib.rs - enum_iter (line 439) ... ok
[INFO] [stdout] test src/lib.rs - into_static_str (line 286) ... ok
[INFO] [stdout] test src/lib.rs - enum_is (line 478) ... ok
[INFO] [stdout] test src/lib.rs - enum_discriminants (line 892) ... ok
[INFO] [stdout] test src/lib.rs - variant_names (line 190) ... ok
[INFO] [stdout] test src/lib.rs - to_string (line 324) ... ok
[INFO] [stdout] 
[INFO] [stdout] failures:
[INFO] [stdout] 
[INFO] [stdout] ---- src/lib.rs - enum_discriminants (line 830) stdout ----
[INFO] [stdout] error: cannot find derive macro `EnumMessage` in this scope
[INFO] [stdout]   --> src/lib.rs:843:42
[INFO] [stdout]    |
[INFO] [stdout] 16 | #[strum_discriminants(derive(EnumString, EnumMessage))]
[INFO] [stdout]    |                                          ^^^^^^^^^^^
[INFO] [stdout]    |
[INFO] [stdout] note: `EnumMessage` is imported here, but it is only a trait, without a derive macro
[INFO] [stdout]   --> src/lib.rs:834:31
[INFO] [stdout]    |
[INFO] [stdout] 7  | use strum::{IntoEnumIterator, EnumMessage};
[INFO] [stdout]    |                               ^^^^^^^^^^^
[INFO] [stdout] help: consider importing this derive macro
[INFO] [stdout]    |
[INFO] [stdout] 3  + use strum_macros::EnumMessage;
[INFO] [stdout]    |
[INFO] [stdout] 
[INFO] [stdout] error[E0599]: no method named `get_message` found for enum `MyEnumDiscriminants` in the current scope
[INFO] [stdout]   --> src/lib.rs:884:35
[INFO] [stdout]    |
[INFO] [stdout] 15 | #[derive(Debug, EnumDiscriminants)]
[INFO] [stdout]    |                 ----------------- method `get_message` not found for this enum
[INFO] [stdout] ...
[INFO] [stdout] 57 |     MyEnumDiscriminants::Variant0.get_message(),
[INFO] [stdout]    |                                   ^^^^^^^^^^^ method not found in `MyEnumDiscriminants`
[INFO] [stdout]    |
[INFO] [stdout]    = help: items from traits can only be used if the trait is implemented and in scope
[INFO] [stdout]    = note: the following trait defines an item `get_message`, perhaps you need to implement it:
[INFO] [stdout]            candidate #1: `EnumMessage`
[INFO] [stdout] 
[INFO] [stdout] error: aborting due to 2 previous errors
[INFO] [stdout] 
[INFO] [stdout] For more information about this error, try `rustc --explain E0599`.
[INFO] [stdout] Couldn't compile the test.
[INFO] [stdout] ---- src/lib.rs - static_variants_array (line 239) stdout ----
[INFO] [stdout] error: cannot find derive macro `VariantArray` in this scope
[INFO] [stdout]  --> src/lib.rs:242:10
[INFO] [stdout]   |
[INFO] [stdout] 5 | #[derive(VariantArray, Debug, PartialEq, Eq)]
[INFO] [stdout]   |          ^^^^^^^^^^^^
[INFO] [stdout]   |
[INFO] [stdout] note: `VariantArray` is imported here, but it is only a trait, without a derive macro
[INFO] [stdout]  --> src/lib.rs:240:5
[INFO] [stdout]   |
[INFO] [stdout] 3 | use strum::VariantArray;
[INFO] [stdout]   |     ^^^^^^^^^^^^^^^^^^^
[INFO] [stdout] help: consider importing this derive macro
[INFO] [stdout]   |
[INFO] [stdout] 2 + use strum_macros::VariantArray;
[INFO] [stdout]   |
[INFO] [stdout] 
[INFO] [stdout] error[E0599]: no variant or associated item named `VARIANTS` found for enum `Op` in the current scope
[INFO] [stdout]   --> src/lib.rs:250:16
[INFO] [stdout]    |
[INFO] [stdout] 6  | enum Op {
[INFO] [stdout]    | ------- variant or associated item `VARIANTS` not found for this enum
[INFO] [stdout] ...
[INFO] [stdout] 13 | assert_eq!(Op::VARIANTS, &[Op::Add, Op::Sub, Op::Mul, Op::Div]);
[INFO] [stdout]    |                ^^^^^^^^ variant or associated item not found in `Op`
[INFO] [stdout]    |
[INFO] [stdout]    = help: items from traits can only be used if the trait is implemented and in scope
[INFO] [stdout]    = note: the following traits define an item `VARIANTS`, perhaps you need to implement one of them:
[INFO] [stdout]            candidate #1: `VariantArray`
[INFO] [stdout]            candidate #2: `VariantNames`
[INFO] [stdout] 
[INFO] [stdout] error: aborting due to 2 previous errors
[INFO] [stdout] 
[INFO] [stdout] For more information about this error, try `rustc --explain E0599`.
[INFO] [stdout] Couldn't compile the test.
[INFO] [stdout] 
[INFO] [stdout] failures:
[INFO] [stdout]     src/lib.rs - enum_discriminants (line 830)
[INFO] [stdout]     src/lib.rs - static_variants_array (line 239)
[INFO] [stdout] 
[INFO] [stdout] test result: FAILED. 17 passed; 2 failed; 0 ignored; 0 measured; 0 filtered out; finished in 1.79s
[INFO] [stdout] 
[INFO] [stderr] error: doctest failed, to rerun pass `--doc`
[INFO] running `Command { std: "docker" "inspect" "aafbe672c74e9b6e1193e674d208d67a110f17207bc83df1edf16a7d3c5636e3", kill_on_drop: false }`
[INFO] running `Command { std: "docker" "rm" "-f" "aafbe672c74e9b6e1193e674d208d67a110f17207bc83df1edf16a7d3c5636e3", kill_on_drop: false }`
[INFO] [stdout] aafbe672c74e9b6e1193e674d208d67a110f17207bc83df1edf16a7d3c5636e3
