[INFO] fetching crate structx 0.1.11...
[INFO] testing structx-0.1.11 against beta-2024-12-08 for beta-1.84.0-4-retry
[INFO] extracting crate structx 0.1.11 into /workspace/builds/worker-1-tc2/source
[INFO] validating manifest of crates.io crate structx 0.1.11 on toolchain beta-2024-12-08
[INFO] running `Command { std: CARGO_HOME="/workspace/cargo-home" RUSTUP_HOME="/workspace/rustup-home" "/workspace/cargo-home/bin/cargo" "+beta-2024-12-08" "metadata" "--manifest-path" "Cargo.toml" "--no-deps", kill_on_drop: false }`
[INFO] started tweaking crates.io crate structx 0.1.11
[INFO] finished tweaking crates.io crate structx 0.1.11
[INFO] tweaked toml for crates.io crate structx 0.1.11 written to /workspace/builds/worker-1-tc2/source/Cargo.toml
[INFO] running `Command { std: CARGO_HOME="/workspace/cargo-home" RUSTUP_HOME="/workspace/rustup-home" "/workspace/cargo-home/bin/cargo" "+beta-2024-12-08" "generate-lockfile" "--manifest-path" "Cargo.toml", kill_on_drop: false }`
[INFO] [stderr]     Updating crates.io index
[INFO] [stderr]      Locking 52 packages to latest compatible versions
[INFO] running `Command { std: CARGO_HOME="/workspace/cargo-home" RUSTUP_HOME="/workspace/rustup-home" "/workspace/cargo-home/bin/cargo" "+beta-2024-12-08" "fetch" "--manifest-path" "Cargo.toml", kill_on_drop: false }`
[INFO] running `Command { std: "docker" "create" "-v" "/var/lib/crater-agent-workspace/builds/worker-1-tc2/target:/opt/rustwide/target:rw,Z" "-v" "/var/lib/crater-agent-workspace/builds/worker-1-tc2/source:/opt/rustwide/workdir:ro,Z" "-v" "/var/lib/crater-agent-workspace/cargo-home:/opt/rustwide/cargo-home:ro,Z" "-v" "/var/lib/crater-agent-workspace/rustup-home:/opt/rustwide/rustup-home:ro,Z" "-e" "SOURCE_DIR=/opt/rustwide/workdir" "-e" "CARGO_TARGET_DIR=/opt/rustwide/target" "-e" "CARGO_HOME=/opt/rustwide/cargo-home" "-e" "RUSTUP_HOME=/opt/rustwide/rustup-home" "-w" "/opt/rustwide/workdir" "-m" "1610612736" "--user" "0:0" "--network" "none" "ghcr.io/rust-lang/crates-build-env/linux@sha256:f3a9d4ad9d972b27faf3965f35b62e55ba32bbce8f20bc8fe909558a86702fde" "/opt/rustwide/cargo-home/bin/cargo" "+beta-2024-12-08" "metadata" "--no-deps" "--format-version=1", kill_on_drop: false }`
[INFO] [stdout] 4ada504ab239c1dfcf662239885a21f027058efd9a00f7a33ed2e0ce18052ba8
[INFO] running `Command { std: "docker" "start" "-a" "4ada504ab239c1dfcf662239885a21f027058efd9a00f7a33ed2e0ce18052ba8", kill_on_drop: false }`
[INFO] running `Command { std: "docker" "inspect" "4ada504ab239c1dfcf662239885a21f027058efd9a00f7a33ed2e0ce18052ba8", kill_on_drop: false }`
[INFO] running `Command { std: "docker" "rm" "-f" "4ada504ab239c1dfcf662239885a21f027058efd9a00f7a33ed2e0ce18052ba8", kill_on_drop: false }`
[INFO] [stdout] 4ada504ab239c1dfcf662239885a21f027058efd9a00f7a33ed2e0ce18052ba8
[INFO] running `Command { std: "docker" "create" "-v" "/var/lib/crater-agent-workspace/builds/worker-1-tc2/target:/opt/rustwide/target:rw,Z" "-v" "/var/lib/crater-agent-workspace/builds/worker-1-tc2/source:/opt/rustwide/workdir:ro,Z" "-v" "/var/lib/crater-agent-workspace/cargo-home:/opt/rustwide/cargo-home:ro,Z" "-v" "/var/lib/crater-agent-workspace/rustup-home:/opt/rustwide/rustup-home:ro,Z" "-e" "SOURCE_DIR=/opt/rustwide/workdir" "-e" "CARGO_TARGET_DIR=/opt/rustwide/target" "-e" "CARGO_INCREMENTAL=0" "-e" "RUST_BACKTRACE=full" "-e" "RUSTFLAGS=--cap-lints=warn" "-e" "RUSTDOCFLAGS=--cap-lints=warn" "-e" "CARGO_HOME=/opt/rustwide/cargo-home" "-e" "RUSTUP_HOME=/opt/rustwide/rustup-home" "-w" "/opt/rustwide/workdir" "-m" "1610612736" "--user" "0:0" "--network" "none" "ghcr.io/rust-lang/crates-build-env/linux@sha256:f3a9d4ad9d972b27faf3965f35b62e55ba32bbce8f20bc8fe909558a86702fde" "/opt/rustwide/cargo-home/bin/cargo" "+beta-2024-12-08" "build" "--frozen" "--message-format=json", kill_on_drop: false }`
[INFO] [stdout] 9f33358bd13c6932752258bd87578f2e52b532035da99ac200dbc39d574d1354
[INFO] running `Command { std: "docker" "start" "-a" "9f33358bd13c6932752258bd87578f2e52b532035da99ac200dbc39d574d1354", kill_on_drop: false }`
[INFO] [stderr]    Compiling serde v1.0.216
[INFO] [stderr]    Compiling proc-macro2 v1.0.92
[INFO] [stderr]    Compiling unicode-ident v1.0.14
[INFO] [stderr]    Compiling equivalent v1.0.1
[INFO] [stderr]    Compiling hashbrown v0.15.2
[INFO] [stderr]    Compiling winnow v0.5.40
[INFO] [stderr]    Compiling same-file v1.0.6
[INFO] [stderr]    Compiling walkdir v2.5.0
[INFO] [stderr]    Compiling indexmap v2.7.0
[INFO] [stderr]    Compiling quote v1.0.37
[INFO] [stderr]    Compiling syn v2.0.90
[INFO] [stderr]    Compiling serde_spanned v0.6.8
[INFO] [stderr]    Compiling toml_datetime v0.6.8
[INFO] [stderr]    Compiling toml_edit v0.19.15
[INFO] [stderr]    Compiling toml v0.7.8
[INFO] [stderr]    Compiling inwelling v0.5.5
[INFO] [stderr]    Compiling structx v0.1.11 (/opt/rustwide/workdir)
[INFO] [stderr]    Compiling structx_derive v0.1.4
[INFO] [stderr]     Finished `dev` profile [unoptimized + debuginfo] target(s) in 23.66s
[INFO] running `Command { std: "docker" "inspect" "9f33358bd13c6932752258bd87578f2e52b532035da99ac200dbc39d574d1354", kill_on_drop: false }`
[INFO] running `Command { std: "docker" "rm" "-f" "9f33358bd13c6932752258bd87578f2e52b532035da99ac200dbc39d574d1354", kill_on_drop: false }`
[INFO] [stdout] 9f33358bd13c6932752258bd87578f2e52b532035da99ac200dbc39d574d1354
[INFO] running `Command { std: "docker" "create" "-v" "/var/lib/crater-agent-workspace/builds/worker-1-tc2/target:/opt/rustwide/target:rw,Z" "-v" "/var/lib/crater-agent-workspace/builds/worker-1-tc2/source:/opt/rustwide/workdir:ro,Z" "-v" "/var/lib/crater-agent-workspace/cargo-home:/opt/rustwide/cargo-home:ro,Z" "-v" "/var/lib/crater-agent-workspace/rustup-home:/opt/rustwide/rustup-home:ro,Z" "-e" "SOURCE_DIR=/opt/rustwide/workdir" "-e" "CARGO_TARGET_DIR=/opt/rustwide/target" "-e" "CARGO_INCREMENTAL=0" "-e" "RUST_BACKTRACE=full" "-e" "RUSTFLAGS=--cap-lints=warn" "-e" "RUSTDOCFLAGS=--cap-lints=warn" "-e" "CARGO_HOME=/opt/rustwide/cargo-home" "-e" "RUSTUP_HOME=/opt/rustwide/rustup-home" "-w" "/opt/rustwide/workdir" "-m" "1610612736" "--user" "0:0" "--network" "none" "ghcr.io/rust-lang/crates-build-env/linux@sha256:f3a9d4ad9d972b27faf3965f35b62e55ba32bbce8f20bc8fe909558a86702fde" "/opt/rustwide/cargo-home/bin/cargo" "+beta-2024-12-08" "test" "--frozen" "--no-run" "--message-format=json", kill_on_drop: false }`
[INFO] [stdout] d0229a590a15c03f6027ef284ce4ca22fe7479119927b74bd7e0824b6a3b6895
[INFO] running `Command { std: "docker" "start" "-a" "d0229a590a15c03f6027ef284ce4ca22fe7479119927b74bd7e0824b6a3b6895", kill_on_drop: false }`
[INFO] [stderr]    Compiling structx v0.1.11 (/opt/rustwide/workdir)
[INFO] [stderr]     Finished `test` profile [unoptimized + debuginfo] target(s) in 0.39s
[INFO] running `Command { std: "docker" "inspect" "d0229a590a15c03f6027ef284ce4ca22fe7479119927b74bd7e0824b6a3b6895", kill_on_drop: false }`
[INFO] running `Command { std: "docker" "rm" "-f" "d0229a590a15c03f6027ef284ce4ca22fe7479119927b74bd7e0824b6a3b6895", kill_on_drop: false }`
[INFO] [stdout] d0229a590a15c03f6027ef284ce4ca22fe7479119927b74bd7e0824b6a3b6895
[INFO] running `Command { std: "docker" "create" "-v" "/var/lib/crater-agent-workspace/builds/worker-1-tc2/target:/opt/rustwide/target:rw,Z" "-v" "/var/lib/crater-agent-workspace/builds/worker-1-tc2/source:/opt/rustwide/workdir:ro,Z" "-v" "/var/lib/crater-agent-workspace/cargo-home:/opt/rustwide/cargo-home:ro,Z" "-v" "/var/lib/crater-agent-workspace/rustup-home:/opt/rustwide/rustup-home:ro,Z" "-e" "SOURCE_DIR=/opt/rustwide/workdir" "-e" "CARGO_TARGET_DIR=/opt/rustwide/target" "-e" "CARGO_INCREMENTAL=0" "-e" "RUST_BACKTRACE=full" "-e" "RUSTFLAGS=--cap-lints=warn" "-e" "RUSTDOCFLAGS=--cap-lints=warn" "-e" "CARGO_HOME=/opt/rustwide/cargo-home" "-e" "RUSTUP_HOME=/opt/rustwide/rustup-home" "-w" "/opt/rustwide/workdir" "-m" "1610612736" "--user" "0:0" "--network" "none" "ghcr.io/rust-lang/crates-build-env/linux@sha256:f3a9d4ad9d972b27faf3965f35b62e55ba32bbce8f20bc8fe909558a86702fde" "/opt/rustwide/cargo-home/bin/cargo" "+beta-2024-12-08" "test" "--frozen", kill_on_drop: false }`
[INFO] [stdout] b793447e4f060f8b5e62f77c5febcda8c3478d5c74efe681f6d214fd097ec7de
[INFO] running `Command { std: "docker" "start" "-a" "b793447e4f060f8b5e62f77c5febcda8c3478d5c74efe681f6d214fd097ec7de", kill_on_drop: false }`
[INFO] [stderr]     Finished `test` profile [unoptimized + debuginfo] target(s) in 0.04s
[INFO] [stderr]      Running unittests src/lib.rs (/opt/rustwide/target/debug/deps/structx-494599bfe1d428df)
[INFO] [stderr]    Doc-tests structx
[INFO] [stdout] 
[INFO] [stdout] running 0 tests
[INFO] [stdout] 
[INFO] [stdout] test result: ok. 0 passed; 0 failed; 0 ignored; 0 measured; 0 filtered out; finished in 0.00s
[INFO] [stdout] 
[INFO] [stdout] 
[INFO] [stdout] running 8 tests
[INFO] [stdout] test src/lib.rs - (line 32) - compile ... ok
[INFO] [stdout] test src/lib.rs - (line 27) ... FAILED
[INFO] [stdout] test src/lib.rs - (line 38) - compile ... ok
[INFO] [stdout] test src/lib.rs - (line 87) - compile ... FAILED
[INFO] [stdout] test src/lib.rs - (line 94) - compile ... FAILED
[INFO] [stdout] test src/lib.rs - (line 75) ... FAILED
[INFO] [stdout] test src/lib.rs - (line 66) - compile ... FAILED
[INFO] [stdout] test src/lib.rs - (line 55) - compile ... FAILED
[INFO] [stdout] 
[INFO] [stdout] failures:
[INFO] [stdout] 
[INFO] [stdout] ---- src/lib.rs - (line 27) stdout ----
[INFO] [stdout] error[E0433]: failed to resolve: use of undeclared crate or module `inwelling`
[INFO] [stdout]  --> src/lib.rs:29:1
[INFO] [stdout]   |
[INFO] [stdout] 5 | inwelling::to( "structx" );
[INFO] [stdout]   | ^^^^^^^^^ use of undeclared crate or module `inwelling`
[INFO] [stdout] 
[INFO] [stdout] error: aborting due to 1 previous error
[INFO] [stdout] 
[INFO] [stdout] For more information about this error, try `rustc --explain E0433`.
[INFO] [stdout] Couldn't compile the test.
[INFO] [stdout] ---- src/lib.rs - (line 87) stdout ----
[INFO] [stdout] error: cannot find attribute `named_args` in this scope
[INFO] [stdout]  --> src/lib.rs:88:3
[INFO] [stdout]   |
[INFO] [stdout] 3 | #[named_args]
[INFO] [stdout]   |   ^^^^^^^^^^
[INFO] [stdout]   |
[INFO] [stdout] help: consider importing one of these attribute macros
[INFO] [stdout]   |
[INFO] [stdout] 2 + use structx::named_args::named_args;
[INFO] [stdout]   |
[INFO] [stdout] 2 + use structx_derive::named_args;
[INFO] [stdout]   |
[INFO] [stdout] 
[INFO] [stdout] error: aborting due to 1 previous error
[INFO] [stdout] 
[INFO] [stdout] Couldn't compile the test.
[INFO] [stdout] ---- src/lib.rs - (line 94) stdout ----
[INFO] [stdout] error: cannot find macro `args` in this scope
[INFO] [stdout]  --> src/lib.rs:95:11
[INFO] [stdout]   |
[INFO] [stdout] 3 | set_size( args!{ width: 1024, height: 768 });
[INFO] [stdout]   |           ^^^^
[INFO] [stdout]   |
[INFO] [stdout] help: consider importing this macro
[INFO] [stdout]   |
[INFO] [stdout] 2 + use structx::named_args::args;
[INFO] [stdout]   |
[INFO] [stdout] 
[INFO] [stdout] error[E0425]: cannot find function `set_size` in this scope
[INFO] [stdout]  --> src/lib.rs:95:1
[INFO] [stdout]   |
[INFO] [stdout] 3 | set_size( args!{ width: 1024, height: 768 });
[INFO] [stdout]   | ^^^^^^^^ not found in this scope
[INFO] [stdout] 
[INFO] [stdout] error: aborting due to 2 previous errors
[INFO] [stdout] 
[INFO] [stdout] For more information about this error, try `rustc --explain E0425`.
[INFO] [stdout] Couldn't compile the test.
[INFO] [stdout] ---- src/lib.rs - (line 75) stdout ----
[INFO] [stdout] error: cannot find macro `structx` in this scope
[INFO] [stdout]  --> src/lib.rs:79:9
[INFO] [stdout]   |
[INFO] [stdout] 7 | let c = structx!{ width : 1024, height: 768 };
[INFO] [stdout]   |         ^^^^^^^
[INFO] [stdout]   |
[INFO] [stdout] note: `structx` is imported here, but it is a crate, not a macro
[INFO] [stdout]  --> src/lib.rs:75:1
[INFO] [stdout]   |
[INFO] [stdout] 3 | extern crate r#structx;
[INFO] [stdout]   | ^^^^^^^^^^^^^^^^^^^^^^^
[INFO] [stdout] help: consider importing one of these macros
[INFO] [stdout]   |
[INFO] [stdout] 2 + use structx::structx;
[INFO] [stdout]   |
[INFO] [stdout] 2 + use structx_derive::structx;
[INFO] [stdout]   |
[INFO] [stdout] 
[INFO] [stdout] error: cannot find macro `structx` in this scope
[INFO] [stdout]  --> src/lib.rs:78:9
[INFO] [stdout]   |
[INFO] [stdout] 6 | let b = structx!{ height:  600, width : 800 };
[INFO] [stdout]   |         ^^^^^^^
[INFO] [stdout]   |
[INFO] [stdout] note: `structx` is imported here, but it is a crate, not a macro
[INFO] [stdout]  --> src/lib.rs:75:1
[INFO] [stdout]   |
[INFO] [stdout] 3 | extern crate r#structx;
[INFO] [stdout]   | ^^^^^^^^^^^^^^^^^^^^^^^
[INFO] [stdout] help: consider importing one of these macros
[INFO] [stdout]   |
[INFO] [stdout] 2 + use structx::structx;
[INFO] [stdout]   |
[INFO] [stdout] 2 + use structx_derive::structx;
[INFO] [stdout]   |
[INFO] [stdout] 
[INFO] [stdout] error: cannot find macro `structx` in this scope
[INFO] [stdout]  --> src/lib.rs:77:9
[INFO] [stdout]   |
[INFO] [stdout] 5 | let a = structx!{ width :  800, height: 600 };
[INFO] [stdout]   |         ^^^^^^^
[INFO] [stdout]   |
[INFO] [stdout] note: `structx` is imported here, but it is a crate, not a macro
[INFO] [stdout]  --> src/lib.rs:75:1
[INFO] [stdout]   |
[INFO] [stdout] 3 | extern crate r#structx;
[INFO] [stdout]   | ^^^^^^^^^^^^^^^^^^^^^^^
[INFO] [stdout] help: consider importing one of these macros
[INFO] [stdout]   |
[INFO] [stdout] 2 + use structx::structx;
[INFO] [stdout]   |
[INFO] [stdout] 2 + use structx_derive::structx;
[INFO] [stdout]   |
[INFO] [stdout] 
[INFO] [stdout] error: aborting due to 3 previous errors
[INFO] [stdout] 
[INFO] [stdout] Couldn't compile the test.
[INFO] [stdout] ---- src/lib.rs - (line 66) stdout ----
[INFO] [stdout] error: cannot find macro `Structx` in this scope
[INFO] [stdout]  --> src/lib.rs:68:29
[INFO] [stdout]   |
[INFO] [stdout] 5 | fn foo( x: i32, y: i32 ) -> Structx!{ x: i32, y: i32 } {
[INFO] [stdout]   |                             ^^^^^^^
[INFO] [stdout]   |
[INFO] [stdout] help: consider importing one of these macros
[INFO] [stdout]   |
[INFO] [stdout] 2 + use structx::Structx;
[INFO] [stdout]   |
[INFO] [stdout] 2 + use structx_derive::Structx;
[INFO] [stdout]   |
[INFO] [stdout] 
[INFO] [stdout] error: cannot find macro `structx` in this scope
[INFO] [stdout]  --> src/lib.rs:69:5
[INFO] [stdout]   |
[INFO] [stdout] 6 |     structx!{ x, y: y+1 }
[INFO] [stdout]   |     ^^^^^^^
[INFO] [stdout]   |
[INFO] [stdout] note: `structx` is imported here, but it is a crate, not a macro
[INFO] [stdout]  --> src/lib.rs:66:1
[INFO] [stdout]   |
[INFO] [stdout] 3 | extern crate r#structx;
[INFO] [stdout]   | ^^^^^^^^^^^^^^^^^^^^^^^
[INFO] [stdout] help: consider importing one of these macros
[INFO] [stdout]   |
[INFO] [stdout] 2 + use structx::structx;
[INFO] [stdout]   |
[INFO] [stdout] 2 + use structx_derive::structx;
[INFO] [stdout]   |
[INFO] [stdout] 
[INFO] [stdout] error: aborting due to 2 previous errors
[INFO] [stdout] 
[INFO] [stdout] Couldn't compile the test.
[INFO] [stdout] ---- src/lib.rs - (line 55) stdout ----
[INFO] [stdout] error: cannot find macro `structx` in this scope
[INFO] [stdout]  --> src/lib.rs:57:11
[INFO] [stdout]   |
[INFO] [stdout] 5 | let foo = structx!{ i: 3, b: true };
[INFO] [stdout]   |           ^^^^^^^
[INFO] [stdout]   |
[INFO] [stdout] note: `structx` is imported here, but it is a crate, not a macro
[INFO] [stdout]  --> src/lib.rs:55:1
[INFO] [stdout]   |
[INFO] [stdout] 3 | extern crate r#structx;
[INFO] [stdout]   | ^^^^^^^^^^^^^^^^^^^^^^^
[INFO] [stdout] help: consider importing one of these macros
[INFO] [stdout]   |
[INFO] [stdout] 2 + use structx::structx;
[INFO] [stdout]   |
[INFO] [stdout] 2 + use structx_derive::structx;
[INFO] [stdout]   |
[INFO] [stdout] 
[INFO] [stdout] error: cannot find macro `structx` in this scope
[INFO] [stdout]  --> src/lib.rs:58:11
[INFO] [stdout]   |
[INFO] [stdout] 6 | let bar = structx!{ x, y };
[INFO] [stdout]   |           ^^^^^^^
[INFO] [stdout]   |
[INFO] [stdout] note: `structx` is imported here, but it is a crate, not a macro
[INFO] [stdout]  --> src/lib.rs:55:1
[INFO] [stdout]   |
[INFO] [stdout] 3 | extern crate r#structx;
[INFO] [stdout]   | ^^^^^^^^^^^^^^^^^^^^^^^
[INFO] [stdout] help: consider importing one of these macros
[INFO] [stdout]   |
[INFO] [stdout] 2 + use structx::structx;
[INFO] [stdout]   |
[INFO] [stdout] 2 + use structx_derive::structx;
[INFO] [stdout]   |
[INFO] [stdout] 
[INFO] [stdout] error: aborting due to 2 previous errors
[INFO] [stdout] 
[INFO] [stdout] Couldn't compile the test.
[INFO] [stdout] 
[INFO] [stdout] failures:
[INFO] [stdout]     src/lib.rs - (line 27)
[INFO] [stdout]     src/lib.rs - (line 55)
[INFO] [stdout]     src/lib.rs - (line 66)
[INFO] [stdout]     src/lib.rs - (line 75)
[INFO] [stdout]     src/lib.rs - (line 87)
[INFO] [stdout]     src/lib.rs - (line 94)
[INFO] [stdout] 
[INFO] [stdout] test result: FAILED. 2 passed; 6 failed; 0 ignored; 0 measured; 0 filtered out; finished in 0.29s
[INFO] [stdout] 
[INFO] [stderr] error: doctest failed, to rerun pass `--doc`
[INFO] running `Command { std: "docker" "inspect" "b793447e4f060f8b5e62f77c5febcda8c3478d5c74efe681f6d214fd097ec7de", kill_on_drop: false }`
[INFO] running `Command { std: "docker" "rm" "-f" "b793447e4f060f8b5e62f77c5febcda8c3478d5c74efe681f6d214fd097ec7de", kill_on_drop: false }`
[INFO] [stdout] b793447e4f060f8b5e62f77c5febcda8c3478d5c74efe681f6d214fd097ec7de
