[INFO] fetching crate struct_iterable_internal 0.1.1...
[INFO] testing struct_iterable_internal-0.1.1 against 1.83.0 for beta-1.84.0-4-retry
[INFO] extracting crate struct_iterable_internal 0.1.1 into /workspace/builds/worker-5-tc1/source
[INFO] validating manifest of crates.io crate struct_iterable_internal 0.1.1 on toolchain 1.83.0
[INFO] running `Command { std: CARGO_HOME="/workspace/cargo-home" RUSTUP_HOME="/workspace/rustup-home" "/workspace/cargo-home/bin/cargo" "+1.83.0" "metadata" "--manifest-path" "Cargo.toml" "--no-deps", kill_on_drop: false }`
[INFO] started tweaking crates.io crate struct_iterable_internal 0.1.1
[INFO] finished tweaking crates.io crate struct_iterable_internal 0.1.1
[INFO] tweaked toml for crates.io crate struct_iterable_internal 0.1.1 written to /workspace/builds/worker-5-tc1/source/Cargo.toml
[INFO] running `Command { std: CARGO_HOME="/workspace/cargo-home" RUSTUP_HOME="/workspace/rustup-home" "/workspace/cargo-home/bin/cargo" "+1.83.0" "generate-lockfile" "--manifest-path" "Cargo.toml", kill_on_drop: false }`
[INFO] running `Command { std: CARGO_HOME="/workspace/cargo-home" RUSTUP_HOME="/workspace/rustup-home" "/workspace/cargo-home/bin/cargo" "+1.83.0" "fetch" "--manifest-path" "Cargo.toml", kill_on_drop: false }`
[INFO] running `Command { std: "docker" "create" "-v" "/var/lib/crater-agent-workspace/builds/worker-5-tc1/target:/opt/rustwide/target:rw,Z" "-v" "/var/lib/crater-agent-workspace/builds/worker-5-tc1/source:/opt/rustwide/workdir:ro,Z" "-v" "/var/lib/crater-agent-workspace/cargo-home:/opt/rustwide/cargo-home:ro,Z" "-v" "/var/lib/crater-agent-workspace/rustup-home:/opt/rustwide/rustup-home:ro,Z" "-e" "SOURCE_DIR=/opt/rustwide/workdir" "-e" "CARGO_TARGET_DIR=/opt/rustwide/target" "-e" "CARGO_HOME=/opt/rustwide/cargo-home" "-e" "RUSTUP_HOME=/opt/rustwide/rustup-home" "-w" "/opt/rustwide/workdir" "-m" "1610612736" "--user" "0:0" "--network" "none" "ghcr.io/rust-lang/crates-build-env/linux@sha256:f3a9d4ad9d972b27faf3965f35b62e55ba32bbce8f20bc8fe909558a86702fde" "/opt/rustwide/cargo-home/bin/cargo" "+1.83.0" "metadata" "--no-deps" "--format-version=1", kill_on_drop: false }`
[INFO] [stdout] 0c84cb29256bd4555182a7eb48a64794ea0ee039b09e3d4ae31fa5fe609999a3
[INFO] running `Command { std: "docker" "start" "-a" "0c84cb29256bd4555182a7eb48a64794ea0ee039b09e3d4ae31fa5fe609999a3", kill_on_drop: false }`
[INFO] running `Command { std: "docker" "inspect" "0c84cb29256bd4555182a7eb48a64794ea0ee039b09e3d4ae31fa5fe609999a3", kill_on_drop: false }`
[INFO] running `Command { std: "docker" "rm" "-f" "0c84cb29256bd4555182a7eb48a64794ea0ee039b09e3d4ae31fa5fe609999a3", kill_on_drop: false }`
[INFO] [stdout] 0c84cb29256bd4555182a7eb48a64794ea0ee039b09e3d4ae31fa5fe609999a3
[INFO] running `Command { std: "docker" "create" "-v" "/var/lib/crater-agent-workspace/builds/worker-5-tc1/target:/opt/rustwide/target:rw,Z" "-v" "/var/lib/crater-agent-workspace/builds/worker-5-tc1/source:/opt/rustwide/workdir:ro,Z" "-v" "/var/lib/crater-agent-workspace/cargo-home:/opt/rustwide/cargo-home:ro,Z" "-v" "/var/lib/crater-agent-workspace/rustup-home:/opt/rustwide/rustup-home:ro,Z" "-e" "SOURCE_DIR=/opt/rustwide/workdir" "-e" "CARGO_TARGET_DIR=/opt/rustwide/target" "-e" "CARGO_INCREMENTAL=0" "-e" "RUST_BACKTRACE=full" "-e" "RUSTFLAGS=--cap-lints=warn" "-e" "RUSTDOCFLAGS=--cap-lints=warn" "-e" "CARGO_HOME=/opt/rustwide/cargo-home" "-e" "RUSTUP_HOME=/opt/rustwide/rustup-home" "-w" "/opt/rustwide/workdir" "-m" "1610612736" "--user" "0:0" "--network" "none" "ghcr.io/rust-lang/crates-build-env/linux@sha256:f3a9d4ad9d972b27faf3965f35b62e55ba32bbce8f20bc8fe909558a86702fde" "/opt/rustwide/cargo-home/bin/cargo" "+1.83.0" "build" "--frozen" "--message-format=json", kill_on_drop: false }`
[INFO] [stdout] 199ab9877d6db9464734538b10b860dae3e72c7e8758da0b9e184cddc9f78ea2
[INFO] running `Command { std: "docker" "start" "-a" "199ab9877d6db9464734538b10b860dae3e72c7e8758da0b9e184cddc9f78ea2", kill_on_drop: false }`
[INFO] [stderr]    Compiling struct_iterable_internal v0.1.1 (/opt/rustwide/workdir)
[INFO] [stderr]     Finished `dev` profile [unoptimized + debuginfo] target(s) in 0.07s
[INFO] running `Command { std: "docker" "inspect" "199ab9877d6db9464734538b10b860dae3e72c7e8758da0b9e184cddc9f78ea2", kill_on_drop: false }`
[INFO] running `Command { std: "docker" "rm" "-f" "199ab9877d6db9464734538b10b860dae3e72c7e8758da0b9e184cddc9f78ea2", kill_on_drop: false }`
[INFO] [stdout] 199ab9877d6db9464734538b10b860dae3e72c7e8758da0b9e184cddc9f78ea2
[INFO] running `Command { std: "docker" "create" "-v" "/var/lib/crater-agent-workspace/builds/worker-5-tc1/target:/opt/rustwide/target:rw,Z" "-v" "/var/lib/crater-agent-workspace/builds/worker-5-tc1/source:/opt/rustwide/workdir:ro,Z" "-v" "/var/lib/crater-agent-workspace/cargo-home:/opt/rustwide/cargo-home:ro,Z" "-v" "/var/lib/crater-agent-workspace/rustup-home:/opt/rustwide/rustup-home:ro,Z" "-e" "SOURCE_DIR=/opt/rustwide/workdir" "-e" "CARGO_TARGET_DIR=/opt/rustwide/target" "-e" "CARGO_INCREMENTAL=0" "-e" "RUST_BACKTRACE=full" "-e" "RUSTFLAGS=--cap-lints=warn" "-e" "RUSTDOCFLAGS=--cap-lints=warn" "-e" "CARGO_HOME=/opt/rustwide/cargo-home" "-e" "RUSTUP_HOME=/opt/rustwide/rustup-home" "-w" "/opt/rustwide/workdir" "-m" "1610612736" "--user" "0:0" "--network" "none" "ghcr.io/rust-lang/crates-build-env/linux@sha256:f3a9d4ad9d972b27faf3965f35b62e55ba32bbce8f20bc8fe909558a86702fde" "/opt/rustwide/cargo-home/bin/cargo" "+1.83.0" "test" "--frozen" "--no-run" "--message-format=json", kill_on_drop: false }`
[INFO] [stdout] 328ee3d67d4748af789a019a54f186d5ac01c755be364967b84aff8edfaf30f8
[INFO] running `Command { std: "docker" "start" "-a" "328ee3d67d4748af789a019a54f186d5ac01c755be364967b84aff8edfaf30f8", kill_on_drop: false }`
[INFO] [stderr]    Compiling struct_iterable_internal v0.1.1 (/opt/rustwide/workdir)
[INFO] [stderr]     Finished `test` profile [unoptimized + debuginfo] target(s) in 0.39s
[INFO] running `Command { std: "docker" "inspect" "328ee3d67d4748af789a019a54f186d5ac01c755be364967b84aff8edfaf30f8", kill_on_drop: false }`
[INFO] running `Command { std: "docker" "rm" "-f" "328ee3d67d4748af789a019a54f186d5ac01c755be364967b84aff8edfaf30f8", kill_on_drop: false }`
[INFO] [stdout] 328ee3d67d4748af789a019a54f186d5ac01c755be364967b84aff8edfaf30f8
[INFO] running `Command { std: "docker" "create" "-v" "/var/lib/crater-agent-workspace/builds/worker-5-tc1/target:/opt/rustwide/target:rw,Z" "-v" "/var/lib/crater-agent-workspace/builds/worker-5-tc1/source:/opt/rustwide/workdir:ro,Z" "-v" "/var/lib/crater-agent-workspace/cargo-home:/opt/rustwide/cargo-home:ro,Z" "-v" "/var/lib/crater-agent-workspace/rustup-home:/opt/rustwide/rustup-home:ro,Z" "-e" "SOURCE_DIR=/opt/rustwide/workdir" "-e" "CARGO_TARGET_DIR=/opt/rustwide/target" "-e" "CARGO_INCREMENTAL=0" "-e" "RUST_BACKTRACE=full" "-e" "RUSTFLAGS=--cap-lints=warn" "-e" "RUSTDOCFLAGS=--cap-lints=warn" "-e" "CARGO_HOME=/opt/rustwide/cargo-home" "-e" "RUSTUP_HOME=/opt/rustwide/rustup-home" "-w" "/opt/rustwide/workdir" "-m" "1610612736" "--user" "0:0" "--network" "none" "ghcr.io/rust-lang/crates-build-env/linux@sha256:f3a9d4ad9d972b27faf3965f35b62e55ba32bbce8f20bc8fe909558a86702fde" "/opt/rustwide/cargo-home/bin/cargo" "+1.83.0" "test" "--frozen", kill_on_drop: false }`
[INFO] [stdout] 4a01621578eb46d0d1dbf6879f04d404e4a15530090fb53085c699aab79d396c
[INFO] running `Command { std: "docker" "start" "-a" "4a01621578eb46d0d1dbf6879f04d404e4a15530090fb53085c699aab79d396c", kill_on_drop: false }`
[INFO] [stderr]     Finished `test` profile [unoptimized + debuginfo] target(s) in 0.02s
[INFO] [stderr]      Running unittests src/lib.rs (/opt/rustwide/target/debug/deps/struct_iterable_internal-a9a4cc20850f26b4)
[INFO] [stdout] 
[INFO] [stdout] running 0 tests
[INFO] [stdout] 
[INFO] [stdout] test result: ok. 0 passed; 0 failed; 0 ignored; 0 measured; 0 filtered out; finished in 0.00s
[INFO] [stdout] 
[INFO] [stderr]    Doc-tests struct_iterable_internal
[INFO] [stdout] 
[INFO] [stdout] running 2 tests
[INFO] [stdout] test src/lib.rs - Iterable::iter (line 36) ... FAILED
[INFO] [stdout] test src/lib.rs - Iterable (line 10) ... FAILED
[INFO] [stdout] 
[INFO] [stdout] failures:
[INFO] [stdout] 
[INFO] [stdout] ---- src/lib.rs - Iterable::iter (line 36) stdout ----
[INFO] [stdout] error[E0432]: unresolved import `struct_iterable`
[INFO] [stdout]  --> src/lib.rs:37:5
[INFO] [stdout]   |
[INFO] [stdout] 3 | use struct_iterable::Iterable;
[INFO] [stdout]   |     ^^^^^^^^^^^^^^^ use of undeclared crate or module `struct_iterable`
[INFO] [stdout] 
[INFO] [stdout] error[E0599]: no method named `iter` found for struct `MyStruct` in the current scope
[INFO] [stdout]   --> src/lib.rs:51:46
[INFO] [stdout]    |
[INFO] [stdout] 6  | struct MyStruct {
[INFO] [stdout]    | --------------- method `iter` not found for this struct
[INFO] [stdout] ...
[INFO] [stdout] 17 | for (field_name, field_value) in my_instance.iter() {
[INFO] [stdout]    |                                              ^^^^ method not found in `MyStruct`
[INFO] [stdout]    |
[INFO] [stdout]    = help: items from traits can only be used if the trait is implemented and in scope
[INFO] [stdout]    = note: the following trait defines an item `iter`, perhaps you need to implement it:
[INFO] [stdout]            candidate #1: `struct_iterable_internal::Iterable`
[INFO] [stdout] 
[INFO] [stdout] error: aborting due to 2 previous errors
[INFO] [stdout] 
[INFO] [stdout] Some errors have detailed explanations: E0432, E0599.
[INFO] [stdout] For more information about an error, try `rustc --explain E0432`.
[INFO] [stdout] Couldn't compile the test.
[INFO] [stdout] ---- src/lib.rs - Iterable (line 10) stdout ----
[INFO] [stdout] error[E0432]: unresolved import `struct_iterable`
[INFO] [stdout]  --> src/lib.rs:11:5
[INFO] [stdout]   |
[INFO] [stdout] 3 | use struct_iterable::Iterable;
[INFO] [stdout]   |     ^^^^^^^^^^^^^^^ use of undeclared crate or module `struct_iterable`
[INFO] [stdout] 
[INFO] [stdout] error[E0599]: no method named `iter` found for struct `MyStruct` in the current scope
[INFO] [stdout]   --> src/lib.rs:25:46
[INFO] [stdout]    |
[INFO] [stdout] 6  | struct MyStruct {
[INFO] [stdout]    | --------------- method `iter` not found for this struct
[INFO] [stdout] ...
[INFO] [stdout] 17 | for (field_name, field_value) in my_instance.iter() {
[INFO] [stdout]    |                                              ^^^^ method not found in `MyStruct`
[INFO] [stdout]    |
[INFO] [stdout]    = help: items from traits can only be used if the trait is implemented and in scope
[INFO] [stdout]    = note: the following trait defines an item `iter`, perhaps you need to implement it:
[INFO] [stdout]            candidate #1: `struct_iterable_internal::Iterable`
[INFO] [stdout] 
[INFO] [stdout] error: aborting due to 2 previous errors
[INFO] [stdout] 
[INFO] [stdout] Some errors have detailed explanations: E0432, E0599.
[INFO] [stdout] For more information about an error, try `rustc --explain E0432`.
[INFO] [stdout] Couldn't compile the test.
[INFO] [stdout] 
[INFO] [stdout] failures:
[INFO] [stdout]     src/lib.rs - Iterable (line 10)
[INFO] [stdout]     src/lib.rs - Iterable::iter (line 36)
[INFO] [stdout] 
[INFO] [stdout] test result: FAILED. 0 passed; 2 failed; 0 ignored; 0 measured; 0 filtered out; finished in 0.17s
[INFO] [stdout] 
[INFO] [stderr] error: doctest failed, to rerun pass `--doc`
[INFO] running `Command { std: "docker" "inspect" "4a01621578eb46d0d1dbf6879f04d404e4a15530090fb53085c699aab79d396c", kill_on_drop: false }`
[INFO] running `Command { std: "docker" "rm" "-f" "4a01621578eb46d0d1dbf6879f04d404e4a15530090fb53085c699aab79d396c", kill_on_drop: false }`
[INFO] [stdout] 4a01621578eb46d0d1dbf6879f04d404e4a15530090fb53085c699aab79d396c
