[INFO] fetching crate struct_iterable_derive 0.1.0...
[INFO] testing struct_iterable_derive-0.1.0 against beta-2024-12-08 for beta-1.84.0-4-retry
[INFO] extracting crate struct_iterable_derive 0.1.0 into /workspace/builds/worker-1-tc2/source
[INFO] validating manifest of crates.io crate struct_iterable_derive 0.1.0 on toolchain beta-2024-12-08
[INFO] running `Command { std: CARGO_HOME="/workspace/cargo-home" RUSTUP_HOME="/workspace/rustup-home" "/workspace/cargo-home/bin/cargo" "+beta-2024-12-08" "metadata" "--manifest-path" "Cargo.toml" "--no-deps", kill_on_drop: false }`
[INFO] started tweaking crates.io crate struct_iterable_derive 0.1.0
[INFO] finished tweaking crates.io crate struct_iterable_derive 0.1.0
[INFO] tweaked toml for crates.io crate struct_iterable_derive 0.1.0 written to /workspace/builds/worker-1-tc2/source/Cargo.toml
[INFO] running `Command { std: CARGO_HOME="/workspace/cargo-home" RUSTUP_HOME="/workspace/rustup-home" "/workspace/cargo-home/bin/cargo" "+beta-2024-12-08" "generate-lockfile" "--manifest-path" "Cargo.toml", kill_on_drop: false }`
[INFO] [stderr]     Updating crates.io index
[INFO] [stderr]      Locking 8 packages to latest compatible versions
[INFO] [stderr]       Adding erased-serde v0.3.31 (available: v0.4.5)
[INFO] running `Command { std: CARGO_HOME="/workspace/cargo-home" RUSTUP_HOME="/workspace/rustup-home" "/workspace/cargo-home/bin/cargo" "+beta-2024-12-08" "fetch" "--manifest-path" "Cargo.toml", kill_on_drop: false }`
[INFO] running `Command { std: "docker" "create" "-v" "/var/lib/crater-agent-workspace/builds/worker-1-tc2/target:/opt/rustwide/target:rw,Z" "-v" "/var/lib/crater-agent-workspace/builds/worker-1-tc2/source:/opt/rustwide/workdir:ro,Z" "-v" "/var/lib/crater-agent-workspace/cargo-home:/opt/rustwide/cargo-home:ro,Z" "-v" "/var/lib/crater-agent-workspace/rustup-home:/opt/rustwide/rustup-home:ro,Z" "-e" "SOURCE_DIR=/opt/rustwide/workdir" "-e" "CARGO_TARGET_DIR=/opt/rustwide/target" "-e" "CARGO_HOME=/opt/rustwide/cargo-home" "-e" "RUSTUP_HOME=/opt/rustwide/rustup-home" "-w" "/opt/rustwide/workdir" "-m" "1610612736" "--user" "0:0" "--network" "none" "ghcr.io/rust-lang/crates-build-env/linux@sha256:f3a9d4ad9d972b27faf3965f35b62e55ba32bbce8f20bc8fe909558a86702fde" "/opt/rustwide/cargo-home/bin/cargo" "+beta-2024-12-08" "metadata" "--no-deps" "--format-version=1", kill_on_drop: false }`
[INFO] [stdout] 02fe0abf91cd8b856a4d3f4677bf80b8c26845b1c574a6b5199b92c6c476c769
[INFO] running `Command { std: "docker" "start" "-a" "02fe0abf91cd8b856a4d3f4677bf80b8c26845b1c574a6b5199b92c6c476c769", kill_on_drop: false }`
[INFO] running `Command { std: "docker" "inspect" "02fe0abf91cd8b856a4d3f4677bf80b8c26845b1c574a6b5199b92c6c476c769", kill_on_drop: false }`
[INFO] running `Command { std: "docker" "rm" "-f" "02fe0abf91cd8b856a4d3f4677bf80b8c26845b1c574a6b5199b92c6c476c769", kill_on_drop: false }`
[INFO] [stdout] 02fe0abf91cd8b856a4d3f4677bf80b8c26845b1c574a6b5199b92c6c476c769
[INFO] running `Command { std: "docker" "create" "-v" "/var/lib/crater-agent-workspace/builds/worker-1-tc2/target:/opt/rustwide/target:rw,Z" "-v" "/var/lib/crater-agent-workspace/builds/worker-1-tc2/source:/opt/rustwide/workdir:ro,Z" "-v" "/var/lib/crater-agent-workspace/cargo-home:/opt/rustwide/cargo-home:ro,Z" "-v" "/var/lib/crater-agent-workspace/rustup-home:/opt/rustwide/rustup-home:ro,Z" "-e" "SOURCE_DIR=/opt/rustwide/workdir" "-e" "CARGO_TARGET_DIR=/opt/rustwide/target" "-e" "CARGO_INCREMENTAL=0" "-e" "RUST_BACKTRACE=full" "-e" "RUSTFLAGS=--cap-lints=warn" "-e" "RUSTDOCFLAGS=--cap-lints=warn" "-e" "CARGO_HOME=/opt/rustwide/cargo-home" "-e" "RUSTUP_HOME=/opt/rustwide/rustup-home" "-w" "/opt/rustwide/workdir" "-m" "1610612736" "--user" "0:0" "--network" "none" "ghcr.io/rust-lang/crates-build-env/linux@sha256:f3a9d4ad9d972b27faf3965f35b62e55ba32bbce8f20bc8fe909558a86702fde" "/opt/rustwide/cargo-home/bin/cargo" "+beta-2024-12-08" "build" "--frozen" "--message-format=json", kill_on_drop: false }`
[INFO] [stdout] fa53cf29df65b0d510e625b67dd63857cf936452f4b872ed01ab9b8c32b0f608
[INFO] running `Command { std: "docker" "start" "-a" "fa53cf29df65b0d510e625b67dd63857cf936452f4b872ed01ab9b8c32b0f608", kill_on_drop: false }`
[INFO] [stderr]    Compiling proc-macro2 v1.0.92
[INFO] [stderr]    Compiling serde v1.0.216
[INFO] [stderr]    Compiling unicode-ident v1.0.14
[INFO] [stderr]    Compiling struct_iterable_internal v0.1.1
[INFO] [stderr]    Compiling quote v1.0.37
[INFO] [stderr]    Compiling syn v2.0.90
[INFO] [stderr]    Compiling erased-serde v0.3.31
[INFO] [stderr]    Compiling struct_iterable_derive v0.1.0 (/opt/rustwide/workdir)
[INFO] [stdout] warning: unused import: `struct_iterable_internal::Iterable`
[INFO] [stdout]  --> src/lib.rs:6:5
[INFO] [stdout]   |
[INFO] [stdout] 6 | use struct_iterable_internal::Iterable;
[INFO] [stdout]   |     ^^^^^^^^^^^^^^^^^^^^^^^^^^^^^^^^^^
[INFO] [stdout]   |
[INFO] [stdout]   = note: `#[warn(unused_imports)]` on by default
[INFO] [stdout] 
[INFO] [stdout] 
[INFO] [stderr]     Finished `dev` profile [unoptimized + debuginfo] target(s) in 6.86s
[INFO] running `Command { std: "docker" "inspect" "fa53cf29df65b0d510e625b67dd63857cf936452f4b872ed01ab9b8c32b0f608", kill_on_drop: false }`
[INFO] running `Command { std: "docker" "rm" "-f" "fa53cf29df65b0d510e625b67dd63857cf936452f4b872ed01ab9b8c32b0f608", kill_on_drop: false }`
[INFO] [stdout] fa53cf29df65b0d510e625b67dd63857cf936452f4b872ed01ab9b8c32b0f608
[INFO] running `Command { std: "docker" "create" "-v" "/var/lib/crater-agent-workspace/builds/worker-1-tc2/target:/opt/rustwide/target:rw,Z" "-v" "/var/lib/crater-agent-workspace/builds/worker-1-tc2/source:/opt/rustwide/workdir:ro,Z" "-v" "/var/lib/crater-agent-workspace/cargo-home:/opt/rustwide/cargo-home:ro,Z" "-v" "/var/lib/crater-agent-workspace/rustup-home:/opt/rustwide/rustup-home:ro,Z" "-e" "SOURCE_DIR=/opt/rustwide/workdir" "-e" "CARGO_TARGET_DIR=/opt/rustwide/target" "-e" "CARGO_INCREMENTAL=0" "-e" "RUST_BACKTRACE=full" "-e" "RUSTFLAGS=--cap-lints=warn" "-e" "RUSTDOCFLAGS=--cap-lints=warn" "-e" "CARGO_HOME=/opt/rustwide/cargo-home" "-e" "RUSTUP_HOME=/opt/rustwide/rustup-home" "-w" "/opt/rustwide/workdir" "-m" "1610612736" "--user" "0:0" "--network" "none" "ghcr.io/rust-lang/crates-build-env/linux@sha256:f3a9d4ad9d972b27faf3965f35b62e55ba32bbce8f20bc8fe909558a86702fde" "/opt/rustwide/cargo-home/bin/cargo" "+beta-2024-12-08" "test" "--frozen" "--no-run" "--message-format=json", kill_on_drop: false }`
[INFO] [stdout] ff81878d38fcc61a60f7a5da5fcdaca4fbfea3d3e0694a7eb4cd99c918d52578
[INFO] running `Command { std: "docker" "start" "-a" "ff81878d38fcc61a60f7a5da5fcdaca4fbfea3d3e0694a7eb4cd99c918d52578", kill_on_drop: false }`
[INFO] [stderr]    Compiling struct_iterable_derive v0.1.0 (/opt/rustwide/workdir)
[INFO] [stdout] warning: unused import: `struct_iterable_internal::Iterable`
[INFO] [stdout]  --> src/lib.rs:6:5
[INFO] [stdout]   |
[INFO] [stdout] 6 | use struct_iterable_internal::Iterable;
[INFO] [stdout]   |     ^^^^^^^^^^^^^^^^^^^^^^^^^^^^^^^^^^
[INFO] [stdout]   |
[INFO] [stdout]   = note: `#[warn(unused_imports)]` on by default
[INFO] [stdout] 
[INFO] [stdout] 
[INFO] [stdout] warning: unused import: `struct_iterable_internal::Iterable`
[INFO] [stdout]  --> src/lib.rs:6:5
[INFO] [stdout]   |
[INFO] [stdout] 6 | use struct_iterable_internal::Iterable;
[INFO] [stdout]   |     ^^^^^^^^^^^^^^^^^^^^^^^^^^^^^^^^^^
[INFO] [stdout]   |
[INFO] [stdout]   = note: `#[warn(unused_imports)]` on by default
[INFO] [stdout] 
[INFO] [stdout] 
[INFO] [stderr]     Finished `test` profile [unoptimized + debuginfo] target(s) in 0.69s
[INFO] running `Command { std: "docker" "inspect" "ff81878d38fcc61a60f7a5da5fcdaca4fbfea3d3e0694a7eb4cd99c918d52578", kill_on_drop: false }`
[INFO] running `Command { std: "docker" "rm" "-f" "ff81878d38fcc61a60f7a5da5fcdaca4fbfea3d3e0694a7eb4cd99c918d52578", kill_on_drop: false }`
[INFO] [stdout] ff81878d38fcc61a60f7a5da5fcdaca4fbfea3d3e0694a7eb4cd99c918d52578
[INFO] running `Command { std: "docker" "create" "-v" "/var/lib/crater-agent-workspace/builds/worker-1-tc2/target:/opt/rustwide/target:rw,Z" "-v" "/var/lib/crater-agent-workspace/builds/worker-1-tc2/source:/opt/rustwide/workdir:ro,Z" "-v" "/var/lib/crater-agent-workspace/cargo-home:/opt/rustwide/cargo-home:ro,Z" "-v" "/var/lib/crater-agent-workspace/rustup-home:/opt/rustwide/rustup-home:ro,Z" "-e" "SOURCE_DIR=/opt/rustwide/workdir" "-e" "CARGO_TARGET_DIR=/opt/rustwide/target" "-e" "CARGO_INCREMENTAL=0" "-e" "RUST_BACKTRACE=full" "-e" "RUSTFLAGS=--cap-lints=warn" "-e" "RUSTDOCFLAGS=--cap-lints=warn" "-e" "CARGO_HOME=/opt/rustwide/cargo-home" "-e" "RUSTUP_HOME=/opt/rustwide/rustup-home" "-w" "/opt/rustwide/workdir" "-m" "1610612736" "--user" "0:0" "--network" "none" "ghcr.io/rust-lang/crates-build-env/linux@sha256:f3a9d4ad9d972b27faf3965f35b62e55ba32bbce8f20bc8fe909558a86702fde" "/opt/rustwide/cargo-home/bin/cargo" "+beta-2024-12-08" "test" "--frozen", kill_on_drop: false }`
[INFO] [stdout] e79e574bec7c4e111f4b70d9231ac27d2175e9e4bd0d460332c7ea24179fefce
[INFO] running `Command { std: "docker" "start" "-a" "e79e574bec7c4e111f4b70d9231ac27d2175e9e4bd0d460332c7ea24179fefce", kill_on_drop: false }`
[INFO] [stderr] warning: unused import: `struct_iterable_internal::Iterable`
[INFO] [stderr]  --> src/lib.rs:6:5
[INFO] [stderr]   |
[INFO] [stderr] 6 | use struct_iterable_internal::Iterable;
[INFO] [stderr]   |     ^^^^^^^^^^^^^^^^^^^^^^^^^^^^^^^^^^
[INFO] [stderr]   |
[INFO] [stderr]   = note: `#[warn(unused_imports)]` on by default
[INFO] [stderr] 
[INFO] [stderr] warning: `struct_iterable_derive` (lib) generated 1 warning
[INFO] [stderr] warning: `struct_iterable_derive` (lib test) generated 1 warning (1 duplicate)
[INFO] [stderr]     Finished `test` profile [unoptimized + debuginfo] target(s) in 0.03s
[INFO] [stderr]      Running unittests src/lib.rs (/opt/rustwide/target/debug/deps/struct_iterable_derive-30295c986eff57fd)
[INFO] [stdout] 
[INFO] [stdout] running 0 tests
[INFO] [stdout] 
[INFO] [stdout] test result: ok. 0 passed; 0 failed; 0 ignored; 0 measured; 0 filtered out; finished in 0.00s
[INFO] [stdout] 
[INFO] [stderr]    Doc-tests struct_iterable_derive
[INFO] [stdout] 
[INFO] [stdout] running 2 tests
[INFO] [stdout] test src/lib.rs - derive_iterable (line 21) ... FAILED
[INFO] [stderr] error: doctest failed, to rerun pass `--doc`
[INFO] [stdout] test src/lib.rs - derive_iterable (line 33) ... FAILED
[INFO] [stdout] 
[INFO] [stdout] failures:
[INFO] [stdout] 
[INFO] [stdout] ---- src/lib.rs - derive_iterable (line 21) stdout ----
[INFO] [stdout] error[E0432]: unresolved import `struct_iterable`
[INFO] [stdout]  --> src/lib.rs:22:5
[INFO] [stdout]   |
[INFO] [stdout] 3 | use struct_iterable::Iterable;
[INFO] [stdout]   |     ^^^^^^^^^^^^^^^ use of undeclared crate or module `struct_iterable`
[INFO] [stdout] 
[INFO] [stdout] error: aborting due to 1 previous error
[INFO] [stdout] 
[INFO] [stdout] For more information about this error, try `rustc --explain E0432`.
[INFO] [stdout] Couldn't compile the test.
[INFO] [stdout] ---- src/lib.rs - derive_iterable (line 33) stdout ----
[INFO] [stdout] error[E0422]: cannot find struct, variant or union type `MyStruct` in this scope
[INFO] [stdout]  --> src/lib.rs:34:19
[INFO] [stdout]   |
[INFO] [stdout] 3 | let my_instance = MyStruct {
[INFO] [stdout]   |                   ^^^^^^^^ not found in this scope
[INFO] [stdout] 
[INFO] [stdout] error: aborting due to 1 previous error
[INFO] [stdout] 
[INFO] [stdout] For more information about this error, try `rustc --explain E0422`.
[INFO] [stdout] Couldn't compile the test.
[INFO] [stdout] 
[INFO] [stdout] failures:
[INFO] [stdout]     src/lib.rs - derive_iterable (line 21)
[INFO] [stdout]     src/lib.rs - derive_iterable (line 33)
[INFO] [stdout] 
[INFO] [stdout] test result: FAILED. 0 passed; 2 failed; 0 ignored; 0 measured; 0 filtered out; finished in 0.15s
[INFO] [stdout] 
[INFO] running `Command { std: "docker" "inspect" "e79e574bec7c4e111f4b70d9231ac27d2175e9e4bd0d460332c7ea24179fefce", kill_on_drop: false }`
[INFO] running `Command { std: "docker" "rm" "-f" "e79e574bec7c4e111f4b70d9231ac27d2175e9e4bd0d460332c7ea24179fefce", kill_on_drop: false }`
[INFO] [stdout] e79e574bec7c4e111f4b70d9231ac27d2175e9e4bd0d460332c7ea24179fefce
