[INFO] fetching crate string_template 0.2.1...
[INFO] testing string_template-0.2.1 against beta-2024-12-08 for beta-1.84.0-4-retry
[INFO] extracting crate string_template 0.2.1 into /workspace/builds/worker-4-tc2/source
[INFO] validating manifest of crates.io crate string_template 0.2.1 on toolchain beta-2024-12-08
[INFO] running `Command { std: CARGO_HOME="/workspace/cargo-home" RUSTUP_HOME="/workspace/rustup-home" "/workspace/cargo-home/bin/cargo" "+beta-2024-12-08" "metadata" "--manifest-path" "Cargo.toml" "--no-deps", kill_on_drop: false }`
[INFO] started tweaking crates.io crate string_template 0.2.1
[INFO] finished tweaking crates.io crate string_template 0.2.1
[INFO] tweaked toml for crates.io crate string_template 0.2.1 written to /workspace/builds/worker-4-tc2/source/Cargo.toml
[INFO] running `Command { std: CARGO_HOME="/workspace/cargo-home" RUSTUP_HOME="/workspace/rustup-home" "/workspace/cargo-home/bin/cargo" "+beta-2024-12-08" "generate-lockfile" "--manifest-path" "Cargo.toml", kill_on_drop: false }`
[INFO] [stderr]     Updating crates.io index
[INFO] [stderr]      Locking 5 packages to latest compatible versions
[INFO] running `Command { std: CARGO_HOME="/workspace/cargo-home" RUSTUP_HOME="/workspace/rustup-home" "/workspace/cargo-home/bin/cargo" "+beta-2024-12-08" "fetch" "--manifest-path" "Cargo.toml", kill_on_drop: false }`
[INFO] [stderr] warning: no edition set: defaulting to the 2015 edition while the latest is 2021
[INFO] running `Command { std: "docker" "create" "-v" "/var/lib/crater-agent-workspace/builds/worker-4-tc2/target:/opt/rustwide/target:rw,Z" "-v" "/var/lib/crater-agent-workspace/builds/worker-4-tc2/source:/opt/rustwide/workdir:ro,Z" "-v" "/var/lib/crater-agent-workspace/cargo-home:/opt/rustwide/cargo-home:ro,Z" "-v" "/var/lib/crater-agent-workspace/rustup-home:/opt/rustwide/rustup-home:ro,Z" "-e" "SOURCE_DIR=/opt/rustwide/workdir" "-e" "CARGO_TARGET_DIR=/opt/rustwide/target" "-e" "CARGO_HOME=/opt/rustwide/cargo-home" "-e" "RUSTUP_HOME=/opt/rustwide/rustup-home" "-w" "/opt/rustwide/workdir" "-m" "1610612736" "--user" "0:0" "--network" "none" "ghcr.io/rust-lang/crates-build-env/linux@sha256:f3a9d4ad9d972b27faf3965f35b62e55ba32bbce8f20bc8fe909558a86702fde" "/opt/rustwide/cargo-home/bin/cargo" "+beta-2024-12-08" "metadata" "--no-deps" "--format-version=1", kill_on_drop: false }`
[INFO] [stdout] aa55a86d6a32c6560abecdbbde1041c61b32443834df59e357d267a0ebd81f62
[INFO] running `Command { std: "docker" "start" "-a" "aa55a86d6a32c6560abecdbbde1041c61b32443834df59e357d267a0ebd81f62", kill_on_drop: false }`
[INFO] running `Command { std: "docker" "inspect" "aa55a86d6a32c6560abecdbbde1041c61b32443834df59e357d267a0ebd81f62", kill_on_drop: false }`
[INFO] running `Command { std: "docker" "rm" "-f" "aa55a86d6a32c6560abecdbbde1041c61b32443834df59e357d267a0ebd81f62", kill_on_drop: false }`
[INFO] [stdout] aa55a86d6a32c6560abecdbbde1041c61b32443834df59e357d267a0ebd81f62
[INFO] running `Command { std: "docker" "create" "-v" "/var/lib/crater-agent-workspace/builds/worker-4-tc2/target:/opt/rustwide/target:rw,Z" "-v" "/var/lib/crater-agent-workspace/builds/worker-4-tc2/source:/opt/rustwide/workdir:ro,Z" "-v" "/var/lib/crater-agent-workspace/cargo-home:/opt/rustwide/cargo-home:ro,Z" "-v" "/var/lib/crater-agent-workspace/rustup-home:/opt/rustwide/rustup-home:ro,Z" "-e" "SOURCE_DIR=/opt/rustwide/workdir" "-e" "CARGO_TARGET_DIR=/opt/rustwide/target" "-e" "CARGO_INCREMENTAL=0" "-e" "RUST_BACKTRACE=full" "-e" "RUSTFLAGS=--cap-lints=warn" "-e" "RUSTDOCFLAGS=--cap-lints=warn" "-e" "CARGO_HOME=/opt/rustwide/cargo-home" "-e" "RUSTUP_HOME=/opt/rustwide/rustup-home" "-w" "/opt/rustwide/workdir" "-m" "1610612736" "--user" "0:0" "--network" "none" "ghcr.io/rust-lang/crates-build-env/linux@sha256:f3a9d4ad9d972b27faf3965f35b62e55ba32bbce8f20bc8fe909558a86702fde" "/opt/rustwide/cargo-home/bin/cargo" "+beta-2024-12-08" "build" "--frozen" "--message-format=json", kill_on_drop: false }`
[INFO] [stdout] 3f538bf469726bd5231f7685a5d5791953c82f4e31a17232a2ac6ed10c58a19b
[INFO] running `Command { std: "docker" "start" "-a" "3f538bf469726bd5231f7685a5d5791953c82f4e31a17232a2ac6ed10c58a19b", kill_on_drop: false }`
[INFO] [stderr] warning: no edition set: defaulting to the 2015 edition while the latest is 2021
[INFO] [stderr]    Compiling memchr v2.7.4
[INFO] [stderr]    Compiling regex-syntax v0.8.5
[INFO] [stderr]    Compiling aho-corasick v1.1.3
[INFO] [stderr]    Compiling regex-automata v0.4.9
[INFO] [stderr]    Compiling regex v1.11.1
[INFO] [stderr]    Compiling string_template v0.2.1 (/opt/rustwide/workdir)
[INFO] [stderr]     Finished `dev` profile [unoptimized + debuginfo] target(s) in 10.81s
[INFO] running `Command { std: "docker" "inspect" "3f538bf469726bd5231f7685a5d5791953c82f4e31a17232a2ac6ed10c58a19b", kill_on_drop: false }`
[INFO] running `Command { std: "docker" "rm" "-f" "3f538bf469726bd5231f7685a5d5791953c82f4e31a17232a2ac6ed10c58a19b", kill_on_drop: false }`
[INFO] [stdout] 3f538bf469726bd5231f7685a5d5791953c82f4e31a17232a2ac6ed10c58a19b
[INFO] running `Command { std: "docker" "create" "-v" "/var/lib/crater-agent-workspace/builds/worker-4-tc2/target:/opt/rustwide/target:rw,Z" "-v" "/var/lib/crater-agent-workspace/builds/worker-4-tc2/source:/opt/rustwide/workdir:ro,Z" "-v" "/var/lib/crater-agent-workspace/cargo-home:/opt/rustwide/cargo-home:ro,Z" "-v" "/var/lib/crater-agent-workspace/rustup-home:/opt/rustwide/rustup-home:ro,Z" "-e" "SOURCE_DIR=/opt/rustwide/workdir" "-e" "CARGO_TARGET_DIR=/opt/rustwide/target" "-e" "CARGO_INCREMENTAL=0" "-e" "RUST_BACKTRACE=full" "-e" "RUSTFLAGS=--cap-lints=warn" "-e" "RUSTDOCFLAGS=--cap-lints=warn" "-e" "CARGO_HOME=/opt/rustwide/cargo-home" "-e" "RUSTUP_HOME=/opt/rustwide/rustup-home" "-w" "/opt/rustwide/workdir" "-m" "1610612736" "--user" "0:0" "--network" "none" "ghcr.io/rust-lang/crates-build-env/linux@sha256:f3a9d4ad9d972b27faf3965f35b62e55ba32bbce8f20bc8fe909558a86702fde" "/opt/rustwide/cargo-home/bin/cargo" "+beta-2024-12-08" "test" "--frozen" "--no-run" "--message-format=json", kill_on_drop: false }`
[INFO] [stdout] ae3daa0c4ae936bde8754b19a94e15b6e71bf6d2a9420d58ee90d6fcacb1c225
[INFO] running `Command { std: "docker" "start" "-a" "ae3daa0c4ae936bde8754b19a94e15b6e71bf6d2a9420d58ee90d6fcacb1c225", kill_on_drop: false }`
[INFO] [stderr] warning: no edition set: defaulting to the 2015 edition while the latest is 2021
[INFO] [stderr]    Compiling string_template v0.2.1 (/opt/rustwide/workdir)
[INFO] [stderr]     Finished `test` profile [unoptimized + debuginfo] target(s) in 0.44s
[INFO] running `Command { std: "docker" "inspect" "ae3daa0c4ae936bde8754b19a94e15b6e71bf6d2a9420d58ee90d6fcacb1c225", kill_on_drop: false }`
[INFO] running `Command { std: "docker" "rm" "-f" "ae3daa0c4ae936bde8754b19a94e15b6e71bf6d2a9420d58ee90d6fcacb1c225", kill_on_drop: false }`
[INFO] [stdout] ae3daa0c4ae936bde8754b19a94e15b6e71bf6d2a9420d58ee90d6fcacb1c225
[INFO] running `Command { std: "docker" "create" "-v" "/var/lib/crater-agent-workspace/builds/worker-4-tc2/target:/opt/rustwide/target:rw,Z" "-v" "/var/lib/crater-agent-workspace/builds/worker-4-tc2/source:/opt/rustwide/workdir:ro,Z" "-v" "/var/lib/crater-agent-workspace/cargo-home:/opt/rustwide/cargo-home:ro,Z" "-v" "/var/lib/crater-agent-workspace/rustup-home:/opt/rustwide/rustup-home:ro,Z" "-e" "SOURCE_DIR=/opt/rustwide/workdir" "-e" "CARGO_TARGET_DIR=/opt/rustwide/target" "-e" "CARGO_INCREMENTAL=0" "-e" "RUST_BACKTRACE=full" "-e" "RUSTFLAGS=--cap-lints=warn" "-e" "RUSTDOCFLAGS=--cap-lints=warn" "-e" "CARGO_HOME=/opt/rustwide/cargo-home" "-e" "RUSTUP_HOME=/opt/rustwide/rustup-home" "-w" "/opt/rustwide/workdir" "-m" "1610612736" "--user" "0:0" "--network" "none" "ghcr.io/rust-lang/crates-build-env/linux@sha256:f3a9d4ad9d972b27faf3965f35b62e55ba32bbce8f20bc8fe909558a86702fde" "/opt/rustwide/cargo-home/bin/cargo" "+beta-2024-12-08" "test" "--frozen", kill_on_drop: false }`
[INFO] [stdout] daa8daa6cd2bae64f293fba39e1de806373493d78667e117f74d78db4c4bbd53
[INFO] running `Command { std: "docker" "start" "-a" "daa8daa6cd2bae64f293fba39e1de806373493d78667e117f74d78db4c4bbd53", kill_on_drop: false }`
[INFO] [stderr] warning: no edition set: defaulting to the 2015 edition while the latest is 2021
[INFO] [stderr]     Finished `test` profile [unoptimized + debuginfo] target(s) in 0.02s
[INFO] [stderr]      Running unittests src/lib.rs (/opt/rustwide/target/debug/deps/string_template-129876f685a13f1d)
[INFO] [stderr]    Doc-tests string_template
[INFO] [stdout] 
[INFO] [stdout] running 0 tests
[INFO] [stdout] 
[INFO] [stdout] test result: ok. 0 passed; 0 failed; 0 ignored; 0 measured; 0 filtered out; finished in 0.00s
[INFO] [stdout] 
[INFO] [stdout] 
[INFO] [stdout] running 2 tests
[INFO] [stdout] test src/lib.rs - Template::render_positional (line 101) ... FAILED
[INFO] [stdout] test src/lib.rs - Template::render (line 24) ... FAILED
[INFO] [stderr] error: doctest failed, to rerun pass `--doc`
[INFO] [stdout] 
[INFO] [stdout] failures:
[INFO] [stdout] 
[INFO] [stdout] ---- src/lib.rs - Template::render_positional (line 101) stdout ----
[INFO] [stdout] error[E0433]: failed to resolve: use of undeclared type `Template`
[INFO] [stdout]  --> src/lib.rs:102:16
[INFO] [stdout]   |
[INFO] [stdout] 3 | let template = Template::new("Hi, my name is {{}} and I'm a {{}} developer.");
[INFO] [stdout]   |                ^^^^^^^^ use of undeclared type `Template`
[INFO] [stdout] 
[INFO] [stdout] error: aborting due to 1 previous error
[INFO] [stdout] 
[INFO] [stdout] For more information about this error, try `rustc --explain E0433`.
[INFO] [stdout] Couldn't compile the test.
[INFO] [stdout] ---- src/lib.rs - Template::render (line 24) stdout ----
[INFO] [stdout] error: expected `;`, found keyword `let`
[INFO] [stdout]  --> src/lib.rs:25:9
[INFO] [stdout]   |
[INFO] [stdout] 3 | Examples
[INFO] [stdout]   |         ^ help: add `;` here
[INFO] [stdout] 4 |
[INFO] [stdout] 5 | let template = Template::new("Hi, my name is {{name}} and I'm a {{lang}} developer.");
[INFO] [stdout]   | --- unexpected token
[INFO] [stdout] 
[INFO] [stdout] error[E0433]: failed to resolve: use of undeclared type `HashMap`
[INFO] [stdout]  --> src/lib.rs:29:16
[INFO] [stdout]   |
[INFO] [stdout] 7 | let mut args = HashMap::new();
[INFO] [stdout]   |                ^^^^^^^ use of undeclared type `HashMap`
[INFO] [stdout]   |
[INFO] [stdout] help: consider importing this struct
[INFO] [stdout]   |
[INFO] [stdout] 2 + use std::collections::HashMap;
[INFO] [stdout]   |
[INFO] [stdout] 
[INFO] [stdout] error[E0433]: failed to resolve: use of undeclared type `HashMap`
[INFO] [stdout]   --> src/lib.rs:36:17
[INFO] [stdout]    |
[INFO] [stdout] 14 | let mut args1 = HashMap::new();
[INFO] [stdout]    |                 ^^^^^^^ use of undeclared type `HashMap`
[INFO] [stdout]    |
[INFO] [stdout] help: consider importing this struct
[INFO] [stdout]    |
[INFO] [stdout] 2  + use std::collections::HashMap;
[INFO] [stdout]    |
[INFO] [stdout] 
[INFO] [stdout] error[E0433]: failed to resolve: use of undeclared type `Template`
[INFO] [stdout]  --> src/lib.rs:27:16
[INFO] [stdout]   |
[INFO] [stdout] 5 | let template = Template::new("Hi, my name is {{name}} and I'm a {{lang}} developer.");
[INFO] [stdout]   |                ^^^^^^^^ use of undeclared type `Template`
[INFO] [stdout] 
[INFO] [stdout] error: aborting due to 4 previous errors
[INFO] [stdout] 
[INFO] [stdout] For more information about this error, try `rustc --explain E0433`.
[INFO] [stdout] Couldn't compile the test.
[INFO] [stdout] 
[INFO] [stdout] failures:
[INFO] [stdout]     src/lib.rs - Template::render (line 24)
[INFO] [stdout]     src/lib.rs - Template::render_positional (line 101)
[INFO] [stdout] 
[INFO] [stdout] test result: FAILED. 0 passed; 2 failed; 0 ignored; 0 measured; 0 filtered out; finished in 0.20s
[INFO] [stdout] 
[INFO] running `Command { std: "docker" "inspect" "daa8daa6cd2bae64f293fba39e1de806373493d78667e117f74d78db4c4bbd53", kill_on_drop: false }`
[INFO] running `Command { std: "docker" "rm" "-f" "daa8daa6cd2bae64f293fba39e1de806373493d78667e117f74d78db4c4bbd53", kill_on_drop: false }`
[INFO] [stdout] daa8daa6cd2bae64f293fba39e1de806373493d78667e117f74d78db4c4bbd53
