[INFO] fetching crate string_macros 1.0.1...
[INFO] testing string_macros-1.0.1 against beta-2024-12-08 for beta-1.84.0-4-retry
[INFO] extracting crate string_macros 1.0.1 into /workspace/builds/worker-5-tc2/source
[INFO] validating manifest of crates.io crate string_macros 1.0.1 on toolchain beta-2024-12-08
[INFO] running `Command { std: CARGO_HOME="/workspace/cargo-home" RUSTUP_HOME="/workspace/rustup-home" "/workspace/cargo-home/bin/cargo" "+beta-2024-12-08" "metadata" "--manifest-path" "Cargo.toml" "--no-deps", kill_on_drop: false }`
[INFO] started tweaking crates.io crate string_macros 1.0.1
[INFO] removed 0 missing tests
[INFO] finished tweaking crates.io crate string_macros 1.0.1
[INFO] tweaked toml for crates.io crate string_macros 1.0.1 written to /workspace/builds/worker-5-tc2/source/Cargo.toml
[INFO] running `Command { std: CARGO_HOME="/workspace/cargo-home" RUSTUP_HOME="/workspace/rustup-home" "/workspace/cargo-home/bin/cargo" "+beta-2024-12-08" "generate-lockfile" "--manifest-path" "Cargo.toml", kill_on_drop: false }`
[INFO] running `Command { std: CARGO_HOME="/workspace/cargo-home" RUSTUP_HOME="/workspace/rustup-home" "/workspace/cargo-home/bin/cargo" "+beta-2024-12-08" "fetch" "--manifest-path" "Cargo.toml", kill_on_drop: false }`
[INFO] running `Command { std: "docker" "create" "-v" "/var/lib/crater-agent-workspace/builds/worker-5-tc2/target:/opt/rustwide/target:rw,Z" "-v" "/var/lib/crater-agent-workspace/builds/worker-5-tc2/source:/opt/rustwide/workdir:ro,Z" "-v" "/var/lib/crater-agent-workspace/cargo-home:/opt/rustwide/cargo-home:ro,Z" "-v" "/var/lib/crater-agent-workspace/rustup-home:/opt/rustwide/rustup-home:ro,Z" "-e" "SOURCE_DIR=/opt/rustwide/workdir" "-e" "CARGO_TARGET_DIR=/opt/rustwide/target" "-e" "CARGO_HOME=/opt/rustwide/cargo-home" "-e" "RUSTUP_HOME=/opt/rustwide/rustup-home" "-w" "/opt/rustwide/workdir" "-m" "1610612736" "--user" "0:0" "--network" "none" "ghcr.io/rust-lang/crates-build-env/linux@sha256:f3a9d4ad9d972b27faf3965f35b62e55ba32bbce8f20bc8fe909558a86702fde" "/opt/rustwide/cargo-home/bin/cargo" "+beta-2024-12-08" "metadata" "--no-deps" "--format-version=1", kill_on_drop: false }`
[INFO] [stdout] 092b4a7e2498454ca9e06a925836027bdc5e74e3024bc4d9fa127d45a043bc94
[INFO] running `Command { std: "docker" "start" "-a" "092b4a7e2498454ca9e06a925836027bdc5e74e3024bc4d9fa127d45a043bc94", kill_on_drop: false }`
[INFO] running `Command { std: "docker" "inspect" "092b4a7e2498454ca9e06a925836027bdc5e74e3024bc4d9fa127d45a043bc94", kill_on_drop: false }`
[INFO] running `Command { std: "docker" "rm" "-f" "092b4a7e2498454ca9e06a925836027bdc5e74e3024bc4d9fa127d45a043bc94", kill_on_drop: false }`
[INFO] [stdout] 092b4a7e2498454ca9e06a925836027bdc5e74e3024bc4d9fa127d45a043bc94
[INFO] running `Command { std: "docker" "create" "-v" "/var/lib/crater-agent-workspace/builds/worker-5-tc2/target:/opt/rustwide/target:rw,Z" "-v" "/var/lib/crater-agent-workspace/builds/worker-5-tc2/source:/opt/rustwide/workdir:ro,Z" "-v" "/var/lib/crater-agent-workspace/cargo-home:/opt/rustwide/cargo-home:ro,Z" "-v" "/var/lib/crater-agent-workspace/rustup-home:/opt/rustwide/rustup-home:ro,Z" "-e" "SOURCE_DIR=/opt/rustwide/workdir" "-e" "CARGO_TARGET_DIR=/opt/rustwide/target" "-e" "CARGO_INCREMENTAL=0" "-e" "RUST_BACKTRACE=full" "-e" "RUSTFLAGS=--cap-lints=warn" "-e" "RUSTDOCFLAGS=--cap-lints=warn" "-e" "CARGO_HOME=/opt/rustwide/cargo-home" "-e" "RUSTUP_HOME=/opt/rustwide/rustup-home" "-w" "/opt/rustwide/workdir" "-m" "1610612736" "--user" "0:0" "--network" "none" "ghcr.io/rust-lang/crates-build-env/linux@sha256:f3a9d4ad9d972b27faf3965f35b62e55ba32bbce8f20bc8fe909558a86702fde" "/opt/rustwide/cargo-home/bin/cargo" "+beta-2024-12-08" "build" "--frozen" "--message-format=json", kill_on_drop: false }`
[INFO] [stdout] dc81161664010b8ffdd274c0fc164ddcea75c3ca0514b791ffd3be6630c4fa13
[INFO] running `Command { std: "docker" "start" "-a" "dc81161664010b8ffdd274c0fc164ddcea75c3ca0514b791ffd3be6630c4fa13", kill_on_drop: false }`
[INFO] [stderr]    Compiling string_macros v1.0.1 (/opt/rustwide/workdir)
[INFO] [stderr]     Finished `dev` profile [unoptimized + debuginfo] target(s) in 0.61s
[INFO] running `Command { std: "docker" "inspect" "dc81161664010b8ffdd274c0fc164ddcea75c3ca0514b791ffd3be6630c4fa13", kill_on_drop: false }`
[INFO] running `Command { std: "docker" "rm" "-f" "dc81161664010b8ffdd274c0fc164ddcea75c3ca0514b791ffd3be6630c4fa13", kill_on_drop: false }`
[INFO] [stdout] dc81161664010b8ffdd274c0fc164ddcea75c3ca0514b791ffd3be6630c4fa13
[INFO] running `Command { std: "docker" "create" "-v" "/var/lib/crater-agent-workspace/builds/worker-5-tc2/target:/opt/rustwide/target:rw,Z" "-v" "/var/lib/crater-agent-workspace/builds/worker-5-tc2/source:/opt/rustwide/workdir:ro,Z" "-v" "/var/lib/crater-agent-workspace/cargo-home:/opt/rustwide/cargo-home:ro,Z" "-v" "/var/lib/crater-agent-workspace/rustup-home:/opt/rustwide/rustup-home:ro,Z" "-e" "SOURCE_DIR=/opt/rustwide/workdir" "-e" "CARGO_TARGET_DIR=/opt/rustwide/target" "-e" "CARGO_INCREMENTAL=0" "-e" "RUST_BACKTRACE=full" "-e" "RUSTFLAGS=--cap-lints=warn" "-e" "RUSTDOCFLAGS=--cap-lints=warn" "-e" "CARGO_HOME=/opt/rustwide/cargo-home" "-e" "RUSTUP_HOME=/opt/rustwide/rustup-home" "-w" "/opt/rustwide/workdir" "-m" "1610612736" "--user" "0:0" "--network" "none" "ghcr.io/rust-lang/crates-build-env/linux@sha256:f3a9d4ad9d972b27faf3965f35b62e55ba32bbce8f20bc8fe909558a86702fde" "/opt/rustwide/cargo-home/bin/cargo" "+beta-2024-12-08" "test" "--frozen" "--no-run" "--message-format=json", kill_on_drop: false }`
[INFO] [stdout] 5561094b665f263d05d756ac055bc05058c83da1afcbcf46abf6fc314910e59c
[INFO] running `Command { std: "docker" "start" "-a" "5561094b665f263d05d756ac055bc05058c83da1afcbcf46abf6fc314910e59c", kill_on_drop: false }`
[INFO] [stderr]    Compiling string_macros v1.0.1 (/opt/rustwide/workdir)
[INFO] [stderr]     Finished `test` profile [unoptimized + debuginfo] target(s) in 0.98s
[INFO] running `Command { std: "docker" "inspect" "5561094b665f263d05d756ac055bc05058c83da1afcbcf46abf6fc314910e59c", kill_on_drop: false }`
[INFO] running `Command { std: "docker" "rm" "-f" "5561094b665f263d05d756ac055bc05058c83da1afcbcf46abf6fc314910e59c", kill_on_drop: false }`
[INFO] [stdout] 5561094b665f263d05d756ac055bc05058c83da1afcbcf46abf6fc314910e59c
[INFO] running `Command { std: "docker" "create" "-v" "/var/lib/crater-agent-workspace/builds/worker-5-tc2/target:/opt/rustwide/target:rw,Z" "-v" "/var/lib/crater-agent-workspace/builds/worker-5-tc2/source:/opt/rustwide/workdir:ro,Z" "-v" "/var/lib/crater-agent-workspace/cargo-home:/opt/rustwide/cargo-home:ro,Z" "-v" "/var/lib/crater-agent-workspace/rustup-home:/opt/rustwide/rustup-home:ro,Z" "-e" "SOURCE_DIR=/opt/rustwide/workdir" "-e" "CARGO_TARGET_DIR=/opt/rustwide/target" "-e" "CARGO_INCREMENTAL=0" "-e" "RUST_BACKTRACE=full" "-e" "RUSTFLAGS=--cap-lints=warn" "-e" "RUSTDOCFLAGS=--cap-lints=warn" "-e" "CARGO_HOME=/opt/rustwide/cargo-home" "-e" "RUSTUP_HOME=/opt/rustwide/rustup-home" "-w" "/opt/rustwide/workdir" "-m" "1610612736" "--user" "0:0" "--network" "none" "ghcr.io/rust-lang/crates-build-env/linux@sha256:f3a9d4ad9d972b27faf3965f35b62e55ba32bbce8f20bc8fe909558a86702fde" "/opt/rustwide/cargo-home/bin/cargo" "+beta-2024-12-08" "test" "--frozen", kill_on_drop: false }`
[INFO] [stdout] 8560920a7639e42bc59cd867cc9e6d458baa1db4e5738316c876367f615c3f81
[INFO] running `Command { std: "docker" "start" "-a" "8560920a7639e42bc59cd867cc9e6d458baa1db4e5738316c876367f615c3f81", kill_on_drop: false }`
[INFO] [stdout] 
[INFO] [stderr]     Finished `test` profile [unoptimized + debuginfo] target(s) in 0.01s
[INFO] [stdout] running 0 tests
[INFO] [stderr]      Running unittests src/lib.rs (/opt/rustwide/target/debug/deps/string_macros-792f316ef99b690d)
[INFO] [stdout] 
[INFO] [stderr]      Running tests/ascii.rs (/opt/rustwide/target/debug/deps/ascii-980ebf3e0c4b935a)
[INFO] [stdout] test result: ok. 0 passed; 0 failed; 0 ignored; 0 measured; 0 filtered out; finished in 0.00s
[INFO] [stdout] 
[INFO] [stdout] 
[INFO] [stdout] running 2 tests
[INFO] [stdout] test ascii_upper ... ok
[INFO] [stdout] test ascii_lower ... ok
[INFO] [stderr]    Doc-tests string_macros
[INFO] [stdout] 
[INFO] [stdout] test result: ok. 2 passed; 0 failed; 0 ignored; 0 measured; 0 filtered out; finished in 0.01s
[INFO] [stdout] 
[INFO] [stdout] 
[INFO] [stdout] running 2 tests
[INFO] [stdout] test src/ascii.rs - ascii_lowercase (line 15) ... FAILED
[INFO] [stdout] test src/ascii.rs - ascii_uppercase (line 42) ... FAILED
[INFO] [stdout] 
[INFO] [stdout] failures:
[INFO] [stdout] 
[INFO] [stdout] ---- src/ascii.rs - ascii_lowercase (line 15) stdout ----
[INFO] [stdout] error: cannot find macro `ascii_lowercase` in this scope
[INFO] [stdout]  --> src/ascii.rs:16:9
[INFO] [stdout]   |
[INFO] [stdout] 3 | let a = ascii_lowercase!("ABC");
[INFO] [stdout]   |         ^^^^^^^^^^^^^^^
[INFO] [stdout]   |
[INFO] [stdout] help: consider importing this macro
[INFO] [stdout]   |
[INFO] [stdout] 2 + use string_macros::ascii_lowercase;
[INFO] [stdout]   |
[INFO] [stdout] 
[INFO] [stdout] error: aborting due to 1 previous error
[INFO] [stdout] 
[INFO] [stdout] Couldn't compile the test.
[INFO] [stdout] ---- src/ascii.rs - ascii_uppercase (line 42) stdout ----
[INFO] [stdout] error: cannot find macro `ascii_uppercase` in this scope
[INFO] [stdout]  --> src/ascii.rs:43:9
[INFO] [stdout]   |
[INFO] [stdout] 3 | let a = ascii_uppercase!("abc");
[INFO] [stdout]   |         ^^^^^^^^^^^^^^^
[INFO] [stdout]   |
[INFO] [stdout] help: consider importing this macro
[INFO] [stdout]   |
[INFO] [stdout] 2 + use string_macros::ascii_uppercase;
[INFO] [stdout]   |
[INFO] [stdout] 
[INFO] [stdout] error: aborting due to 1 previous error
[INFO] [stdout] 
[INFO] [stdout] Couldn't compile the test.
[INFO] [stdout] 
[INFO] [stdout] failures:
[INFO] [stdout]     src/ascii.rs - ascii_lowercase (line 15)
[INFO] [stdout]     src/ascii.rs - ascii_uppercase (line 42)
[INFO] [stdout] 
[INFO] [stdout] test result: FAILED. 0 passed; 2 failed; 0 ignored; 0 measured; 0 filtered out; finished in 0.15s
[INFO] [stdout] 
[INFO] [stderr] error: doctest failed, to rerun pass `--doc`
[INFO] running `Command { std: "docker" "inspect" "8560920a7639e42bc59cd867cc9e6d458baa1db4e5738316c876367f615c3f81", kill_on_drop: false }`
[INFO] running `Command { std: "docker" "rm" "-f" "8560920a7639e42bc59cd867cc9e6d458baa1db4e5738316c876367f615c3f81", kill_on_drop: false }`
[INFO] [stdout] 8560920a7639e42bc59cd867cc9e6d458baa1db4e5738316c876367f615c3f81
