[INFO] fetching crate string_error_wrap 1.0.1...
[INFO] testing string_error_wrap-1.0.1 against 1.83.0 for beta-1.84.0-4-retry
[INFO] extracting crate string_error_wrap 1.0.1 into /workspace/builds/worker-5-tc1/source
[INFO] validating manifest of crates.io crate string_error_wrap 1.0.1 on toolchain 1.83.0
[INFO] running `Command { std: CARGO_HOME="/workspace/cargo-home" RUSTUP_HOME="/workspace/rustup-home" "/workspace/cargo-home/bin/cargo" "+1.83.0" "metadata" "--manifest-path" "Cargo.toml" "--no-deps", kill_on_drop: false }`
[INFO] started tweaking crates.io crate string_error_wrap 1.0.1
[INFO] finished tweaking crates.io crate string_error_wrap 1.0.1
[INFO] tweaked toml for crates.io crate string_error_wrap 1.0.1 written to /workspace/builds/worker-5-tc1/source/Cargo.toml
[INFO] running `Command { std: CARGO_HOME="/workspace/cargo-home" RUSTUP_HOME="/workspace/rustup-home" "/workspace/cargo-home/bin/cargo" "+1.83.0" "generate-lockfile" "--manifest-path" "Cargo.toml", kill_on_drop: false }`
[INFO] running `Command { std: CARGO_HOME="/workspace/cargo-home" RUSTUP_HOME="/workspace/rustup-home" "/workspace/cargo-home/bin/cargo" "+1.83.0" "fetch" "--manifest-path" "Cargo.toml", kill_on_drop: false }`
[INFO] running `Command { std: "docker" "create" "-v" "/var/lib/crater-agent-workspace/builds/worker-5-tc1/target:/opt/rustwide/target:rw,Z" "-v" "/var/lib/crater-agent-workspace/builds/worker-5-tc1/source:/opt/rustwide/workdir:ro,Z" "-v" "/var/lib/crater-agent-workspace/cargo-home:/opt/rustwide/cargo-home:ro,Z" "-v" "/var/lib/crater-agent-workspace/rustup-home:/opt/rustwide/rustup-home:ro,Z" "-e" "SOURCE_DIR=/opt/rustwide/workdir" "-e" "CARGO_TARGET_DIR=/opt/rustwide/target" "-e" "CARGO_HOME=/opt/rustwide/cargo-home" "-e" "RUSTUP_HOME=/opt/rustwide/rustup-home" "-w" "/opt/rustwide/workdir" "-m" "1610612736" "--user" "0:0" "--network" "none" "ghcr.io/rust-lang/crates-build-env/linux@sha256:f3a9d4ad9d972b27faf3965f35b62e55ba32bbce8f20bc8fe909558a86702fde" "/opt/rustwide/cargo-home/bin/cargo" "+1.83.0" "metadata" "--no-deps" "--format-version=1", kill_on_drop: false }`
[INFO] [stdout] 75cde52efa5088d06cfd3d6bb956b842a97c6df3ac34217e80a6d08afa8e6408
[INFO] running `Command { std: "docker" "start" "-a" "75cde52efa5088d06cfd3d6bb956b842a97c6df3ac34217e80a6d08afa8e6408", kill_on_drop: false }`
[INFO] running `Command { std: "docker" "inspect" "75cde52efa5088d06cfd3d6bb956b842a97c6df3ac34217e80a6d08afa8e6408", kill_on_drop: false }`
[INFO] running `Command { std: "docker" "rm" "-f" "75cde52efa5088d06cfd3d6bb956b842a97c6df3ac34217e80a6d08afa8e6408", kill_on_drop: false }`
[INFO] [stdout] 75cde52efa5088d06cfd3d6bb956b842a97c6df3ac34217e80a6d08afa8e6408
[INFO] running `Command { std: "docker" "create" "-v" "/var/lib/crater-agent-workspace/builds/worker-5-tc1/target:/opt/rustwide/target:rw,Z" "-v" "/var/lib/crater-agent-workspace/builds/worker-5-tc1/source:/opt/rustwide/workdir:ro,Z" "-v" "/var/lib/crater-agent-workspace/cargo-home:/opt/rustwide/cargo-home:ro,Z" "-v" "/var/lib/crater-agent-workspace/rustup-home:/opt/rustwide/rustup-home:ro,Z" "-e" "SOURCE_DIR=/opt/rustwide/workdir" "-e" "CARGO_TARGET_DIR=/opt/rustwide/target" "-e" "CARGO_INCREMENTAL=0" "-e" "RUST_BACKTRACE=full" "-e" "RUSTFLAGS=--cap-lints=warn" "-e" "RUSTDOCFLAGS=--cap-lints=warn" "-e" "CARGO_HOME=/opt/rustwide/cargo-home" "-e" "RUSTUP_HOME=/opt/rustwide/rustup-home" "-w" "/opt/rustwide/workdir" "-m" "1610612736" "--user" "0:0" "--network" "none" "ghcr.io/rust-lang/crates-build-env/linux@sha256:f3a9d4ad9d972b27faf3965f35b62e55ba32bbce8f20bc8fe909558a86702fde" "/opt/rustwide/cargo-home/bin/cargo" "+1.83.0" "build" "--frozen" "--message-format=json", kill_on_drop: false }`
[INFO] [stdout] 9b30a4e4dee2fd678fa5ace1d570ee98fc53905b4917d37e2f266101cdea906b
[INFO] running `Command { std: "docker" "start" "-a" "9b30a4e4dee2fd678fa5ace1d570ee98fc53905b4917d37e2f266101cdea906b", kill_on_drop: false }`
[INFO] [stderr]    Compiling string_error_wrap v1.0.1 (/opt/rustwide/workdir)
[INFO] [stderr]     Finished `dev` profile [unoptimized + debuginfo] target(s) in 0.07s
[INFO] running `Command { std: "docker" "inspect" "9b30a4e4dee2fd678fa5ace1d570ee98fc53905b4917d37e2f266101cdea906b", kill_on_drop: false }`
[INFO] running `Command { std: "docker" "rm" "-f" "9b30a4e4dee2fd678fa5ace1d570ee98fc53905b4917d37e2f266101cdea906b", kill_on_drop: false }`
[INFO] [stdout] 9b30a4e4dee2fd678fa5ace1d570ee98fc53905b4917d37e2f266101cdea906b
[INFO] running `Command { std: "docker" "create" "-v" "/var/lib/crater-agent-workspace/builds/worker-5-tc1/target:/opt/rustwide/target:rw,Z" "-v" "/var/lib/crater-agent-workspace/builds/worker-5-tc1/source:/opt/rustwide/workdir:ro,Z" "-v" "/var/lib/crater-agent-workspace/cargo-home:/opt/rustwide/cargo-home:ro,Z" "-v" "/var/lib/crater-agent-workspace/rustup-home:/opt/rustwide/rustup-home:ro,Z" "-e" "SOURCE_DIR=/opt/rustwide/workdir" "-e" "CARGO_TARGET_DIR=/opt/rustwide/target" "-e" "CARGO_INCREMENTAL=0" "-e" "RUST_BACKTRACE=full" "-e" "RUSTFLAGS=--cap-lints=warn" "-e" "RUSTDOCFLAGS=--cap-lints=warn" "-e" "CARGO_HOME=/opt/rustwide/cargo-home" "-e" "RUSTUP_HOME=/opt/rustwide/rustup-home" "-w" "/opt/rustwide/workdir" "-m" "1610612736" "--user" "0:0" "--network" "none" "ghcr.io/rust-lang/crates-build-env/linux@sha256:f3a9d4ad9d972b27faf3965f35b62e55ba32bbce8f20bc8fe909558a86702fde" "/opt/rustwide/cargo-home/bin/cargo" "+1.83.0" "test" "--frozen" "--no-run" "--message-format=json", kill_on_drop: false }`
[INFO] [stdout] ed1fdcb9c1f20852d6f411e88eb5a51b2f36d4a290dd10cca4711259abeb09dd
[INFO] running `Command { std: "docker" "start" "-a" "ed1fdcb9c1f20852d6f411e88eb5a51b2f36d4a290dd10cca4711259abeb09dd", kill_on_drop: false }`
[INFO] [stderr]    Compiling string_error_wrap v1.0.1 (/opt/rustwide/workdir)
[INFO] [stderr]     Finished `test` profile [unoptimized + debuginfo] target(s) in 0.34s
[INFO] running `Command { std: "docker" "inspect" "ed1fdcb9c1f20852d6f411e88eb5a51b2f36d4a290dd10cca4711259abeb09dd", kill_on_drop: false }`
[INFO] running `Command { std: "docker" "rm" "-f" "ed1fdcb9c1f20852d6f411e88eb5a51b2f36d4a290dd10cca4711259abeb09dd", kill_on_drop: false }`
[INFO] [stdout] ed1fdcb9c1f20852d6f411e88eb5a51b2f36d4a290dd10cca4711259abeb09dd
[INFO] running `Command { std: "docker" "create" "-v" "/var/lib/crater-agent-workspace/builds/worker-5-tc1/target:/opt/rustwide/target:rw,Z" "-v" "/var/lib/crater-agent-workspace/builds/worker-5-tc1/source:/opt/rustwide/workdir:ro,Z" "-v" "/var/lib/crater-agent-workspace/cargo-home:/opt/rustwide/cargo-home:ro,Z" "-v" "/var/lib/crater-agent-workspace/rustup-home:/opt/rustwide/rustup-home:ro,Z" "-e" "SOURCE_DIR=/opt/rustwide/workdir" "-e" "CARGO_TARGET_DIR=/opt/rustwide/target" "-e" "CARGO_INCREMENTAL=0" "-e" "RUST_BACKTRACE=full" "-e" "RUSTFLAGS=--cap-lints=warn" "-e" "RUSTDOCFLAGS=--cap-lints=warn" "-e" "CARGO_HOME=/opt/rustwide/cargo-home" "-e" "RUSTUP_HOME=/opt/rustwide/rustup-home" "-w" "/opt/rustwide/workdir" "-m" "1610612736" "--user" "0:0" "--network" "none" "ghcr.io/rust-lang/crates-build-env/linux@sha256:f3a9d4ad9d972b27faf3965f35b62e55ba32bbce8f20bc8fe909558a86702fde" "/opt/rustwide/cargo-home/bin/cargo" "+1.83.0" "test" "--frozen", kill_on_drop: false }`
[INFO] [stdout] 6332bfa8f5673cf04c08b71858ce955989f02fd593190d1effe4cb4fb0b51e6b
[INFO] running `Command { std: "docker" "start" "-a" "6332bfa8f5673cf04c08b71858ce955989f02fd593190d1effe4cb4fb0b51e6b", kill_on_drop: false }`
[INFO] [stderr]     Finished `test` profile [unoptimized + debuginfo] target(s) in 0.02s
[INFO] [stderr]      Running unittests src/lib.rs (/opt/rustwide/target/debug/deps/string_error_wrap-0c671f9d01cb0638)
[INFO] [stdout] 
[INFO] [stdout] running 0 tests
[INFO] [stdout] 
[INFO] [stdout] test result: ok. 0 passed; 0 failed; 0 ignored; 0 measured; 0 filtered out; finished in 0.00s
[INFO] [stdout] 
[INFO] [stderr]    Doc-tests string_error_wrap
[INFO] [stdout] 
[INFO] [stdout] running 2 tests
[INFO] [stdout] test src/lib.rs - (line 9) ... FAILED
[INFO] [stdout] test src/lib.rs - wrapper_gen (line 24) ... ok
[INFO] [stdout] 
[INFO] [stdout] failures:
[INFO] [stdout] 
[INFO] [stdout] ---- src/lib.rs - (line 9) stdout ----
[INFO] [stdout] error[E0433]: failed to resolve: could not find `wrapper` in `string_error_wrap`
[INFO] [stdout]  --> src/lib.rs:12:20
[INFO] [stdout]   |
[INFO] [stdout] 5 | string_error_wrap::wrapper!(SomeError);
[INFO] [stdout]   |                    ^^^^^^^ could not find `wrapper` in `string_error_wrap`
[INFO] [stdout] 
[INFO] [stdout] error[E0412]: cannot find type `SomeError` in this scope
[INFO] [stdout]  --> src/lib.rs:14:25
[INFO] [stdout]   |
[INFO] [stdout] 7 | fn main() -> Result<(), SomeError> {
[INFO] [stdout]   |                         ^^^^^^^^^ not found in this scope
[INFO] [stdout] 
[INFO] [stdout] error[E0425]: cannot find function `other_function` in this scope
[INFO] [stdout]   --> src/lib.rs:18:5
[INFO] [stdout]    |
[INFO] [stdout] 11 |     other_function().map_err(SomeError::from)?;
[INFO] [stdout]    |     ^^^^^^^^^^^^^^ not found in this scope
[INFO] [stdout] 
[INFO] [stdout] error[E0433]: failed to resolve: use of undeclared type `SomeError`
[INFO] [stdout]   --> src/lib.rs:18:30
[INFO] [stdout]    |
[INFO] [stdout] 11 |     other_function().map_err(SomeError::from)?;
[INFO] [stdout]    |                              ^^^^^^^^^ use of undeclared type `SomeError`
[INFO] [stdout] 
[INFO] [stdout] error: aborting due to 4 previous errors
[INFO] [stdout] 
[INFO] [stdout] Some errors have detailed explanations: E0412, E0425, E0433.
[INFO] [stdout] For more information about an error, try `rustc --explain E0412`.
[INFO] [stdout] Couldn't compile the test.
[INFO] [stdout] 
[INFO] [stdout] failures:
[INFO] [stdout]     src/lib.rs - (line 9)
[INFO] [stdout] 
[INFO] [stdout] test result: FAILED. 1 passed; 1 failed; 0 ignored; 0 measured; 0 filtered out; finished in 0.30s
[INFO] [stdout] 
[INFO] [stderr] error: doctest failed, to rerun pass `--doc`
[INFO] running `Command { std: "docker" "inspect" "6332bfa8f5673cf04c08b71858ce955989f02fd593190d1effe4cb4fb0b51e6b", kill_on_drop: false }`
[INFO] running `Command { std: "docker" "rm" "-f" "6332bfa8f5673cf04c08b71858ce955989f02fd593190d1effe4cb4fb0b51e6b", kill_on_drop: false }`
[INFO] [stdout] 6332bfa8f5673cf04c08b71858ce955989f02fd593190d1effe4cb4fb0b51e6b
