[INFO] fetching crate streamflow-sdk 0.7.0...
[INFO] testing streamflow-sdk-0.7.0 against 1.83.0 for beta-1.84.0-4-retry
[INFO] extracting crate streamflow-sdk 0.7.0 into /workspace/builds/worker-1-tc1/source
[INFO] validating manifest of crates.io crate streamflow-sdk 0.7.0 on toolchain 1.83.0
[INFO] running `Command { std: CARGO_HOME="/workspace/cargo-home" RUSTUP_HOME="/workspace/rustup-home" "/workspace/cargo-home/bin/cargo" "+1.83.0" "metadata" "--manifest-path" "Cargo.toml" "--no-deps", kill_on_drop: false }`
[INFO] started tweaking crates.io crate streamflow-sdk 0.7.0
[INFO] finished tweaking crates.io crate streamflow-sdk 0.7.0
[INFO] tweaked toml for crates.io crate streamflow-sdk 0.7.0 written to /workspace/builds/worker-1-tc1/source/Cargo.toml
[INFO] running `Command { std: CARGO_HOME="/workspace/cargo-home" RUSTUP_HOME="/workspace/rustup-home" "/workspace/cargo-home/bin/cargo" "+1.83.0" "generate-lockfile" "--manifest-path" "Cargo.toml", kill_on_drop: false }`
[INFO] [stderr]     Blocking waiting for file lock on package cache
[INFO] [stderr]     Updating crates.io index
[INFO] [stderr]     Blocking waiting for file lock on package cache
[INFO] [stderr]      Locking 253 packages to latest compatible versions
[INFO] [stderr]       Adding subtle v2.4.1 (available: v2.6.1)
[INFO] [stderr]       Adding zeroize v1.3.0 (available: v1.8.1)
[INFO] running `Command { std: CARGO_HOME="/workspace/cargo-home" RUSTUP_HOME="/workspace/rustup-home" "/workspace/cargo-home/bin/cargo" "+1.83.0" "fetch" "--manifest-path" "Cargo.toml", kill_on_drop: false }`
[INFO] [stderr]  Downloading crates ...
[INFO] [stderr]   Downloaded spl-token-2022 v3.0.5
[INFO] running `Command { std: "docker" "create" "-v" "/var/lib/crater-agent-workspace/builds/worker-1-tc1/target:/opt/rustwide/target:rw,Z" "-v" "/var/lib/crater-agent-workspace/builds/worker-1-tc1/source:/opt/rustwide/workdir:ro,Z" "-v" "/var/lib/crater-agent-workspace/cargo-home:/opt/rustwide/cargo-home:ro,Z" "-v" "/var/lib/crater-agent-workspace/rustup-home:/opt/rustwide/rustup-home:ro,Z" "-e" "SOURCE_DIR=/opt/rustwide/workdir" "-e" "CARGO_TARGET_DIR=/opt/rustwide/target" "-e" "CARGO_HOME=/opt/rustwide/cargo-home" "-e" "RUSTUP_HOME=/opt/rustwide/rustup-home" "-w" "/opt/rustwide/workdir" "-m" "1610612736" "--user" "0:0" "--network" "none" "ghcr.io/rust-lang/crates-build-env/linux@sha256:f3a9d4ad9d972b27faf3965f35b62e55ba32bbce8f20bc8fe909558a86702fde" "/opt/rustwide/cargo-home/bin/cargo" "+1.83.0" "metadata" "--no-deps" "--format-version=1", kill_on_drop: false }`
[INFO] [stdout] a0dfffced8d0794299e7dab50693f6d5b269137d3351f7c145e418407d798b2f
[INFO] running `Command { std: "docker" "start" "-a" "a0dfffced8d0794299e7dab50693f6d5b269137d3351f7c145e418407d798b2f", kill_on_drop: false }`
[INFO] running `Command { std: "docker" "inspect" "a0dfffced8d0794299e7dab50693f6d5b269137d3351f7c145e418407d798b2f", kill_on_drop: false }`
[INFO] running `Command { std: "docker" "rm" "-f" "a0dfffced8d0794299e7dab50693f6d5b269137d3351f7c145e418407d798b2f", kill_on_drop: false }`
[INFO] [stdout] a0dfffced8d0794299e7dab50693f6d5b269137d3351f7c145e418407d798b2f
[INFO] running `Command { std: "docker" "create" "-v" "/var/lib/crater-agent-workspace/builds/worker-1-tc1/target:/opt/rustwide/target:rw,Z" "-v" "/var/lib/crater-agent-workspace/builds/worker-1-tc1/source:/opt/rustwide/workdir:ro,Z" "-v" "/var/lib/crater-agent-workspace/cargo-home:/opt/rustwide/cargo-home:ro,Z" "-v" "/var/lib/crater-agent-workspace/rustup-home:/opt/rustwide/rustup-home:ro,Z" "-e" "SOURCE_DIR=/opt/rustwide/workdir" "-e" "CARGO_TARGET_DIR=/opt/rustwide/target" "-e" "CARGO_INCREMENTAL=0" "-e" "RUST_BACKTRACE=full" "-e" "RUSTFLAGS=--cap-lints=warn" "-e" "RUSTDOCFLAGS=--cap-lints=warn" "-e" "CARGO_HOME=/opt/rustwide/cargo-home" "-e" "RUSTUP_HOME=/opt/rustwide/rustup-home" "-w" "/opt/rustwide/workdir" "-m" "1610612736" "--user" "0:0" "--network" "none" "ghcr.io/rust-lang/crates-build-env/linux@sha256:f3a9d4ad9d972b27faf3965f35b62e55ba32bbce8f20bc8fe909558a86702fde" "/opt/rustwide/cargo-home/bin/cargo" "+1.83.0" "build" "--frozen" "--message-format=json", kill_on_drop: false }`
[INFO] [stdout] 2906d5bec1cf48d41c4780c433221bff9cbb06c87ca865a01b1a80db724c326d
[INFO] running `Command { std: "docker" "start" "-a" "2906d5bec1cf48d41c4780c433221bff9cbb06c87ca865a01b1a80db724c326d", kill_on_drop: false }`
[INFO] [stderr]    Compiling proc-macro2 v1.0.92
[INFO] [stderr]    Compiling unicode-ident v1.0.14
[INFO] [stderr]    Compiling version_check v0.9.5
[INFO] [stderr]    Compiling typenum v1.17.0
[INFO] [stderr]    Compiling cfg-if v1.0.0
[INFO] [stderr]    Compiling serde v1.0.216
[INFO] [stderr]    Compiling libc v0.2.168
[INFO] [stderr]    Compiling syn v1.0.109
[INFO] [stderr]    Compiling subtle v2.4.1
[INFO] [stderr]    Compiling cpufeatures v0.2.16
[INFO] [stderr]    Compiling byteorder v1.5.0
[INFO] [stderr]    Compiling autocfg v1.4.0
[INFO] [stderr]    Compiling memchr v2.7.4
[INFO] [stderr]    Compiling thiserror v1.0.69
[INFO] [stderr]    Compiling anyhow v1.0.94
[INFO] [stderr]    Compiling once_cell v1.20.2
[INFO] [stderr]    Compiling semver v1.0.24
[INFO] [stderr]    Compiling serde_json v1.0.133
[INFO] [stderr]    Compiling ryu v1.0.18
[INFO] [stderr]    Compiling itoa v1.0.14
[INFO] [stderr]    Compiling getrandom v0.1.16
[INFO] [stderr]    Compiling opaque-debug v0.3.1
[INFO] [stderr]    Compiling either v1.13.0
[INFO] [stderr]    Compiling crunchy v0.2.2
[INFO] [stderr]    Compiling crossbeam-utils v0.8.20
[INFO] [stderr]    Compiling equivalent v1.0.1
[INFO] [stderr]    Compiling hashbrown v0.15.2
[INFO] [stderr]    Compiling num-traits v0.2.19
[INFO] [stderr]    Compiling generic-array v0.14.7
[INFO] [stderr]    Compiling ahash v0.8.11
[INFO] [stderr]    Compiling block-padding v0.2.1
[INFO] [stderr]    Compiling paste v1.0.15
[INFO] [stderr]    Compiling rustc_version v0.4.1
[INFO] [stderr]    Compiling toml_datetime v0.6.8
[INFO] [stderr]    Compiling indexmap v2.7.0
[INFO] [stderr]    Compiling wasm-bindgen-shared v0.2.99
[INFO] [stderr]    Compiling shlex v1.3.0
[INFO] [stderr]    Compiling winnow v0.6.20
[INFO] [stderr]    Compiling itertools v0.10.5
[INFO] [stderr]    Compiling rayon-core v1.12.1
[INFO] [stderr]    Compiling crossbeam-epoch v0.9.18
[INFO] [stderr]    Compiling ahash v0.7.8
[INFO] [stderr]    Compiling bumpalo v3.16.0
[INFO] [stderr]    Compiling feature-probe v0.1.1
[INFO] [stderr]    Compiling quote v1.0.37
[INFO] [stderr]    Compiling crossbeam-deque v0.8.5
[INFO] [stderr]    Compiling log v0.4.22
[INFO] [stderr]    Compiling syn v2.0.90
[INFO] [stderr]    Compiling num-integer v0.1.46
[INFO] [stderr]    Compiling bv v0.11.1
[INFO] [stderr]    Compiling bitmaps v2.1.0
[INFO] [stderr]    Compiling solana-frozen-abi-macro v1.18.26
[INFO] [stderr]    Compiling jobserver v0.1.32
[INFO] [stderr]    Compiling im v15.1.0
[INFO] [stderr]    Compiling lazy_static v1.5.0
[INFO] [stderr]    Compiling rustversion v1.0.18
[INFO] [stderr]    Compiling num-bigint v0.4.6
[INFO] [stderr]    Compiling keccak v0.1.5
[INFO] [stderr]    Compiling tinyvec_macros v0.1.1
[INFO] [stderr]    Compiling cfg_aliases v0.2.1
[INFO] [stderr]    Compiling borsh v1.5.3
[INFO] [stderr]    Compiling tinyvec v1.8.0
[INFO] [stderr]    Compiling cc v1.2.4
[INFO] [stderr]    Compiling sized-chunks v0.6.5
[INFO] [stderr]    Compiling block-buffer v0.10.4
[INFO] [stderr]    Compiling crypto-common v0.1.6
[INFO] [stderr]    Compiling digest v0.9.0
[INFO] [stderr]    Compiling rayon v1.10.0
[INFO] [stderr]    Compiling digest v0.10.7
[INFO] [stderr]    Compiling solana-frozen-abi v1.18.26
[INFO] [stderr]    Compiling libsecp256k1-core v0.2.2
[INFO] [stderr]    Compiling sha2 v0.10.8
[INFO] [stderr]    Compiling memoffset v0.9.1
[INFO] [stderr]    Compiling getrandom v0.2.15
[INFO] [stderr]    Compiling wasm-bindgen v0.2.99
[INFO] [stderr]    Compiling rand_core v0.6.4
[INFO] [stderr]    Compiling toml_edit v0.22.22
[INFO] [stderr]    Compiling rand_core v0.5.1
[INFO] [stderr]    Compiling rand_xoshiro v0.6.0
[INFO] [stderr]    Compiling arrayref v0.3.9
[INFO] [stderr]    Compiling libsecp256k1-gen-ecmult v0.2.1
[INFO] [stderr]    Compiling libsecp256k1-gen-genmult v0.2.1
[INFO] [stderr]    Compiling bs58 v0.4.0
[INFO] [stderr]    Compiling hashbrown v0.11.2
[INFO] [stderr]    Compiling unicode-normalization v0.1.24
[INFO] [stderr]    Compiling memmap2 v0.5.10
[INFO] [stderr]    Compiling arrayvec v0.7.6
[INFO] [stderr]    Compiling rustc-hash v1.1.0
[INFO] [stderr]    Compiling constant_time_eq v0.3.1
[INFO] [stderr]    Compiling base64 v0.12.3
[INFO] [stderr]    Compiling base64 v0.21.7
[INFO] [stderr]    Compiling libsecp256k1 v0.6.0
[INFO] [stderr]    Compiling fnv v1.0.7
[INFO] [stderr]    Compiling ident_case v1.0.1
[INFO] [stderr]    Compiling strsim v0.11.1
[INFO] [stderr]    Compiling aho-corasick v1.1.3
[INFO] [stderr]    Compiling regex-syntax v0.8.5
[INFO] [stderr]    Compiling signature v1.6.4
[INFO] [stderr]    Compiling ed25519 v1.5.3
[INFO] [stderr]    Compiling atty v0.2.14
[INFO] [stderr]    Compiling unicode-segmentation v1.12.0
[INFO] [stderr]    Compiling termcolor v1.4.1
[INFO] [stderr]    Compiling humantime v2.1.0
[INFO] [stderr]    Compiling solana-sdk v1.18.26
[INFO] [stderr]    Compiling derivation-path v0.2.0
[INFO] [stderr]    Compiling percent-encoding v2.3.1
[INFO] [stderr]    Compiling heck v0.3.3
[INFO] [stderr]    Compiling uriparse v0.6.4
[INFO] [stderr]    Compiling qstring v0.7.2
[INFO] [stderr]    Compiling chrono v0.4.39
[INFO] [stderr]    Compiling siphasher v0.3.11
[INFO] [stderr]    Compiling bs58 v0.5.1
[INFO] [stderr]    Compiling assert_matches v1.5.0
[INFO] [stderr]    Compiling solana-security-txt v1.1.1
[INFO] [stderr]    Compiling proc-macro-crate v3.2.0
[INFO] [stderr]    Compiling blake3 v1.5.5
[INFO] [stderr]    Compiling solana-program v1.18.26
[INFO] [stderr]    Compiling regex-automata v0.4.9
[INFO] [stderr]    Compiling wasm-bindgen-backend v0.2.99
[INFO] [stderr]    Compiling darling_core v0.20.10
[INFO] [stderr]    Compiling borsh-derive-internal v0.10.4
[INFO] [stderr]    Compiling borsh-schema-derive-internal v0.9.3
[INFO] [stderr]    Compiling borsh-schema-derive-internal v0.10.4
[INFO] [stderr]    Compiling borsh-derive-internal v0.9.3
[INFO] [stderr]    Compiling wasm-bindgen-macro-support v0.2.99
[INFO] [stderr]    Compiling serde_derive v1.0.216
[INFO] [stderr]    Compiling zerocopy-derive v0.7.35
[INFO] [stderr]    Compiling thiserror-impl v1.0.69
[INFO] [stderr]    Compiling zeroize_derive v1.4.2
[INFO] [stderr]    Compiling bytemuck_derive v1.8.0
[INFO] [stderr]    Compiling borsh-derive v1.5.3
[INFO] [stderr]    Compiling num-derive v0.4.2
[INFO] [stderr]    Compiling solana-sdk-macro v1.18.26
[INFO] [stderr]    Compiling num_enum_derive v0.7.3
[INFO] [stderr]    Compiling qualifier_attr v0.2.2
[INFO] [stderr]    Compiling spl-program-error-derive v0.4.1
[INFO] [stderr]    Compiling ark-serialize-derive v0.4.2
[INFO] [stderr]    Compiling ark-ff-asm v0.4.2
[INFO] [stderr]    Compiling ark-ff-macros v0.4.2
[INFO] [stderr]    Compiling derivative v2.2.0
[INFO] [stderr]    Compiling regex v1.11.1
[INFO] [stderr]    Compiling wasm-bindgen-macro v0.2.99
[INFO] [stderr]    Compiling anchor-derive-space v0.30.1
[INFO] [stderr]    Compiling env_logger v0.9.3
[INFO] [stderr]    Compiling zeroize v1.3.0
[INFO] [stderr]    Compiling zerocopy v0.7.35
[INFO] [stderr]    Compiling merlin v3.0.0
[INFO] [stderr]    Compiling bytemuck v1.20.0
[INFO] [stderr]    Compiling solana-logger v1.18.26
[INFO] [stderr]    Compiling num_enum v0.7.3
[INFO] [stderr]    Compiling darling_macro v0.20.10
[INFO] [stderr]    Compiling spl-discriminator-syn v0.2.0
[INFO] [stderr]    Compiling ppv-lite86 v0.2.20
[INFO] [stderr]    Compiling hashbrown v0.13.2
[INFO] [stderr]    Compiling spl-discriminator-derive v0.2.0
[INFO] [stderr]    Compiling rand_chacha v0.3.1
[INFO] [stderr]    Compiling rand_chacha v0.2.2
[INFO] [stderr]    Compiling rand v0.8.5
[INFO] [stderr]    Compiling rand v0.7.3
[INFO] [stderr]    Compiling darling v0.20.10
[INFO] [stderr]    Compiling serde_with_macros v2.3.3
[INFO] [stderr]    Compiling ark-std v0.4.0
[INFO] [stderr]    Compiling toml v0.5.11
[INFO] [stderr]    Compiling anchor-lang-idl-spec v0.1.0
[INFO] [stderr]    Compiling serde_bytes v0.11.15
[INFO] [stderr]    Compiling bincode v1.3.3
[INFO] [stderr]    Compiling bitflags v2.6.0
[INFO] [stderr]    Compiling serde_with v2.3.3
[INFO] [stderr]    Compiling anchor-syn v0.30.1
[INFO] [stderr]    Compiling anchor-lang-idl v0.1.1
[INFO] [stderr]    Compiling block-buffer v0.9.0
[INFO] [stderr]    Compiling crypto-mac v0.8.0
[INFO] [stderr]    Compiling cipher v0.3.0
[INFO] [stderr]    Compiling universal-hash v0.4.1
[INFO] [stderr]    Compiling aead v0.4.3
[INFO] [stderr]    Compiling polyval v0.5.3
[INFO] [stderr]    Compiling pbkdf2 v0.4.0
[INFO] [stderr]    Compiling sha2 v0.9.9
[INFO] [stderr]    Compiling hmac v0.8.1
[INFO] [stderr]    Compiling curve25519-dalek v3.2.1
[INFO] [stderr]    Compiling aes v0.7.5
[INFO] [stderr]    Compiling proc-macro-crate v0.1.5
[INFO] [stderr]    Compiling ctr v0.8.0
[INFO] [stderr]    Compiling sha3 v0.9.1
[INFO] [stderr]    Compiling ark-serialize v0.4.2
[INFO] [stderr]    Compiling hmac-drbg v0.3.0
[INFO] [stderr]    Compiling sha3 v0.10.8
[INFO] [stderr]    Compiling ark-ff v0.4.2
[INFO] [stderr]    Compiling hmac v0.12.1
[INFO] [stderr]    Compiling pbkdf2 v0.11.0
[INFO] [stderr]    Compiling aes-gcm-siv v0.10.3
[INFO] [stderr]    Compiling tiny-bip39 v0.8.2
[INFO] [stderr]    Compiling borsh-derive v0.9.3
[INFO] [stderr]    Compiling borsh-derive v0.10.4
[INFO] [stderr]    Compiling ed25519-dalek v1.0.1
[INFO] [stderr]    Compiling ed25519-dalek-bip32 v0.2.0
[INFO] [stderr]    Compiling borsh v0.10.4
[INFO] [stderr]    Compiling borsh v0.9.3
[INFO] [stderr]    Compiling anchor-derive-serde v0.30.1
[INFO] [stderr]    Compiling anchor-attribute-constant v0.30.1
[INFO] [stderr]    Compiling anchor-attribute-error v0.30.1
[INFO] [stderr]    Compiling anchor-derive-accounts v0.30.1
[INFO] [stderr]    Compiling anchor-attribute-program v0.30.1
[INFO] [stderr]    Compiling anchor-attribute-access-control v0.30.1
[INFO] [stderr]    Compiling anchor-attribute-event v0.30.1
[INFO] [stderr]    Compiling anchor-attribute-account v0.30.1
[INFO] [stderr]    Compiling ark-poly v0.4.2
[INFO] [stderr]    Compiling ark-ec v0.4.2
[INFO] [stderr]    Compiling ark-bn254 v0.4.0
[INFO] [stderr]    Compiling light-poseidon v0.2.0
[INFO] [stderr]    Compiling spl-program-error v0.4.4
[INFO] [stderr]    Compiling spl-discriminator v0.2.5
[INFO] [stderr]    Compiling spl-token v4.0.3
[INFO] [stderr]    Compiling spl-memo v4.0.4
[INFO] [stderr]    Compiling anchor-lang v0.30.1
[INFO] [stderr]    Compiling solana-zk-token-sdk v1.18.26
[INFO] [stderr]    Compiling spl-pod v0.2.5
[INFO] [stderr]    Compiling spl-type-length-value v0.4.6
[INFO] [stderr]    Compiling spl-token-group-interface v0.2.5
[INFO] [stderr]    Compiling spl-tlv-account-resolution v0.6.5
[INFO] [stderr]    Compiling spl-token-metadata-interface v0.3.5
[INFO] [stderr]    Compiling spl-transfer-hook-interface v0.6.5
[INFO] [stderr]    Compiling spl-token-2022 v3.0.5
[INFO] [stderr]    Compiling spl-associated-token-account v3.0.4
[INFO] [stderr]    Compiling anchor-spl v0.30.1
[INFO] [stderr]    Compiling streamflow-sdk v0.7.0 (/opt/rustwide/workdir)
[INFO] [stderr]     Finished `dev` profile [unoptimized + debuginfo] target(s) in 1m 44s
[INFO] running `Command { std: "docker" "inspect" "2906d5bec1cf48d41c4780c433221bff9cbb06c87ca865a01b1a80db724c326d", kill_on_drop: false }`
[INFO] running `Command { std: "docker" "rm" "-f" "2906d5bec1cf48d41c4780c433221bff9cbb06c87ca865a01b1a80db724c326d", kill_on_drop: false }`
[INFO] [stdout] 2906d5bec1cf48d41c4780c433221bff9cbb06c87ca865a01b1a80db724c326d
[INFO] running `Command { std: "docker" "create" "-v" "/var/lib/crater-agent-workspace/builds/worker-1-tc1/target:/opt/rustwide/target:rw,Z" "-v" "/var/lib/crater-agent-workspace/builds/worker-1-tc1/source:/opt/rustwide/workdir:ro,Z" "-v" "/var/lib/crater-agent-workspace/cargo-home:/opt/rustwide/cargo-home:ro,Z" "-v" "/var/lib/crater-agent-workspace/rustup-home:/opt/rustwide/rustup-home:ro,Z" "-e" "SOURCE_DIR=/opt/rustwide/workdir" "-e" "CARGO_TARGET_DIR=/opt/rustwide/target" "-e" "CARGO_INCREMENTAL=0" "-e" "RUST_BACKTRACE=full" "-e" "RUSTFLAGS=--cap-lints=warn" "-e" "RUSTDOCFLAGS=--cap-lints=warn" "-e" "CARGO_HOME=/opt/rustwide/cargo-home" "-e" "RUSTUP_HOME=/opt/rustwide/rustup-home" "-w" "/opt/rustwide/workdir" "-m" "1610612736" "--user" "0:0" "--network" "none" "ghcr.io/rust-lang/crates-build-env/linux@sha256:f3a9d4ad9d972b27faf3965f35b62e55ba32bbce8f20bc8fe909558a86702fde" "/opt/rustwide/cargo-home/bin/cargo" "+1.83.0" "test" "--frozen" "--no-run" "--message-format=json", kill_on_drop: false }`
[INFO] [stdout] ea3dd7bc8dad26b9b75097e8ef62b7cfa5233cceff4d0f63cf060921a4c2652a
[INFO] running `Command { std: "docker" "start" "-a" "ea3dd7bc8dad26b9b75097e8ef62b7cfa5233cceff4d0f63cf060921a4c2652a", kill_on_drop: false }`
[INFO] [stderr]    Compiling streamflow-sdk v0.7.0 (/opt/rustwide/workdir)
[INFO] [stderr]     Finished `test` profile [unoptimized + debuginfo] target(s) in 3.57s
[INFO] running `Command { std: "docker" "inspect" "ea3dd7bc8dad26b9b75097e8ef62b7cfa5233cceff4d0f63cf060921a4c2652a", kill_on_drop: false }`
[INFO] running `Command { std: "docker" "rm" "-f" "ea3dd7bc8dad26b9b75097e8ef62b7cfa5233cceff4d0f63cf060921a4c2652a", kill_on_drop: false }`
[INFO] [stdout] ea3dd7bc8dad26b9b75097e8ef62b7cfa5233cceff4d0f63cf060921a4c2652a
[INFO] running `Command { std: "docker" "create" "-v" "/var/lib/crater-agent-workspace/builds/worker-1-tc1/target:/opt/rustwide/target:rw,Z" "-v" "/var/lib/crater-agent-workspace/builds/worker-1-tc1/source:/opt/rustwide/workdir:ro,Z" "-v" "/var/lib/crater-agent-workspace/cargo-home:/opt/rustwide/cargo-home:ro,Z" "-v" "/var/lib/crater-agent-workspace/rustup-home:/opt/rustwide/rustup-home:ro,Z" "-e" "SOURCE_DIR=/opt/rustwide/workdir" "-e" "CARGO_TARGET_DIR=/opt/rustwide/target" "-e" "CARGO_INCREMENTAL=0" "-e" "RUST_BACKTRACE=full" "-e" "RUSTFLAGS=--cap-lints=warn" "-e" "RUSTDOCFLAGS=--cap-lints=warn" "-e" "CARGO_HOME=/opt/rustwide/cargo-home" "-e" "RUSTUP_HOME=/opt/rustwide/rustup-home" "-w" "/opt/rustwide/workdir" "-m" "1610612736" "--user" "0:0" "--network" "none" "ghcr.io/rust-lang/crates-build-env/linux@sha256:f3a9d4ad9d972b27faf3965f35b62e55ba32bbce8f20bc8fe909558a86702fde" "/opt/rustwide/cargo-home/bin/cargo" "+1.83.0" "test" "--frozen", kill_on_drop: false }`
[INFO] [stdout] fbdfd72414f3ca0cfef04ac3b2fc0686cbd1b650104e42d9114de8088d5c2d4a
[INFO] running `Command { std: "docker" "start" "-a" "fbdfd72414f3ca0cfef04ac3b2fc0686cbd1b650104e42d9114de8088d5c2d4a", kill_on_drop: false }`
[INFO] [stderr]     Finished `test` profile [unoptimized + debuginfo] target(s) in 0.19s
[INFO] [stderr]      Running unittests src/lib.rs (/opt/rustwide/target/debug/deps/streamflow_sdk-8f4e34b225fa7f63)
[INFO] [stdout] 
[INFO] [stdout] running 1 test
[INFO] [stdout] test test_id ... ok
[INFO] [stdout] 
[INFO] [stdout] test result: ok. 1 passed; 0 failed; 0 ignored; 0 measured; 0 filtered out; finished in 0.00s
[INFO] [stdout] 
[INFO] [stderr]    Doc-tests streamflow_sdk
[INFO] [stdout] 
[INFO] [stdout] running 1 test
[INFO] [stdout] test src/lib.rs - streamflow_sdk (line 35) ... FAILED
[INFO] [stdout] 
[INFO] [stdout] failures:
[INFO] [stdout] 
[INFO] [stdout] ---- src/lib.rs - streamflow_sdk (line 35) stdout ----
[INFO] [stdout] error: init_if_needed requires that anchor-lang be imported with the init-if-needed cargo feature enabled. Carefully read the init_if_needed docs before using this feature to make sure you know how to protect yourself against re-initialization attacks.
[INFO] [stdout]    --> src/lib.rs:144:9
[INFO] [stdout]     |
[INFO] [stdout] 112 |         init_if_needed,
[INFO] [stdout]     |         ^^^^^^^^^^^^^^
[INFO] [stdout] 
[INFO] [stdout] error[E0433]: failed to resolve: could not find `cpi` in `streamflow_sdk`
[INFO] [stdout]    --> src/lib.rs:44:21
[INFO] [stdout]     |
[INFO] [stdout] 12  | use streamflow_sdk::cpi::accounts::{
[INFO] [stdout]     |                     ^^^ could not find `cpi` in `streamflow_sdk`
[INFO] [stdout]     |
[INFO] [stdout] note: found an item that was configured out
[INFO] [stdout]    --> /opt/rustwide/workdir/src/lib.rs:196:1
[INFO] [stdout]     |
[INFO] [stdout] 196 | #[program]
[INFO] [stdout]     | ^^^^^^^^^^
[INFO] [stdout] note: the item is gated behind the `cpi` feature
[INFO] [stdout]    --> /opt/rustwide/workdir/src/lib.rs:196:1
[INFO] [stdout]     |
[INFO] [stdout] 196 | #[program]
[INFO] [stdout]     | ^^^^^^^^^^
[INFO] [stdout]     = note: this error originates in the attribute macro `program` (in Nightly builds, run with -Z macro-backtrace for more info)
[INFO] [stdout] 
[INFO] [stdout] error[E0432]: unresolved import `self::example_program`
[INFO] [stdout]   --> src/lib.rs:57:9
[INFO] [stdout]    |
[INFO] [stdout] 25 | pub mod example_program {
[INFO] [stdout]    |         ^^^^^^^^^^^^^^^ could not find `example_program` in the crate root
[INFO] [stdout] 
[INFO] [stdout] error[E0432]: unresolved import `crate`
[INFO] [stdout]   --> src/lib.rs:56:1
[INFO] [stdout]    |
[INFO] [stdout] 24 | #[program]
[INFO] [stdout]    | ^^^^^^^^^^ could not find `__client_accounts_create` in the crate root
[INFO] [stdout]    |
[INFO] [stdout]    = note: this error originates in the attribute macro `program` (in Nightly builds, run with -Z macro-backtrace for more info)
[INFO] [stdout] 
[INFO] [stdout] error: cannot find attribute `account` in this scope
[INFO] [stdout]   --> src/lib.rs:56:1
[INFO] [stdout]    |
[INFO] [stdout] 24 | #[program]
[INFO] [stdout]    | ^^^^^^^^^^
[INFO] [stdout]    |
[INFO] [stdout]    = help: consider importing this attribute macro:
[INFO] [stdout]            anchor_lang::account
[INFO] [stdout]    = note: this error originates in the attribute macro `program` (in Nightly builds, run with -Z macro-backtrace for more info)
[INFO] [stdout] 
[INFO] [stdout] error: cannot find derive macro `Accounts` in this scope
[INFO] [stdout]   --> src/lib.rs:56:1
[INFO] [stdout]    |
[INFO] [stdout] 24 | #[program]
[INFO] [stdout]    | ^^^^^^^^^^
[INFO] [stdout]    |
[INFO] [stdout]    = help: consider importing this derive macro:
[INFO] [stdout]            anchor_lang::Accounts
[INFO] [stdout]    = note: this error originates in the attribute macro `program` (in Nightly builds, run with -Z macro-backtrace for more info)
[INFO] [stdout] 
[INFO] [stdout] error: cannot find macro `require_eq` in this scope
[INFO] [stdout]   --> src/lib.rs:56:1
[INFO] [stdout]    |
[INFO] [stdout] 24 | #[program]
[INFO] [stdout]    | ^^^^^^^^^^
[INFO] [stdout]    |
[INFO] [stdout]    = help: consider importing this macro:
[INFO] [stdout]            anchor_lang::require_eq
[INFO] [stdout]    = note: this error originates in the attribute macro `program` (in Nightly builds, run with -Z macro-backtrace for more info)
[INFO] [stdout] 
[INFO] [stdout] error: cannot find macro `require_gte` in this scope
[INFO] [stdout]   --> src/lib.rs:56:1
[INFO] [stdout]    |
[INFO] [stdout] 24 | #[program]
[INFO] [stdout]    | ^^^^^^^^^^
[INFO] [stdout]    |
[INFO] [stdout]    = help: consider importing this macro:
[INFO] [stdout]            anchor_lang::require_gte
[INFO] [stdout]    = note: this error originates in the attribute macro `program` (in Nightly builds, run with -Z macro-backtrace for more info)
[INFO] [stdout] 
[INFO] [stdout] error: cannot find macro `msg` in this scope
[INFO] [stdout]   --> src/lib.rs:80:9
[INFO] [stdout]    |
[INFO] [stdout] 48 |         msg!("Got create");
[INFO] [stdout]    |         ^^^
[INFO] [stdout]    |
[INFO] [stdout] help: consider importing this macro
[INFO] [stdout]    |
[INFO] [stdout] 26 +     use anchor_lang::prelude::msg;
[INFO] [stdout]    |
[INFO] [stdout] 
[INFO] [stdout] error: cannot find derive macro `AnchorSerialize` in this scope
[INFO] [stdout]   --> src/lib.rs:56:1
[INFO] [stdout]    |
[INFO] [stdout] 24 | #[program]
[INFO] [stdout]    | ^^^^^^^^^^
[INFO] [stdout]    |
[INFO] [stdout]    = help: consider importing this derive macro:
[INFO] [stdout]            anchor_lang::AnchorSerialize
[INFO] [stdout]    = note: this error originates in the attribute macro `program` (in Nightly builds, run with -Z macro-backtrace for more info)
[INFO] [stdout] 
[INFO] [stdout] error: cannot find derive macro `AnchorDeserialize` in this scope
[INFO] [stdout]   --> src/lib.rs:56:1
[INFO] [stdout]    |
[INFO] [stdout] 24 | #[program]
[INFO] [stdout]    | ^^^^^^^^^^
[INFO] [stdout]    |
[INFO] [stdout]    = help: consider importing this derive macro:
[INFO] [stdout]            anchor_lang::AnchorDeserialize
[INFO] [stdout]    = note: this error originates in the attribute macro `program` (in Nightly builds, run with -Z macro-backtrace for more info)
[INFO] [stdout] 
[INFO] [stdout] error[E0107]: enum takes 2 generic arguments but 1 generic argument was supplied
[INFO] [stdout]   --> src/lib.rs:79:10
[INFO] [stdout]    |
[INFO] [stdout] 47 |     ) -> Result<()> {
[INFO] [stdout]    |          ^^^^^^ -- supplied 1 generic argument
[INFO] [stdout]    |          |
[INFO] [stdout]    |          expected 2 generic arguments
[INFO] [stdout]    |
[INFO] [stdout] help: add missing generic argument
[INFO] [stdout]    |
[INFO] [stdout] 47 |     ) -> Result<(), E> {
[INFO] [stdout]    |                   +++
[INFO] [stdout] 
[INFO] [stdout] error[E0277]: the trait bound `_doctest_main_src_lib_rs_35_0::instruction::Create: AnchorSerialize` is not satisfied
[INFO] [stdout]    --> src/lib.rs:61:12
[INFO] [stdout]     |
[INFO] [stdout] 29  |     pub fn create(
[INFO] [stdout]     |            ^^^^^^ the trait `AnchorSerialize` is not implemented for `_doctest_main_src_lib_rs_35_0::instruction::Create`
[INFO] [stdout]     |
[INFO] [stdout]     = help: the following other types implement trait `AnchorSerialize`:
[INFO] [stdout]               &T
[INFO] [stdout]               ()
[INFO] [stdout]               (T0, T1)
[INFO] [stdout]               (T0, T1, T2)
[INFO] [stdout]               (T0, T1, T2, T3)
[INFO] [stdout]               (T0, T1, T2, T3, T4)
[INFO] [stdout]               (T0, T1, T2, T3, T4, T5)
[INFO] [stdout]               (T0, T1, T2, T3, T4, T5, T6)
[INFO] [stdout]             and 181 others
[INFO] [stdout] note: required by a bound in `InstructionData`
[INFO] [stdout]    --> /opt/rustwide/cargo-home/registry/src/index.crates.io-6f17d22bba15001f/anchor-lang-0.30.1/src/lib.rs:279:44
[INFO] [stdout]     |
[INFO] [stdout] 279 | pub trait InstructionData: Discriminator + AnchorSerialize {
[INFO] [stdout]     |                                            ^^^^^^^^^^^^^^^ required by this bound in `InstructionData`
[INFO] [stdout] 
[INFO] [stdout] error[E0599]: no variant or associated item named `deserialize` found for enum `IdlInstruction` in the current scope
[INFO] [stdout]   --> src/lib.rs:56:1
[INFO] [stdout]    |
[INFO] [stdout] 24 | #[program]
[INFO] [stdout]    | ^^^^^^^^^^ variant or associated item not found in `IdlInstruction`
[INFO] [stdout]    |
[INFO] [stdout]    = help: items from traits can only be used if the trait is in scope
[INFO] [stdout]    = note: this error originates in the attribute macro `program` (in Nightly builds, run with -Z macro-backtrace for more info)
[INFO] [stdout] help: trait `BorshDeserialize` which provides `deserialize` is implemented but not in scope; perhaps you want to import it
[INFO] [stdout]    |
[INFO] [stdout] 24 + use anchor_lang::AnchorDeserialize;
[INFO] [stdout]    |
[INFO] [stdout] help: there is a method `serialize` with a similar name
[INFO] [stdout]    |
[INFO] [stdout] 24 | serialize
[INFO] [stdout]    |
[INFO] [stdout] 
[INFO] [stdout] error[E0277]: the trait bound `IdlCreateAccounts<'_>: Bumps` is not satisfied
[INFO] [stdout]   --> src/lib.rs:56:1
[INFO] [stdout]    |
[INFO] [stdout] 24 | #[program]
[INFO] [stdout]    | ^^^^^^^^^^ the trait `Bumps` is not implemented for `IdlCreateAccounts<'_>`
[INFO] [stdout]    |
[INFO] [stdout]    = help: the following other types implement trait `Bumps`:
[INFO] [stdout]              CreateNonceAccount<'info>
[INFO] [stdout]              CreateNonceAccountWithSeed<'info>
[INFO] [stdout]              DefaultAccountStateInitialize<'info>
[INFO] [stdout]              DefaultAccountStateUpdate<'info>
[INFO] [stdout]              GroupMemberPointerInitialize<'info>
[INFO] [stdout]              GroupMemberPointerUpdate<'info>
[INFO] [stdout]              GroupPointerInitialize<'info>
[INFO] [stdout]              GroupPointerUpdate<'info>
[INFO] [stdout]            and 85 others
[INFO] [stdout]    = note: this error originates in the attribute macro `program` (in Nightly builds, run with -Z macro-backtrace for more info)
[INFO] [stdout] 
[INFO] [stdout] error[E0599]: no function or associated item named `try_accounts` found for struct `IdlCreateAccounts` in the current scope
[INFO] [stdout]   --> src/lib.rs:56:1
[INFO] [stdout]    |
[INFO] [stdout] 24 | #[program]
[INFO] [stdout]    | ^^^^^^^^^^
[INFO] [stdout]    | |
[INFO] [stdout]    | function or associated item not found in `IdlCreateAccounts<'_>`
[INFO] [stdout]    | function or associated item `try_accounts` not found for this struct
[INFO] [stdout]    |
[INFO] [stdout]    = help: items from traits can only be used if the trait is implemented and in scope
[INFO] [stdout]    = note: the following trait defines an item `try_accounts`, perhaps you need to implement it:
[INFO] [stdout]            candidate #1: `anchor_lang::Accounts`
[INFO] [stdout] help: there is a method `try_into` with a similar name, but with different arguments
[INFO] [stdout]   --> /rustc/90b35a6239c3d8bdabc530a6a0816f7ff89a0aaf/library/core/src/convert/mod.rs:611:5
[INFO] [stdout]    = note: this error originates in the attribute macro `program` (in Nightly builds, run with -Z macro-backtrace for more info)
[INFO] [stdout] 
[INFO] [stdout] error[E0277]: the trait bound `IdlResizeAccount<'_>: Bumps` is not satisfied
[INFO] [stdout]   --> src/lib.rs:56:1
[INFO] [stdout]    |
[INFO] [stdout] 24 | #[program]
[INFO] [stdout]    | ^^^^^^^^^^ the trait `Bumps` is not implemented for `IdlResizeAccount<'_>`
[INFO] [stdout]    |
[INFO] [stdout]    = help: the following other types implement trait `Bumps`:
[INFO] [stdout]              CreateNonceAccount<'info>
[INFO] [stdout]              CreateNonceAccountWithSeed<'info>
[INFO] [stdout]              DefaultAccountStateInitialize<'info>
[INFO] [stdout]              DefaultAccountStateUpdate<'info>
[INFO] [stdout]              GroupMemberPointerInitialize<'info>
[INFO] [stdout]              GroupMemberPointerUpdate<'info>
[INFO] [stdout]              GroupPointerInitialize<'info>
[INFO] [stdout]              GroupPointerUpdate<'info>
[INFO] [stdout]            and 85 others
[INFO] [stdout]    = note: this error originates in the attribute macro `program` (in Nightly builds, run with -Z macro-backtrace for more info)
[INFO] [stdout] 
[INFO] [stdout] error[E0599]: no function or associated item named `try_accounts` found for struct `IdlResizeAccount` in the current scope
[INFO] [stdout]   --> src/lib.rs:56:1
[INFO] [stdout]    |
[INFO] [stdout] 24 | #[program]
[INFO] [stdout]    | ^^^^^^^^^^
[INFO] [stdout]    | |
[INFO] [stdout]    | function or associated item not found in `IdlResizeAccount<'_>`
[INFO] [stdout]    | function or associated item `try_accounts` not found for this struct
[INFO] [stdout]    |
[INFO] [stdout]    = help: items from traits can only be used if the trait is implemented and in scope
[INFO] [stdout]    = note: the following trait defines an item `try_accounts`, perhaps you need to implement it:
[INFO] [stdout]            candidate #1: `anchor_lang::Accounts`
[INFO] [stdout] help: there is a method `try_into` with a similar name, but with different arguments
[INFO] [stdout]   --> /rustc/90b35a6239c3d8bdabc530a6a0816f7ff89a0aaf/library/core/src/convert/mod.rs:611:5
[INFO] [stdout]    = note: this error originates in the attribute macro `program` (in Nightly builds, run with -Z macro-backtrace for more info)
[INFO] [stdout] 
[INFO] [stdout] error[E0277]: the trait bound `IdlCloseAccount<'_>: Bumps` is not satisfied
[INFO] [stdout]   --> src/lib.rs:56:1
[INFO] [stdout]    |
[INFO] [stdout] 24 | #[program]
[INFO] [stdout]    | ^^^^^^^^^^ the trait `Bumps` is not implemented for `IdlCloseAccount<'_>`
[INFO] [stdout]    |
[INFO] [stdout]    = help: the following other types implement trait `Bumps`:
[INFO] [stdout]              CreateNonceAccount<'info>
[INFO] [stdout]              CreateNonceAccountWithSeed<'info>
[INFO] [stdout]              DefaultAccountStateInitialize<'info>
[INFO] [stdout]              DefaultAccountStateUpdate<'info>
[INFO] [stdout]              GroupMemberPointerInitialize<'info>
[INFO] [stdout]              GroupMemberPointerUpdate<'info>
[INFO] [stdout]              GroupPointerInitialize<'info>
[INFO] [stdout]              GroupPointerUpdate<'info>
[INFO] [stdout]            and 85 others
[INFO] [stdout]    = note: this error originates in the attribute macro `program` (in Nightly builds, run with -Z macro-backtrace for more info)
[INFO] [stdout] 
[INFO] [stdout] error[E0599]: no function or associated item named `try_accounts` found for struct `IdlCloseAccount` in the current scope
[INFO] [stdout]   --> src/lib.rs:56:1
[INFO] [stdout]    |
[INFO] [stdout] 24 | #[program]
[INFO] [stdout]    | ^^^^^^^^^^
[INFO] [stdout]    | |
[INFO] [stdout]    | function or associated item not found in `IdlCloseAccount<'_>`
[INFO] [stdout]    | function or associated item `try_accounts` not found for this struct
[INFO] [stdout]    |
[INFO] [stdout]    = help: items from traits can only be used if the trait is implemented and in scope
[INFO] [stdout]    = note: the following trait defines an item `try_accounts`, perhaps you need to implement it:
[INFO] [stdout]            candidate #1: `anchor_lang::Accounts`
[INFO] [stdout] help: there is a method `try_into` with a similar name, but with different arguments
[INFO] [stdout]   --> /rustc/90b35a6239c3d8bdabc530a6a0816f7ff89a0aaf/library/core/src/convert/mod.rs:611:5
[INFO] [stdout]    = note: this error originates in the attribute macro `program` (in Nightly builds, run with -Z macro-backtrace for more info)
[INFO] [stdout] 
[INFO] [stdout] error[E0277]: the trait bound `IdlCreateBuffer<'_>: Bumps` is not satisfied
[INFO] [stdout]   --> src/lib.rs:56:1
[INFO] [stdout]    |
[INFO] [stdout] 24 | #[program]
[INFO] [stdout]    | ^^^^^^^^^^ the trait `Bumps` is not implemented for `IdlCreateBuffer<'_>`
[INFO] [stdout]    |
[INFO] [stdout]    = help: the following other types implement trait `Bumps`:
[INFO] [stdout]              CreateNonceAccount<'info>
[INFO] [stdout]              CreateNonceAccountWithSeed<'info>
[INFO] [stdout]              DefaultAccountStateInitialize<'info>
[INFO] [stdout]              DefaultAccountStateUpdate<'info>
[INFO] [stdout]              GroupMemberPointerInitialize<'info>
[INFO] [stdout]              GroupMemberPointerUpdate<'info>
[INFO] [stdout]              GroupPointerInitialize<'info>
[INFO] [stdout]              GroupPointerUpdate<'info>
[INFO] [stdout]            and 85 others
[INFO] [stdout]    = note: this error originates in the attribute macro `program` (in Nightly builds, run with -Z macro-backtrace for more info)
[INFO] [stdout] 
[INFO] [stdout] error[E0599]: no function or associated item named `try_accounts` found for struct `IdlCreateBuffer` in the current scope
[INFO] [stdout]   --> src/lib.rs:56:1
[INFO] [stdout]    |
[INFO] [stdout] 24 | #[program]
[INFO] [stdout]    | ^^^^^^^^^^
[INFO] [stdout]    | |
[INFO] [stdout]    | function or associated item not found in `IdlCreateBuffer<'_>`
[INFO] [stdout]    | function or associated item `try_accounts` not found for this struct
[INFO] [stdout]    |
[INFO] [stdout]    = help: items from traits can only be used if the trait is implemented and in scope
[INFO] [stdout]    = note: the following trait defines an item `try_accounts`, perhaps you need to implement it:
[INFO] [stdout]            candidate #1: `anchor_lang::Accounts`
[INFO] [stdout] help: there is a method `try_into` with a similar name, but with different arguments
[INFO] [stdout]   --> /rustc/90b35a6239c3d8bdabc530a6a0816f7ff89a0aaf/library/core/src/convert/mod.rs:611:5
[INFO] [stdout]    = note: this error originates in the attribute macro `program` (in Nightly builds, run with -Z macro-backtrace for more info)
[INFO] [stdout] 
[INFO] [stdout] error[E0277]: the trait bound `IdlAccounts<'_>: Bumps` is not satisfied
[INFO] [stdout]   --> src/lib.rs:56:1
[INFO] [stdout]    |
[INFO] [stdout] 24 | #[program]
[INFO] [stdout]    | ^^^^^^^^^^ the trait `Bumps` is not implemented for `IdlAccounts<'_>`
[INFO] [stdout]    |
[INFO] [stdout]    = help: the following other types implement trait `Bumps`:
[INFO] [stdout]              CreateNonceAccount<'info>
[INFO] [stdout]              CreateNonceAccountWithSeed<'info>
[INFO] [stdout]              DefaultAccountStateInitialize<'info>
[INFO] [stdout]              DefaultAccountStateUpdate<'info>
[INFO] [stdout]              GroupMemberPointerInitialize<'info>
[INFO] [stdout]              GroupMemberPointerUpdate<'info>
[INFO] [stdout]              GroupPointerInitialize<'info>
[INFO] [stdout]              GroupPointerUpdate<'info>
[INFO] [stdout]            and 85 others
[INFO] [stdout]    = note: this error originates in the attribute macro `program` (in Nightly builds, run with -Z macro-backtrace for more info)
[INFO] [stdout] 
[INFO] [stdout] error[E0599]: no function or associated item named `try_accounts` found for struct `IdlAccounts` in the current scope
[INFO] [stdout]   --> src/lib.rs:56:1
[INFO] [stdout]    |
[INFO] [stdout] 24 | #[program]
[INFO] [stdout]    | ^^^^^^^^^^
[INFO] [stdout]    | |
[INFO] [stdout]    | function or associated item not found in `IdlAccounts<'_>`
[INFO] [stdout]    | function or associated item `try_accounts` not found for this struct
[INFO] [stdout]    |
[INFO] [stdout]    = help: items from traits can only be used if the trait is implemented and in scope
[INFO] [stdout]    = note: the following trait defines an item `try_accounts`, perhaps you need to implement it:
[INFO] [stdout]            candidate #1: `anchor_lang::Accounts`
[INFO] [stdout] help: there is a method `try_into` with a similar name, but with different arguments
[INFO] [stdout]   --> /rustc/90b35a6239c3d8bdabc530a6a0816f7ff89a0aaf/library/core/src/convert/mod.rs:611:5
[INFO] [stdout]    = note: this error originates in the attribute macro `program` (in Nightly builds, run with -Z macro-backtrace for more info)
[INFO] [stdout] 
[INFO] [stdout] error[E0277]: the trait bound `IdlSetBuffer<'_>: Bumps` is not satisfied
[INFO] [stdout]   --> src/lib.rs:56:1
[INFO] [stdout]    |
[INFO] [stdout] 24 | #[program]
[INFO] [stdout]    | ^^^^^^^^^^ the trait `Bumps` is not implemented for `IdlSetBuffer<'_>`
[INFO] [stdout]    |
[INFO] [stdout]    = help: the following other types implement trait `Bumps`:
[INFO] [stdout]              CreateNonceAccount<'info>
[INFO] [stdout]              CreateNonceAccountWithSeed<'info>
[INFO] [stdout]              DefaultAccountStateInitialize<'info>
[INFO] [stdout]              DefaultAccountStateUpdate<'info>
[INFO] [stdout]              GroupMemberPointerInitialize<'info>
[INFO] [stdout]              GroupMemberPointerUpdate<'info>
[INFO] [stdout]              GroupPointerInitialize<'info>
[INFO] [stdout]              GroupPointerUpdate<'info>
[INFO] [stdout]            and 85 others
[INFO] [stdout]    = note: this error originates in the attribute macro `program` (in Nightly builds, run with -Z macro-backtrace for more info)
[INFO] [stdout] 
[INFO] [stdout] error[E0599]: no function or associated item named `try_accounts` found for struct `IdlSetBuffer` in the current scope
[INFO] [stdout]   --> src/lib.rs:56:1
[INFO] [stdout]    |
[INFO] [stdout] 24 | #[program]
[INFO] [stdout]    | ^^^^^^^^^^
[INFO] [stdout]    | |
[INFO] [stdout]    | function or associated item not found in `IdlSetBuffer<'_>`
[INFO] [stdout]    | function or associated item `try_accounts` not found for this struct
[INFO] [stdout]    |
[INFO] [stdout]    = help: items from traits can only be used if the trait is implemented and in scope
[INFO] [stdout]    = note: the following trait defines an item `try_accounts`, perhaps you need to implement it:
[INFO] [stdout]            candidate #1: `anchor_lang::Accounts`
[INFO] [stdout] help: there is a method `try_into` with a similar name, but with different arguments
[INFO] [stdout]   --> /rustc/90b35a6239c3d8bdabc530a6a0816f7ff89a0aaf/library/core/src/convert/mod.rs:611:5
[INFO] [stdout]    = note: this error originates in the attribute macro `program` (in Nightly builds, run with -Z macro-backtrace for more info)
[INFO] [stdout] 
[INFO] [stdout] error[E0599]: no function or associated item named `try_deserialize_unchecked` found for struct `__idl::IdlAccount` in the current scope
[INFO] [stdout]   --> src/lib.rs:56:1
[INFO] [stdout]    |
[INFO] [stdout] 24 | #[program]
[INFO] [stdout]    | ^^^^^^^^^^
[INFO] [stdout]    | |
[INFO] [stdout]    | function or associated item not found in `IdlAccount`
[INFO] [stdout]    | function or associated item `try_deserialize_unchecked` not found for this struct
[INFO] [stdout]    |
[INFO] [stdout]    = help: items from traits can only be used if the trait is implemented and in scope
[INFO] [stdout]    = note: the following trait defines an item `try_deserialize_unchecked`, perhaps you need to implement it:
[INFO] [stdout]            candidate #1: `AccountDeserialize`
[INFO] [stdout]    = note: this error originates in the attribute macro `program` (in Nightly builds, run with -Z macro-backtrace for more info)
[INFO] [stdout] 
[INFO] [stdout] error: aborting due to 27 previous errors
[INFO] [stdout] 
[INFO] [stdout] Some errors have detailed explanations: E0107, E0277, E0432, E0433, E0599.
[INFO] [stdout] For more information about an error, try `rustc --explain E0107`.
[INFO] [stdout] Couldn't compile the test.
[INFO] [stdout] 
[INFO] [stdout] failures:
[INFO] [stdout]     src/lib.rs - streamflow_sdk (line 35)
[INFO] [stdout] 
[INFO] [stdout] test result: FAILED. 0 passed; 1 failed; 0 ignored; 0 measured; 0 filtered out; finished in 0.38s
[INFO] [stdout] 
[INFO] [stderr] error: doctest failed, to rerun pass `--doc`
[INFO] running `Command { std: "docker" "inspect" "fbdfd72414f3ca0cfef04ac3b2fc0686cbd1b650104e42d9114de8088d5c2d4a", kill_on_drop: false }`
[INFO] running `Command { std: "docker" "rm" "-f" "fbdfd72414f3ca0cfef04ac3b2fc0686cbd1b650104e42d9114de8088d5c2d4a", kill_on_drop: false }`
[INFO] [stdout] fbdfd72414f3ca0cfef04ac3b2fc0686cbd1b650104e42d9114de8088d5c2d4a
