[INFO] fetching crate stream_resp 0.1.3...
[INFO] testing stream_resp-0.1.3 against 1.83.0 for beta-1.84.0-4-retry
[INFO] extracting crate stream_resp 0.1.3 into /workspace/builds/worker-1-tc1/source
[INFO] validating manifest of crates.io crate stream_resp 0.1.3 on toolchain 1.83.0
[INFO] running `Command { std: CARGO_HOME="/workspace/cargo-home" RUSTUP_HOME="/workspace/rustup-home" "/workspace/cargo-home/bin/cargo" "+1.83.0" "metadata" "--manifest-path" "Cargo.toml" "--no-deps", kill_on_drop: false }`
[INFO] started tweaking crates.io crate stream_resp 0.1.3
[INFO] removed 0 missing examples
[INFO] finished tweaking crates.io crate stream_resp 0.1.3
[INFO] tweaked toml for crates.io crate stream_resp 0.1.3 written to /workspace/builds/worker-1-tc1/source/Cargo.toml
[INFO] crate crates.io crate stream_resp 0.1.3 already has a lockfile, it will not be regenerated
[INFO] running `Command { std: CARGO_HOME="/workspace/cargo-home" RUSTUP_HOME="/workspace/rustup-home" "/workspace/cargo-home/bin/cargo" "+1.83.0" "fetch" "--manifest-path" "Cargo.toml", kill_on_drop: false }`
[INFO] running `Command { std: "docker" "create" "-v" "/var/lib/crater-agent-workspace/builds/worker-1-tc1/target:/opt/rustwide/target:rw,Z" "-v" "/var/lib/crater-agent-workspace/builds/worker-1-tc1/source:/opt/rustwide/workdir:ro,Z" "-v" "/var/lib/crater-agent-workspace/cargo-home:/opt/rustwide/cargo-home:ro,Z" "-v" "/var/lib/crater-agent-workspace/rustup-home:/opt/rustwide/rustup-home:ro,Z" "-e" "SOURCE_DIR=/opt/rustwide/workdir" "-e" "CARGO_TARGET_DIR=/opt/rustwide/target" "-e" "CARGO_HOME=/opt/rustwide/cargo-home" "-e" "RUSTUP_HOME=/opt/rustwide/rustup-home" "-w" "/opt/rustwide/workdir" "-m" "1610612736" "--user" "0:0" "--network" "none" "ghcr.io/rust-lang/crates-build-env/linux@sha256:f3a9d4ad9d972b27faf3965f35b62e55ba32bbce8f20bc8fe909558a86702fde" "/opt/rustwide/cargo-home/bin/cargo" "+1.83.0" "metadata" "--no-deps" "--format-version=1", kill_on_drop: false }`
[INFO] [stdout] acab00ea997d7148d152ad57d9137c248c761368fa19b45390bd1b56ed5c64f7
[INFO] running `Command { std: "docker" "start" "-a" "acab00ea997d7148d152ad57d9137c248c761368fa19b45390bd1b56ed5c64f7", kill_on_drop: false }`
[INFO] running `Command { std: "docker" "inspect" "acab00ea997d7148d152ad57d9137c248c761368fa19b45390bd1b56ed5c64f7", kill_on_drop: false }`
[INFO] running `Command { std: "docker" "rm" "-f" "acab00ea997d7148d152ad57d9137c248c761368fa19b45390bd1b56ed5c64f7", kill_on_drop: false }`
[INFO] [stdout] acab00ea997d7148d152ad57d9137c248c761368fa19b45390bd1b56ed5c64f7
[INFO] running `Command { std: "docker" "create" "-v" "/var/lib/crater-agent-workspace/builds/worker-1-tc1/target:/opt/rustwide/target:rw,Z" "-v" "/var/lib/crater-agent-workspace/builds/worker-1-tc1/source:/opt/rustwide/workdir:ro,Z" "-v" "/var/lib/crater-agent-workspace/cargo-home:/opt/rustwide/cargo-home:ro,Z" "-v" "/var/lib/crater-agent-workspace/rustup-home:/opt/rustwide/rustup-home:ro,Z" "-e" "SOURCE_DIR=/opt/rustwide/workdir" "-e" "CARGO_TARGET_DIR=/opt/rustwide/target" "-e" "CARGO_INCREMENTAL=0" "-e" "RUST_BACKTRACE=full" "-e" "RUSTFLAGS=--cap-lints=warn" "-e" "RUSTDOCFLAGS=--cap-lints=warn" "-e" "CARGO_HOME=/opt/rustwide/cargo-home" "-e" "RUSTUP_HOME=/opt/rustwide/rustup-home" "-w" "/opt/rustwide/workdir" "-m" "1610612736" "--user" "0:0" "--network" "none" "ghcr.io/rust-lang/crates-build-env/linux@sha256:f3a9d4ad9d972b27faf3965f35b62e55ba32bbce8f20bc8fe909558a86702fde" "/opt/rustwide/cargo-home/bin/cargo" "+1.83.0" "build" "--frozen" "--message-format=json", kill_on_drop: false }`
[INFO] [stdout] 3de68eaf5e6b39a7cbd5d4bc4264b33cfe090926735ac2007c716f2e7f55311f
[INFO] running `Command { std: "docker" "start" "-a" "3de68eaf5e6b39a7cbd5d4bc4264b33cfe090926735ac2007c716f2e7f55311f", kill_on_drop: false }`
[INFO] [stderr]    Compiling proc-macro2 v1.0.89
[INFO] [stderr]    Compiling once_cell v1.20.2
[INFO] [stderr]    Compiling unicode-ident v1.0.13
[INFO] [stderr]    Compiling lazy_static v1.5.0
[INFO] [stderr]    Compiling cfg-if v1.0.0
[INFO] [stderr]    Compiling log v0.4.22
[INFO] [stderr]    Compiling overload v0.1.1
[INFO] [stderr]    Compiling smallvec v1.13.2
[INFO] [stderr]    Compiling pin-project-lite v0.2.15
[INFO] [stderr]    Compiling bytes v1.8.0
[INFO] [stderr]    Compiling nu-ansi-term v0.46.0
[INFO] [stderr]    Compiling sharded-slab v0.1.7
[INFO] [stderr]    Compiling tracing-core v0.1.32
[INFO] [stderr]    Compiling thread_local v1.1.8
[INFO] [stderr]    Compiling tracing-log v0.2.0
[INFO] [stderr]    Compiling tracing-subscriber v0.3.18
[INFO] [stderr]    Compiling quote v1.0.37
[INFO] [stderr]    Compiling syn v2.0.87
[INFO] [stderr]    Compiling tracing-attributes v0.1.27
[INFO] [stderr]    Compiling tracing v0.1.40
[INFO] [stderr]    Compiling stream_resp v0.1.3 (/opt/rustwide/workdir)
[INFO] [stdout] warning: unused imports: `ParseError` and `Parser`
[INFO] [stdout]  --> src/parser_test.rs:1:21
[INFO] [stdout]   |
[INFO] [stdout] 1 | use crate::parser::{ParseError, Parser};
[INFO] [stdout]   |                     ^^^^^^^^^^  ^^^^^^
[INFO] [stdout]   |
[INFO] [stdout] help: if this is a test module, consider adding a `#[cfg(test)]` to the containing module
[INFO] [stdout]  --> src/lib.rs:2:1
[INFO] [stdout]   |
[INFO] [stdout] 2 | mod parser_test;
[INFO] [stdout]   | ^^^^^^^^^^^^^^^^
[INFO] [stdout]   = note: `#[warn(unused_imports)]` on by default
[INFO] [stdout] 
[INFO] [stdout] 
[INFO] [stdout] warning: unused import: `crate::resp::RespValue`
[INFO] [stdout]  --> src/parser_test.rs:2:5
[INFO] [stdout]   |
[INFO] [stdout] 2 | use crate::resp::RespValue;
[INFO] [stdout]   |     ^^^^^^^^^^^^^^^^^^^^^^
[INFO] [stdout]   |
[INFO] [stdout] help: if this is a test module, consider adding a `#[cfg(test)]` to the containing module
[INFO] [stdout]  --> src/lib.rs:2:1
[INFO] [stdout]   |
[INFO] [stdout] 2 | mod parser_test;
[INFO] [stdout]   | ^^^^^^^^^^^^^^^^
[INFO] [stdout] 
[INFO] [stdout] 
[INFO] [stdout] warning: unused import: `std::borrow::Cow`
[INFO] [stdout]  --> src/parser_test.rs:3:5
[INFO] [stdout]   |
[INFO] [stdout] 3 | use std::borrow::Cow;
[INFO] [stdout]   |     ^^^^^^^^^^^^^^^^
[INFO] [stdout]   |
[INFO] [stdout] help: if this is a test module, consider adding a `#[cfg(test)]` to the containing module
[INFO] [stdout]  --> src/lib.rs:2:1
[INFO] [stdout]   |
[INFO] [stdout] 2 | mod parser_test;
[INFO] [stdout]   | ^^^^^^^^^^^^^^^^
[INFO] [stdout] 
[INFO] [stdout] 
[INFO] [stdout] warning: unused import: `crate::resp::RespValue`
[INFO] [stdout]  --> src/resp_test.rs:1:5
[INFO] [stdout]   |
[INFO] [stdout] 1 | use crate::resp::RespValue;
[INFO] [stdout]   |     ^^^^^^^^^^^^^^^^^^^^^^
[INFO] [stdout]   |
[INFO] [stdout] help: if this is a test module, consider adding a `#[cfg(test)]` to the containing module
[INFO] [stdout]  --> src/lib.rs:4:1
[INFO] [stdout]   |
[INFO] [stdout] 4 | mod resp_test;
[INFO] [stdout]   | ^^^^^^^^^^^^^^
[INFO] [stdout] 
[INFO] [stdout] 
[INFO] [stdout] warning: unused import: `std::borrow::Cow`
[INFO] [stdout]  --> src/resp_test.rs:2:5
[INFO] [stdout]   |
[INFO] [stdout] 2 | use std::borrow::Cow;
[INFO] [stdout]   |     ^^^^^^^^^^^^^^^^
[INFO] [stdout]   |
[INFO] [stdout] help: if this is a test module, consider adding a `#[cfg(test)]` to the containing module
[INFO] [stdout]  --> src/lib.rs:4:1
[INFO] [stdout]   |
[INFO] [stdout] 4 | mod resp_test;
[INFO] [stdout]   | ^^^^^^^^^^^^^^
[INFO] [stdout] 
[INFO] [stdout] 
[INFO] [stderr]     Finished `dev` profile [unoptimized + debuginfo] target(s) in 10.56s
[INFO] running `Command { std: "docker" "inspect" "3de68eaf5e6b39a7cbd5d4bc4264b33cfe090926735ac2007c716f2e7f55311f", kill_on_drop: false }`
[INFO] running `Command { std: "docker" "rm" "-f" "3de68eaf5e6b39a7cbd5d4bc4264b33cfe090926735ac2007c716f2e7f55311f", kill_on_drop: false }`
[INFO] [stdout] 3de68eaf5e6b39a7cbd5d4bc4264b33cfe090926735ac2007c716f2e7f55311f
[INFO] running `Command { std: "docker" "create" "-v" "/var/lib/crater-agent-workspace/builds/worker-1-tc1/target:/opt/rustwide/target:rw,Z" "-v" "/var/lib/crater-agent-workspace/builds/worker-1-tc1/source:/opt/rustwide/workdir:ro,Z" "-v" "/var/lib/crater-agent-workspace/cargo-home:/opt/rustwide/cargo-home:ro,Z" "-v" "/var/lib/crater-agent-workspace/rustup-home:/opt/rustwide/rustup-home:ro,Z" "-e" "SOURCE_DIR=/opt/rustwide/workdir" "-e" "CARGO_TARGET_DIR=/opt/rustwide/target" "-e" "CARGO_INCREMENTAL=0" "-e" "RUST_BACKTRACE=full" "-e" "RUSTFLAGS=--cap-lints=warn" "-e" "RUSTDOCFLAGS=--cap-lints=warn" "-e" "CARGO_HOME=/opt/rustwide/cargo-home" "-e" "RUSTUP_HOME=/opt/rustwide/rustup-home" "-w" "/opt/rustwide/workdir" "-m" "1610612736" "--user" "0:0" "--network" "none" "ghcr.io/rust-lang/crates-build-env/linux@sha256:f3a9d4ad9d972b27faf3965f35b62e55ba32bbce8f20bc8fe909558a86702fde" "/opt/rustwide/cargo-home/bin/cargo" "+1.83.0" "test" "--frozen" "--no-run" "--message-format=json", kill_on_drop: false }`
[INFO] [stdout] d8d1b2cc9a7cbd538fe5f736afee6f6584734693fb767a9084111a35d8017327
[INFO] running `Command { std: "docker" "start" "-a" "d8d1b2cc9a7cbd538fe5f736afee6f6584734693fb767a9084111a35d8017327", kill_on_drop: false }`
[INFO] [stderr]    Compiling stream_resp v0.1.3 (/opt/rustwide/workdir)
[INFO] [stdout] warning: unused imports: `ParseError` and `Parser`
[INFO] [stdout]  --> src/parser_test.rs:1:21
[INFO] [stdout]   |
[INFO] [stdout] 1 | use crate::parser::{ParseError, Parser};
[INFO] [stdout]   |                     ^^^^^^^^^^  ^^^^^^
[INFO] [stdout]   |
[INFO] [stdout] help: if this is a test module, consider adding a `#[cfg(test)]` to the containing module
[INFO] [stdout]  --> src/lib.rs:2:1
[INFO] [stdout]   |
[INFO] [stdout] 2 | mod parser_test;
[INFO] [stdout]   | ^^^^^^^^^^^^^^^^
[INFO] [stdout]   = note: `#[warn(unused_imports)]` on by default
[INFO] [stdout] 
[INFO] [stdout] 
[INFO] [stdout] warning: unused import: `crate::resp::RespValue`
[INFO] [stdout]  --> src/parser_test.rs:2:5
[INFO] [stdout]   |
[INFO] [stdout] 2 | use crate::resp::RespValue;
[INFO] [stdout]   |     ^^^^^^^^^^^^^^^^^^^^^^
[INFO] [stdout]   |
[INFO] [stdout] help: if this is a test module, consider adding a `#[cfg(test)]` to the containing module
[INFO] [stdout]  --> src/lib.rs:2:1
[INFO] [stdout]   |
[INFO] [stdout] 2 | mod parser_test;
[INFO] [stdout]   | ^^^^^^^^^^^^^^^^
[INFO] [stdout] 
[INFO] [stdout] 
[INFO] [stdout] warning: unused import: `std::borrow::Cow`
[INFO] [stdout]  --> src/parser_test.rs:3:5
[INFO] [stdout]   |
[INFO] [stdout] 3 | use std::borrow::Cow;
[INFO] [stdout]   |     ^^^^^^^^^^^^^^^^
[INFO] [stdout]   |
[INFO] [stdout] help: if this is a test module, consider adding a `#[cfg(test)]` to the containing module
[INFO] [stdout]  --> src/lib.rs:2:1
[INFO] [stdout]   |
[INFO] [stdout] 2 | mod parser_test;
[INFO] [stdout]   | ^^^^^^^^^^^^^^^^
[INFO] [stdout] 
[INFO] [stdout] 
[INFO] [stdout] warning: unused import: `crate::resp::RespValue`
[INFO] [stdout]  --> src/resp_test.rs:1:5
[INFO] [stdout]   |
[INFO] [stdout] 1 | use crate::resp::RespValue;
[INFO] [stdout]   |     ^^^^^^^^^^^^^^^^^^^^^^
[INFO] [stdout]   |
[INFO] [stdout] help: if this is a test module, consider adding a `#[cfg(test)]` to the containing module
[INFO] [stdout]  --> src/lib.rs:4:1
[INFO] [stdout]   |
[INFO] [stdout] 4 | mod resp_test;
[INFO] [stdout]   | ^^^^^^^^^^^^^^
[INFO] [stdout] 
[INFO] [stdout] 
[INFO] [stdout] warning: unused import: `std::borrow::Cow`
[INFO] [stdout]  --> src/resp_test.rs:2:5
[INFO] [stdout]   |
[INFO] [stdout] 2 | use std::borrow::Cow;
[INFO] [stdout]   |     ^^^^^^^^^^^^^^^^
[INFO] [stdout]   |
[INFO] [stdout] help: if this is a test module, consider adding a `#[cfg(test)]` to the containing module
[INFO] [stdout]  --> src/lib.rs:4:1
[INFO] [stdout]   |
[INFO] [stdout] 4 | mod resp_test;
[INFO] [stdout]   | ^^^^^^^^^^^^^^
[INFO] [stdout] 
[INFO] [stdout] 
[INFO] [stdout] warning: unused variable: `message`
[INFO] [stdout]    --> src/parser_test.rs:287:13
[INFO] [stdout]     |
[INFO] [stdout] 287 |         let message = format!("${}\r\n{}\r\n", large_string.len(), large_string);
[INFO] [stdout]     |             ^^^^^^^ help: if this is intentional, prefix it with an underscore: `_message`
[INFO] [stdout]     |
[INFO] [stdout]     = note: `#[warn(unused_variables)]` on by default
[INFO] [stdout] 
[INFO] [stdout] 
[INFO] [stdout] warning: variable does not need to be mutable
[INFO] [stdout]    --> src/parser_test.rs:316:13
[INFO] [stdout]     |
[INFO] [stdout] 316 |         let mut large_array = String::from("*1000\r\n");
[INFO] [stdout]     |             ----^^^^^^^^^^^
[INFO] [stdout]     |             |
[INFO] [stdout]     |             help: remove this `mut`
[INFO] [stdout]     |
[INFO] [stdout]     = note: `#[warn(unused_mut)]` on by default
[INFO] [stdout] 
[INFO] [stdout] 
[INFO] [stderr]     Finished `test` profile [unoptimized + debuginfo] target(s) in 1.28s
[INFO] running `Command { std: "docker" "inspect" "d8d1b2cc9a7cbd538fe5f736afee6f6584734693fb767a9084111a35d8017327", kill_on_drop: false }`
[INFO] running `Command { std: "docker" "rm" "-f" "d8d1b2cc9a7cbd538fe5f736afee6f6584734693fb767a9084111a35d8017327", kill_on_drop: false }`
[INFO] [stdout] d8d1b2cc9a7cbd538fe5f736afee6f6584734693fb767a9084111a35d8017327
[INFO] running `Command { std: "docker" "create" "-v" "/var/lib/crater-agent-workspace/builds/worker-1-tc1/target:/opt/rustwide/target:rw,Z" "-v" "/var/lib/crater-agent-workspace/builds/worker-1-tc1/source:/opt/rustwide/workdir:ro,Z" "-v" "/var/lib/crater-agent-workspace/cargo-home:/opt/rustwide/cargo-home:ro,Z" "-v" "/var/lib/crater-agent-workspace/rustup-home:/opt/rustwide/rustup-home:ro,Z" "-e" "SOURCE_DIR=/opt/rustwide/workdir" "-e" "CARGO_TARGET_DIR=/opt/rustwide/target" "-e" "CARGO_INCREMENTAL=0" "-e" "RUST_BACKTRACE=full" "-e" "RUSTFLAGS=--cap-lints=warn" "-e" "RUSTDOCFLAGS=--cap-lints=warn" "-e" "CARGO_HOME=/opt/rustwide/cargo-home" "-e" "RUSTUP_HOME=/opt/rustwide/rustup-home" "-w" "/opt/rustwide/workdir" "-m" "1610612736" "--user" "0:0" "--network" "none" "ghcr.io/rust-lang/crates-build-env/linux@sha256:f3a9d4ad9d972b27faf3965f35b62e55ba32bbce8f20bc8fe909558a86702fde" "/opt/rustwide/cargo-home/bin/cargo" "+1.83.0" "test" "--frozen", kill_on_drop: false }`
[INFO] [stdout] 63375233fd842cecb394eaa1cc706452570b90ef7fcd6bd362ff479001563de4
[INFO] running `Command { std: "docker" "start" "-a" "63375233fd842cecb394eaa1cc706452570b90ef7fcd6bd362ff479001563de4", kill_on_drop: false }`
[INFO] [stderr] warning: unused imports: `ParseError` and `Parser`
[INFO] [stderr]  --> src/parser_test.rs:1:21
[INFO] [stderr]   |
[INFO] [stderr] 1 | use crate::parser::{ParseError, Parser};
[INFO] [stderr]   |                     ^^^^^^^^^^  ^^^^^^
[INFO] [stderr]   |
[INFO] [stderr] help: if this is a test module, consider adding a `#[cfg(test)]` to the containing module
[INFO] [stderr]  --> src/lib.rs:2:1
[INFO] [stderr]   |
[INFO] [stderr] 2 | mod parser_test;
[INFO] [stderr]   | ^^^^^^^^^^^^^^^^
[INFO] [stderr]   = note: `#[warn(unused_imports)]` on by default
[INFO] [stderr] 
[INFO] [stderr] warning: unused import: `crate::resp::RespValue`
[INFO] [stderr]  --> src/parser_test.rs:2:5
[INFO] [stderr]   |
[INFO] [stderr] 2 | use crate::resp::RespValue;
[INFO] [stderr]   |     ^^^^^^^^^^^^^^^^^^^^^^
[INFO] [stderr]   |
[INFO] [stderr] help: if this is a test module, consider adding a `#[cfg(test)]` to the containing module
[INFO] [stderr]  --> src/lib.rs:2:1
[INFO] [stderr]   |
[INFO] [stderr] 2 | mod parser_test;
[INFO] [stderr]   | ^^^^^^^^^^^^^^^^
[INFO] [stderr] 
[INFO] [stderr] warning: unused import: `std::borrow::Cow`
[INFO] [stderr]  --> src/parser_test.rs:3:5
[INFO] [stderr]   |
[INFO] [stderr] 3 | use std::borrow::Cow;
[INFO] [stderr]   |     ^^^^^^^^^^^^^^^^
[INFO] [stderr]   |
[INFO] [stderr] help: if this is a test module, consider adding a `#[cfg(test)]` to the containing module
[INFO] [stderr]  --> src/lib.rs:2:1
[INFO] [stderr]   |
[INFO] [stderr] 2 | mod parser_test;
[INFO] [stderr]   | ^^^^^^^^^^^^^^^^
[INFO] [stderr] 
[INFO] [stderr] warning: unused import: `crate::resp::RespValue`
[INFO] [stderr]  --> src/resp_test.rs:1:5
[INFO] [stderr]   |
[INFO] [stderr] 1 | use crate::resp::RespValue;
[INFO] [stderr]   |     ^^^^^^^^^^^^^^^^^^^^^^
[INFO] [stderr]   |
[INFO] [stderr] help: if this is a test module, consider adding a `#[cfg(test)]` to the containing module
[INFO] [stderr]  --> src/lib.rs:4:1
[INFO] [stderr]   |
[INFO] [stderr] 4 | mod resp_test;
[INFO] [stderr]   | ^^^^^^^^^^^^^^
[INFO] [stderr] 
[INFO] [stderr] warning: unused import: `std::borrow::Cow`
[INFO] [stderr]  --> src/resp_test.rs:2:5
[INFO] [stderr]   |
[INFO] [stderr] 2 | use std::borrow::Cow;
[INFO] [stderr]   |     ^^^^^^^^^^^^^^^^
[INFO] [stderr]   |
[INFO] [stderr] help: if this is a test module, consider adding a `#[cfg(test)]` to the containing module
[INFO] [stderr]  --> src/lib.rs:4:1
[INFO] [stderr]   |
[INFO] [stderr] 4 | mod resp_test;
[INFO] [stderr]   | ^^^^^^^^^^^^^^
[INFO] [stderr] 
[INFO] [stderr] warning: unused variable: `message`
[INFO] [stderr]    --> src/parser_test.rs:287:13
[INFO] [stderr]     |
[INFO] [stderr] 287 |         let message = format!("${}\r\n{}\r\n", large_string.len(), large_string);
[INFO] [stderr]     |             ^^^^^^^ help: if this is intentional, prefix it with an underscore: `_message`
[INFO] [stderr]     |
[INFO] [stderr]     = note: `#[warn(unused_variables)]` on by default
[INFO] [stderr] 
[INFO] [stderr] warning: variable does not need to be mutable
[INFO] [stderr]    --> src/parser_test.rs:316:13
[INFO] [stderr]     |
[INFO] [stderr] 316 |         let mut large_array = String::from("*1000\r\n");
[INFO] [stderr]     |             ----^^^^^^^^^^^
[INFO] [stderr]     |             |
[INFO] [stderr]     |             help: remove this `mut`
[INFO] [stderr]     |
[INFO] [stderr]     = note: `#[warn(unused_mut)]` on by default
[INFO] [stderr] 
[INFO] [stderr] warning: `stream_resp` (lib) generated 5 warnings (run `cargo fix --lib -p stream_resp` to apply 5 suggestions)
[INFO] [stderr] warning: `stream_resp` (lib test) generated 2 warnings (run `cargo fix --lib -p stream_resp --tests` to apply 1 suggestion)
[INFO] [stderr]     Finished `test` profile [unoptimized + debuginfo] target(s) in 0.04s
[INFO] [stderr]      Running unittests src/lib.rs (/opt/rustwide/target/debug/deps/stream_resp-d0e5abcf6ada62ad)
[INFO] [stdout] 
[INFO] [stdout] running 33 tests
[INFO] [stdout] test parser_test::tests::test_array_chunks ... ok
[INFO] [stdout] test parser_test::tests::test_array_length_mismatch ... ok
[INFO] [stdout] test parser_test::tests::test_error ... ok
[INFO] [stdout] test parser_test::tests::test_error_message_chunks ... ok
[INFO] [stdout] test parser_test::tests::test_bulk_string_chunks ... ok
[INFO] [stdout] test parser_test::tests::test_exceeding_maximum_depth ... ok
[INFO] [stdout] test parser_test::tests::test_integer ... ok
[INFO] [stdout] test parser_test::tests::test_incomplete_messages ... ok
[INFO] [stdout] test parser_test::tests::test_integer_chunks ... ok
[INFO] [stdout] test parser_test::tests::test_invalid_length ... ok
[INFO] [stdout] test parser_test::tests::test_invalid_type_marker ... ok
[INFO] [stdout] test parser_test::tests::test_missing_crlf ... ok
[INFO] [stdout] test parser_test::tests::test_invalid_integer_format ... ok
[INFO] [stdout] test parser_test::tests::test_large_messages ... ok
[INFO] [stdout] test parser_test::tests::test_simple_string ... ok
[INFO] [stdout] test resp_test::tests::test_array ... ok
[INFO] [stdout] test resp_test::tests::test_big_number ... ok
[INFO] [stdout] test resp_test::tests::test_boolean ... ok
[INFO] [stdout] test resp_test::tests::test_bulk_string ... ok
[INFO] [stdout] test resp_test::tests::test_double ... ok
[INFO] [stdout] test resp_test::tests::test_error ... ok
[INFO] [stdout] test resp_test::tests::test_complex_nested_structures ... ok
[INFO] [stdout] test resp_test::tests::test_is_none ... ok
[INFO] [stdout] test resp_test::tests::test_into_owned ... ok
[INFO] [stdout] test resp_test::tests::test_null ... ok
[INFO] [stdout] test resp_test::tests::test_integer ... ok
[INFO] [stdout] test resp_test::tests::test_set ... ok
[INFO] [stdout] test resp_test::tests::test_simple_string ... ok
[INFO] [stdout] test resp_test::tests::test_map ... ok
[INFO] [stdout] test resp_test::tests::test_push ... ok
[INFO] [stdout] test parser_test::tests::test_large_bulk_string_chunks ... ok
[INFO] [stdout] test resp_test::tests::test_bulk_error ... ok
[INFO] [stdout] test resp_test::tests::test_verbatim_string ... ok
[INFO] [stdout] 
[INFO] [stdout] test result: ok. 33 passed; 0 failed; 0 ignored; 0 measured; 0 filtered out; finished in 0.02s
[INFO] [stdout] 
[INFO] [stderr]    Doc-tests stream_resp
[INFO] [stdout] 
[INFO] [stdout] running 1 test
[INFO] [stdout] test src/parser.rs - parser::Parser (line 75) ... FAILED
[INFO] [stderr] error: doctest failed, to rerun pass `--doc`
[INFO] [stdout] 
[INFO] [stdout] failures:
[INFO] [stdout] 
[INFO] [stdout] ---- src/parser.rs - parser::Parser (line 75) stdout ----
[INFO] [stdout] error[E0432]: unresolved import `parser`
[INFO] [stdout]  --> src/parser.rs:76:5
[INFO] [stdout]   |
[INFO] [stdout] 3 | use parser::Parser;
[INFO] [stdout]   |     ^^^^^^ help: a similar path exists: `stream_resp::parser`
[INFO] [stdout] 
[INFO] [stdout] error[E0433]: failed to resolve: use of undeclared type `RespValue`
[INFO] [stdout]  --> src/parser.rs:81:34
[INFO] [stdout]   |
[INFO] [stdout] 8 | assert_eq!(result.unwrap(), Some(RespValue::SimpleString("OK".into())));
[INFO] [stdout]   |                                  ^^^^^^^^^ use of undeclared type `RespValue`
[INFO] [stdout]   |
[INFO] [stdout] help: consider importing this enum
[INFO] [stdout]   |
[INFO] [stdout] 2 + use stream_resp::resp::RespValue;
[INFO] [stdout]   |
[INFO] [stdout] 
[INFO] [stdout] error: aborting due to 2 previous errors
[INFO] [stdout] 
[INFO] [stdout] Some errors have detailed explanations: E0432, E0433.
[INFO] [stdout] For more information about an error, try `rustc --explain E0432`.
[INFO] [stdout] Couldn't compile the test.
[INFO] [stdout] 
[INFO] [stdout] failures:
[INFO] [stdout]     src/parser.rs - parser::Parser (line 75)
[INFO] [stdout] 
[INFO] [stdout] test result: FAILED. 0 passed; 1 failed; 0 ignored; 0 measured; 0 filtered out; finished in 0.07s
[INFO] [stdout] 
[INFO] running `Command { std: "docker" "inspect" "63375233fd842cecb394eaa1cc706452570b90ef7fcd6bd362ff479001563de4", kill_on_drop: false }`
[INFO] running `Command { std: "docker" "rm" "-f" "63375233fd842cecb394eaa1cc706452570b90ef7fcd6bd362ff479001563de4", kill_on_drop: false }`
[INFO] [stdout] 63375233fd842cecb394eaa1cc706452570b90ef7fcd6bd362ff479001563de4
