[INFO] fetching crate steamopenid 0.3.0...
[INFO] testing steamopenid-0.3.0 against 1.83.0 for beta-1.84.0-4-retry
[INFO] extracting crate steamopenid 0.3.0 into /workspace/builds/worker-2-tc1/source
[INFO] validating manifest of crates.io crate steamopenid 0.3.0 on toolchain 1.83.0
[INFO] running `Command { std: CARGO_HOME="/workspace/cargo-home" RUSTUP_HOME="/workspace/rustup-home" "/workspace/cargo-home/bin/cargo" "+1.83.0" "metadata" "--manifest-path" "Cargo.toml" "--no-deps", kill_on_drop: false }`
[INFO] started tweaking crates.io crate steamopenid 0.3.0
[INFO] removed 0 missing examples
[INFO] finished tweaking crates.io crate steamopenid 0.3.0
[INFO] tweaked toml for crates.io crate steamopenid 0.3.0 written to /workspace/builds/worker-2-tc1/source/Cargo.toml
[INFO] crate crates.io crate steamopenid 0.3.0 already has a lockfile, it will not be regenerated
[INFO] running `Command { std: CARGO_HOME="/workspace/cargo-home" RUSTUP_HOME="/workspace/rustup-home" "/workspace/cargo-home/bin/cargo" "+1.83.0" "fetch" "--manifest-path" "Cargo.toml", kill_on_drop: false }`
[INFO] running `Command { std: "docker" "create" "-v" "/var/lib/crater-agent-workspace/builds/worker-2-tc1/target:/opt/rustwide/target:rw,Z" "-v" "/var/lib/crater-agent-workspace/builds/worker-2-tc1/source:/opt/rustwide/workdir:ro,Z" "-v" "/var/lib/crater-agent-workspace/cargo-home:/opt/rustwide/cargo-home:ro,Z" "-v" "/var/lib/crater-agent-workspace/rustup-home:/opt/rustwide/rustup-home:ro,Z" "-e" "SOURCE_DIR=/opt/rustwide/workdir" "-e" "CARGO_TARGET_DIR=/opt/rustwide/target" "-e" "CARGO_HOME=/opt/rustwide/cargo-home" "-e" "RUSTUP_HOME=/opt/rustwide/rustup-home" "-w" "/opt/rustwide/workdir" "-m" "1610612736" "--user" "0:0" "--network" "none" "ghcr.io/rust-lang/crates-build-env/linux@sha256:f3a9d4ad9d972b27faf3965f35b62e55ba32bbce8f20bc8fe909558a86702fde" "/opt/rustwide/cargo-home/bin/cargo" "+1.83.0" "metadata" "--no-deps" "--format-version=1", kill_on_drop: false }`
[INFO] [stdout] e4c7ed5ca07c72c21dabc787e9dc3a8fee0e5c5a0e2c25d324d5e66f3a8e760f
[INFO] running `Command { std: "docker" "start" "-a" "e4c7ed5ca07c72c21dabc787e9dc3a8fee0e5c5a0e2c25d324d5e66f3a8e760f", kill_on_drop: false }`
[INFO] running `Command { std: "docker" "inspect" "e4c7ed5ca07c72c21dabc787e9dc3a8fee0e5c5a0e2c25d324d5e66f3a8e760f", kill_on_drop: false }`
[INFO] running `Command { std: "docker" "rm" "-f" "e4c7ed5ca07c72c21dabc787e9dc3a8fee0e5c5a0e2c25d324d5e66f3a8e760f", kill_on_drop: false }`
[INFO] [stdout] e4c7ed5ca07c72c21dabc787e9dc3a8fee0e5c5a0e2c25d324d5e66f3a8e760f
[INFO] running `Command { std: "docker" "create" "-v" "/var/lib/crater-agent-workspace/builds/worker-2-tc1/target:/opt/rustwide/target:rw,Z" "-v" "/var/lib/crater-agent-workspace/builds/worker-2-tc1/source:/opt/rustwide/workdir:ro,Z" "-v" "/var/lib/crater-agent-workspace/cargo-home:/opt/rustwide/cargo-home:ro,Z" "-v" "/var/lib/crater-agent-workspace/rustup-home:/opt/rustwide/rustup-home:ro,Z" "-e" "SOURCE_DIR=/opt/rustwide/workdir" "-e" "CARGO_TARGET_DIR=/opt/rustwide/target" "-e" "CARGO_INCREMENTAL=0" "-e" "RUST_BACKTRACE=full" "-e" "RUSTFLAGS=--cap-lints=warn" "-e" "RUSTDOCFLAGS=--cap-lints=warn" "-e" "CARGO_HOME=/opt/rustwide/cargo-home" "-e" "RUSTUP_HOME=/opt/rustwide/rustup-home" "-w" "/opt/rustwide/workdir" "-m" "1610612736" "--user" "0:0" "--network" "none" "ghcr.io/rust-lang/crates-build-env/linux@sha256:f3a9d4ad9d972b27faf3965f35b62e55ba32bbce8f20bc8fe909558a86702fde" "/opt/rustwide/cargo-home/bin/cargo" "+1.83.0" "build" "--frozen" "--message-format=json", kill_on_drop: false }`
[INFO] [stdout] 13693bd2172652c47e1d394e280b140d677e912a91c98536a5b1690110d38aa4
[INFO] running `Command { std: "docker" "start" "-a" "13693bd2172652c47e1d394e280b140d677e912a91c98536a5b1690110d38aa4", kill_on_drop: false }`
[INFO] [stderr]    Compiling cc v1.1.8
[INFO] [stderr]    Compiling pkg-config v0.3.30
[INFO] [stderr]    Compiling vcpkg v0.2.15
[INFO] [stderr]    Compiling libc v0.2.155
[INFO] [stderr]    Compiling proc-macro2 v1.0.86
[INFO] [stderr]    Compiling unicode-ident v1.0.12
[INFO] [stderr]    Compiling curl v0.4.46
[INFO] [stderr]    Compiling unicode-xid v0.2.4
[INFO] [stderr]    Compiling openssl-probe v0.1.5
[INFO] [stderr]    Compiling urlencoding v2.1.3
[INFO] [stderr]    Compiling quote v1.0.36
[INFO] [stderr]    Compiling socket2 v0.5.7
[INFO] [stderr]    Compiling syn v2.0.72
[INFO] [stderr]    Compiling libz-sys v1.1.18
[INFO] [stderr]    Compiling openssl-sys v0.9.103
[INFO] [stderr]    Compiling curl-sys v0.4.74+curl-8.9.0
[INFO] [stderr]    Compiling derive_more-impl v1.0.0
[INFO] [stderr]    Compiling derive_more v1.0.0
[INFO] [stderr]    Compiling steamopenid v0.3.0 (/opt/rustwide/workdir)
[INFO] [stderr]     Finished `dev` profile [unoptimized + debuginfo] target(s) in 10.36s
[INFO] running `Command { std: "docker" "inspect" "13693bd2172652c47e1d394e280b140d677e912a91c98536a5b1690110d38aa4", kill_on_drop: false }`
[INFO] running `Command { std: "docker" "rm" "-f" "13693bd2172652c47e1d394e280b140d677e912a91c98536a5b1690110d38aa4", kill_on_drop: false }`
[INFO] [stdout] 13693bd2172652c47e1d394e280b140d677e912a91c98536a5b1690110d38aa4
[INFO] running `Command { std: "docker" "create" "-v" "/var/lib/crater-agent-workspace/builds/worker-2-tc1/target:/opt/rustwide/target:rw,Z" "-v" "/var/lib/crater-agent-workspace/builds/worker-2-tc1/source:/opt/rustwide/workdir:ro,Z" "-v" "/var/lib/crater-agent-workspace/cargo-home:/opt/rustwide/cargo-home:ro,Z" "-v" "/var/lib/crater-agent-workspace/rustup-home:/opt/rustwide/rustup-home:ro,Z" "-e" "SOURCE_DIR=/opt/rustwide/workdir" "-e" "CARGO_TARGET_DIR=/opt/rustwide/target" "-e" "CARGO_INCREMENTAL=0" "-e" "RUST_BACKTRACE=full" "-e" "RUSTFLAGS=--cap-lints=warn" "-e" "RUSTDOCFLAGS=--cap-lints=warn" "-e" "CARGO_HOME=/opt/rustwide/cargo-home" "-e" "RUSTUP_HOME=/opt/rustwide/rustup-home" "-w" "/opt/rustwide/workdir" "-m" "1610612736" "--user" "0:0" "--network" "none" "ghcr.io/rust-lang/crates-build-env/linux@sha256:f3a9d4ad9d972b27faf3965f35b62e55ba32bbce8f20bc8fe909558a86702fde" "/opt/rustwide/cargo-home/bin/cargo" "+1.83.0" "test" "--frozen" "--no-run" "--message-format=json", kill_on_drop: false }`
[INFO] [stdout] f345cfbd5e911036c3816ad5c4867bec4b825b576ec7b66b808d6da22aab0601
[INFO] running `Command { std: "docker" "start" "-a" "f345cfbd5e911036c3816ad5c4867bec4b825b576ec7b66b808d6da22aab0601", kill_on_drop: false }`
[INFO] [stderr]    Compiling syn v2.0.72
[INFO] [stderr]    Compiling pin-project-lite v0.2.14
[INFO] [stderr]    Compiling derive_more-impl v1.0.0
[INFO] [stderr]    Compiling tokio-macros v2.4.0
[INFO] [stderr]    Compiling tokio v1.39.2
[INFO] [stderr]    Compiling derive_more v1.0.0
[INFO] [stderr]    Compiling steamopenid v0.3.0 (/opt/rustwide/workdir)
[INFO] [stderr]     Finished `test` profile [unoptimized + debuginfo] target(s) in 10.18s
[INFO] running `Command { std: "docker" "inspect" "f345cfbd5e911036c3816ad5c4867bec4b825b576ec7b66b808d6da22aab0601", kill_on_drop: false }`
[INFO] running `Command { std: "docker" "rm" "-f" "f345cfbd5e911036c3816ad5c4867bec4b825b576ec7b66b808d6da22aab0601", kill_on_drop: false }`
[INFO] [stdout] f345cfbd5e911036c3816ad5c4867bec4b825b576ec7b66b808d6da22aab0601
[INFO] running `Command { std: "docker" "create" "-v" "/var/lib/crater-agent-workspace/builds/worker-2-tc1/target:/opt/rustwide/target:rw,Z" "-v" "/var/lib/crater-agent-workspace/builds/worker-2-tc1/source:/opt/rustwide/workdir:ro,Z" "-v" "/var/lib/crater-agent-workspace/cargo-home:/opt/rustwide/cargo-home:ro,Z" "-v" "/var/lib/crater-agent-workspace/rustup-home:/opt/rustwide/rustup-home:ro,Z" "-e" "SOURCE_DIR=/opt/rustwide/workdir" "-e" "CARGO_TARGET_DIR=/opt/rustwide/target" "-e" "CARGO_INCREMENTAL=0" "-e" "RUST_BACKTRACE=full" "-e" "RUSTFLAGS=--cap-lints=warn" "-e" "RUSTDOCFLAGS=--cap-lints=warn" "-e" "CARGO_HOME=/opt/rustwide/cargo-home" "-e" "RUSTUP_HOME=/opt/rustwide/rustup-home" "-w" "/opt/rustwide/workdir" "-m" "1610612736" "--user" "0:0" "--network" "none" "ghcr.io/rust-lang/crates-build-env/linux@sha256:f3a9d4ad9d972b27faf3965f35b62e55ba32bbce8f20bc8fe909558a86702fde" "/opt/rustwide/cargo-home/bin/cargo" "+1.83.0" "test" "--frozen", kill_on_drop: false }`
[INFO] [stdout] 761e81697702b2783f207cac2a0e94774b0dc0720fc45c7dc8318444b5f3e964
[INFO] running `Command { std: "docker" "start" "-a" "761e81697702b2783f207cac2a0e94774b0dc0720fc45c7dc8318444b5f3e964", kill_on_drop: false }`
[INFO] [stderr]     Finished `test` profile [unoptimized + debuginfo] target(s) in 0.04s
[INFO] [stderr]      Running unittests src/lib.rs (/opt/rustwide/target/debug/deps/steamopenid-b5614cb6887e08ef)
[INFO] [stdout] 
[INFO] [stdout] running 0 tests
[INFO] [stdout] 
[INFO] [stdout] test result: ok. 0 passed; 0 failed; 0 ignored; 0 measured; 0 filtered out; finished in 0.00s
[INFO] [stdout] 
[INFO] [stdout] 
[INFO] [stderr]      Running unittests src/main.rs (/opt/rustwide/target/debug/deps/steamopenid-ed4e92db5868ddad)
[INFO] [stdout] running 0 tests
[INFO] [stderr]    Doc-tests steamopenid
[INFO] [stdout] 
[INFO] [stdout] test result: ok. 0 passed; 0 failed; 0 ignored; 0 measured; 0 filtered out; finished in 0.00s
[INFO] [stdout] 
[INFO] [stdout] 
[INFO] [stdout] running 3 tests
[INFO] [stdout] test src/lib.rs - kv::encode_keyvalues (line 171) ... ok
[INFO] [stdout] test src/lib.rs - kv::decode_keyvalues (line 131) ... ok
[INFO] [stdout] test src/lib.rs - verify_auth_keyvalues (line 30) ... FAILED
[INFO] [stdout] 
[INFO] [stdout] failures:
[INFO] [stdout] 
[INFO] [stdout] ---- src/lib.rs - verify_auth_keyvalues (line 30) stdout ----
[INFO] [stdout] Test executable failed (exit status: 101).
[INFO] [stdout] 
[INFO] [stdout] stderr:
[INFO] [stdout] thread 'main' panicked at /opt/rustwide/workdir/src/lib.rs:91:10:
[INFO] [stdout] Should end up with a result from steam: Error { description: "Couldn't resolve host name", code: 6, extra: Some("Could not resolve host: steamcommunity.com") }
[INFO] [stdout] stack backtrace:
[INFO] [stdout]    0:     0x63882bdf9eca - std::backtrace_rs::backtrace::libunwind::trace::h5a5b8284f2d0c266
[INFO] [stdout]                                at /rustc/90b35a6239c3d8bdabc530a6a0816f7ff89a0aaf/library/std/src/../../backtrace/src/backtrace/libunwind.rs:116:5
[INFO] [stdout]    1:     0x63882bdf9eca - std::backtrace_rs::backtrace::trace_unsynchronized::h76d4f1c9b0b875e3
[INFO] [stdout]                                at /rustc/90b35a6239c3d8bdabc530a6a0816f7ff89a0aaf/library/std/src/../../backtrace/src/backtrace/mod.rs:66:5
[INFO] [stdout]    2:     0x63882bdf9eca - std::sys::backtrace::_print_fmt::hc4546b8364a537c6
[INFO] [stdout]                                at /rustc/90b35a6239c3d8bdabc530a6a0816f7ff89a0aaf/library/std/src/sys/backtrace.rs:66:9
[INFO] [stdout]    3:     0x63882bdf9eca - <std::sys::backtrace::BacktraceLock::print::DisplayBacktrace as core::fmt::Display>::fmt::h5b6bd5631a6d1f6b
[INFO] [stdout]                                at /rustc/90b35a6239c3d8bdabc530a6a0816f7ff89a0aaf/library/std/src/sys/backtrace.rs:39:26
[INFO] [stdout]    4:     0x63882be16463 - core::fmt::rt::Argument::fmt::h270f6602a2b96f62
[INFO] [stdout]                                at /rustc/90b35a6239c3d8bdabc530a6a0816f7ff89a0aaf/library/core/src/fmt/rt.rs:177:76
[INFO] [stdout]    5:     0x63882be16463 - core::fmt::write::h7550c97b06c86515
[INFO] [stdout]                                at /rustc/90b35a6239c3d8bdabc530a6a0816f7ff89a0aaf/library/core/src/fmt/mod.rs:1186:21
[INFO] [stdout]    6:     0x63882bdf79d3 - std::io::Write::write_fmt::h7b09c64fe0be9c84
[INFO] [stdout]                                at /rustc/90b35a6239c3d8bdabc530a6a0816f7ff89a0aaf/library/std/src/io/mod.rs:1839:15
[INFO] [stdout]    7:     0x63882bdf9d12 - std::sys::backtrace::BacktraceLock::print::h2395ccd2c84ba3aa
[INFO] [stdout]                                at /rustc/90b35a6239c3d8bdabc530a6a0816f7ff89a0aaf/library/std/src/sys/backtrace.rs:42:9
[INFO] [stdout]    8:     0x63882bdfacbc - std::panicking::default_hook::{{closure}}::he19d4c7230e07961
[INFO] [stdout]                                at /rustc/90b35a6239c3d8bdabc530a6a0816f7ff89a0aaf/library/std/src/panicking.rs:268:22
[INFO] [stdout]    9:     0x63882bdfab02 - std::panicking::default_hook::hf614597d3c67bbdb
[INFO] [stdout]                                at /rustc/90b35a6239c3d8bdabc530a6a0816f7ff89a0aaf/library/std/src/panicking.rs:295:9
[INFO] [stdout]   10:     0x63882bdfb297 - std::panicking::rust_panic_with_hook::h8942133a8b252070
[INFO] [stdout]                                at /rustc/90b35a6239c3d8bdabc530a6a0816f7ff89a0aaf/library/std/src/panicking.rs:801:13
[INFO] [stdout]   11:     0x63882bdfb12a - std::panicking::begin_panic_handler::{{closure}}::hb5f5963570096b29
[INFO] [stdout]                                at /rustc/90b35a6239c3d8bdabc530a6a0816f7ff89a0aaf/library/std/src/panicking.rs:674:13
[INFO] [stdout]   12:     0x63882bdfa3a9 - std::sys::backtrace::__rust_end_short_backtrace::h6208cedc1922feda
[INFO] [stdout]                                at /rustc/90b35a6239c3d8bdabc530a6a0816f7ff89a0aaf/library/std/src/sys/backtrace.rs:170:18
[INFO] [stdout]   13:     0x63882bdfadbc - rust_begin_unwind
[INFO] [stdout]                                at /rustc/90b35a6239c3d8bdabc530a6a0816f7ff89a0aaf/library/std/src/panicking.rs:665:5
[INFO] [stdout]   14:     0x63882bd8d390 - core::panicking::panic_fmt::h0c3082644d1bf418
[INFO] [stdout]                                at /rustc/90b35a6239c3d8bdabc530a6a0816f7ff89a0aaf/library/core/src/panicking.rs:74:14
[INFO] [stdout]   15:     0x63882bd8d7a6 - core::result::unwrap_failed::hd20b4aa073bda1e2
[INFO] [stdout]                                at /rustc/90b35a6239c3d8bdabc530a6a0816f7ff89a0aaf/library/core/src/result.rs:1700:5
[INFO] [stdout]   16:     0x63882bdd30e6 - core::result::Result<T,E>::expect::h1f9a5bba83c25d14
[INFO] [stdout]                                at /rustc/90b35a6239c3d8bdabc530a6a0816f7ff89a0aaf/library/core/src/result.rs:1061:23
[INFO] [stdout]   17:     0x63882bd8e77d - steamopenid::send_verify_request_raw::{{closure}}::h58675726f3e6a81e
[INFO] [stdout]   18:     0x63882bd8e2e3 - steamopenid::verify_auth_keyvalues::{{closure}}::h49cbbedd1f91f403
[INFO] [stdout]   19:     0x63882bd9de24 - rust_out::main::{{closure}}::h23e0a6cdca3b38c2
[INFO] [stdout]   20:     0x63882bd9cf96 - <core::pin::Pin<P> as core::future::future::Future>::poll::h6e1fa746d5af1138
[INFO] [stdout]   21:     0x63882bd9cbd5 - tokio::runtime::scheduler::current_thread::CoreGuard::block_on::{{closure}}::{{closure}}::{{closure}}::h0e6807202f4d363f
[INFO] [stdout]   22:     0x63882bd9c9b8 - tokio::runtime::scheduler::current_thread::CoreGuard::block_on::{{closure}}::{{closure}}::h1de26b5f205bf624
[INFO] [stdout]   23:     0x63882bd9a380 - tokio::runtime::scheduler::current_thread::Context::enter::h5c0505ac6013a4de
[INFO] [stdout]   24:     0x63882bd9ba4b - tokio::runtime::scheduler::current_thread::CoreGuard::block_on::{{closure}}::h8cae1d3bcb0dd874
[INFO] [stdout]   25:     0x63882bd9b764 - tokio::runtime::scheduler::current_thread::CoreGuard::enter::{{closure}}::h74cd4fecb375bcdf
[INFO] [stdout]   26:     0x63882bd98781 - tokio::runtime::context::scoped::Scoped<T>::set::h2466e1a87ce72e84
[INFO] [stdout]   27:     0x63882bd98574 - tokio::runtime::context::set_scheduler::{{closure}}::h6b8ea6fdb7cdede2
[INFO] [stdout]   28:     0x63882bd8f60a - std::thread::local::LocalKey<T>::try_with::h1f8c1fa7848fc26e
[INFO] [stdout]   29:     0x63882bd8f196 - std::thread::local::LocalKey<T>::with::h1fb900afaa50bfa2
[INFO] [stdout]   30:     0x63882bd9853b - tokio::runtime::context::set_scheduler::hd0a02e2801d3c4b5
[INFO] [stdout]   31:     0x63882bd9b524 - tokio::runtime::scheduler::current_thread::CoreGuard::enter::heb82f4d258b717e3
[INFO] [stdout]   32:     0x63882bd9b7fe - tokio::runtime::scheduler::current_thread::CoreGuard::block_on::haa6474579e25aa30
[INFO] [stdout]   33:     0x63882bd99b8d - tokio::runtime::scheduler::current_thread::CurrentThread::block_on::{{closure}}::hfd75229d2ece5cbb
[INFO] [stdout]   34:     0x63882bd98a0f - tokio::runtime::context::runtime::enter_runtime::h2468b17550c2935e
[INFO] [stdout]   35:     0x63882bd99501 - tokio::runtime::scheduler::current_thread::CurrentThread::block_on::ha130c40a8333057f
[INFO] [stdout]   36:     0x63882bd99102 - tokio::runtime::runtime::Runtime::block_on_inner::h094ce5dc58a9f23b
[INFO] [stdout]   37:     0x63882bd992fe - tokio::runtime::runtime::Runtime::block_on::hb0dbe3b97be16896
[INFO] [stdout]   38:     0x63882bd9db09 - rust_out::main::h86d391cc11b8a827
[INFO] [stdout]   39:     0x63882bd91223 - core::ops::function::FnOnce::call_once::hd1e0b33d350e8c2e
[INFO] [stdout]   40:     0x63882bd8ec66 - std::sys::backtrace::__rust_begin_short_backtrace::hb7c4fd168269da08
[INFO] [stdout]   41:     0x63882bd8ec49 - std::rt::lang_start::{{closure}}::h7630186e3858a44d
[INFO] [stdout]   42:     0x63882bdf537e - core::ops::function::impls::<impl core::ops::function::FnOnce<A> for &F>::call_once::hfdb85f4ee94732d3
[INFO] [stdout]                                at /rustc/90b35a6239c3d8bdabc530a6a0816f7ff89a0aaf/library/core/src/ops/function.rs:284:13
[INFO] [stdout]   43:     0x63882bdf537e - std::panicking::try::do_call::h6e577310f330cbef
[INFO] [stdout]                                at /rustc/90b35a6239c3d8bdabc530a6a0816f7ff89a0aaf/library/std/src/panicking.rs:557:40
[INFO] [stdout]   44:     0x63882bdf537e - std::panicking::try::ha588d438267d2645
[INFO] [stdout]                                at /rustc/90b35a6239c3d8bdabc530a6a0816f7ff89a0aaf/library/std/src/panicking.rs:520:19
[INFO] [stdout]   45:     0x63882bdf537e - std::panic::catch_unwind::h429fda1e025f26d9
[INFO] [stdout]                                at /rustc/90b35a6239c3d8bdabc530a6a0816f7ff89a0aaf/library/std/src/panic.rs:358:14
[INFO] [stdout]   46:     0x63882bdf537e - std::rt::lang_start_internal::{{closure}}::h7b731265e841c4bf
[INFO] [stdout]                                at /rustc/90b35a6239c3d8bdabc530a6a0816f7ff89a0aaf/library/std/src/rt.rs:174:48
[INFO] [stdout]   47:     0x63882bdf537e - std::panicking::try::do_call::hc0f6a675b7ae5a36
[INFO] [stdout]                                at /rustc/90b35a6239c3d8bdabc530a6a0816f7ff89a0aaf/library/std/src/panicking.rs:557:40
[INFO] [stdout]   48:     0x63882bdf537e - std::panicking::try::h4c93b7ff0671f1ff
[INFO] [stdout]                                at /rustc/90b35a6239c3d8bdabc530a6a0816f7ff89a0aaf/library/std/src/panicking.rs:520:19
[INFO] [stdout]   49:     0x63882bdf537e - std::panic::catch_unwind::hcc1e154961d16ce6
[INFO] [stdout]                                at /rustc/90b35a6239c3d8bdabc530a6a0816f7ff89a0aaf/library/std/src/panic.rs:358:14
[INFO] [stdout]   50:     0x63882bdf537e - std::rt::lang_start_internal::h1c66660c99c8424c
[INFO] [stdout]                                at /rustc/90b35a6239c3d8bdabc530a6a0816f7ff89a0aaf/library/std/src/rt.rs:174:20
[INFO] [stdout]   51:     0x63882bd8ec27 - std::rt::lang_start::hcdb31f4834f76b8c
[INFO] [stdout]   52:     0x63882bd9dfa5 - main
[INFO] [stdout]   53:     0x72e42b37ad90 - <unknown>
[INFO] [stdout]   54:     0x72e42b37ae40 - __libc_start_main
[INFO] [stdout]   55:     0x63882bd8dcc5 - _start
[INFO] [stdout]   56:                0x0 - <unknown>
[INFO] [stdout] 
[INFO] [stdout] 
[INFO] [stdout] 
[INFO] [stdout] failures:
[INFO] [stdout]     src/lib.rs - verify_auth_keyvalues (line 30)
[INFO] [stdout] 
[INFO] [stdout] test result: FAILED. 2 passed; 1 failed; 0 ignored; 0 measured; 0 filtered out; finished in 1.13s
[INFO] [stdout] 
[INFO] [stderr] error: doctest failed, to rerun pass `--doc`
[INFO] running `Command { std: "docker" "inspect" "761e81697702b2783f207cac2a0e94774b0dc0720fc45c7dc8318444b5f3e964", kill_on_drop: false }`
[INFO] running `Command { std: "docker" "rm" "-f" "761e81697702b2783f207cac2a0e94774b0dc0720fc45c7dc8318444b5f3e964", kill_on_drop: false }`
[INFO] [stdout] 761e81697702b2783f207cac2a0e94774b0dc0720fc45c7dc8318444b5f3e964
