[INFO] fetching crate steam-api 0.4.1...
[INFO] testing steam-api-0.4.1 against beta-2024-12-08 for beta-1.84.0-4-retry
[INFO] extracting crate steam-api 0.4.1 into /workspace/builds/worker-0-tc2/source
[INFO] validating manifest of crates.io crate steam-api 0.4.1 on toolchain beta-2024-12-08
[INFO] running `Command { std: CARGO_HOME="/workspace/cargo-home" RUSTUP_HOME="/workspace/rustup-home" "/workspace/cargo-home/bin/cargo" "+beta-2024-12-08" "metadata" "--manifest-path" "Cargo.toml" "--no-deps", kill_on_drop: false }`
[INFO] started tweaking crates.io crate steam-api 0.4.1
[INFO] finished tweaking crates.io crate steam-api 0.4.1
[INFO] tweaked toml for crates.io crate steam-api 0.4.1 written to /workspace/builds/worker-0-tc2/source/Cargo.toml
[INFO] crate crates.io crate steam-api 0.4.1 already has a lockfile, it will not be regenerated
[INFO] running `Command { std: CARGO_HOME="/workspace/cargo-home" RUSTUP_HOME="/workspace/rustup-home" "/workspace/cargo-home/bin/cargo" "+beta-2024-12-08" "fetch" "--manifest-path" "Cargo.toml", kill_on_drop: false }`
[INFO] running `Command { std: "docker" "create" "-v" "/var/lib/crater-agent-workspace/builds/worker-0-tc2/target:/opt/rustwide/target:rw,Z" "-v" "/var/lib/crater-agent-workspace/builds/worker-0-tc2/source:/opt/rustwide/workdir:ro,Z" "-v" "/var/lib/crater-agent-workspace/cargo-home:/opt/rustwide/cargo-home:ro,Z" "-v" "/var/lib/crater-agent-workspace/rustup-home:/opt/rustwide/rustup-home:ro,Z" "-e" "SOURCE_DIR=/opt/rustwide/workdir" "-e" "CARGO_TARGET_DIR=/opt/rustwide/target" "-e" "CARGO_HOME=/opt/rustwide/cargo-home" "-e" "RUSTUP_HOME=/opt/rustwide/rustup-home" "-w" "/opt/rustwide/workdir" "-m" "1610612736" "--user" "0:0" "--network" "none" "ghcr.io/rust-lang/crates-build-env/linux@sha256:f3a9d4ad9d972b27faf3965f35b62e55ba32bbce8f20bc8fe909558a86702fde" "/opt/rustwide/cargo-home/bin/cargo" "+beta-2024-12-08" "metadata" "--no-deps" "--format-version=1", kill_on_drop: false }`
[INFO] [stdout] 399f8167d0a7a0e5d98e68cbafae7ca8aa887456ffd6dc332889b15f7e540137
[INFO] running `Command { std: "docker" "start" "-a" "399f8167d0a7a0e5d98e68cbafae7ca8aa887456ffd6dc332889b15f7e540137", kill_on_drop: false }`
[INFO] running `Command { std: "docker" "inspect" "399f8167d0a7a0e5d98e68cbafae7ca8aa887456ffd6dc332889b15f7e540137", kill_on_drop: false }`
[INFO] running `Command { std: "docker" "rm" "-f" "399f8167d0a7a0e5d98e68cbafae7ca8aa887456ffd6dc332889b15f7e540137", kill_on_drop: false }`
[INFO] [stdout] 399f8167d0a7a0e5d98e68cbafae7ca8aa887456ffd6dc332889b15f7e540137
[INFO] running `Command { std: "docker" "create" "-v" "/var/lib/crater-agent-workspace/builds/worker-0-tc2/target:/opt/rustwide/target:rw,Z" "-v" "/var/lib/crater-agent-workspace/builds/worker-0-tc2/source:/opt/rustwide/workdir:ro,Z" "-v" "/var/lib/crater-agent-workspace/cargo-home:/opt/rustwide/cargo-home:ro,Z" "-v" "/var/lib/crater-agent-workspace/rustup-home:/opt/rustwide/rustup-home:ro,Z" "-e" "SOURCE_DIR=/opt/rustwide/workdir" "-e" "CARGO_TARGET_DIR=/opt/rustwide/target" "-e" "CARGO_INCREMENTAL=0" "-e" "RUST_BACKTRACE=full" "-e" "RUSTFLAGS=--cap-lints=warn" "-e" "RUSTDOCFLAGS=--cap-lints=warn" "-e" "CARGO_HOME=/opt/rustwide/cargo-home" "-e" "RUSTUP_HOME=/opt/rustwide/rustup-home" "-w" "/opt/rustwide/workdir" "-m" "1610612736" "--user" "0:0" "--network" "none" "ghcr.io/rust-lang/crates-build-env/linux@sha256:f3a9d4ad9d972b27faf3965f35b62e55ba32bbce8f20bc8fe909558a86702fde" "/opt/rustwide/cargo-home/bin/cargo" "+beta-2024-12-08" "build" "--frozen" "--message-format=json", kill_on_drop: false }`
[INFO] [stdout] 9b70f29b140e70e53896a32ecd08059939f2b5cdea5830ed7a9104d014e9f742
[INFO] running `Command { std: "docker" "start" "-a" "9b70f29b140e70e53896a32ecd08059939f2b5cdea5830ed7a9104d014e9f742", kill_on_drop: false }`
[INFO] [stderr]    Compiling libc v0.2.98
[INFO] [stderr]    Compiling cc v1.0.69
[INFO] [stderr]    Compiling proc-macro2 v1.0.27
[INFO] [stderr]    Compiling syn v1.0.73
[INFO] [stderr]    Compiling memchr v2.4.0
[INFO] [stderr]    Compiling once_cell v1.8.0
[INFO] [stderr]    Compiling pin-project-lite v0.2.7
[INFO] [stderr]    Compiling bytes v1.0.1
[INFO] [stderr]    Compiling tokio v1.8.1
[INFO] [stderr]    Compiling futures-core v0.3.15
[INFO] [stderr]    Compiling pkg-config v0.3.19
[INFO] [stderr]    Compiling futures-macro v0.3.15
[INFO] [stderr]    Compiling spin v0.5.2
[INFO] [stderr]    Compiling proc-macro-nested v0.1.7
[INFO] [stderr]    Compiling futures-task v0.3.15
[INFO] [stderr]    Compiling untrusted v0.7.1
[INFO] [stderr]    Compiling indexmap v1.7.0
[INFO] [stderr]    Compiling futures-util v0.3.15
[INFO] [stderr]    Compiling tracing-core v0.1.18
[INFO] [stderr]    Compiling futures-channel v0.3.15
[INFO] [stderr]    Compiling futures-sink v0.3.15
[INFO] [stderr]    Compiling openssl v0.10.35
[INFO] [stderr]    Compiling hashbrown v0.11.2
[INFO] [stderr]    Compiling matches v0.1.8
[INFO] [stderr]    Compiling slab v0.4.3
[INFO] [stderr]    Compiling httparse v1.4.1
[INFO] [stderr]    Compiling foreign-types-shared v0.1.1
[INFO] [stderr]    Compiling serde_derive v1.0.126
[INFO] [stderr]    Compiling futures-io v0.3.15
[INFO] [stderr]    Compiling foreign-types v0.3.2
[INFO] [stderr]    Compiling native-tls v0.2.7
[INFO] [stderr]    Compiling serde v1.0.126
[INFO] [stderr]    Compiling tinyvec_macros v0.1.0
[INFO] [stderr]    Compiling want v0.3.0
[INFO] [stderr]    Compiling tracing v0.1.26
[INFO] [stderr]    Compiling tinyvec v1.2.0
[INFO] [stderr]    Compiling num_cpus v1.13.0
[INFO] [stderr]    Compiling mio v0.7.13
[INFO] [stderr]    Compiling http v0.2.4
[INFO] [stderr]    Compiling quote v1.0.9
[INFO] [stderr]    Compiling socket2 v0.4.0
[INFO] [stderr]    Compiling openssl-probe v0.1.4
[INFO] [stderr]    Compiling percent-encoding v2.1.0
[INFO] [stderr]    Compiling httpdate v1.0.1
[INFO] [stderr]    Compiling base64 v0.13.0
[INFO] [stderr]    Compiling tower-service v0.3.1
[INFO] [stderr]    Compiling unicode-bidi v0.3.5
[INFO] [stderr]    Compiling form_urlencoded v1.0.1
[INFO] [stderr]    Compiling encoding_rs v0.8.28
[INFO] [stderr]    Compiling anyhow v1.0.42
[INFO] [stderr]    Compiling ipnet v2.3.1
[INFO] [stderr]    Compiling mime v0.3.16
[INFO] [stderr]    Compiling ring v0.16.20
[INFO] [stderr]    Compiling openssl-sys v0.9.65
[INFO] [stderr]    Compiling unicode-normalization v0.1.19
[INFO] [stderr]    Compiling idna v0.2.3
[INFO] [stderr]    Compiling url v2.2.2
[INFO] [stderr]    Compiling http-body v0.4.2
[INFO] [stderr]    Compiling webpki v0.21.4
[INFO] [stderr]    Compiling sct v0.6.1
[INFO] [stderr]    Compiling tokio-util v0.6.7
[INFO] [stderr]    Compiling tokio-native-tls v0.3.0
[INFO] [stderr]    Compiling rustls v0.19.1
[INFO] [stderr]    Compiling webpki-roots v0.21.1
[INFO] [stderr]    Compiling tokio-rustls v0.22.0
[INFO] [stderr]    Compiling h2 v0.3.3
[INFO] [stderr]    Compiling hyper v0.14.10
[INFO] [stderr]    Compiling serde_urlencoded v0.7.0
[INFO] [stderr]    Compiling serde_json v1.0.64
[INFO] [stderr]    Compiling hyper-rustls v0.22.1
[INFO] [stderr]    Compiling hyper-tls v0.5.0
[INFO] [stderr]    Compiling reqwest v0.11.4
[INFO] [stderr]    Compiling steam-api v0.4.1 (/opt/rustwide/workdir)
[INFO] [stderr]     Finished `dev` profile [unoptimized + debuginfo] target(s) in 34.63s
[INFO] running `Command { std: "docker" "inspect" "9b70f29b140e70e53896a32ecd08059939f2b5cdea5830ed7a9104d014e9f742", kill_on_drop: false }`
[INFO] running `Command { std: "docker" "rm" "-f" "9b70f29b140e70e53896a32ecd08059939f2b5cdea5830ed7a9104d014e9f742", kill_on_drop: false }`
[INFO] [stdout] 9b70f29b140e70e53896a32ecd08059939f2b5cdea5830ed7a9104d014e9f742
[INFO] running `Command { std: "docker" "create" "-v" "/var/lib/crater-agent-workspace/builds/worker-0-tc2/target:/opt/rustwide/target:rw,Z" "-v" "/var/lib/crater-agent-workspace/builds/worker-0-tc2/source:/opt/rustwide/workdir:ro,Z" "-v" "/var/lib/crater-agent-workspace/cargo-home:/opt/rustwide/cargo-home:ro,Z" "-v" "/var/lib/crater-agent-workspace/rustup-home:/opt/rustwide/rustup-home:ro,Z" "-e" "SOURCE_DIR=/opt/rustwide/workdir" "-e" "CARGO_TARGET_DIR=/opt/rustwide/target" "-e" "CARGO_INCREMENTAL=0" "-e" "RUST_BACKTRACE=full" "-e" "RUSTFLAGS=--cap-lints=warn" "-e" "RUSTDOCFLAGS=--cap-lints=warn" "-e" "CARGO_HOME=/opt/rustwide/cargo-home" "-e" "RUSTUP_HOME=/opt/rustwide/rustup-home" "-w" "/opt/rustwide/workdir" "-m" "1610612736" "--user" "0:0" "--network" "none" "ghcr.io/rust-lang/crates-build-env/linux@sha256:f3a9d4ad9d972b27faf3965f35b62e55ba32bbce8f20bc8fe909558a86702fde" "/opt/rustwide/cargo-home/bin/cargo" "+beta-2024-12-08" "test" "--frozen" "--no-run" "--message-format=json", kill_on_drop: false }`
[INFO] [stdout] 0c7440992d7816d6d4064afaed4436214b2b3122d169d25deb804801bc49b595
[INFO] running `Command { std: "docker" "start" "-a" "0c7440992d7816d6d4064afaed4436214b2b3122d169d25deb804801bc49b595", kill_on_drop: false }`
[INFO] [stderr]    Compiling num-traits v0.2.14
[INFO] [stderr]    Compiling num-integer v0.1.44
[INFO] [stderr]    Compiling time v0.1.43
[INFO] [stderr]    Compiling atty v0.2.14
[INFO] [stderr]    Compiling colored v1.9.3
[INFO] [stderr]    Compiling chrono v0.4.19
[INFO] [stderr]    Compiling simple_logger v1.11.0
[INFO] [stderr]    Compiling steam-api v0.4.1 (/opt/rustwide/workdir)
[INFO] [stderr]     Finished `test` profile [unoptimized + debuginfo] target(s) in 3.92s
[INFO] running `Command { std: "docker" "inspect" "0c7440992d7816d6d4064afaed4436214b2b3122d169d25deb804801bc49b595", kill_on_drop: false }`
[INFO] running `Command { std: "docker" "rm" "-f" "0c7440992d7816d6d4064afaed4436214b2b3122d169d25deb804801bc49b595", kill_on_drop: false }`
[INFO] [stdout] 0c7440992d7816d6d4064afaed4436214b2b3122d169d25deb804801bc49b595
[INFO] running `Command { std: "docker" "create" "-v" "/var/lib/crater-agent-workspace/builds/worker-0-tc2/target:/opt/rustwide/target:rw,Z" "-v" "/var/lib/crater-agent-workspace/builds/worker-0-tc2/source:/opt/rustwide/workdir:ro,Z" "-v" "/var/lib/crater-agent-workspace/cargo-home:/opt/rustwide/cargo-home:ro,Z" "-v" "/var/lib/crater-agent-workspace/rustup-home:/opt/rustwide/rustup-home:ro,Z" "-e" "SOURCE_DIR=/opt/rustwide/workdir" "-e" "CARGO_TARGET_DIR=/opt/rustwide/target" "-e" "CARGO_INCREMENTAL=0" "-e" "RUST_BACKTRACE=full" "-e" "RUSTFLAGS=--cap-lints=warn" "-e" "RUSTDOCFLAGS=--cap-lints=warn" "-e" "CARGO_HOME=/opt/rustwide/cargo-home" "-e" "RUSTUP_HOME=/opt/rustwide/rustup-home" "-w" "/opt/rustwide/workdir" "-m" "1610612736" "--user" "0:0" "--network" "none" "ghcr.io/rust-lang/crates-build-env/linux@sha256:f3a9d4ad9d972b27faf3965f35b62e55ba32bbce8f20bc8fe909558a86702fde" "/opt/rustwide/cargo-home/bin/cargo" "+beta-2024-12-08" "test" "--frozen", kill_on_drop: false }`
[INFO] [stdout] b475064f2a5af9d73b0a4ea8a05b94c3698672c6e28f16434e2d146755ccfc10
[INFO] running `Command { std: "docker" "start" "-a" "b475064f2a5af9d73b0a4ea8a05b94c3698672c6e28f16434e2d146755ccfc10", kill_on_drop: false }`
[INFO] [stderr]     Finished `test` profile [unoptimized + debuginfo] target(s) in 0.12s
[INFO] [stderr]      Running unittests src/lib.rs (/opt/rustwide/target/debug/deps/steam_api-b05c68839a26b24b)
[INFO] [stdout] 
[INFO] [stdout] running 0 tests
[INFO] [stdout] 
[INFO] [stdout] test result: ok. 0 passed; 0 failed; 0 ignored; 0 measured; 0 filtered out; finished in 0.00s
[INFO] [stdout] 
[INFO] [stderr]    Doc-tests steam_api
[INFO] [stdout] 
[INFO] [stdout] running 10 tests
[INFO] [stdout] test src/lib.rs - get_player_bans (line 155) ... FAILED
[INFO] [stdout] test src/lib.rs - (line 17) ... FAILED
[INFO] [stdout] test src/lib.rs - get_player_summaries (line 77) ... FAILED
[INFO] [stdout] test src/lib.rs - get_player_bans (line 139) ... FAILED
[INFO] [stdout] test src/functions.rs - functions::manage_api_url (line 16) ... ok
[INFO] [stdout] test src/lib.rs - get_friends_list (line 200) ... FAILED
[INFO] [stdout] test src/lib.rs - get_steam_level (line 26) ... FAILED
[INFO] [stdout] test src/lib.rs - get_player_summaries (line 93) ... FAILED
[INFO] [stdout] test src/lib.rs - get_profile_info (line 252) ... FAILED
[INFO] [stdout] test src/lib.rs - get_profile_info (line 270) ... FAILED
[INFO] [stdout] 
[INFO] [stdout] failures:
[INFO] [stdout] 
[INFO] [stdout] ---- src/lib.rs - get_player_bans (line 155) stdout ----
[INFO] [stdout] error: linking with `cc` failed: exit status: 1
[INFO] [stdout]   |
[INFO] [stdout]   = note: LC_ALL="C" PATH="/opt/rustwide/rustup-home/toolchains/beta-2024-12-08-x86_64-unknown-linux-gnu/lib/rustlib/x86_64-unknown-linux-gnu/bin:/opt/rustwide/cargo-home/bin:/usr/local/sbin:/usr/local/bin:/usr/sbin:/usr/bin:/sbin:/bin" VSLANG="1033" "cc" "-m64" "/tmp/rustcNdfV95/symbols.o" "/tmp/rustdoctestZx1Ygv/rust_out.rust_out.9242fac72db2cd11-cgu.0.rcgu.o" "/tmp/rustdoctestZx1Ygv/rust_out.2hl2tb9xdtge7mguxzn2q1kvi.rcgu.o" "-Wl,--as-needed" "-Wl,-Bstatic" "/opt/rustwide/target/debug/deps/libsteam_api-c35c0bd39e18ce1d.rlib" "/opt/rustwide/target/debug/deps/libreqwest-deaa52fd988138cb.rlib" "/opt/rustwide/target/debug/deps/libhyper_rustls-5d508fedf09c8d40.rlib" "/opt/rustwide/target/debug/deps/libhyper_tls-eb8e7cecf0e33377.rlib" "/opt/rustwide/target/debug/deps/libwebpki_roots-a308188ba5f6fbaf.rlib" "/opt/rustwide/target/debug/deps/libipnet-dff482cb7b80ee87.rlib" "/opt/rustwide/target/debug/deps/libtokio_native_tls-037f5392048bb9fa.rlib" "/opt/rustwide/target/debug/deps/libtokio_rustls-01bf9ea497c7d178.rlib" "/opt/rustwide/target/debug/deps/librustls-687fa874cab96f0b.rlib" "/opt/rustwide/target/debug/deps/libsct-e1b244264ce87255.rlib" "/opt/rustwide/target/debug/deps/libwebpki-0ab66065f61743dc.rlib" "/opt/rustwide/target/debug/deps/libring-bee9f62fa97eb849.rlib" "/opt/rustwide/target/debug/deps/libspin-e858d3468b8e3abd.rlib" "/opt/rustwide/target/debug/deps/libuntrusted-6cf40e3a64622ff0.rlib" "/opt/rustwide/target/debug/deps/libserde_urlencoded-f029a7b66de99417.rlib" "/opt/rustwide/target/debug/deps/libmime-d5b83fc07afe1071.rlib" "/opt/rustwide/target/debug/deps/libencoding_rs-84009d520dfafee6.rlib" "/opt/rustwide/target/debug/deps/libserde_json-00c6e7a8b4dc5831.rlib" "/opt/rustwide/target/debug/deps/libryu-98249992139dd95c.rlib" "/opt/rustwide/target/debug/deps/libbase64-450a6d9dcba13b9b.rlib" "/opt/rustwide/target/debug/deps/libnative_tls-3878ff0d853b25c0.rlib" "/opt/rustwide/target/debug/deps/libopenssl_probe-ecd864fec2a1177b.rlib" "/opt/rustwide/target/debug/deps/libopenssl-fa6a0a85d29ab393.rlib" "/opt/rustwide/target/debug/deps/libonce_cell-1fc356a87167a13f.rlib" "/opt/rustwide/target/debug/deps/libbitflags-53f2c2e16beb276c.rlib" "/opt/rustwide/target/debug/deps/libforeign_types-2619a4331d8b6eb7.rlib" "/opt/rustwide/target/debug/deps/libforeign_types_shared-c35523625cfd8702.rlib" "/opt/rustwide/target/debug/deps/libopenssl_sys-49ca9b3c145dc4b1.rlib" "/opt/rustwide/target/debug/deps/libhyper-607cc5328427e066.rlib" "/opt/rustwide/target/debug/deps/libwant-0120fee94a24504f.rlib" "/opt/rustwide/target/debug/deps/libtry_lock-26ff910364847eb9.rlib" "/opt/rustwide/target/debug/deps/libsocket2-3dfe966a6c2270c4.rlib" "/opt/rustwide/target/debug/deps/libh2-3715d16331e3f99b.rlib" "/opt/rustwide/target/debug/deps/libindexmap-d56697f0621dd746.rlib" "/opt/rustwide/target/debug/deps/libhashbrown-d5b24f3d513fb86b.rlib" "/opt/rustwide/target/debug/deps/libtokio_util-e669c283d83c4319.rlib" "/opt/rustwide/target/debug/deps/libfutures_sink-7ec9c2f716090630.rlib" "/opt/rustwide/target/debug/deps/libhttparse-8adf4b4ab5824db2.rlib" "/opt/rustwide/target/debug/deps/libtower_service-e6940b1f3752a22b.rlib" "/opt/rustwide/target/debug/deps/libfutures_channel-9536bdca6fcce660.rlib" "/opt/rustwide/target/debug/deps/libtracing-d0305448386d1e6d.rlib" "/opt/rustwide/target/debug/deps/libtracing_core-2682a859ef06f473.rlib" "/opt/rustwide/target/debug/deps/libtokio-c4954651c4f020c4.rlib" "/opt/rustwide/target/debug/deps/libnum_cpus-0f6cb4d735bbb686.rlib" "/opt/rustwide/target/debug/deps/libmio-444c895ac59c4907.rlib" "/opt/rustwide/target/debug/deps/liblibc-0fbe4aa96bf5b07f.rlib" "/opt/rustwide/target/debug/deps/libhttp_body-ddbae411f1279b3e.rlib" "/opt/rustwide/target/debug/deps/libfutures_util-83017def2ac5c752.rlib" "/opt/rustwide/target/debug/deps/libmemchr-1a54e211cda84184.rlib" "/opt/rustwide/target/debug/deps/libfutures_io-e5c6f4eabe343a27.rlib" "/opt/rustwide/target/debug/deps/libslab-4474e4195303c474.rlib" "/opt/rustwide/target/debug/deps/libpin_project_lite-a6b39be114c4c5d8.rlib" "/opt/rustwide/target/debug/deps/libfutures_task-e879777e87ac8ad9.rlib" "/opt/rustwide/target/debug/deps/libpin_utils-e8360a4d12f71807.rlib" "/opt/rustwide/target/debug/deps/libfutures_core-a39501d2179b2228.rlib" "/opt/rustwide/target/debug/deps/liblazy_static-efa3519517df6cf0.rlib" "/opt/rustwide/target/debug/deps/liburl-d608aa5186c0ae11.rlib" "/opt/rustwide/target/debug/deps/libidna-760c2cac12cd1eaf.rlib" "/opt/rustwide/target/debug/deps/libunicode_normalization-d89270ecee09f0bc.rlib" "/opt/rustwide/target/debug/deps/libtinyvec-db567ab45e477217.rlib" "/opt/rustwide/target/debug/deps/libtinyvec_macros-2b90caf71be257df.rlib" "/opt/rustwide/target/debug/deps/libunicode_bidi-bdf924e2d6dbe0a6.rlib" "/opt/rustwide/target/debug/deps/libform_urlencoded-eef4ec7e063415c4.rlib" "/opt/rustwide/target/debug/deps/libpercent_encoding-d421ee550bd528ce.rlib" "/opt/rustwide/target/debug/deps/libmatches-33a095e4f2c9159c.rlib" "/opt/rustwide/target/debug/deps/libhttp-2a126693a2c23496.rlib" "/opt/rustwide/target/debug/deps/libitoa-b84a322b628e7893.rlib" "/opt/rustwide/target/debug/deps/libbytes-3630a6d6f500bb07.rlib" "/opt/rustwide/target/debug/deps/libfnv-953831fe314029b4.rlib" "/opt/rustwide/target/debug/deps/liblog-f4796996a673a555.rlib" "/opt/rustwide/target/debug/deps/libcfg_if-a3e7e701fcd1f47b.rlib" "/opt/rustwide/target/debug/deps/libanyhow-bfbb23934369e83f.rlib" "/opt/rustwide/target/debug/deps/libserde-84da08260e88b276.rlib" "/opt/rustwide/rustup-home/toolchains/beta-2024-12-08-x86_64-unknown-linux-gnu/lib/rustlib/x86_64-unknown-linux-gnu/lib/libstd-02dc84f49135b6b8.rlib" "/opt/rustwide/rustup-home/toolchains/beta-2024-12-08-x86_64-unknown-linux-gnu/lib/rustlib/x86_64-unknown-linux-gnu/lib/libpanic_unwind-a8f45b397fae3f81.rlib" "/opt/rustwide/rustup-home/toolchains/beta-2024-12-08-x86_64-unknown-linux-gnu/lib/rustlib/x86_64-unknown-linux-gnu/lib/libobject-089607133c180609.rlib" "/opt/rustwide/rustup-home/toolchains/beta-2024-12-08-x86_64-unknown-linux-gnu/lib/rustlib/x86_64-unknown-linux-gnu/lib/libmemchr-fc89f091bcd86cbb.rlib" "/opt/rustwide/rustup-home/toolchains/beta-2024-12-08-x86_64-unknown-linux-gnu/lib/rustlib/x86_64-unknown-linux-gnu/lib/libaddr2line-5a60949f01c7340c.rlib" "/opt/rustwide/rustup-home/toolchains/beta-2024-12-08-x86_64-unknown-linux-gnu/lib/rustlib/x86_64-unknown-linux-gnu/lib/libgimli-d29e6a55ca253c8c.rlib" "/opt/rustwide/rustup-home/toolchains/beta-2024-12-08-x86_64-unknown-linux-gnu/lib/rustlib/x86_64-unknown-linux-gnu/lib/librustc_demangle-273c078d5f65de7a.rlib" "/opt/rustwide/rustup-home/toolchains/beta-2024-12-08-x86_64-unknown-linux-gnu/lib/rustlib/x86_64-unknown-linux-gnu/lib/libstd_detect-413c950ffbdd4454.rlib" "/opt/rustwide/rustup-home/toolchains/beta-2024-12-08-x86_64-unknown-linux-gnu/lib/rustlib/x86_64-unknown-linux-gnu/lib/libhashbrown-1853c0976a1d88a6.rlib" "/opt/rustwide/rustup-home/toolchains/beta-2024-12-08-x86_64-unknown-linux-gnu/lib/rustlib/x86_64-unknown-linux-gnu/lib/librustc_std_workspace_alloc-ccb3384ddacb0f9e.rlib" "/opt/rustwide/rustup-home/toolchains/beta-2024-12-08-x86_64-unknown-linux-gnu/lib/rustlib/x86_64-unknown-linux-gnu/lib/libminiz_oxide-0b901dfb0ca849e0.rlib" "/opt/rustwide/rustup-home/toolchains/beta-2024-12-08-x86_64-unknown-linux-gnu/lib/rustlib/x86_64-unknown-linux-gnu/lib/libadler-eebeb8d7c64543ad.rlib" "/opt/rustwide/rustup-home/toolchains/beta-2024-12-08-x86_64-unknown-linux-gnu/lib/rustlib/x86_64-unknown-linux-gnu/lib/libunwind-4723ef81d6079867.rlib" "/opt/rustwide/rustup-home/toolchains/beta-2024-12-08-x86_64-unknown-linux-gnu/lib/rustlib/x86_64-unknown-linux-gnu/lib/libcfg_if-54442f8b422f5a54.rlib" "/opt/rustwide/rustup-home/toolchains/beta-2024-12-08-x86_64-unknown-linux-gnu/lib/rustlib/x86_64-unknown-linux-gnu/lib/liblibc-e0bbe034b5282553.rlib" "/opt/rustwide/rustup-home/toolchains/beta-2024-12-08-x86_64-unknown-linux-gnu/lib/rustlib/x86_64-unknown-linux-gnu/lib/liballoc-d0febb68c1c37b90.rlib" "/opt/rustwide/rustup-home/toolchains/beta-2024-12-08-x86_64-unknown-linux-gnu/lib/rustlib/x86_64-unknown-linux-gnu/lib/librustc_std_workspace_core-4cf833632aafa84c.rlib" "/opt/rustwide/rustup-home/toolchains/beta-2024-12-08-x86_64-unknown-linux-gnu/lib/rustlib/x86_64-unknown-linux-gnu/lib/libcore-65c2c6d2d6ae570b.rlib" "/opt/rustwide/rustup-home/toolchains/beta-2024-12-08-x86_64-unknown-linux-gnu/lib/rustlib/x86_64-unknown-linux-gnu/lib/libcompiler_builtins-97929cee0dcfe424.rlib" "-Wl,-Bdynamic" "-lssl" "-lcrypto" "-lgcc_s" "-lutil" "-lrt" "-lpthread" "-lm" "-ldl" "-lc" "-Wl,--eh-frame-hdr" "-Wl,-z,noexecstack" "-L" "/opt/rustwide/target/debug/build/ring-a9ad492bd6c65f10/out" "-L" "/opt/rustwide/rustup-home/toolchains/beta-2024-12-08-x86_64-unknown-linux-gnu/lib/rustlib/x86_64-unknown-linux-gnu/lib" "-o" "/tmp/rustdoctestZx1Ygv/rust_out" "-Wl,--gc-sections" "-pie" "-Wl,-z,relro,-z,now" "-nodefaultlibs"
[INFO] [stdout]   = note: collect2: fatal error: ld terminated with signal 9 [Killed]
[INFO] [stdout]           compilation terminated.
[INFO] [stdout]           
[INFO] [stdout] 
[INFO] [stdout] error: aborting due to 1 previous error
[INFO] [stdout] 
[INFO] [stdout] Couldn't compile the test.
[INFO] [stdout] ---- src/lib.rs - (line 17) stdout ----
[INFO] [stdout] error: linking with `cc` failed: exit status: 1
[INFO] [stdout]   |
[INFO] [stdout]   = note: LC_ALL="C" PATH="/opt/rustwide/rustup-home/toolchains/beta-2024-12-08-x86_64-unknown-linux-gnu/lib/rustlib/x86_64-unknown-linux-gnu/bin:/opt/rustwide/cargo-home/bin:/usr/local/sbin:/usr/local/bin:/usr/sbin:/usr/bin:/sbin:/bin" VSLANG="1033" "cc" "-m64" "/tmp/rustceLz4Qz/symbols.o" "/tmp/rustdoctest3sTwp0/rust_out.rust_out.9242fac72db2cd11-cgu.0.rcgu.o" "/tmp/rustdoctest3sTwp0/rust_out.2hl2tb9xdtge7mguxzn2q1kvi.rcgu.o" "-Wl,--as-needed" "-Wl,-Bstatic" "/opt/rustwide/target/debug/deps/libsteam_api-c35c0bd39e18ce1d.rlib" "/opt/rustwide/target/debug/deps/libreqwest-deaa52fd988138cb.rlib" "/opt/rustwide/target/debug/deps/libhyper_rustls-5d508fedf09c8d40.rlib" "/opt/rustwide/target/debug/deps/libhyper_tls-eb8e7cecf0e33377.rlib" "/opt/rustwide/target/debug/deps/libwebpki_roots-a308188ba5f6fbaf.rlib" "/opt/rustwide/target/debug/deps/libipnet-dff482cb7b80ee87.rlib" "/opt/rustwide/target/debug/deps/libtokio_native_tls-037f5392048bb9fa.rlib" "/opt/rustwide/target/debug/deps/libtokio_rustls-01bf9ea497c7d178.rlib" "/opt/rustwide/target/debug/deps/librustls-687fa874cab96f0b.rlib" "/opt/rustwide/target/debug/deps/libsct-e1b244264ce87255.rlib" "/opt/rustwide/target/debug/deps/libwebpki-0ab66065f61743dc.rlib" "/opt/rustwide/target/debug/deps/libring-bee9f62fa97eb849.rlib" "/opt/rustwide/target/debug/deps/libspin-e858d3468b8e3abd.rlib" "/opt/rustwide/target/debug/deps/libuntrusted-6cf40e3a64622ff0.rlib" "/opt/rustwide/target/debug/deps/libserde_urlencoded-f029a7b66de99417.rlib" "/opt/rustwide/target/debug/deps/libmime-d5b83fc07afe1071.rlib" "/opt/rustwide/target/debug/deps/libencoding_rs-84009d520dfafee6.rlib" "/opt/rustwide/target/debug/deps/libserde_json-00c6e7a8b4dc5831.rlib" "/opt/rustwide/target/debug/deps/libryu-98249992139dd95c.rlib" "/opt/rustwide/target/debug/deps/libbase64-450a6d9dcba13b9b.rlib" "/opt/rustwide/target/debug/deps/libnative_tls-3878ff0d853b25c0.rlib" "/opt/rustwide/target/debug/deps/libopenssl_probe-ecd864fec2a1177b.rlib" "/opt/rustwide/target/debug/deps/libopenssl-fa6a0a85d29ab393.rlib" "/opt/rustwide/target/debug/deps/libonce_cell-1fc356a87167a13f.rlib" "/opt/rustwide/target/debug/deps/libbitflags-53f2c2e16beb276c.rlib" "/opt/rustwide/target/debug/deps/libforeign_types-2619a4331d8b6eb7.rlib" "/opt/rustwide/target/debug/deps/libforeign_types_shared-c35523625cfd8702.rlib" "/opt/rustwide/target/debug/deps/libopenssl_sys-49ca9b3c145dc4b1.rlib" "/opt/rustwide/target/debug/deps/libhyper-607cc5328427e066.rlib" "/opt/rustwide/target/debug/deps/libwant-0120fee94a24504f.rlib" "/opt/rustwide/target/debug/deps/libtry_lock-26ff910364847eb9.rlib" "/opt/rustwide/target/debug/deps/libsocket2-3dfe966a6c2270c4.rlib" "/opt/rustwide/target/debug/deps/libh2-3715d16331e3f99b.rlib" "/opt/rustwide/target/debug/deps/libindexmap-d56697f0621dd746.rlib" "/opt/rustwide/target/debug/deps/libhashbrown-d5b24f3d513fb86b.rlib" "/opt/rustwide/target/debug/deps/libtokio_util-e669c283d83c4319.rlib" "/opt/rustwide/target/debug/deps/libfutures_sink-7ec9c2f716090630.rlib" "/opt/rustwide/target/debug/deps/libhttparse-8adf4b4ab5824db2.rlib" "/opt/rustwide/target/debug/deps/libtower_service-e6940b1f3752a22b.rlib" "/opt/rustwide/target/debug/deps/libfutures_channel-9536bdca6fcce660.rlib" "/opt/rustwide/target/debug/deps/libtracing-d0305448386d1e6d.rlib" "/opt/rustwide/target/debug/deps/libtracing_core-2682a859ef06f473.rlib" "/opt/rustwide/target/debug/deps/libtokio-c4954651c4f020c4.rlib" "/opt/rustwide/target/debug/deps/libnum_cpus-0f6cb4d735bbb686.rlib" "/opt/rustwide/target/debug/deps/libmio-444c895ac59c4907.rlib" "/opt/rustwide/target/debug/deps/liblibc-0fbe4aa96bf5b07f.rlib" "/opt/rustwide/target/debug/deps/libhttp_body-ddbae411f1279b3e.rlib" "/opt/rustwide/target/debug/deps/libfutures_util-83017def2ac5c752.rlib" "/opt/rustwide/target/debug/deps/libmemchr-1a54e211cda84184.rlib" "/opt/rustwide/target/debug/deps/libfutures_io-e5c6f4eabe343a27.rlib" "/opt/rustwide/target/debug/deps/libslab-4474e4195303c474.rlib" "/opt/rustwide/target/debug/deps/libpin_project_lite-a6b39be114c4c5d8.rlib" "/opt/rustwide/target/debug/deps/libfutures_task-e879777e87ac8ad9.rlib" "/opt/rustwide/target/debug/deps/libpin_utils-e8360a4d12f71807.rlib" "/opt/rustwide/target/debug/deps/libfutures_core-a39501d2179b2228.rlib" "/opt/rustwide/target/debug/deps/liblazy_static-efa3519517df6cf0.rlib" "/opt/rustwide/target/debug/deps/liburl-d608aa5186c0ae11.rlib" "/opt/rustwide/target/debug/deps/libidna-760c2cac12cd1eaf.rlib" "/opt/rustwide/target/debug/deps/libunicode_normalization-d89270ecee09f0bc.rlib" "/opt/rustwide/target/debug/deps/libtinyvec-db567ab45e477217.rlib" "/opt/rustwide/target/debug/deps/libtinyvec_macros-2b90caf71be257df.rlib" "/opt/rustwide/target/debug/deps/libunicode_bidi-bdf924e2d6dbe0a6.rlib" "/opt/rustwide/target/debug/deps/libform_urlencoded-eef4ec7e063415c4.rlib" "/opt/rustwide/target/debug/deps/libpercent_encoding-d421ee550bd528ce.rlib" "/opt/rustwide/target/debug/deps/libmatches-33a095e4f2c9159c.rlib" "/opt/rustwide/target/debug/deps/libhttp-2a126693a2c23496.rlib" "/opt/rustwide/target/debug/deps/libitoa-b84a322b628e7893.rlib" "/opt/rustwide/target/debug/deps/libbytes-3630a6d6f500bb07.rlib" "/opt/rustwide/target/debug/deps/libfnv-953831fe314029b4.rlib" "/opt/rustwide/target/debug/deps/liblog-f4796996a673a555.rlib" "/opt/rustwide/target/debug/deps/libcfg_if-a3e7e701fcd1f47b.rlib" "/opt/rustwide/target/debug/deps/libanyhow-bfbb23934369e83f.rlib" "/opt/rustwide/target/debug/deps/libserde-84da08260e88b276.rlib" "/opt/rustwide/rustup-home/toolchains/beta-2024-12-08-x86_64-unknown-linux-gnu/lib/rustlib/x86_64-unknown-linux-gnu/lib/libstd-02dc84f49135b6b8.rlib" "/opt/rustwide/rustup-home/toolchains/beta-2024-12-08-x86_64-unknown-linux-gnu/lib/rustlib/x86_64-unknown-linux-gnu/lib/libpanic_unwind-a8f45b397fae3f81.rlib" "/opt/rustwide/rustup-home/toolchains/beta-2024-12-08-x86_64-unknown-linux-gnu/lib/rustlib/x86_64-unknown-linux-gnu/lib/libobject-089607133c180609.rlib" "/opt/rustwide/rustup-home/toolchains/beta-2024-12-08-x86_64-unknown-linux-gnu/lib/rustlib/x86_64-unknown-linux-gnu/lib/libmemchr-fc89f091bcd86cbb.rlib" "/opt/rustwide/rustup-home/toolchains/beta-2024-12-08-x86_64-unknown-linux-gnu/lib/rustlib/x86_64-unknown-linux-gnu/lib/libaddr2line-5a60949f01c7340c.rlib" "/opt/rustwide/rustup-home/toolchains/beta-2024-12-08-x86_64-unknown-linux-gnu/lib/rustlib/x86_64-unknown-linux-gnu/lib/libgimli-d29e6a55ca253c8c.rlib" "/opt/rustwide/rustup-home/toolchains/beta-2024-12-08-x86_64-unknown-linux-gnu/lib/rustlib/x86_64-unknown-linux-gnu/lib/librustc_demangle-273c078d5f65de7a.rlib" "/opt/rustwide/rustup-home/toolchains/beta-2024-12-08-x86_64-unknown-linux-gnu/lib/rustlib/x86_64-unknown-linux-gnu/lib/libstd_detect-413c950ffbdd4454.rlib" "/opt/rustwide/rustup-home/toolchains/beta-2024-12-08-x86_64-unknown-linux-gnu/lib/rustlib/x86_64-unknown-linux-gnu/lib/libhashbrown-1853c0976a1d88a6.rlib" "/opt/rustwide/rustup-home/toolchains/beta-2024-12-08-x86_64-unknown-linux-gnu/lib/rustlib/x86_64-unknown-linux-gnu/lib/librustc_std_workspace_alloc-ccb3384ddacb0f9e.rlib" "/opt/rustwide/rustup-home/toolchains/beta-2024-12-08-x86_64-unknown-linux-gnu/lib/rustlib/x86_64-unknown-linux-gnu/lib/libminiz_oxide-0b901dfb0ca849e0.rlib" "/opt/rustwide/rustup-home/toolchains/beta-2024-12-08-x86_64-unknown-linux-gnu/lib/rustlib/x86_64-unknown-linux-gnu/lib/libadler-eebeb8d7c64543ad.rlib" "/opt/rustwide/rustup-home/toolchains/beta-2024-12-08-x86_64-unknown-linux-gnu/lib/rustlib/x86_64-unknown-linux-gnu/lib/libunwind-4723ef81d6079867.rlib" "/opt/rustwide/rustup-home/toolchains/beta-2024-12-08-x86_64-unknown-linux-gnu/lib/rustlib/x86_64-unknown-linux-gnu/lib/libcfg_if-54442f8b422f5a54.rlib" "/opt/rustwide/rustup-home/toolchains/beta-2024-12-08-x86_64-unknown-linux-gnu/lib/rustlib/x86_64-unknown-linux-gnu/lib/liblibc-e0bbe034b5282553.rlib" "/opt/rustwide/rustup-home/toolchains/beta-2024-12-08-x86_64-unknown-linux-gnu/lib/rustlib/x86_64-unknown-linux-gnu/lib/liballoc-d0febb68c1c37b90.rlib" "/opt/rustwide/rustup-home/toolchains/beta-2024-12-08-x86_64-unknown-linux-gnu/lib/rustlib/x86_64-unknown-linux-gnu/lib/librustc_std_workspace_core-4cf833632aafa84c.rlib" "/opt/rustwide/rustup-home/toolchains/beta-2024-12-08-x86_64-unknown-linux-gnu/lib/rustlib/x86_64-unknown-linux-gnu/lib/libcore-65c2c6d2d6ae570b.rlib" "/opt/rustwide/rustup-home/toolchains/beta-2024-12-08-x86_64-unknown-linux-gnu/lib/rustlib/x86_64-unknown-linux-gnu/lib/libcompiler_builtins-97929cee0dcfe424.rlib" "-Wl,-Bdynamic" "-lssl" "-lcrypto" "-lgcc_s" "-lutil" "-lrt" "-lpthread" "-lm" "-ldl" "-lc" "-Wl,--eh-frame-hdr" "-Wl,-z,noexecstack" "-L" "/opt/rustwide/target/debug/build/ring-a9ad492bd6c65f10/out" "-L" "/opt/rustwide/rustup-home/toolchains/beta-2024-12-08-x86_64-unknown-linux-gnu/lib/rustlib/x86_64-unknown-linux-gnu/lib" "-o" "/tmp/rustdoctest3sTwp0/rust_out" "-Wl,--gc-sections" "-pie" "-Wl,-z,relro,-z,now" "-nodefaultlibs"
[INFO] [stdout]   = note: collect2: fatal error: ld terminated with signal 9 [Killed]
[INFO] [stdout]           compilation terminated.
[INFO] [stdout]           
[INFO] [stdout] 
[INFO] [stdout] error: aborting due to 1 previous error
[INFO] [stdout] 
[INFO] [stdout] Couldn't compile the test.
[INFO] [stdout] ---- src/lib.rs - get_player_summaries (line 77) stdout ----
[INFO] [stdout] error: linking with `cc` failed: exit status: 1
[INFO] [stdout]   |
[INFO] [stdout]   = note: LC_ALL="C" PATH="/opt/rustwide/rustup-home/toolchains/beta-2024-12-08-x86_64-unknown-linux-gnu/lib/rustlib/x86_64-unknown-linux-gnu/bin:/opt/rustwide/cargo-home/bin:/usr/local/sbin:/usr/local/bin:/usr/sbin:/usr/bin:/sbin:/bin" VSLANG="1033" "cc" "-m64" "/tmp/rustcWMdQUY/symbols.o" "/tmp/rustdoctestPFsOHH/rust_out.rust_out.9242fac72db2cd11-cgu.0.rcgu.o" "/tmp/rustdoctestPFsOHH/rust_out.2hl2tb9xdtge7mguxzn2q1kvi.rcgu.o" "-Wl,--as-needed" "-Wl,-Bstatic" "/opt/rustwide/target/debug/deps/libsteam_api-c35c0bd39e18ce1d.rlib" "/opt/rustwide/target/debug/deps/libreqwest-deaa52fd988138cb.rlib" "/opt/rustwide/target/debug/deps/libhyper_rustls-5d508fedf09c8d40.rlib" "/opt/rustwide/target/debug/deps/libhyper_tls-eb8e7cecf0e33377.rlib" "/opt/rustwide/target/debug/deps/libwebpki_roots-a308188ba5f6fbaf.rlib" "/opt/rustwide/target/debug/deps/libipnet-dff482cb7b80ee87.rlib" "/opt/rustwide/target/debug/deps/libtokio_native_tls-037f5392048bb9fa.rlib" "/opt/rustwide/target/debug/deps/libtokio_rustls-01bf9ea497c7d178.rlib" "/opt/rustwide/target/debug/deps/librustls-687fa874cab96f0b.rlib" "/opt/rustwide/target/debug/deps/libsct-e1b244264ce87255.rlib" "/opt/rustwide/target/debug/deps/libwebpki-0ab66065f61743dc.rlib" "/opt/rustwide/target/debug/deps/libring-bee9f62fa97eb849.rlib" "/opt/rustwide/target/debug/deps/libspin-e858d3468b8e3abd.rlib" "/opt/rustwide/target/debug/deps/libuntrusted-6cf40e3a64622ff0.rlib" "/opt/rustwide/target/debug/deps/libserde_urlencoded-f029a7b66de99417.rlib" "/opt/rustwide/target/debug/deps/libmime-d5b83fc07afe1071.rlib" "/opt/rustwide/target/debug/deps/libencoding_rs-84009d520dfafee6.rlib" "/opt/rustwide/target/debug/deps/libserde_json-00c6e7a8b4dc5831.rlib" "/opt/rustwide/target/debug/deps/libryu-98249992139dd95c.rlib" "/opt/rustwide/target/debug/deps/libbase64-450a6d9dcba13b9b.rlib" "/opt/rustwide/target/debug/deps/libnative_tls-3878ff0d853b25c0.rlib" "/opt/rustwide/target/debug/deps/libopenssl_probe-ecd864fec2a1177b.rlib" "/opt/rustwide/target/debug/deps/libopenssl-fa6a0a85d29ab393.rlib" "/opt/rustwide/target/debug/deps/libonce_cell-1fc356a87167a13f.rlib" "/opt/rustwide/target/debug/deps/libbitflags-53f2c2e16beb276c.rlib" "/opt/rustwide/target/debug/deps/libforeign_types-2619a4331d8b6eb7.rlib" "/opt/rustwide/target/debug/deps/libforeign_types_shared-c35523625cfd8702.rlib" "/opt/rustwide/target/debug/deps/libopenssl_sys-49ca9b3c145dc4b1.rlib" "/opt/rustwide/target/debug/deps/libhyper-607cc5328427e066.rlib" "/opt/rustwide/target/debug/deps/libwant-0120fee94a24504f.rlib" "/opt/rustwide/target/debug/deps/libtry_lock-26ff910364847eb9.rlib" "/opt/rustwide/target/debug/deps/libsocket2-3dfe966a6c2270c4.rlib" "/opt/rustwide/target/debug/deps/libh2-3715d16331e3f99b.rlib" "/opt/rustwide/target/debug/deps/libindexmap-d56697f0621dd746.rlib" "/opt/rustwide/target/debug/deps/libhashbrown-d5b24f3d513fb86b.rlib" "/opt/rustwide/target/debug/deps/libtokio_util-e669c283d83c4319.rlib" "/opt/rustwide/target/debug/deps/libfutures_sink-7ec9c2f716090630.rlib" "/opt/rustwide/target/debug/deps/libhttparse-8adf4b4ab5824db2.rlib" "/opt/rustwide/target/debug/deps/libtower_service-e6940b1f3752a22b.rlib" "/opt/rustwide/target/debug/deps/libfutures_channel-9536bdca6fcce660.rlib" "/opt/rustwide/target/debug/deps/libtracing-d0305448386d1e6d.rlib" "/opt/rustwide/target/debug/deps/libtracing_core-2682a859ef06f473.rlib" "/opt/rustwide/target/debug/deps/libtokio-c4954651c4f020c4.rlib" "/opt/rustwide/target/debug/deps/libnum_cpus-0f6cb4d735bbb686.rlib" "/opt/rustwide/target/debug/deps/libmio-444c895ac59c4907.rlib" "/opt/rustwide/target/debug/deps/liblibc-0fbe4aa96bf5b07f.rlib" "/opt/rustwide/target/debug/deps/libhttp_body-ddbae411f1279b3e.rlib" "/opt/rustwide/target/debug/deps/libfutures_util-83017def2ac5c752.rlib" "/opt/rustwide/target/debug/deps/libmemchr-1a54e211cda84184.rlib" "/opt/rustwide/target/debug/deps/libfutures_io-e5c6f4eabe343a27.rlib" "/opt/rustwide/target/debug/deps/libslab-4474e4195303c474.rlib" "/opt/rustwide/target/debug/deps/libpin_project_lite-a6b39be114c4c5d8.rlib" "/opt/rustwide/target/debug/deps/libfutures_task-e879777e87ac8ad9.rlib" "/opt/rustwide/target/debug/deps/libpin_utils-e8360a4d12f71807.rlib" "/opt/rustwide/target/debug/deps/libfutures_core-a39501d2179b2228.rlib" "/opt/rustwide/target/debug/deps/liblazy_static-efa3519517df6cf0.rlib" "/opt/rustwide/target/debug/deps/liburl-d608aa5186c0ae11.rlib" "/opt/rustwide/target/debug/deps/libidna-760c2cac12cd1eaf.rlib" "/opt/rustwide/target/debug/deps/libunicode_normalization-d89270ecee09f0bc.rlib" "/opt/rustwide/target/debug/deps/libtinyvec-db567ab45e477217.rlib" "/opt/rustwide/target/debug/deps/libtinyvec_macros-2b90caf71be257df.rlib" "/opt/rustwide/target/debug/deps/libunicode_bidi-bdf924e2d6dbe0a6.rlib" "/opt/rustwide/target/debug/deps/libform_urlencoded-eef4ec7e063415c4.rlib" "/opt/rustwide/target/debug/deps/libpercent_encoding-d421ee550bd528ce.rlib" "/opt/rustwide/target/debug/deps/libmatches-33a095e4f2c9159c.rlib" "/opt/rustwide/target/debug/deps/libhttp-2a126693a2c23496.rlib" "/opt/rustwide/target/debug/deps/libitoa-b84a322b628e7893.rlib" "/opt/rustwide/target/debug/deps/libbytes-3630a6d6f500bb07.rlib" "/opt/rustwide/target/debug/deps/libfnv-953831fe314029b4.rlib" "/opt/rustwide/target/debug/deps/liblog-f4796996a673a555.rlib" "/opt/rustwide/target/debug/deps/libcfg_if-a3e7e701fcd1f47b.rlib" "/opt/rustwide/target/debug/deps/libanyhow-bfbb23934369e83f.rlib" "/opt/rustwide/target/debug/deps/libserde-84da08260e88b276.rlib" "/opt/rustwide/rustup-home/toolchains/beta-2024-12-08-x86_64-unknown-linux-gnu/lib/rustlib/x86_64-unknown-linux-gnu/lib/libstd-02dc84f49135b6b8.rlib" "/opt/rustwide/rustup-home/toolchains/beta-2024-12-08-x86_64-unknown-linux-gnu/lib/rustlib/x86_64-unknown-linux-gnu/lib/libpanic_unwind-a8f45b397fae3f81.rlib" "/opt/rustwide/rustup-home/toolchains/beta-2024-12-08-x86_64-unknown-linux-gnu/lib/rustlib/x86_64-unknown-linux-gnu/lib/libobject-089607133c180609.rlib" "/opt/rustwide/rustup-home/toolchains/beta-2024-12-08-x86_64-unknown-linux-gnu/lib/rustlib/x86_64-unknown-linux-gnu/lib/libmemchr-fc89f091bcd86cbb.rlib" "/opt/rustwide/rustup-home/toolchains/beta-2024-12-08-x86_64-unknown-linux-gnu/lib/rustlib/x86_64-unknown-linux-gnu/lib/libaddr2line-5a60949f01c7340c.rlib" "/opt/rustwide/rustup-home/toolchains/beta-2024-12-08-x86_64-unknown-linux-gnu/lib/rustlib/x86_64-unknown-linux-gnu/lib/libgimli-d29e6a55ca253c8c.rlib" "/opt/rustwide/rustup-home/toolchains/beta-2024-12-08-x86_64-unknown-linux-gnu/lib/rustlib/x86_64-unknown-linux-gnu/lib/librustc_demangle-273c078d5f65de7a.rlib" "/opt/rustwide/rustup-home/toolchains/beta-2024-12-08-x86_64-unknown-linux-gnu/lib/rustlib/x86_64-unknown-linux-gnu/lib/libstd_detect-413c950ffbdd4454.rlib" "/opt/rustwide/rustup-home/toolchains/beta-2024-12-08-x86_64-unknown-linux-gnu/lib/rustlib/x86_64-unknown-linux-gnu/lib/libhashbrown-1853c0976a1d88a6.rlib" "/opt/rustwide/rustup-home/toolchains/beta-2024-12-08-x86_64-unknown-linux-gnu/lib/rustlib/x86_64-unknown-linux-gnu/lib/librustc_std_workspace_alloc-ccb3384ddacb0f9e.rlib" "/opt/rustwide/rustup-home/toolchains/beta-2024-12-08-x86_64-unknown-linux-gnu/lib/rustlib/x86_64-unknown-linux-gnu/lib/libminiz_oxide-0b901dfb0ca849e0.rlib" "/opt/rustwide/rustup-home/toolchains/beta-2024-12-08-x86_64-unknown-linux-gnu/lib/rustlib/x86_64-unknown-linux-gnu/lib/libadler-eebeb8d7c64543ad.rlib" "/opt/rustwide/rustup-home/toolchains/beta-2024-12-08-x86_64-unknown-linux-gnu/lib/rustlib/x86_64-unknown-linux-gnu/lib/libunwind-4723ef81d6079867.rlib" "/opt/rustwide/rustup-home/toolchains/beta-2024-12-08-x86_64-unknown-linux-gnu/lib/rustlib/x86_64-unknown-linux-gnu/lib/libcfg_if-54442f8b422f5a54.rlib" "/opt/rustwide/rustup-home/toolchains/beta-2024-12-08-x86_64-unknown-linux-gnu/lib/rustlib/x86_64-unknown-linux-gnu/lib/liblibc-e0bbe034b5282553.rlib" "/opt/rustwide/rustup-home/toolchains/beta-2024-12-08-x86_64-unknown-linux-gnu/lib/rustlib/x86_64-unknown-linux-gnu/lib/liballoc-d0febb68c1c37b90.rlib" "/opt/rustwide/rustup-home/toolchains/beta-2024-12-08-x86_64-unknown-linux-gnu/lib/rustlib/x86_64-unknown-linux-gnu/lib/librustc_std_workspace_core-4cf833632aafa84c.rlib" "/opt/rustwide/rustup-home/toolchains/beta-2024-12-08-x86_64-unknown-linux-gnu/lib/rustlib/x86_64-unknown-linux-gnu/lib/libcore-65c2c6d2d6ae570b.rlib" "/opt/rustwide/rustup-home/toolchains/beta-2024-12-08-x86_64-unknown-linux-gnu/lib/rustlib/x86_64-unknown-linux-gnu/lib/libcompiler_builtins-97929cee0dcfe424.rlib" "-Wl,-Bdynamic" "-lssl" "-lcrypto" "-lgcc_s" "-lutil" "-lrt" "-lpthread" "-lm" "-ldl" "-lc" "-Wl,--eh-frame-hdr" "-Wl,-z,noexecstack" "-L" "/opt/rustwide/target/debug/build/ring-a9ad492bd6c65f10/out" "-L" "/opt/rustwide/rustup-home/toolchains/beta-2024-12-08-x86_64-unknown-linux-gnu/lib/rustlib/x86_64-unknown-linux-gnu/lib" "-o" "/tmp/rustdoctestPFsOHH/rust_out" "-Wl,--gc-sections" "-pie" "-Wl,-z,relro,-z,now" "-nodefaultlibs"
[INFO] [stdout]   = note: collect2: fatal error: ld terminated with signal 9 [Killed]
[INFO] [stdout]           compilation terminated.
[INFO] [stdout]           
[INFO] [stdout] 
[INFO] [stdout] error: aborting due to 1 previous error
[INFO] [stdout] 
[INFO] [stdout] Couldn't compile the test.
[INFO] [stdout] ---- src/lib.rs - get_player_bans (line 139) stdout ----
[INFO] [stdout] error: linking with `cc` failed: exit status: 1
[INFO] [stdout]   |
[INFO] [stdout]   = note: LC_ALL="C" PATH="/opt/rustwide/rustup-home/toolchains/beta-2024-12-08-x86_64-unknown-linux-gnu/lib/rustlib/x86_64-unknown-linux-gnu/bin:/opt/rustwide/cargo-home/bin:/usr/local/sbin:/usr/local/bin:/usr/sbin:/usr/bin:/sbin:/bin" VSLANG="1033" "cc" "-m64" "/tmp/rustc3uUtRl/symbols.o" "/tmp/rustdoctestHpalgM/rust_out.rust_out.9242fac72db2cd11-cgu.0.rcgu.o" "/tmp/rustdoctestHpalgM/rust_out.2hl2tb9xdtge7mguxzn2q1kvi.rcgu.o" "-Wl,--as-needed" "-Wl,-Bstatic" "/opt/rustwide/target/debug/deps/libsteam_api-c35c0bd39e18ce1d.rlib" "/opt/rustwide/target/debug/deps/libreqwest-deaa52fd988138cb.rlib" "/opt/rustwide/target/debug/deps/libhyper_rustls-5d508fedf09c8d40.rlib" "/opt/rustwide/target/debug/deps/libhyper_tls-eb8e7cecf0e33377.rlib" "/opt/rustwide/target/debug/deps/libwebpki_roots-a308188ba5f6fbaf.rlib" "/opt/rustwide/target/debug/deps/libipnet-dff482cb7b80ee87.rlib" "/opt/rustwide/target/debug/deps/libtokio_native_tls-037f5392048bb9fa.rlib" "/opt/rustwide/target/debug/deps/libtokio_rustls-01bf9ea497c7d178.rlib" "/opt/rustwide/target/debug/deps/librustls-687fa874cab96f0b.rlib" "/opt/rustwide/target/debug/deps/libsct-e1b244264ce87255.rlib" "/opt/rustwide/target/debug/deps/libwebpki-0ab66065f61743dc.rlib" "/opt/rustwide/target/debug/deps/libring-bee9f62fa97eb849.rlib" "/opt/rustwide/target/debug/deps/libspin-e858d3468b8e3abd.rlib" "/opt/rustwide/target/debug/deps/libuntrusted-6cf40e3a64622ff0.rlib" "/opt/rustwide/target/debug/deps/libserde_urlencoded-f029a7b66de99417.rlib" "/opt/rustwide/target/debug/deps/libmime-d5b83fc07afe1071.rlib" "/opt/rustwide/target/debug/deps/libencoding_rs-84009d520dfafee6.rlib" "/opt/rustwide/target/debug/deps/libserde_json-00c6e7a8b4dc5831.rlib" "/opt/rustwide/target/debug/deps/libryu-98249992139dd95c.rlib" "/opt/rustwide/target/debug/deps/libbase64-450a6d9dcba13b9b.rlib" "/opt/rustwide/target/debug/deps/libnative_tls-3878ff0d853b25c0.rlib" "/opt/rustwide/target/debug/deps/libopenssl_probe-ecd864fec2a1177b.rlib" "/opt/rustwide/target/debug/deps/libopenssl-fa6a0a85d29ab393.rlib" "/opt/rustwide/target/debug/deps/libonce_cell-1fc356a87167a13f.rlib" "/opt/rustwide/target/debug/deps/libbitflags-53f2c2e16beb276c.rlib" "/opt/rustwide/target/debug/deps/libforeign_types-2619a4331d8b6eb7.rlib" "/opt/rustwide/target/debug/deps/libforeign_types_shared-c35523625cfd8702.rlib" "/opt/rustwide/target/debug/deps/libopenssl_sys-49ca9b3c145dc4b1.rlib" "/opt/rustwide/target/debug/deps/libhyper-607cc5328427e066.rlib" "/opt/rustwide/target/debug/deps/libwant-0120fee94a24504f.rlib" "/opt/rustwide/target/debug/deps/libtry_lock-26ff910364847eb9.rlib" "/opt/rustwide/target/debug/deps/libsocket2-3dfe966a6c2270c4.rlib" "/opt/rustwide/target/debug/deps/libh2-3715d16331e3f99b.rlib" "/opt/rustwide/target/debug/deps/libindexmap-d56697f0621dd746.rlib" "/opt/rustwide/target/debug/deps/libhashbrown-d5b24f3d513fb86b.rlib" "/opt/rustwide/target/debug/deps/libtokio_util-e669c283d83c4319.rlib" "/opt/rustwide/target/debug/deps/libfutures_sink-7ec9c2f716090630.rlib" "/opt/rustwide/target/debug/deps/libhttparse-8adf4b4ab5824db2.rlib" "/opt/rustwide/target/debug/deps/libtower_service-e6940b1f3752a22b.rlib" "/opt/rustwide/target/debug/deps/libfutures_channel-9536bdca6fcce660.rlib" "/opt/rustwide/target/debug/deps/libtracing-d0305448386d1e6d.rlib" "/opt/rustwide/target/debug/deps/libtracing_core-2682a859ef06f473.rlib" "/opt/rustwide/target/debug/deps/libtokio-c4954651c4f020c4.rlib" "/opt/rustwide/target/debug/deps/libnum_cpus-0f6cb4d735bbb686.rlib" "/opt/rustwide/target/debug/deps/libmio-444c895ac59c4907.rlib" "/opt/rustwide/target/debug/deps/liblibc-0fbe4aa96bf5b07f.rlib" "/opt/rustwide/target/debug/deps/libhttp_body-ddbae411f1279b3e.rlib" "/opt/rustwide/target/debug/deps/libfutures_util-83017def2ac5c752.rlib" "/opt/rustwide/target/debug/deps/libmemchr-1a54e211cda84184.rlib" "/opt/rustwide/target/debug/deps/libfutures_io-e5c6f4eabe343a27.rlib" "/opt/rustwide/target/debug/deps/libslab-4474e4195303c474.rlib" "/opt/rustwide/target/debug/deps/libpin_project_lite-a6b39be114c4c5d8.rlib" "/opt/rustwide/target/debug/deps/libfutures_task-e879777e87ac8ad9.rlib" "/opt/rustwide/target/debug/deps/libpin_utils-e8360a4d12f71807.rlib" "/opt/rustwide/target/debug/deps/libfutures_core-a39501d2179b2228.rlib" "/opt/rustwide/target/debug/deps/liblazy_static-efa3519517df6cf0.rlib" "/opt/rustwide/target/debug/deps/liburl-d608aa5186c0ae11.rlib" "/opt/rustwide/target/debug/deps/libidna-760c2cac12cd1eaf.rlib" "/opt/rustwide/target/debug/deps/libunicode_normalization-d89270ecee09f0bc.rlib" "/opt/rustwide/target/debug/deps/libtinyvec-db567ab45e477217.rlib" "/opt/rustwide/target/debug/deps/libtinyvec_macros-2b90caf71be257df.rlib" "/opt/rustwide/target/debug/deps/libunicode_bidi-bdf924e2d6dbe0a6.rlib" "/opt/rustwide/target/debug/deps/libform_urlencoded-eef4ec7e063415c4.rlib" "/opt/rustwide/target/debug/deps/libpercent_encoding-d421ee550bd528ce.rlib" "/opt/rustwide/target/debug/deps/libmatches-33a095e4f2c9159c.rlib" "/opt/rustwide/target/debug/deps/libhttp-2a126693a2c23496.rlib" "/opt/rustwide/target/debug/deps/libitoa-b84a322b628e7893.rlib" "/opt/rustwide/target/debug/deps/libbytes-3630a6d6f500bb07.rlib" "/opt/rustwide/target/debug/deps/libfnv-953831fe314029b4.rlib" "/opt/rustwide/target/debug/deps/liblog-f4796996a673a555.rlib" "/opt/rustwide/target/debug/deps/libcfg_if-a3e7e701fcd1f47b.rlib" "/opt/rustwide/target/debug/deps/libanyhow-bfbb23934369e83f.rlib" "/opt/rustwide/target/debug/deps/libserde-84da08260e88b276.rlib" "/opt/rustwide/rustup-home/toolchains/beta-2024-12-08-x86_64-unknown-linux-gnu/lib/rustlib/x86_64-unknown-linux-gnu/lib/libstd-02dc84f49135b6b8.rlib" "/opt/rustwide/rustup-home/toolchains/beta-2024-12-08-x86_64-unknown-linux-gnu/lib/rustlib/x86_64-unknown-linux-gnu/lib/libpanic_unwind-a8f45b397fae3f81.rlib" "/opt/rustwide/rustup-home/toolchains/beta-2024-12-08-x86_64-unknown-linux-gnu/lib/rustlib/x86_64-unknown-linux-gnu/lib/libobject-089607133c180609.rlib" "/opt/rustwide/rustup-home/toolchains/beta-2024-12-08-x86_64-unknown-linux-gnu/lib/rustlib/x86_64-unknown-linux-gnu/lib/libmemchr-fc89f091bcd86cbb.rlib" "/opt/rustwide/rustup-home/toolchains/beta-2024-12-08-x86_64-unknown-linux-gnu/lib/rustlib/x86_64-unknown-linux-gnu/lib/libaddr2line-5a60949f01c7340c.rlib" "/opt/rustwide/rustup-home/toolchains/beta-2024-12-08-x86_64-unknown-linux-gnu/lib/rustlib/x86_64-unknown-linux-gnu/lib/libgimli-d29e6a55ca253c8c.rlib" "/opt/rustwide/rustup-home/toolchains/beta-2024-12-08-x86_64-unknown-linux-gnu/lib/rustlib/x86_64-unknown-linux-gnu/lib/librustc_demangle-273c078d5f65de7a.rlib" "/opt/rustwide/rustup-home/toolchains/beta-2024-12-08-x86_64-unknown-linux-gnu/lib/rustlib/x86_64-unknown-linux-gnu/lib/libstd_detect-413c950ffbdd4454.rlib" "/opt/rustwide/rustup-home/toolchains/beta-2024-12-08-x86_64-unknown-linux-gnu/lib/rustlib/x86_64-unknown-linux-gnu/lib/libhashbrown-1853c0976a1d88a6.rlib" "/opt/rustwide/rustup-home/toolchains/beta-2024-12-08-x86_64-unknown-linux-gnu/lib/rustlib/x86_64-unknown-linux-gnu/lib/librustc_std_workspace_alloc-ccb3384ddacb0f9e.rlib" "/opt/rustwide/rustup-home/toolchains/beta-2024-12-08-x86_64-unknown-linux-gnu/lib/rustlib/x86_64-unknown-linux-gnu/lib/libminiz_oxide-0b901dfb0ca849e0.rlib" "/opt/rustwide/rustup-home/toolchains/beta-2024-12-08-x86_64-unknown-linux-gnu/lib/rustlib/x86_64-unknown-linux-gnu/lib/libadler-eebeb8d7c64543ad.rlib" "/opt/rustwide/rustup-home/toolchains/beta-2024-12-08-x86_64-unknown-linux-gnu/lib/rustlib/x86_64-unknown-linux-gnu/lib/libunwind-4723ef81d6079867.rlib" "/opt/rustwide/rustup-home/toolchains/beta-2024-12-08-x86_64-unknown-linux-gnu/lib/rustlib/x86_64-unknown-linux-gnu/lib/libcfg_if-54442f8b422f5a54.rlib" "/opt/rustwide/rustup-home/toolchains/beta-2024-12-08-x86_64-unknown-linux-gnu/lib/rustlib/x86_64-unknown-linux-gnu/lib/liblibc-e0bbe034b5282553.rlib" "/opt/rustwide/rustup-home/toolchains/beta-2024-12-08-x86_64-unknown-linux-gnu/lib/rustlib/x86_64-unknown-linux-gnu/lib/liballoc-d0febb68c1c37b90.rlib" "/opt/rustwide/rustup-home/toolchains/beta-2024-12-08-x86_64-unknown-linux-gnu/lib/rustlib/x86_64-unknown-linux-gnu/lib/librustc_std_workspace_core-4cf833632aafa84c.rlib" "/opt/rustwide/rustup-home/toolchains/beta-2024-12-08-x86_64-unknown-linux-gnu/lib/rustlib/x86_64-unknown-linux-gnu/lib/libcore-65c2c6d2d6ae570b.rlib" "/opt/rustwide/rustup-home/toolchains/beta-2024-12-08-x86_64-unknown-linux-gnu/lib/rustlib/x86_64-unknown-linux-gnu/lib/libcompiler_builtins-97929cee0dcfe424.rlib" "-Wl,-Bdynamic" "-lssl" "-lcrypto" "-lgcc_s" "-lutil" "-lrt" "-lpthread" "-lm" "-ldl" "-lc" "-Wl,--eh-frame-hdr" "-Wl,-z,noexecstack" "-L" "/opt/rustwide/target/debug/build/ring-a9ad492bd6c65f10/out" "-L" "/opt/rustwide/rustup-home/toolchains/beta-2024-12-08-x86_64-unknown-linux-gnu/lib/rustlib/x86_64-unknown-linux-gnu/lib" "-o" "/tmp/rustdoctestHpalgM/rust_out" "-Wl,--gc-sections" "-pie" "-Wl,-z,relro,-z,now" "-nodefaultlibs"
[INFO] [stdout]   = note: collect2: fatal error: ld terminated with signal 9 [Killed]
[INFO] [stdout]           compilation terminated.
[INFO] [stdout]           
[INFO] [stdout] 
[INFO] [stdout] error: aborting due to 1 previous error
[INFO] [stdout] 
[INFO] [stdout] Couldn't compile the test.
[INFO] [stdout] ---- src/lib.rs - get_friends_list (line 200) stdout ----
[INFO] [stdout] Test executable failed (exit status: 1).
[INFO] [stdout] 
[INFO] [stdout] stderr:
[INFO] [stdout] Error: environment variable not found
[INFO] [stdout] 
[INFO] [stdout] 
[INFO] [stdout] ---- src/lib.rs - get_steam_level (line 26) stdout ----
[INFO] [stdout] Test executable failed (exit status: 1).
[INFO] [stdout] 
[INFO] [stdout] stderr:
[INFO] [stdout] Error: environment variable not found
[INFO] [stdout] 
[INFO] [stdout] 
[INFO] [stdout] ---- src/lib.rs - get_player_summaries (line 93) stdout ----
[INFO] [stdout] Test executable failed (exit status: 1).
[INFO] [stdout] 
[INFO] [stdout] stderr:
[INFO] [stdout] Error: environment variable not found
[INFO] [stdout] 
[INFO] [stdout] 
[INFO] [stdout] ---- src/lib.rs - get_profile_info (line 252) stdout ----
[INFO] [stdout] Test executable failed (exit status: 1).
[INFO] [stdout] 
[INFO] [stdout] stderr:
[INFO] [stdout] Error: environment variable not found
[INFO] [stdout] 
[INFO] [stdout] 
[INFO] [stdout] ---- src/lib.rs - get_profile_info (line 270) stdout ----
[INFO] [stdout] Test executable failed (exit status: 1).
[INFO] [stdout] 
[INFO] [stdout] stderr:
[INFO] [stdout] Error: environment variable not found
[INFO] [stdout] 
[INFO] [stdout] 
[INFO] [stdout] 
[INFO] [stdout] failures:
[INFO] [stdout]     src/lib.rs - (line 17)
[INFO] [stdout]     src/lib.rs - get_friends_list (line 200)
[INFO] [stdout]     src/lib.rs - get_player_bans (line 139)
[INFO] [stdout]     src/lib.rs - get_player_bans (line 155)
[INFO] [stdout]     src/lib.rs - get_player_summaries (line 77)
[INFO] [stdout]     src/lib.rs - get_player_summaries (line 93)
[INFO] [stdout]     src/lib.rs - get_profile_info (line 252)
[INFO] [stdout]     src/lib.rs - get_profile_info (line 270)
[INFO] [stdout]     src/lib.rs - get_steam_level (line 26)
[INFO] [stdout] 
[INFO] [stdout] test result: FAILED. 1 passed; 9 failed; 0 ignored; 0 measured; 0 filtered out; finished in 3.74s
[INFO] [stdout] 
[INFO] [stderr] error: doctest failed, to rerun pass `--doc`
[INFO] running `Command { std: "docker" "inspect" "b475064f2a5af9d73b0a4ea8a05b94c3698672c6e28f16434e2d146755ccfc10", kill_on_drop: false }`
[INFO] running `Command { std: "docker" "rm" "-f" "b475064f2a5af9d73b0a4ea8a05b94c3698672c6e28f16434e2d146755ccfc10", kill_on_drop: false }`
[INFO] [stdout] b475064f2a5af9d73b0a4ea8a05b94c3698672c6e28f16434e2d146755ccfc10
