[INFO] fetching crate std-threadpool 0.1.0...
[INFO] testing std-threadpool-0.1.0 against 1.83.0 for beta-1.84.0-4-retry
[INFO] extracting crate std-threadpool 0.1.0 into /workspace/builds/worker-0-tc1/source
[INFO] validating manifest of crates.io crate std-threadpool 0.1.0 on toolchain 1.83.0
[INFO] running `Command { std: CARGO_HOME="/workspace/cargo-home" RUSTUP_HOME="/workspace/rustup-home" "/workspace/cargo-home/bin/cargo" "+1.83.0" "metadata" "--manifest-path" "Cargo.toml" "--no-deps", kill_on_drop: false }`
[INFO] started tweaking crates.io crate std-threadpool 0.1.0
[INFO] finished tweaking crates.io crate std-threadpool 0.1.0
[INFO] tweaked toml for crates.io crate std-threadpool 0.1.0 written to /workspace/builds/worker-0-tc1/source/Cargo.toml
[INFO] crate crates.io crate std-threadpool 0.1.0 already has a lockfile, it will not be regenerated
[INFO] running `Command { std: CARGO_HOME="/workspace/cargo-home" RUSTUP_HOME="/workspace/rustup-home" "/workspace/cargo-home/bin/cargo" "+1.83.0" "fetch" "--manifest-path" "Cargo.toml", kill_on_drop: false }`
[INFO] [stderr]     Blocking waiting for file lock on package cache
[INFO] running `Command { std: "docker" "create" "-v" "/var/lib/crater-agent-workspace/builds/worker-0-tc1/target:/opt/rustwide/target:rw,Z" "-v" "/var/lib/crater-agent-workspace/builds/worker-0-tc1/source:/opt/rustwide/workdir:ro,Z" "-v" "/var/lib/crater-agent-workspace/cargo-home:/opt/rustwide/cargo-home:ro,Z" "-v" "/var/lib/crater-agent-workspace/rustup-home:/opt/rustwide/rustup-home:ro,Z" "-e" "SOURCE_DIR=/opt/rustwide/workdir" "-e" "CARGO_TARGET_DIR=/opt/rustwide/target" "-e" "CARGO_HOME=/opt/rustwide/cargo-home" "-e" "RUSTUP_HOME=/opt/rustwide/rustup-home" "-w" "/opt/rustwide/workdir" "-m" "1610612736" "--user" "0:0" "--network" "none" "ghcr.io/rust-lang/crates-build-env/linux@sha256:f3a9d4ad9d972b27faf3965f35b62e55ba32bbce8f20bc8fe909558a86702fde" "/opt/rustwide/cargo-home/bin/cargo" "+1.83.0" "metadata" "--no-deps" "--format-version=1", kill_on_drop: false }`
[INFO] [stdout] 80287f864d9914545977507888102f64224b773b4893b60ab493643a16184d6e
[INFO] running `Command { std: "docker" "start" "-a" "80287f864d9914545977507888102f64224b773b4893b60ab493643a16184d6e", kill_on_drop: false }`
[INFO] running `Command { std: "docker" "inspect" "80287f864d9914545977507888102f64224b773b4893b60ab493643a16184d6e", kill_on_drop: false }`
[INFO] running `Command { std: "docker" "rm" "-f" "80287f864d9914545977507888102f64224b773b4893b60ab493643a16184d6e", kill_on_drop: false }`
[INFO] [stdout] 80287f864d9914545977507888102f64224b773b4893b60ab493643a16184d6e
[INFO] running `Command { std: "docker" "create" "-v" "/var/lib/crater-agent-workspace/builds/worker-0-tc1/target:/opt/rustwide/target:rw,Z" "-v" "/var/lib/crater-agent-workspace/builds/worker-0-tc1/source:/opt/rustwide/workdir:ro,Z" "-v" "/var/lib/crater-agent-workspace/cargo-home:/opt/rustwide/cargo-home:ro,Z" "-v" "/var/lib/crater-agent-workspace/rustup-home:/opt/rustwide/rustup-home:ro,Z" "-e" "SOURCE_DIR=/opt/rustwide/workdir" "-e" "CARGO_TARGET_DIR=/opt/rustwide/target" "-e" "CARGO_INCREMENTAL=0" "-e" "RUST_BACKTRACE=full" "-e" "RUSTFLAGS=--cap-lints=warn" "-e" "RUSTDOCFLAGS=--cap-lints=warn" "-e" "CARGO_HOME=/opt/rustwide/cargo-home" "-e" "RUSTUP_HOME=/opt/rustwide/rustup-home" "-w" "/opt/rustwide/workdir" "-m" "1610612736" "--user" "0:0" "--network" "none" "ghcr.io/rust-lang/crates-build-env/linux@sha256:f3a9d4ad9d972b27faf3965f35b62e55ba32bbce8f20bc8fe909558a86702fde" "/opt/rustwide/cargo-home/bin/cargo" "+1.83.0" "build" "--frozen" "--message-format=json", kill_on_drop: false }`
[INFO] [stdout] c531253b19ceee70f41ece66a99d2e198f48fed2380cfb51dc0a0a3513ea6048
[INFO] running `Command { std: "docker" "start" "-a" "c531253b19ceee70f41ece66a99d2e198f48fed2380cfb51dc0a0a3513ea6048", kill_on_drop: false }`
[INFO] [stderr]    Compiling std-threadpool v0.1.0 (/opt/rustwide/workdir)
[INFO] [stderr]     Finished `dev` profile [unoptimized + debuginfo] target(s) in 0.94s
[INFO] running `Command { std: "docker" "inspect" "c531253b19ceee70f41ece66a99d2e198f48fed2380cfb51dc0a0a3513ea6048", kill_on_drop: false }`
[INFO] running `Command { std: "docker" "rm" "-f" "c531253b19ceee70f41ece66a99d2e198f48fed2380cfb51dc0a0a3513ea6048", kill_on_drop: false }`
[INFO] [stdout] c531253b19ceee70f41ece66a99d2e198f48fed2380cfb51dc0a0a3513ea6048
[INFO] running `Command { std: "docker" "create" "-v" "/var/lib/crater-agent-workspace/builds/worker-0-tc1/target:/opt/rustwide/target:rw,Z" "-v" "/var/lib/crater-agent-workspace/builds/worker-0-tc1/source:/opt/rustwide/workdir:ro,Z" "-v" "/var/lib/crater-agent-workspace/cargo-home:/opt/rustwide/cargo-home:ro,Z" "-v" "/var/lib/crater-agent-workspace/rustup-home:/opt/rustwide/rustup-home:ro,Z" "-e" "SOURCE_DIR=/opt/rustwide/workdir" "-e" "CARGO_TARGET_DIR=/opt/rustwide/target" "-e" "CARGO_INCREMENTAL=0" "-e" "RUST_BACKTRACE=full" "-e" "RUSTFLAGS=--cap-lints=warn" "-e" "RUSTDOCFLAGS=--cap-lints=warn" "-e" "CARGO_HOME=/opt/rustwide/cargo-home" "-e" "RUSTUP_HOME=/opt/rustwide/rustup-home" "-w" "/opt/rustwide/workdir" "-m" "1610612736" "--user" "0:0" "--network" "none" "ghcr.io/rust-lang/crates-build-env/linux@sha256:f3a9d4ad9d972b27faf3965f35b62e55ba32bbce8f20bc8fe909558a86702fde" "/opt/rustwide/cargo-home/bin/cargo" "+1.83.0" "test" "--frozen" "--no-run" "--message-format=json", kill_on_drop: false }`
[INFO] [stdout] 5142fce3248b4c6b28a18c5e6a7de6ab7763e624a10d7fb09befccc0e94affe6
[INFO] running `Command { std: "docker" "start" "-a" "5142fce3248b4c6b28a18c5e6a7de6ab7763e624a10d7fb09befccc0e94affe6", kill_on_drop: false }`
[INFO] [stderr]    Compiling std-threadpool v0.1.0 (/opt/rustwide/workdir)
[INFO] [stderr]     Finished `test` profile [unoptimized + debuginfo] target(s) in 0.52s
[INFO] running `Command { std: "docker" "inspect" "5142fce3248b4c6b28a18c5e6a7de6ab7763e624a10d7fb09befccc0e94affe6", kill_on_drop: false }`
[INFO] running `Command { std: "docker" "rm" "-f" "5142fce3248b4c6b28a18c5e6a7de6ab7763e624a10d7fb09befccc0e94affe6", kill_on_drop: false }`
[INFO] [stdout] 5142fce3248b4c6b28a18c5e6a7de6ab7763e624a10d7fb09befccc0e94affe6
[INFO] running `Command { std: "docker" "create" "-v" "/var/lib/crater-agent-workspace/builds/worker-0-tc1/target:/opt/rustwide/target:rw,Z" "-v" "/var/lib/crater-agent-workspace/builds/worker-0-tc1/source:/opt/rustwide/workdir:ro,Z" "-v" "/var/lib/crater-agent-workspace/cargo-home:/opt/rustwide/cargo-home:ro,Z" "-v" "/var/lib/crater-agent-workspace/rustup-home:/opt/rustwide/rustup-home:ro,Z" "-e" "SOURCE_DIR=/opt/rustwide/workdir" "-e" "CARGO_TARGET_DIR=/opt/rustwide/target" "-e" "CARGO_INCREMENTAL=0" "-e" "RUST_BACKTRACE=full" "-e" "RUSTFLAGS=--cap-lints=warn" "-e" "RUSTDOCFLAGS=--cap-lints=warn" "-e" "CARGO_HOME=/opt/rustwide/cargo-home" "-e" "RUSTUP_HOME=/opt/rustwide/rustup-home" "-w" "/opt/rustwide/workdir" "-m" "1610612736" "--user" "0:0" "--network" "none" "ghcr.io/rust-lang/crates-build-env/linux@sha256:f3a9d4ad9d972b27faf3965f35b62e55ba32bbce8f20bc8fe909558a86702fde" "/opt/rustwide/cargo-home/bin/cargo" "+1.83.0" "test" "--frozen", kill_on_drop: false }`
[INFO] [stdout] 07fd95f899421d8824a3b26f63818b61561a645cbe162bffe3bf7c7ef9323baf
[INFO] running `Command { std: "docker" "start" "-a" "07fd95f899421d8824a3b26f63818b61561a645cbe162bffe3bf7c7ef9323baf", kill_on_drop: false }`
[INFO] [stderr]     Finished `test` profile [unoptimized + debuginfo] target(s) in 0.01s
[INFO] [stderr]      Running unittests src/lib.rs (/opt/rustwide/target/debug/deps/std_threadpool-851fc5b0a7427baa)
[INFO] [stdout] 
[INFO] [stdout] running 0 tests
[INFO] [stderr]      Running unittests src/bin/example.rs (/opt/rustwide/target/debug/deps/example-0f2c5a180a54bb72)
[INFO] [stdout] 
[INFO] [stderr]    Doc-tests std_threadpool
[INFO] [stdout] test result: ok. 0 passed; 0 failed; 0 ignored; 0 measured; 0 filtered out; finished in 0.00s
[INFO] [stdout] 
[INFO] [stdout] 
[INFO] [stdout] running 0 tests
[INFO] [stdout] 
[INFO] [stdout] test result: ok. 0 passed; 0 failed; 0 ignored; 0 measured; 0 filtered out; finished in 0.00s
[INFO] [stdout] 
[INFO] [stdout] 
[INFO] [stdout] running 1 test
[INFO] [stdout] test src/lib.rs - (line 4) ... FAILED
[INFO] [stdout] 
[INFO] [stdout] failures:
[INFO] [stdout] 
[INFO] [stdout] ---- src/lib.rs - (line 4) stdout ----
[INFO] [stdout] error[E0412]: cannot find type `ThreadPool` in this scope
[INFO] [stdout]  --> src/lib.rs:6:14
[INFO] [stdout]   |
[INFO] [stdout] 4 | let workers: ThreadPool = ThreadPool::new(4);
[INFO] [stdout]   |              ^^^^^^^^^^ not found in this scope
[INFO] [stdout]   |
[INFO] [stdout] help: consider importing this struct
[INFO] [stdout]   |
[INFO] [stdout] 3 + use std_threadpool::ThreadPool;
[INFO] [stdout]   |
[INFO] [stdout] 
[INFO] [stdout] error[E0433]: failed to resolve: use of undeclared type `ThreadPool`
[INFO] [stdout]  --> src/lib.rs:6:27
[INFO] [stdout]   |
[INFO] [stdout] 4 | let workers: ThreadPool = ThreadPool::new(4);
[INFO] [stdout]   |                           ^^^^^^^^^^ use of undeclared type `ThreadPool`
[INFO] [stdout]   |
[INFO] [stdout] help: consider importing this struct
[INFO] [stdout]   |
[INFO] [stdout] 3 + use std_threadpool::ThreadPool;
[INFO] [stdout]   |
[INFO] [stdout] 
[INFO] [stdout] error: aborting due to 2 previous errors
[INFO] [stdout] 
[INFO] [stdout] Some errors have detailed explanations: E0412, E0433.
[INFO] [stdout] For more information about an error, try `rustc --explain E0412`.
[INFO] [stdout] Couldn't compile the test.
[INFO] [stdout] 
[INFO] [stdout] failures:
[INFO] [stdout]     src/lib.rs - (line 4)
[INFO] [stdout] 
[INFO] [stdout] test result: FAILED. 0 passed; 1 failed; 0 ignored; 0 measured; 0 filtered out; finished in 0.10s
[INFO] [stdout] 
[INFO] [stderr] error: doctest failed, to rerun pass `--doc`
[INFO] running `Command { std: "docker" "inspect" "07fd95f899421d8824a3b26f63818b61561a645cbe162bffe3bf7c7ef9323baf", kill_on_drop: false }`
[INFO] running `Command { std: "docker" "rm" "-f" "07fd95f899421d8824a3b26f63818b61561a645cbe162bffe3bf7c7ef9323baf", kill_on_drop: false }`
[INFO] [stdout] 07fd95f899421d8824a3b26f63818b61561a645cbe162bffe3bf7c7ef9323baf
