[INFO] fetching crate statime 0.2.2...
[INFO] testing statime-0.2.2 against 1.83.0 for beta-1.84.0-4-retry
[INFO] extracting crate statime 0.2.2 into /workspace/builds/worker-1-tc1/source
[INFO] validating manifest of crates.io crate statime 0.2.2 on toolchain 1.83.0
[INFO] running `Command { std: CARGO_HOME="/workspace/cargo-home" RUSTUP_HOME="/workspace/rustup-home" "/workspace/cargo-home/bin/cargo" "+1.83.0" "metadata" "--manifest-path" "Cargo.toml" "--no-deps", kill_on_drop: false }`
[INFO] started tweaking crates.io crate statime 0.2.2
[INFO] finished tweaking crates.io crate statime 0.2.2
[INFO] tweaked toml for crates.io crate statime 0.2.2 written to /workspace/builds/worker-1-tc1/source/Cargo.toml
[INFO] running `Command { std: CARGO_HOME="/workspace/cargo-home" RUSTUP_HOME="/workspace/rustup-home" "/workspace/cargo-home/bin/cargo" "+1.83.0" "generate-lockfile" "--manifest-path" "Cargo.toml", kill_on_drop: false }`
[INFO] [stderr]     Updating crates.io index
[INFO] [stderr]      Locking 19 packages to latest compatible versions
[INFO] running `Command { std: CARGO_HOME="/workspace/cargo-home" RUSTUP_HOME="/workspace/rustup-home" "/workspace/cargo-home/bin/cargo" "+1.83.0" "fetch" "--manifest-path" "Cargo.toml", kill_on_drop: false }`
[INFO] running `Command { std: "docker" "create" "-v" "/var/lib/crater-agent-workspace/builds/worker-1-tc1/target:/opt/rustwide/target:rw,Z" "-v" "/var/lib/crater-agent-workspace/builds/worker-1-tc1/source:/opt/rustwide/workdir:ro,Z" "-v" "/var/lib/crater-agent-workspace/cargo-home:/opt/rustwide/cargo-home:ro,Z" "-v" "/var/lib/crater-agent-workspace/rustup-home:/opt/rustwide/rustup-home:ro,Z" "-e" "SOURCE_DIR=/opt/rustwide/workdir" "-e" "CARGO_TARGET_DIR=/opt/rustwide/target" "-e" "CARGO_HOME=/opt/rustwide/cargo-home" "-e" "RUSTUP_HOME=/opt/rustwide/rustup-home" "-w" "/opt/rustwide/workdir" "-m" "1610612736" "--user" "0:0" "--network" "none" "ghcr.io/rust-lang/crates-build-env/linux@sha256:f3a9d4ad9d972b27faf3965f35b62e55ba32bbce8f20bc8fe909558a86702fde" "/opt/rustwide/cargo-home/bin/cargo" "+1.83.0" "metadata" "--no-deps" "--format-version=1", kill_on_drop: false }`
[INFO] [stdout] d05aea1b13fd1626fafb8b0ab020ea8dc6f608583f9fd821b4f332ea56ab8f6e
[INFO] running `Command { std: "docker" "start" "-a" "d05aea1b13fd1626fafb8b0ab020ea8dc6f608583f9fd821b4f332ea56ab8f6e", kill_on_drop: false }`
[INFO] running `Command { std: "docker" "inspect" "d05aea1b13fd1626fafb8b0ab020ea8dc6f608583f9fd821b4f332ea56ab8f6e", kill_on_drop: false }`
[INFO] running `Command { std: "docker" "rm" "-f" "d05aea1b13fd1626fafb8b0ab020ea8dc6f608583f9fd821b4f332ea56ab8f6e", kill_on_drop: false }`
[INFO] [stdout] d05aea1b13fd1626fafb8b0ab020ea8dc6f608583f9fd821b4f332ea56ab8f6e
[INFO] running `Command { std: "docker" "create" "-v" "/var/lib/crater-agent-workspace/builds/worker-1-tc1/target:/opt/rustwide/target:rw,Z" "-v" "/var/lib/crater-agent-workspace/builds/worker-1-tc1/source:/opt/rustwide/workdir:ro,Z" "-v" "/var/lib/crater-agent-workspace/cargo-home:/opt/rustwide/cargo-home:ro,Z" "-v" "/var/lib/crater-agent-workspace/rustup-home:/opt/rustwide/rustup-home:ro,Z" "-e" "SOURCE_DIR=/opt/rustwide/workdir" "-e" "CARGO_TARGET_DIR=/opt/rustwide/target" "-e" "CARGO_INCREMENTAL=0" "-e" "RUST_BACKTRACE=full" "-e" "RUSTFLAGS=--cap-lints=warn" "-e" "RUSTDOCFLAGS=--cap-lints=warn" "-e" "CARGO_HOME=/opt/rustwide/cargo-home" "-e" "RUSTUP_HOME=/opt/rustwide/rustup-home" "-w" "/opt/rustwide/workdir" "-m" "1610612736" "--user" "0:0" "--network" "none" "ghcr.io/rust-lang/crates-build-env/linux@sha256:f3a9d4ad9d972b27faf3965f35b62e55ba32bbce8f20bc8fe909558a86702fde" "/opt/rustwide/cargo-home/bin/cargo" "+1.83.0" "build" "--frozen" "--message-format=json", kill_on_drop: false }`
[INFO] [stdout] 421c107f682c59050b6e706eb44857a954586bc90485171f2e435047e4921c34
[INFO] running `Command { std: "docker" "start" "-a" "421c107f682c59050b6e706eb44857a954586bc90485171f2e435047e4921c34", kill_on_drop: false }`
[INFO] [stderr]    Compiling proc-macro2 v1.0.92
[INFO] [stderr]    Compiling unicode-ident v1.0.14
[INFO] [stderr]    Compiling serde v1.0.216
[INFO] [stderr]    Compiling typenum v1.17.0
[INFO] [stderr]    Compiling az v1.2.1
[INFO] [stderr]    Compiling cfg-if v1.0.0
[INFO] [stderr]    Compiling libm v0.2.11
[INFO] [stderr]    Compiling fixed v1.28.0
[INFO] [stderr]    Compiling half v2.4.1
[INFO] [stderr]    Compiling bytemuck v1.20.0
[INFO] [stderr]    Compiling rand_core v0.6.4
[INFO] [stderr]    Compiling log v0.4.22
[INFO] [stderr]    Compiling rand v0.8.5
[INFO] [stderr]    Compiling quote v1.0.37
[INFO] [stderr]    Compiling syn v2.0.90
[INFO] [stderr]    Compiling serde_derive v1.0.216
[INFO] [stderr]    Compiling arrayvec v0.7.6
[INFO] [stderr]    Compiling statime v0.2.2 (/opt/rustwide/workdir)
[INFO] [stderr]     Finished `dev` profile [unoptimized + debuginfo] target(s) in 28.85s
[INFO] running `Command { std: "docker" "inspect" "421c107f682c59050b6e706eb44857a954586bc90485171f2e435047e4921c34", kill_on_drop: false }`
[INFO] running `Command { std: "docker" "rm" "-f" "421c107f682c59050b6e706eb44857a954586bc90485171f2e435047e4921c34", kill_on_drop: false }`
[INFO] [stdout] 421c107f682c59050b6e706eb44857a954586bc90485171f2e435047e4921c34
[INFO] running `Command { std: "docker" "create" "-v" "/var/lib/crater-agent-workspace/builds/worker-1-tc1/target:/opt/rustwide/target:rw,Z" "-v" "/var/lib/crater-agent-workspace/builds/worker-1-tc1/source:/opt/rustwide/workdir:ro,Z" "-v" "/var/lib/crater-agent-workspace/cargo-home:/opt/rustwide/cargo-home:ro,Z" "-v" "/var/lib/crater-agent-workspace/rustup-home:/opt/rustwide/rustup-home:ro,Z" "-e" "SOURCE_DIR=/opt/rustwide/workdir" "-e" "CARGO_TARGET_DIR=/opt/rustwide/target" "-e" "CARGO_INCREMENTAL=0" "-e" "RUST_BACKTRACE=full" "-e" "RUSTFLAGS=--cap-lints=warn" "-e" "RUSTDOCFLAGS=--cap-lints=warn" "-e" "CARGO_HOME=/opt/rustwide/cargo-home" "-e" "RUSTUP_HOME=/opt/rustwide/rustup-home" "-w" "/opt/rustwide/workdir" "-m" "1610612736" "--user" "0:0" "--network" "none" "ghcr.io/rust-lang/crates-build-env/linux@sha256:f3a9d4ad9d972b27faf3965f35b62e55ba32bbce8f20bc8fe909558a86702fde" "/opt/rustwide/cargo-home/bin/cargo" "+1.83.0" "test" "--frozen" "--no-run" "--message-format=json", kill_on_drop: false }`
[INFO] [stdout] 86db8f4c3505fea697c567a3c9aac01c2150db431a90594091d677799f93b633
[INFO] running `Command { std: "docker" "start" "-a" "86db8f4c3505fea697c567a3c9aac01c2150db431a90594091d677799f93b633", kill_on_drop: false }`
[INFO] [stderr]    Compiling serde_test v1.0.177
[INFO] [stderr]    Compiling statime v0.2.2 (/opt/rustwide/workdir)
[INFO] [stderr]     Finished `test` profile [unoptimized + debuginfo] target(s) in 6.02s
[INFO] running `Command { std: "docker" "inspect" "86db8f4c3505fea697c567a3c9aac01c2150db431a90594091d677799f93b633", kill_on_drop: false }`
[INFO] running `Command { std: "docker" "rm" "-f" "86db8f4c3505fea697c567a3c9aac01c2150db431a90594091d677799f93b633", kill_on_drop: false }`
[INFO] [stdout] 86db8f4c3505fea697c567a3c9aac01c2150db431a90594091d677799f93b633
[INFO] running `Command { std: "docker" "create" "-v" "/var/lib/crater-agent-workspace/builds/worker-1-tc1/target:/opt/rustwide/target:rw,Z" "-v" "/var/lib/crater-agent-workspace/builds/worker-1-tc1/source:/opt/rustwide/workdir:ro,Z" "-v" "/var/lib/crater-agent-workspace/cargo-home:/opt/rustwide/cargo-home:ro,Z" "-v" "/var/lib/crater-agent-workspace/rustup-home:/opt/rustwide/rustup-home:ro,Z" "-e" "SOURCE_DIR=/opt/rustwide/workdir" "-e" "CARGO_TARGET_DIR=/opt/rustwide/target" "-e" "CARGO_INCREMENTAL=0" "-e" "RUST_BACKTRACE=full" "-e" "RUSTFLAGS=--cap-lints=warn" "-e" "RUSTDOCFLAGS=--cap-lints=warn" "-e" "CARGO_HOME=/opt/rustwide/cargo-home" "-e" "RUSTUP_HOME=/opt/rustwide/rustup-home" "-w" "/opt/rustwide/workdir" "-m" "1610612736" "--user" "0:0" "--network" "none" "ghcr.io/rust-lang/crates-build-env/linux@sha256:f3a9d4ad9d972b27faf3965f35b62e55ba32bbce8f20bc8fe909558a86702fde" "/opt/rustwide/cargo-home/bin/cargo" "+1.83.0" "test" "--frozen", kill_on_drop: false }`
[INFO] [stdout] 7c4dcaa7457d9d45c8e9e317ac8b313ef3bc2176bd8ba350aee829040c8a040b
[INFO] running `Command { std: "docker" "start" "-a" "7c4dcaa7457d9d45c8e9e317ac8b313ef3bc2176bd8ba350aee829040c8a040b", kill_on_drop: false }`
[INFO] [stderr]     Finished `test` profile [unoptimized + debuginfo] target(s) in 0.04s
[INFO] [stderr]      Running unittests src/lib.rs (/opt/rustwide/target/debug/deps/statime-98b0d6ab3ee0815f)
[INFO] [stdout] 
[INFO] [stdout] running 69 tests
[INFO] [stdout] test bmc::bmca::tests::best_announce_message_compare_equal ... ok
[INFO] [stdout] test bmc::bmca::tests::best_announce_message_max_tie_break ... ok
[INFO] [stdout] test bmc::bmca::tests::ebest_better_by_topology_yes ... ok
[INFO] [stdout] test bmc::bmca::tests::recommend_state_high ... ok
[INFO] [stdout] test bmc::bmca::tests::recommend_state_low_class ... ok
[INFO] [stdout] test bmc::bmca::tests::recommend_state_no_best ... ok
[INFO] [stdout] test bmc::bmca::tests::test_acceptable_master_filter ... ok
[INFO] [stdout] test bmc::bmca::tests::test_master_registration ... ok
[INFO] [stdout] test bmc::bmca::tests::test_master_registration_rollover ... ok
[INFO] [stdout] test bmc::dataset_comparison::tests::figure_34 ... ok
[INFO] [stdout] test bmc::dataset_comparison::tests::figure_35 ... ok
[INFO] [stdout] test datastructures::common::clock_accuracy::tests::network_protocol_values ... ok
[INFO] [stdout] test datastructures::common::clock_accuracy::tests::ordering ... ok
[INFO] [stdout] test datastructures::common::clock_identity::tests::from_mac ... ok
[INFO] [stdout] test datastructures::common::clock_identity::tests::timestamp_wireformat ... ok
[INFO] [stdout] test datastructures::common::clock_quality::tests::timestamp_wireformat ... ok
[INFO] [stdout] test datastructures::common::port_identity::tests::timestamp_wireformat ... ok
[INFO] [stdout] test datastructures::common::timestamp::tests::timestamp_wireformat ... ok
[INFO] [stdout] test datastructures::messages::announce::tests::announce_wireformat ... ok
[INFO] [stdout] test datastructures::common::time_source::tests::network_protocol_values ... ok
[INFO] [stdout] test datastructures::common::time_interval::tests::time_interval_wireformat ... ok
[INFO] [stdout] test datastructures::messages::delay_req::tests::timestamp_wireformat ... ok
[INFO] [stdout] test datastructures::messages::header::tests::header_wireformat ... ok
[INFO] [stdout] test datastructures::messages::header::tests::flagfield_wireformat ... ok
[INFO] [stdout] test datastructures::messages::p_delay_req::tests::timestamp_wireformat ... ok
[INFO] [stdout] test datastructures::common::tlv::tests::parse_announce_propagate_messages ... ok
[INFO] [stdout] test datastructures::messages::p_delay_resp::tests::timestamp_wireformat ... ok
[INFO] [stdout] test datastructures::common::tlv::tests::serialize_management ... ok
[INFO] [stdout] test datastructures::messages::header::tests::sdo_id_checks ... ok
[INFO] [stdout] test datastructures::messages::p_delay_resp_follow_up::tests::timestamp_wireformat ... ok
[INFO] [stdout] test datastructures::messages::sync::tests::timestamp_wireformat ... ok
[INFO] [stdout] test filters::matrix::tests::test_matrix_add ... ok
[INFO] [stdout] test filters::matrix::tests::test_matrix_mul ... ok
[INFO] [stdout] test filters::matrix::tests::test_matrix_sub ... ok
[INFO] [stdout] test datastructures::messages::delay_resp::tests::timestamp_wireformat ... ok
[INFO] [stdout] test datastructures::messages::follow_up::tests::timestamp_wireformat ... ok
[INFO] [stdout] test bmc::bmca::tests::best_announce_message_compare ... ok
[INFO] [stdout] test filters::matrix::tests::test_matrix_rendering ... ok
[INFO] [stdout] test filters::matrix::tests::test_matrix_transpose ... ok
[INFO] [stdout] test filters::matrix::tests::test_matrix_vector_mul ... ok
[INFO] [stdout] test filters::matrix::tests::test_vector_rendering ... ok
[INFO] [stdout] test filters::matrix::tests::test_vector_add ... ok
[INFO] [stdout] test port::bmca::tests::test_announce_receive_via_event ... ok
[INFO] [stdout] test port::bmca::tests::test_multiport_disable ... ok
[INFO] [stdout] test port::bmca::tests::test_announce_receive ... ok
[INFO] [stdout] test port::master::tests::test_announce ... ok
[INFO] [stdout] test port::master::tests::test_delay_response ... ok
[INFO] [stdout] test port::master::tests::test_announce_path_trace ... ok
[INFO] [stdout] test filters::matrix::tests::test_vector_sub ... ok
[INFO] [stdout] test port::bmca::tests::test_announce_path_trace_loop ... ok
[INFO] [stdout] test port::master::tests::test_peer_delay ... ok
[INFO] [stdout] test port::slave::tests::test_old_followup_during ... ok
[INFO] [stdout] test port::slave::tests::test_delay_asymmetry ... ok
[INFO] [stdout] test port::slave::tests::test_ignore_unrelated_delayresp ... ok
[INFO] [stderr]    Doc-tests statime
[INFO] [stdout] test port::master::tests::test_sync ... ok
[INFO] [stdout] test port::slave::tests::test_peer_delay_2step ... ok
[INFO] [stdout] test port::slave::tests::test_peer_delay_2step_followup_before_response ... ok
[INFO] [stdout] test port::slave::tests::test_reset_after_missing_followup ... ok
[INFO] [stdout] test port::slave::tests::test_peer_delay_faulty ... ok
[INFO] [stdout] test port::slave::tests::test_sync_without_delay_msg ... ok
[INFO] [stdout] test port::slave::tests::test_follow_up_before_sync ... ok
[INFO] [stdout] test time::duration::tests::interval ... ok
[INFO] [stdout] test port::slave::tests::test_peer_delay_1step ... ok
[INFO] [stdout] test port::slave::tests::test_sync_with_delay ... ok
[INFO] [stdout] test time::duration::tests::log_interval ... ok
[INFO] [stdout] test time::interval::tests::two ... ok
[INFO] [stdout] test time::duration::tests::values ... ok
[INFO] [stdout] test time::instant::tests::values ... ok
[INFO] [stdout] test bmc::bmca::tests::ebest_better_by_topology_no ... ok
[INFO] [stdout] 
[INFO] [stdout] test result: ok. 69 passed; 0 failed; 0 ignored; 0 measured; 0 filtered out; finished in 0.02s
[INFO] [stdout] 
[INFO] [stdout] 
[INFO] [stdout] running 13 tests
[INFO] [stdout] test src/port/mod.rs - port::Port (line 218) - compile ... ok
[INFO] [stdout] test src/ptp_instance.rs - ptp_instance::PtpInstance (line 34) - compile ... ok
[INFO] [stdout] test src/port/mod.rs - port::Port (line 99) - compile ... FAILED
[INFO] [stdout] test src/port/mod.rs - port::Port (line 159) - compile ... ok
[INFO] [stdout] test src/config/instance.rs - config::instance::InstanceConfig (line 9) ... ok
[INFO] [stdout] test src/datastructures/messages/header.rs - datastructures::messages::header::SdoId (line 150) ... ok
[INFO] [stdout] test src/time/instant.rs - time::instant::Time::from_nanos_subnanos (line 62) ... ok
[INFO] [stdout] test src/datastructures/common/clock_identity.rs - datastructures::common::clock_identity::ClockIdentity::from_mac_address (line 20) ... ok
[INFO] [stdout] test src/time/interval.rs - time::interval::Interval::as_core_duration (line 65) ... ok
[INFO] [stdout] test src/time/interval.rs - time::interval::Interval::as_log_2 (line 82) ... ok
[INFO] [stdout] test src/time/interval.rs - time::interval::Interval::as_duration (line 53) ... ok
[INFO] [stdout] test src/time/interval.rs - time::interval::Interval::from_log_2 (line 28) ... ok
[INFO] [stdout] test src/time/interval.rs - time::interval::Interval::seconds (line 41) ... ok
[INFO] [stdout] 
[INFO] [stdout] failures:
[INFO] [stdout] 
[INFO] [stdout] ---- src/port/mod.rs - port::Port (line 99) stdout ----
[INFO] [stdout] error[E0432]: unresolved import `rand::thread_rng`
[INFO] [stdout]    --> src/port/mod.rs:120:5
[INFO] [stdout]     |
[INFO] [stdout] 24  | use rand::thread_rng;
[INFO] [stdout]     |     ^^^^^^^^^^^^^^^^ no `thread_rng` in the root
[INFO] [stdout]     |
[INFO] [stdout] note: found an item that was configured out
[INFO] [stdout]    --> /opt/rustwide/cargo-home/registry/src/index.crates.io-6f17d22bba15001f/rand-0.8.5/src/lib.rs:105:30
[INFO] [stdout]     |
[INFO] [stdout] 105 | pub use crate::rngs::thread::thread_rng;
[INFO] [stdout]     |                              ^^^^^^^^^^
[INFO] [stdout] note: the item is gated here
[INFO] [stdout]    --> /opt/rustwide/cargo-home/registry/src/index.crates.io-6f17d22bba15001f/rand-0.8.5/src/lib.rs:104:1
[INFO] [stdout]     |
[INFO] [stdout] 104 | #[cfg(all(feature = "std", feature = "std_rng"))]
[INFO] [stdout]     | ^^^^^^^^^^^^^^^^^^^^^^^^^^^^^^^^^^^^^^^^^^^^^^^^^
[INFO] [stdout] 
[INFO] [stdout] error: aborting due to 1 previous error
[INFO] [stdout] 
[INFO] [stdout] For more information about this error, try `rustc --explain E0432`.
[INFO] [stdout] Couldn't compile the test.
[INFO] [stdout] 
[INFO] [stdout] failures:
[INFO] [stdout]     src/port/mod.rs - port::Port (line 99)
[INFO] [stdout] 
[INFO] [stdout] test result: FAILED. 12 passed; 1 failed; 0 ignored; 0 measured; 0 filtered out; finished in 2.69s
[INFO] [stdout] 
[INFO] [stderr] error: doctest failed, to rerun pass `--doc`
[INFO] running `Command { std: "docker" "inspect" "7c4dcaa7457d9d45c8e9e317ac8b313ef3bc2176bd8ba350aee829040c8a040b", kill_on_drop: false }`
[INFO] running `Command { std: "docker" "rm" "-f" "7c4dcaa7457d9d45c8e9e317ac8b313ef3bc2176bd8ba350aee829040c8a040b", kill_on_drop: false }`
[INFO] [stdout] 7c4dcaa7457d9d45c8e9e317ac8b313ef3bc2176bd8ba350aee829040c8a040b
