[INFO] fetching crate statig 0.3.0...
[INFO] testing statig-0.3.0 against beta-2024-12-08 for beta-1.84.0-4-retry
[INFO] extracting crate statig 0.3.0 into /workspace/builds/worker-1-tc2/source
[INFO] validating manifest of crates.io crate statig 0.3.0 on toolchain beta-2024-12-08
[INFO] running `Command { std: CARGO_HOME="/workspace/cargo-home" RUSTUP_HOME="/workspace/rustup-home" "/workspace/cargo-home/bin/cargo" "+beta-2024-12-08" "metadata" "--manifest-path" "Cargo.toml" "--no-deps", kill_on_drop: false }`
[INFO] started tweaking crates.io crate statig 0.3.0
[INFO] finished tweaking crates.io crate statig 0.3.0
[INFO] tweaked toml for crates.io crate statig 0.3.0 written to /workspace/builds/worker-1-tc2/source/Cargo.toml
[INFO] running `Command { std: CARGO_HOME="/workspace/cargo-home" RUSTUP_HOME="/workspace/rustup-home" "/workspace/cargo-home/bin/cargo" "+beta-2024-12-08" "generate-lockfile" "--manifest-path" "Cargo.toml", kill_on_drop: false }`
[INFO] [stderr]     Updating crates.io index
[INFO] [stderr]     Blocking waiting for file lock on package cache
[INFO] [stderr]      Locking 99 packages to latest compatible versions
[INFO] [stderr]       Adding bevy_ecs v0.9.1 (available: v0.15.0)
[INFO] running `Command { std: CARGO_HOME="/workspace/cargo-home" RUSTUP_HOME="/workspace/rustup-home" "/workspace/cargo-home/bin/cargo" "+beta-2024-12-08" "fetch" "--manifest-path" "Cargo.toml", kill_on_drop: false }`
[INFO] running `Command { std: "docker" "create" "-v" "/var/lib/crater-agent-workspace/builds/worker-1-tc2/target:/opt/rustwide/target:rw,Z" "-v" "/var/lib/crater-agent-workspace/builds/worker-1-tc2/source:/opt/rustwide/workdir:ro,Z" "-v" "/var/lib/crater-agent-workspace/cargo-home:/opt/rustwide/cargo-home:ro,Z" "-v" "/var/lib/crater-agent-workspace/rustup-home:/opt/rustwide/rustup-home:ro,Z" "-e" "SOURCE_DIR=/opt/rustwide/workdir" "-e" "CARGO_TARGET_DIR=/opt/rustwide/target" "-e" "CARGO_HOME=/opt/rustwide/cargo-home" "-e" "RUSTUP_HOME=/opt/rustwide/rustup-home" "-w" "/opt/rustwide/workdir" "-m" "1610612736" "--user" "0:0" "--network" "none" "ghcr.io/rust-lang/crates-build-env/linux@sha256:f3a9d4ad9d972b27faf3965f35b62e55ba32bbce8f20bc8fe909558a86702fde" "/opt/rustwide/cargo-home/bin/cargo" "+beta-2024-12-08" "metadata" "--no-deps" "--format-version=1", kill_on_drop: false }`
[INFO] [stdout] b85030bd6580359d2b75c40134ad579cc606650a69860fd0e736337f28c0bd2b
[INFO] running `Command { std: "docker" "start" "-a" "b85030bd6580359d2b75c40134ad579cc606650a69860fd0e736337f28c0bd2b", kill_on_drop: false }`
[INFO] running `Command { std: "docker" "inspect" "b85030bd6580359d2b75c40134ad579cc606650a69860fd0e736337f28c0bd2b", kill_on_drop: false }`
[INFO] running `Command { std: "docker" "rm" "-f" "b85030bd6580359d2b75c40134ad579cc606650a69860fd0e736337f28c0bd2b", kill_on_drop: false }`
[INFO] [stdout] b85030bd6580359d2b75c40134ad579cc606650a69860fd0e736337f28c0bd2b
[INFO] running `Command { std: "docker" "create" "-v" "/var/lib/crater-agent-workspace/builds/worker-1-tc2/target:/opt/rustwide/target:rw,Z" "-v" "/var/lib/crater-agent-workspace/builds/worker-1-tc2/source:/opt/rustwide/workdir:ro,Z" "-v" "/var/lib/crater-agent-workspace/cargo-home:/opt/rustwide/cargo-home:ro,Z" "-v" "/var/lib/crater-agent-workspace/rustup-home:/opt/rustwide/rustup-home:ro,Z" "-e" "SOURCE_DIR=/opt/rustwide/workdir" "-e" "CARGO_TARGET_DIR=/opt/rustwide/target" "-e" "CARGO_INCREMENTAL=0" "-e" "RUST_BACKTRACE=full" "-e" "RUSTFLAGS=--cap-lints=warn" "-e" "RUSTDOCFLAGS=--cap-lints=warn" "-e" "CARGO_HOME=/opt/rustwide/cargo-home" "-e" "RUSTUP_HOME=/opt/rustwide/rustup-home" "-w" "/opt/rustwide/workdir" "-m" "1610612736" "--user" "0:0" "--network" "none" "ghcr.io/rust-lang/crates-build-env/linux@sha256:f3a9d4ad9d972b27faf3965f35b62e55ba32bbce8f20bc8fe909558a86702fde" "/opt/rustwide/cargo-home/bin/cargo" "+beta-2024-12-08" "build" "--frozen" "--message-format=json", kill_on_drop: false }`
[INFO] [stdout] 9d05728b921f4ff99463483f07d989b35f3360057951d708539e80248023db1e
[INFO] running `Command { std: "docker" "start" "-a" "9d05728b921f4ff99463483f07d989b35f3360057951d708539e80248023db1e", kill_on_drop: false }`
[INFO] [stderr]    Compiling version_check v0.9.5
[INFO] [stderr]    Compiling proc-macro2 v1.0.92
[INFO] [stderr]    Compiling unicode-ident v1.0.14
[INFO] [stderr]    Compiling syn v1.0.109
[INFO] [stderr]    Compiling proc-macro-error-attr v1.0.4
[INFO] [stderr]    Compiling proc-macro-error v1.0.4
[INFO] [stderr]    Compiling quote v1.0.37
[INFO] [stderr]    Compiling statig_macro v0.3.0
[INFO] [stderr]    Compiling statig v0.3.0 (/opt/rustwide/workdir)
[INFO] [stderr]     Finished `dev` profile [unoptimized + debuginfo] target(s) in 7.49s
[INFO] running `Command { std: "docker" "inspect" "9d05728b921f4ff99463483f07d989b35f3360057951d708539e80248023db1e", kill_on_drop: false }`
[INFO] running `Command { std: "docker" "rm" "-f" "9d05728b921f4ff99463483f07d989b35f3360057951d708539e80248023db1e", kill_on_drop: false }`
[INFO] [stdout] 9d05728b921f4ff99463483f07d989b35f3360057951d708539e80248023db1e
[INFO] running `Command { std: "docker" "create" "-v" "/var/lib/crater-agent-workspace/builds/worker-1-tc2/target:/opt/rustwide/target:rw,Z" "-v" "/var/lib/crater-agent-workspace/builds/worker-1-tc2/source:/opt/rustwide/workdir:ro,Z" "-v" "/var/lib/crater-agent-workspace/cargo-home:/opt/rustwide/cargo-home:ro,Z" "-v" "/var/lib/crater-agent-workspace/rustup-home:/opt/rustwide/rustup-home:ro,Z" "-e" "SOURCE_DIR=/opt/rustwide/workdir" "-e" "CARGO_TARGET_DIR=/opt/rustwide/target" "-e" "CARGO_INCREMENTAL=0" "-e" "RUST_BACKTRACE=full" "-e" "RUSTFLAGS=--cap-lints=warn" "-e" "RUSTDOCFLAGS=--cap-lints=warn" "-e" "CARGO_HOME=/opt/rustwide/cargo-home" "-e" "RUSTUP_HOME=/opt/rustwide/rustup-home" "-w" "/opt/rustwide/workdir" "-m" "1610612736" "--user" "0:0" "--network" "none" "ghcr.io/rust-lang/crates-build-env/linux@sha256:f3a9d4ad9d972b27faf3965f35b62e55ba32bbce8f20bc8fe909558a86702fde" "/opt/rustwide/cargo-home/bin/cargo" "+beta-2024-12-08" "test" "--frozen" "--no-run" "--message-format=json", kill_on_drop: false }`
[INFO] [stdout] f89ef1ff792c687c2f312b4dabd367e116df22086d6de440021013be71a46ad3
[INFO] running `Command { std: "docker" "start" "-a" "f89ef1ff792c687c2f312b4dabd367e116df22086d6de440021013be71a46ad3", kill_on_drop: false }`
[INFO] [stderr]    Compiling autocfg v1.4.0
[INFO] [stderr]    Compiling serde v1.0.216
[INFO] [stderr]    Compiling memchr v2.7.4
[INFO] [stderr]    Compiling futures-core v0.3.31
[INFO] [stderr]    Compiling futures-sink v0.3.31
[INFO] [stderr]    Compiling futures-task v0.3.31
[INFO] [stderr]    Compiling pin-project-lite v0.2.15
[INFO] [stderr]    Compiling futures-io v0.3.31
[INFO] [stderr]    Compiling pin-utils v0.1.0
[INFO] [stderr]    Compiling serde_json v1.0.133
[INFO] [stderr]    Compiling itoa v1.0.14
[INFO] [stderr]    Compiling ryu v1.0.18
[INFO] [stderr]    Compiling syn v2.0.90
[INFO] [stderr]    Compiling futures-channel v0.3.31
[INFO] [stderr]    Compiling slab v0.4.9
[INFO] [stderr]    Compiling serde_derive v1.0.216
[INFO] [stderr]    Compiling futures-macro v0.3.31
[INFO] [stderr]    Compiling futures-util v0.3.31
[INFO] [stderr]    Compiling futures-executor v0.3.31
[INFO] [stderr]    Compiling futures v0.3.31
[INFO] [stderr]    Compiling bincode v1.3.3
[INFO] [stderr]    Compiling statig v0.3.0 (/opt/rustwide/workdir)
[INFO] [stderr]     Finished `test` profile [unoptimized + debuginfo] target(s) in 13.88s
[INFO] running `Command { std: "docker" "inspect" "f89ef1ff792c687c2f312b4dabd367e116df22086d6de440021013be71a46ad3", kill_on_drop: false }`
[INFO] running `Command { std: "docker" "rm" "-f" "f89ef1ff792c687c2f312b4dabd367e116df22086d6de440021013be71a46ad3", kill_on_drop: false }`
[INFO] [stdout] f89ef1ff792c687c2f312b4dabd367e116df22086d6de440021013be71a46ad3
[INFO] running `Command { std: "docker" "create" "-v" "/var/lib/crater-agent-workspace/builds/worker-1-tc2/target:/opt/rustwide/target:rw,Z" "-v" "/var/lib/crater-agent-workspace/builds/worker-1-tc2/source:/opt/rustwide/workdir:ro,Z" "-v" "/var/lib/crater-agent-workspace/cargo-home:/opt/rustwide/cargo-home:ro,Z" "-v" "/var/lib/crater-agent-workspace/rustup-home:/opt/rustwide/rustup-home:ro,Z" "-e" "SOURCE_DIR=/opt/rustwide/workdir" "-e" "CARGO_TARGET_DIR=/opt/rustwide/target" "-e" "CARGO_INCREMENTAL=0" "-e" "RUST_BACKTRACE=full" "-e" "RUSTFLAGS=--cap-lints=warn" "-e" "RUSTDOCFLAGS=--cap-lints=warn" "-e" "CARGO_HOME=/opt/rustwide/cargo-home" "-e" "RUSTUP_HOME=/opt/rustwide/rustup-home" "-w" "/opt/rustwide/workdir" "-m" "1610612736" "--user" "0:0" "--network" "none" "ghcr.io/rust-lang/crates-build-env/linux@sha256:f3a9d4ad9d972b27faf3965f35b62e55ba32bbce8f20bc8fe909558a86702fde" "/opt/rustwide/cargo-home/bin/cargo" "+beta-2024-12-08" "test" "--frozen", kill_on_drop: false }`
[INFO] [stdout] 5c8223c2c879ce6ebd8cbab480fc75241924824ac1c00e595bd4650d1c1fcc89
[INFO] running `Command { std: "docker" "start" "-a" "5c8223c2c879ce6ebd8cbab480fc75241924824ac1c00e595bd4650d1c1fcc89", kill_on_drop: false }`
[INFO] [stderr]     Finished `test` profile [unoptimized + debuginfo] target(s) in 0.06s
[INFO] [stderr]      Running unittests src/lib.rs (/opt/rustwide/target/debug/deps/statig-83b7a22bd935b6b1)
[INFO] [stdout] 
[INFO] [stdout] running 0 tests
[INFO] [stdout] 
[INFO] [stdout] test result: ok. 0 passed; 0 failed; 0 ignored; 0 measured; 0 filtered out; finished in 0.00s
[INFO] [stdout] 
[INFO] [stderr]      Running tests/async_transition.rs (/opt/rustwide/target/debug/deps/async_transition-d45228a4d06d3893)
[INFO] [stdout] 
[INFO] [stdout] running 0 tests
[INFO] [stdout] 
[INFO] [stdout] test result: ok. 0 passed; 0 failed; 0 ignored; 0 measured; 0 filtered out; finished in 0.00s
[INFO] [stdout] 
[INFO] [stderr]      Running tests/async_transition_macro.rs (/opt/rustwide/target/debug/deps/async_transition_macro-72612c3daf04a1fa)
[INFO] [stdout] 
[INFO] [stdout] running 0 tests
[INFO] [stdout] 
[INFO] [stdout] test result: ok. 0 passed; 0 failed; 0 ignored; 0 measured; 0 filtered out; finished in 0.00s
[INFO] [stdout] 
[INFO] [stderr]      Running tests/external_context.rs (/opt/rustwide/target/debug/deps/external_context-9aea2068ab905d0f)
[INFO] [stdout] 
[INFO] [stdout] running 1 test
[INFO] [stdout] test tests::main ... ok
[INFO] [stdout] 
[INFO] [stdout] test result: ok. 1 passed; 0 failed; 0 ignored; 0 measured; 0 filtered out; finished in 0.00s
[INFO] [stdout] 
[INFO] [stderr]      Running tests/generics.rs (/opt/rustwide/target/debug/deps/generics-a4a204ffceff320f)
[INFO] [stdout] 
[INFO] [stdout] running 0 tests
[INFO] [stdout] 
[INFO] [stdout] test result: ok. 0 passed; 0 failed; 0 ignored; 0 measured; 0 filtered out; finished in 0.00s
[INFO] [stdout] 
[INFO] [stderr]      Running tests/serde.rs (/opt/rustwide/target/debug/deps/serde-a946d249968346e0)
[INFO] [stdout] 
[INFO] [stdout] running 0 tests
[INFO] [stdout] 
[INFO] [stdout] test result: ok. 0 passed; 0 failed; 0 ignored; 0 measured; 0 filtered out; finished in 0.00s
[INFO] [stdout] 
[INFO] [stderr]      Running tests/state_local_storage.rs (/opt/rustwide/target/debug/deps/state_local_storage-d775e6666d07b6be)
[INFO] [stdout] 
[INFO] [stdout] running 1 test
[INFO] [stdout] test tests::main ... ok
[INFO] [stdout] 
[INFO] [stdout] test result: ok. 1 passed; 0 failed; 0 ignored; 0 measured; 0 filtered out; finished in 0.00s
[INFO] [stdout] 
[INFO] [stderr]      Running tests/transition.rs (/opt/rustwide/target/debug/deps/transition-ac22741b391b34b3)
[INFO] [stdout] 
[INFO] [stdout] running 1 test
[INFO] [stdout] test tests::test_transition_path ... ok
[INFO] [stdout] 
[INFO] [stdout] test result: ok. 1 passed; 0 failed; 0 ignored; 0 measured; 0 filtered out; finished in 0.00s
[INFO] [stdout] 
[INFO] [stderr]      Running tests/transition_macro.rs (/opt/rustwide/target/debug/deps/transition_macro-1c0a76d51ac20a70)
[INFO] [stdout] 
[INFO] [stdout] running 1 test
[INFO] [stdout] test tests::test_transition_path ... ok
[INFO] [stdout] 
[INFO] [stdout] test result: ok. 1 passed; 0 failed; 0 ignored; 0 measured; 0 filtered out; finished in 0.00s
[INFO] [stdout] 
[INFO] [stderr]    Doc-tests statig
[INFO] [stdout] 
[INFO] [stdout] running 18 tests
[INFO] [stdout] test src/lib.rs - (line 511) ... ignored
[INFO] [stdout] test src/lib.rs - (line 533) ... ignored
[INFO] [stdout] test src/lib.rs - (line 575) ... ignored
[INFO] [stdout] test src/lib.rs - (line 624) ... ignored
[INFO] [stdout] test src/lib.rs - (line 424) ... FAILED
[INFO] [stdout] test src/blocking/state_machine.rs - blocking::state_machine::UninitializedStateMachine<M>::init_with_context (line 408) ... ok
[INFO] [stdout] test src/lib.rs - (line 493) ... ok
[INFO] [stdout] test src/lib.rs - (line 340) ... ok
[INFO] [stdout] test src/lib.rs - (line 296) ... ok
[INFO] [stdout] test src/lib.rs - (line 386) ... ok
[INFO] [stdout] test src/lib.rs - (line 132) ... ok
[INFO] [stdout] test src/lib.rs - (line 30) ... ok
[INFO] [stdout] test src/lib.rs - (line 228) ... ok
[INFO] [stdout] test src/lib.rs - (line 97) ... ok
[INFO] [stdout] test src/lib.rs - (line 186) ... ok
[INFO] [stdout] test src/lib.rs - (line 503) ... ok
[INFO] [stdout] test src/lib.rs - (line 262) ... ok
[INFO] [stdout] test src/blocking/state_machine.rs - blocking::state_machine::UninitializedStateMachine<M>::init (line 374) ... ok
[INFO] [stdout] 
[INFO] [stdout] failures:
[INFO] [stdout] 
[INFO] [stdout] ---- src/lib.rs - (line 424) stdout ----
[INFO] [stdout] error[E0433]: failed to resolve: could not find `awaitable` in `statig`
[INFO] [stdout]    --> src/lib.rs:439:1
[INFO] [stdout]     |
[INFO] [stdout] 18  | #[state_machine(initial = "State::led_on()")]
[INFO] [stdout]     | ^^^^^^^^^^^^^^^^^^^^^^^^^^^^^^^^^^^^^^^^^^^^^ could not find `awaitable` in `statig`
[INFO] [stdout]     |
[INFO] [stdout] note: found an item that was configured out
[INFO] [stdout]    --> /opt/rustwide/workdir/src/lib.rs:830:9
[INFO] [stdout]     |
[INFO] [stdout] 830 | pub mod awaitable;
[INFO] [stdout]     |         ^^^^^^^^^
[INFO] [stdout] note: the item is gated behind the `r#async` feature
[INFO] [stdout]    --> /opt/rustwide/workdir/src/lib.rs:829:7
[INFO] [stdout]     |
[INFO] [stdout] 829 | #[cfg(feature = "async")]
[INFO] [stdout]     |       ^^^^^^^^^^^^^^^^^
[INFO] [stdout]     = note: this error originates in the attribute macro `state_machine` (in Nightly builds, run with -Z macro-backtrace for more info)
[INFO] [stdout] 
[INFO] [stdout] error: aborting due to 1 previous error
[INFO] [stdout] 
[INFO] [stdout] For more information about this error, try `rustc --explain E0433`.
[INFO] [stdout] Couldn't compile the test.
[INFO] [stdout] 
[INFO] [stdout] failures:
[INFO] [stdout]     src/lib.rs - (line 424)
[INFO] [stdout] 
[INFO] [stdout] test result: FAILED. 13 passed; 1 failed; 4 ignored; 0 measured; 0 filtered out; finished in 0.66s
[INFO] [stdout] 
[INFO] [stderr] error: doctest failed, to rerun pass `--doc`
[INFO] running `Command { std: "docker" "inspect" "5c8223c2c879ce6ebd8cbab480fc75241924824ac1c00e595bd4650d1c1fcc89", kill_on_drop: false }`
[INFO] running `Command { std: "docker" "rm" "-f" "5c8223c2c879ce6ebd8cbab480fc75241924824ac1c00e595bd4650d1c1fcc89", kill_on_drop: false }`
[INFO] [stdout] 5c8223c2c879ce6ebd8cbab480fc75241924824ac1c00e595bd4650d1c1fcc89
