[INFO] fetching crate static_str_ops 0.1.2...
[INFO] testing static_str_ops-0.1.2 against 1.83.0 for beta-1.84.0-4-retry
[INFO] extracting crate static_str_ops 0.1.2 into /workspace/builds/worker-3-tc1/source
[INFO] validating manifest of crates.io crate static_str_ops 0.1.2 on toolchain 1.83.0
[INFO] running `Command { std: CARGO_HOME="/workspace/cargo-home" RUSTUP_HOME="/workspace/rustup-home" "/workspace/cargo-home/bin/cargo" "+1.83.0" "metadata" "--manifest-path" "Cargo.toml" "--no-deps", kill_on_drop: false }`
[INFO] started tweaking crates.io crate static_str_ops 0.1.2
[INFO] finished tweaking crates.io crate static_str_ops 0.1.2
[INFO] tweaked toml for crates.io crate static_str_ops 0.1.2 written to /workspace/builds/worker-3-tc1/source/Cargo.toml
[INFO] running `Command { std: CARGO_HOME="/workspace/cargo-home" RUSTUP_HOME="/workspace/rustup-home" "/workspace/cargo-home/bin/cargo" "+1.83.0" "generate-lockfile" "--manifest-path" "Cargo.toml", kill_on_drop: false }`
[INFO] [stderr]     Updating crates.io index
[INFO] [stderr]     Blocking waiting for file lock on package cache
[INFO] [stderr]      Locking 11 packages to latest compatible versions
[INFO] running `Command { std: CARGO_HOME="/workspace/cargo-home" RUSTUP_HOME="/workspace/rustup-home" "/workspace/cargo-home/bin/cargo" "+1.83.0" "fetch" "--manifest-path" "Cargo.toml", kill_on_drop: false }`
[INFO] [stderr]     Blocking waiting for file lock on package cache
[INFO] running `Command { std: "docker" "create" "-v" "/var/lib/crater-agent-workspace/builds/worker-3-tc1/target:/opt/rustwide/target:rw,Z" "-v" "/var/lib/crater-agent-workspace/builds/worker-3-tc1/source:/opt/rustwide/workdir:ro,Z" "-v" "/var/lib/crater-agent-workspace/cargo-home:/opt/rustwide/cargo-home:ro,Z" "-v" "/var/lib/crater-agent-workspace/rustup-home:/opt/rustwide/rustup-home:ro,Z" "-e" "SOURCE_DIR=/opt/rustwide/workdir" "-e" "CARGO_TARGET_DIR=/opt/rustwide/target" "-e" "CARGO_HOME=/opt/rustwide/cargo-home" "-e" "RUSTUP_HOME=/opt/rustwide/rustup-home" "-w" "/opt/rustwide/workdir" "-m" "1610612736" "--user" "0:0" "--network" "none" "ghcr.io/rust-lang/crates-build-env/linux@sha256:f3a9d4ad9d972b27faf3965f35b62e55ba32bbce8f20bc8fe909558a86702fde" "/opt/rustwide/cargo-home/bin/cargo" "+1.83.0" "metadata" "--no-deps" "--format-version=1", kill_on_drop: false }`
[INFO] [stdout] 1197fcb189ba04041019624cfeca6f9234ce5e26ddc545e60a7e9143407ef11b
[INFO] running `Command { std: "docker" "start" "-a" "1197fcb189ba04041019624cfeca6f9234ce5e26ddc545e60a7e9143407ef11b", kill_on_drop: false }`
[INFO] running `Command { std: "docker" "inspect" "1197fcb189ba04041019624cfeca6f9234ce5e26ddc545e60a7e9143407ef11b", kill_on_drop: false }`
[INFO] running `Command { std: "docker" "rm" "-f" "1197fcb189ba04041019624cfeca6f9234ce5e26ddc545e60a7e9143407ef11b", kill_on_drop: false }`
[INFO] [stdout] 1197fcb189ba04041019624cfeca6f9234ce5e26ddc545e60a7e9143407ef11b
[INFO] running `Command { std: "docker" "create" "-v" "/var/lib/crater-agent-workspace/builds/worker-3-tc1/target:/opt/rustwide/target:rw,Z" "-v" "/var/lib/crater-agent-workspace/builds/worker-3-tc1/source:/opt/rustwide/workdir:ro,Z" "-v" "/var/lib/crater-agent-workspace/cargo-home:/opt/rustwide/cargo-home:ro,Z" "-v" "/var/lib/crater-agent-workspace/rustup-home:/opt/rustwide/rustup-home:ro,Z" "-e" "SOURCE_DIR=/opt/rustwide/workdir" "-e" "CARGO_TARGET_DIR=/opt/rustwide/target" "-e" "CARGO_INCREMENTAL=0" "-e" "RUST_BACKTRACE=full" "-e" "RUSTFLAGS=--cap-lints=warn" "-e" "RUSTDOCFLAGS=--cap-lints=warn" "-e" "CARGO_HOME=/opt/rustwide/cargo-home" "-e" "RUSTUP_HOME=/opt/rustwide/rustup-home" "-w" "/opt/rustwide/workdir" "-m" "1610612736" "--user" "0:0" "--network" "none" "ghcr.io/rust-lang/crates-build-env/linux@sha256:f3a9d4ad9d972b27faf3965f35b62e55ba32bbce8f20bc8fe909558a86702fde" "/opt/rustwide/cargo-home/bin/cargo" "+1.83.0" "build" "--frozen" "--message-format=json", kill_on_drop: false }`
[INFO] [stdout] a44c91d394ac60c5d4430bd9cc0a701d16fc37971d36b4a27efa6154988a2a9c
[INFO] running `Command { std: "docker" "start" "-a" "a44c91d394ac60c5d4430bd9cc0a701d16fc37971d36b4a27efa6154988a2a9c", kill_on_drop: false }`
[INFO] [stderr]    Compiling proc-macro2 v1.0.92
[INFO] [stderr]    Compiling libc v0.2.168
[INFO] [stderr]    Compiling unicode-ident v1.0.14
[INFO] [stderr]    Compiling cfg-if v1.0.0
[INFO] [stderr]    Compiling lazy_static v1.5.0
[INFO] [stderr]    Compiling quote v1.0.37
[INFO] [stderr]    Compiling syn v2.0.90
[INFO] [stderr]    Compiling getrandom v0.2.15
[INFO] [stderr]    Compiling uuid v1.11.0
[INFO] [stderr]    Compiling gensym v0.1.1
[INFO] [stderr]    Compiling static_str_ops v0.1.2 (/opt/rustwide/workdir)
[INFO] [stderr]     Finished `dev` profile [unoptimized + debuginfo] target(s) in 2.78s
[INFO] running `Command { std: "docker" "inspect" "a44c91d394ac60c5d4430bd9cc0a701d16fc37971d36b4a27efa6154988a2a9c", kill_on_drop: false }`
[INFO] running `Command { std: "docker" "rm" "-f" "a44c91d394ac60c5d4430bd9cc0a701d16fc37971d36b4a27efa6154988a2a9c", kill_on_drop: false }`
[INFO] [stdout] a44c91d394ac60c5d4430bd9cc0a701d16fc37971d36b4a27efa6154988a2a9c
[INFO] running `Command { std: "docker" "create" "-v" "/var/lib/crater-agent-workspace/builds/worker-3-tc1/target:/opt/rustwide/target:rw,Z" "-v" "/var/lib/crater-agent-workspace/builds/worker-3-tc1/source:/opt/rustwide/workdir:ro,Z" "-v" "/var/lib/crater-agent-workspace/cargo-home:/opt/rustwide/cargo-home:ro,Z" "-v" "/var/lib/crater-agent-workspace/rustup-home:/opt/rustwide/rustup-home:ro,Z" "-e" "SOURCE_DIR=/opt/rustwide/workdir" "-e" "CARGO_TARGET_DIR=/opt/rustwide/target" "-e" "CARGO_INCREMENTAL=0" "-e" "RUST_BACKTRACE=full" "-e" "RUSTFLAGS=--cap-lints=warn" "-e" "RUSTDOCFLAGS=--cap-lints=warn" "-e" "CARGO_HOME=/opt/rustwide/cargo-home" "-e" "RUSTUP_HOME=/opt/rustwide/rustup-home" "-w" "/opt/rustwide/workdir" "-m" "1610612736" "--user" "0:0" "--network" "none" "ghcr.io/rust-lang/crates-build-env/linux@sha256:f3a9d4ad9d972b27faf3965f35b62e55ba32bbce8f20bc8fe909558a86702fde" "/opt/rustwide/cargo-home/bin/cargo" "+1.83.0" "test" "--frozen" "--no-run" "--message-format=json", kill_on_drop: false }`
[INFO] [stdout] 76945f41bb48d8c8104450c2aef5f399d8b21a28ec1ae35d1481d199439af2e4
[INFO] running `Command { std: "docker" "start" "-a" "76945f41bb48d8c8104450c2aef5f399d8b21a28ec1ae35d1481d199439af2e4", kill_on_drop: false }`
[INFO] [stderr]    Compiling static_str_ops v0.1.2 (/opt/rustwide/workdir)
[INFO] [stderr]     Finished `test` profile [unoptimized + debuginfo] target(s) in 0.42s
[INFO] running `Command { std: "docker" "inspect" "76945f41bb48d8c8104450c2aef5f399d8b21a28ec1ae35d1481d199439af2e4", kill_on_drop: false }`
[INFO] running `Command { std: "docker" "rm" "-f" "76945f41bb48d8c8104450c2aef5f399d8b21a28ec1ae35d1481d199439af2e4", kill_on_drop: false }`
[INFO] [stdout] 76945f41bb48d8c8104450c2aef5f399d8b21a28ec1ae35d1481d199439af2e4
[INFO] running `Command { std: "docker" "create" "-v" "/var/lib/crater-agent-workspace/builds/worker-3-tc1/target:/opt/rustwide/target:rw,Z" "-v" "/var/lib/crater-agent-workspace/builds/worker-3-tc1/source:/opt/rustwide/workdir:ro,Z" "-v" "/var/lib/crater-agent-workspace/cargo-home:/opt/rustwide/cargo-home:ro,Z" "-v" "/var/lib/crater-agent-workspace/rustup-home:/opt/rustwide/rustup-home:ro,Z" "-e" "SOURCE_DIR=/opt/rustwide/workdir" "-e" "CARGO_TARGET_DIR=/opt/rustwide/target" "-e" "CARGO_INCREMENTAL=0" "-e" "RUST_BACKTRACE=full" "-e" "RUSTFLAGS=--cap-lints=warn" "-e" "RUSTDOCFLAGS=--cap-lints=warn" "-e" "CARGO_HOME=/opt/rustwide/cargo-home" "-e" "RUSTUP_HOME=/opt/rustwide/rustup-home" "-w" "/opt/rustwide/workdir" "-m" "1610612736" "--user" "0:0" "--network" "none" "ghcr.io/rust-lang/crates-build-env/linux@sha256:f3a9d4ad9d972b27faf3965f35b62e55ba32bbce8f20bc8fe909558a86702fde" "/opt/rustwide/cargo-home/bin/cargo" "+1.83.0" "test" "--frozen", kill_on_drop: false }`
[INFO] [stdout] 51c2198cea623deabbc8df65760663b4db805d7124e152b0cad62ad36ee4a679
[INFO] running `Command { std: "docker" "start" "-a" "51c2198cea623deabbc8df65760663b4db805d7124e152b0cad62ad36ee4a679", kill_on_drop: false }`
[INFO] [stderr]     Finished `test` profile [unoptimized + debuginfo] target(s) in 0.02s
[INFO] [stderr]      Running unittests src/lib.rs (/opt/rustwide/target/debug/deps/static_str_ops-178738a28f876444)
[INFO] [stdout] 
[INFO] [stdout] running 7 tests
[INFO] [stdout] test tests::test_is_staticized ... ok
[INFO] [stdout] test tests::test_destaticize ... ok
[INFO] [stdout] test tests::test_static_format ... ok
[INFO] [stdout] test tests::test_static_concat ... ok
[INFO] [stderr]    Doc-tests static_str_ops
[INFO] [stdout] test tests::test_typename ... ok
[INFO] [stdout] test tests::tets_staticize_once ... ok
[INFO] [stdout] test tests::test_staticize ... ok
[INFO] [stdout] 
[INFO] [stdout] test result: ok. 7 passed; 0 failed; 0 ignored; 0 measured; 0 filtered out; finished in 0.01s
[INFO] [stdout] 
[INFO] [stdout] 
[INFO] [stdout] running 6 tests
[INFO] [stdout] test src/lib.rs - staticize_once (line 219) ... FAILED
[INFO] [stdout] test src/lib.rs - (line 18) ... ok
[INFO] [stdout] test src/lib.rs - staticize (line 99) ... ok
[INFO] [stdout] test src/lib.rs - static_concat (line 151) ... ok
[INFO] [stdout] test src/lib.rs - (line 55) ... ok
[INFO] [stdout] test src/lib.rs - static_format (line 173) ... ok
[INFO] [stdout] 
[INFO] [stdout] failures:
[INFO] [stdout] 
[INFO] [stdout] ---- src/lib.rs - staticize_once (line 219) stdout ----
[INFO] [stdout] error[E0554]: `#![feature]` may not be used on the stable release channel
[INFO] [stdout]  --> src/lib.rs:218:1
[INFO] [stdout]   |
[INFO] [stdout] 2 | #![feature(stmt_expr_attributes)]
[INFO] [stdout]   | ^^^^^^^^^^^^^^^^^^^^^^^^^^^^^^^^^
[INFO] [stdout] 
[INFO] [stdout] error: aborting due to 1 previous error
[INFO] [stdout] 
[INFO] [stdout] For more information about this error, try `rustc --explain E0554`.
[INFO] [stdout] Couldn't compile the test.
[INFO] [stdout] 
[INFO] [stdout] failures:
[INFO] [stdout]     src/lib.rs - staticize_once (line 219)
[INFO] [stdout] 
[INFO] [stdout] test result: FAILED. 5 passed; 1 failed; 0 ignored; 0 measured; 0 filtered out; finished in 0.65s
[INFO] [stdout] 
[INFO] [stderr] error: doctest failed, to rerun pass `--doc`
[INFO] running `Command { std: "docker" "inspect" "51c2198cea623deabbc8df65760663b4db805d7124e152b0cad62ad36ee4a679", kill_on_drop: false }`
[INFO] running `Command { std: "docker" "rm" "-f" "51c2198cea623deabbc8df65760663b4db805d7124e152b0cad62ad36ee4a679", kill_on_drop: false }`
[INFO] [stdout] 51c2198cea623deabbc8df65760663b4db805d7124e152b0cad62ad36ee4a679
