[INFO] fetching crate starry_mosaic 0.4.0...
[INFO] testing starry_mosaic-0.4.0 against beta-2024-12-08 for beta-1.84.0-4-retry
[INFO] extracting crate starry_mosaic 0.4.0 into /workspace/builds/worker-4-tc2/source
[INFO] validating manifest of crates.io crate starry_mosaic 0.4.0 on toolchain beta-2024-12-08
[INFO] running `Command { std: CARGO_HOME="/workspace/cargo-home" RUSTUP_HOME="/workspace/rustup-home" "/workspace/cargo-home/bin/cargo" "+beta-2024-12-08" "metadata" "--manifest-path" "Cargo.toml" "--no-deps", kill_on_drop: false }`
[INFO] started tweaking crates.io crate starry_mosaic 0.4.0
[INFO] finished tweaking crates.io crate starry_mosaic 0.4.0
[INFO] tweaked toml for crates.io crate starry_mosaic 0.4.0 written to /workspace/builds/worker-4-tc2/source/Cargo.toml
[INFO] running `Command { std: CARGO_HOME="/workspace/cargo-home" RUSTUP_HOME="/workspace/rustup-home" "/workspace/cargo-home/bin/cargo" "+beta-2024-12-08" "generate-lockfile" "--manifest-path" "Cargo.toml", kill_on_drop: false }`
[INFO] [stderr]     Updating crates.io index
[INFO] [stderr]      Locking 131 packages to latest compatible versions
[INFO] [stderr]       Adding criterion v0.4.0 (available: v0.5.1)
[INFO] [stderr]       Adding float-cmp v0.9.0 (available: v0.10.0)
[INFO] [stderr]       Adding image v0.24.9 (available: v0.25.5)
[INFO] [stderr]       Adding palette v0.6.1 (available: v0.7.6)
[INFO] [stderr]       Adding robust v0.2.3 (available: v1.1.0)
[INFO] [stderr]       Adding rstest v0.15.0 (available: v0.23.0)
[INFO] [stderr]       Adding rstest_reuse v0.4.0 (available: v0.7.0)
[INFO] running `Command { std: CARGO_HOME="/workspace/cargo-home" RUSTUP_HOME="/workspace/rustup-home" "/workspace/cargo-home/bin/cargo" "+beta-2024-12-08" "fetch" "--manifest-path" "Cargo.toml", kill_on_drop: false }`
[INFO] running `Command { std: "docker" "create" "-v" "/var/lib/crater-agent-workspace/builds/worker-4-tc2/target:/opt/rustwide/target:rw,Z" "-v" "/var/lib/crater-agent-workspace/builds/worker-4-tc2/source:/opt/rustwide/workdir:ro,Z" "-v" "/var/lib/crater-agent-workspace/cargo-home:/opt/rustwide/cargo-home:ro,Z" "-v" "/var/lib/crater-agent-workspace/rustup-home:/opt/rustwide/rustup-home:ro,Z" "-e" "SOURCE_DIR=/opt/rustwide/workdir" "-e" "CARGO_TARGET_DIR=/opt/rustwide/target" "-e" "CARGO_HOME=/opt/rustwide/cargo-home" "-e" "RUSTUP_HOME=/opt/rustwide/rustup-home" "-w" "/opt/rustwide/workdir" "-m" "1610612736" "--user" "0:0" "--network" "none" "ghcr.io/rust-lang/crates-build-env/linux@sha256:f3a9d4ad9d972b27faf3965f35b62e55ba32bbce8f20bc8fe909558a86702fde" "/opt/rustwide/cargo-home/bin/cargo" "+beta-2024-12-08" "metadata" "--no-deps" "--format-version=1", kill_on_drop: false }`
[INFO] [stdout] da85dab8431c5c9b5c696aae53ab711a74f68424f716b86567904b6a02ceed9c
[INFO] running `Command { std: "docker" "start" "-a" "da85dab8431c5c9b5c696aae53ab711a74f68424f716b86567904b6a02ceed9c", kill_on_drop: false }`
[INFO] running `Command { std: "docker" "inspect" "da85dab8431c5c9b5c696aae53ab711a74f68424f716b86567904b6a02ceed9c", kill_on_drop: false }`
[INFO] running `Command { std: "docker" "rm" "-f" "da85dab8431c5c9b5c696aae53ab711a74f68424f716b86567904b6a02ceed9c", kill_on_drop: false }`
[INFO] [stdout] da85dab8431c5c9b5c696aae53ab711a74f68424f716b86567904b6a02ceed9c
[INFO] running `Command { std: "docker" "create" "-v" "/var/lib/crater-agent-workspace/builds/worker-4-tc2/target:/opt/rustwide/target:rw,Z" "-v" "/var/lib/crater-agent-workspace/builds/worker-4-tc2/source:/opt/rustwide/workdir:ro,Z" "-v" "/var/lib/crater-agent-workspace/cargo-home:/opt/rustwide/cargo-home:ro,Z" "-v" "/var/lib/crater-agent-workspace/rustup-home:/opt/rustwide/rustup-home:ro,Z" "-e" "SOURCE_DIR=/opt/rustwide/workdir" "-e" "CARGO_TARGET_DIR=/opt/rustwide/target" "-e" "CARGO_INCREMENTAL=0" "-e" "RUST_BACKTRACE=full" "-e" "RUSTFLAGS=--cap-lints=warn" "-e" "RUSTDOCFLAGS=--cap-lints=warn" "-e" "CARGO_HOME=/opt/rustwide/cargo-home" "-e" "RUSTUP_HOME=/opt/rustwide/rustup-home" "-w" "/opt/rustwide/workdir" "-m" "1610612736" "--user" "0:0" "--network" "none" "ghcr.io/rust-lang/crates-build-env/linux@sha256:f3a9d4ad9d972b27faf3965f35b62e55ba32bbce8f20bc8fe909558a86702fde" "/opt/rustwide/cargo-home/bin/cargo" "+beta-2024-12-08" "build" "--frozen" "--message-format=json", kill_on_drop: false }`
[INFO] [stdout] 12ac01a4021caf35fd3f1371228bbbff8aa9e87261ad1ea732d2e388a07275b5
[INFO] running `Command { std: "docker" "start" "-a" "12ac01a4021caf35fd3f1371228bbbff8aa9e87261ad1ea732d2e388a07275b5", kill_on_drop: false }`
[INFO] [stderr]    Compiling crossbeam-utils v0.8.20
[INFO] [stderr]    Compiling proc-macro2 v1.0.92
[INFO] [stderr]    Compiling unicode-ident v1.0.14
[INFO] [stderr]    Compiling simd-adler32 v0.3.7
[INFO] [stderr]    Compiling autocfg v1.4.0
[INFO] [stderr]    Compiling rayon-core v1.12.1
[INFO] [stderr]    Compiling cfg-if v1.0.0
[INFO] [stderr]    Compiling serde v1.0.216
[INFO] [stderr]    Compiling adler2 v2.0.0
[INFO] [stderr]    Compiling rand_core v0.6.4
[INFO] [stderr]    Compiling siphasher v0.3.11
[INFO] [stderr]    Compiling either v1.13.0
[INFO] [stderr]    Compiling syn v1.0.109
[INFO] [stderr]    Compiling weezl v0.1.8
[INFO] [stderr]    Compiling robust v0.2.3
[INFO] [stderr]    Compiling smallvec v1.13.2
[INFO] [stderr]    Compiling crc32fast v1.4.2
[INFO] [stderr]    Compiling half v2.4.1
[INFO] [stderr]    Compiling miniz_oxide v0.8.0
[INFO] [stderr]    Compiling phf_shared v0.11.2
[INFO] [stderr]    Compiling rand v0.8.5
[INFO] [stderr]    Compiling zune-inflate v0.2.54
[INFO] [stderr]    Compiling fdeflate v0.3.7
[INFO] [stderr]    Compiling palette v0.6.1
[INFO] [stderr]    Compiling color_quant v1.1.0
[INFO] [stderr]    Compiling num-traits v0.2.19
[INFO] [stderr]    Compiling bit_field v0.10.2
[INFO] [stderr]    Compiling bytemuck v1.20.0
[INFO] [stderr]    Compiling bitflags v1.3.2
[INFO] [stderr]    Compiling lebe v0.5.2
[INFO] [stderr]    Compiling gif v0.13.1
[INFO] [stderr]    Compiling delaunator v1.0.2
[INFO] [stderr]    Compiling byteorder v1.5.0
[INFO] [stderr]    Compiling crossbeam-epoch v0.9.18
[INFO] [stderr]    Compiling flate2 v1.0.35
[INFO] [stderr]    Compiling voronoice v0.2.0
[INFO] [stderr]    Compiling qoi v0.4.1
[INFO] [stderr]    Compiling phf_generator v0.11.2
[INFO] [stderr]    Compiling crossbeam-deque v0.8.5
[INFO] [stderr]    Compiling quote v1.0.37
[INFO] [stderr]    Compiling png v0.17.15
[INFO] [stderr]    Compiling syn v2.0.90
[INFO] [stderr]    Compiling approx v0.5.1
[INFO] [stderr]    Compiling float-cmp v0.9.0
[INFO] [stderr]    Compiling rayon v1.10.0
[INFO] [stderr]    Compiling exr v1.73.0
[INFO] [stderr]    Compiling toml v0.5.11
[INFO] [stderr]    Compiling jpeg-decoder v0.3.1
[INFO] [stderr]    Compiling phf_macros v0.11.2
[INFO] [stderr]    Compiling find-crate v0.6.3
[INFO] [stderr]    Compiling tiff v0.9.1
[INFO] [stderr]    Compiling palette_derive v0.6.1
[INFO] [stderr]    Compiling phf v0.11.2
[INFO] [stderr]    Compiling image v0.24.9
[INFO] [stderr]    Compiling starry_mosaic v0.4.0 (/opt/rustwide/workdir)
[INFO] [stderr]     Finished `dev` profile [unoptimized + debuginfo] target(s) in 14.54s
[INFO] running `Command { std: "docker" "inspect" "12ac01a4021caf35fd3f1371228bbbff8aa9e87261ad1ea732d2e388a07275b5", kill_on_drop: false }`
[INFO] running `Command { std: "docker" "rm" "-f" "12ac01a4021caf35fd3f1371228bbbff8aa9e87261ad1ea732d2e388a07275b5", kill_on_drop: false }`
[INFO] [stdout] 12ac01a4021caf35fd3f1371228bbbff8aa9e87261ad1ea732d2e388a07275b5
[INFO] running `Command { std: "docker" "create" "-v" "/var/lib/crater-agent-workspace/builds/worker-4-tc2/target:/opt/rustwide/target:rw,Z" "-v" "/var/lib/crater-agent-workspace/builds/worker-4-tc2/source:/opt/rustwide/workdir:ro,Z" "-v" "/var/lib/crater-agent-workspace/cargo-home:/opt/rustwide/cargo-home:ro,Z" "-v" "/var/lib/crater-agent-workspace/rustup-home:/opt/rustwide/rustup-home:ro,Z" "-e" "SOURCE_DIR=/opt/rustwide/workdir" "-e" "CARGO_TARGET_DIR=/opt/rustwide/target" "-e" "CARGO_INCREMENTAL=0" "-e" "RUST_BACKTRACE=full" "-e" "RUSTFLAGS=--cap-lints=warn" "-e" "RUSTDOCFLAGS=--cap-lints=warn" "-e" "CARGO_HOME=/opt/rustwide/cargo-home" "-e" "RUSTUP_HOME=/opt/rustwide/rustup-home" "-w" "/opt/rustwide/workdir" "-m" "1610612736" "--user" "0:0" "--network" "none" "ghcr.io/rust-lang/crates-build-env/linux@sha256:f3a9d4ad9d972b27faf3965f35b62e55ba32bbce8f20bc8fe909558a86702fde" "/opt/rustwide/cargo-home/bin/cargo" "+beta-2024-12-08" "test" "--frozen" "--no-run" "--message-format=json", kill_on_drop: false }`
[INFO] [stdout] fdf08108819e3ce45608183fcc0afcf3de04e0a3ef8267d8277511a48671c642
[INFO] running `Command { std: "docker" "start" "-a" "fdf08108819e3ce45608183fcc0afcf3de04e0a3ef8267d8277511a48671c642", kill_on_drop: false }`
[INFO] [stderr]    Compiling semver v1.0.24
[INFO] [stderr]    Compiling syn v1.0.109
[INFO] [stderr]    Compiling either v1.13.0
[INFO] [stderr]    Compiling memchr v2.7.4
[INFO] [stderr]    Compiling slab v0.4.9
[INFO] [stderr]    Compiling serde v1.0.216
[INFO] [stderr]    Compiling serde_derive v1.0.216
[INFO] [stderr]    Compiling futures-sink v0.3.31
[INFO] [stderr]    Compiling futures-core v0.3.31
[INFO] [stderr]    Compiling futures-macro v0.3.31
[INFO] [stderr]    Compiling indexmap v1.9.3
[INFO] [stderr]    Compiling futures-task v0.3.31
[INFO] [stderr]    Compiling pin-project-lite v0.2.15
[INFO] [stderr]    Compiling futures-io v0.3.31
[INFO] [stderr]    Compiling pin-utils v0.1.0
[INFO] [stderr]    Compiling libc v0.2.168
[INFO] [stderr]    Compiling serde_json v1.0.133
[INFO] [stderr]    Compiling ryu v1.0.18
[INFO] [stderr]    Compiling itoa v1.0.14
[INFO] [stderr]    Compiling rayon v1.10.0
[INFO] [stderr]    Compiling futures-channel v0.3.31
[INFO] [stderr]    Compiling regex-syntax v0.8.5
[INFO] [stderr]    Compiling os_str_bytes v6.6.1
[INFO] [stderr]    Compiling hashbrown v0.12.3
[INFO] [stderr]    Compiling ciborium-io v0.2.2
[INFO] [stderr]    Compiling plotters-backend v0.3.7
[INFO] [stderr]    Compiling itertools v0.10.5
[INFO] [stderr]    Compiling ciborium-ll v0.2.2
[INFO] [stderr]    Compiling clap_lex v0.2.4
[INFO] [stderr]    Compiling textwrap v0.16.1
[INFO] [stderr]    Compiling same-file v1.0.6
[INFO] [stderr]    Compiling plotters-svg v0.3.7
[INFO] [stderr]    Compiling cast v0.3.0
[INFO] [stderr]    Compiling rustc_version v0.4.1
[INFO] [stderr]    Compiling plotters v0.3.7
[INFO] [stderr]    Compiling walkdir v2.5.0
[INFO] [stderr]    Compiling oorandom v11.1.4
[INFO] [stderr]    Compiling futures-timer v3.0.3
[INFO] [stderr]    Compiling anes v0.1.6
[INFO] [stderr]    Compiling lazy_static v1.5.0
[INFO] [stderr]    Compiling rstest_macros v0.14.0
[INFO] [stderr]    Compiling rstest_reuse v0.4.0
[INFO] [stderr]    Compiling clap v3.2.25
[INFO] [stderr]    Compiling futures-util v0.3.31
[INFO] [stderr]    Compiling atty v0.2.14
[INFO] [stderr]    Compiling regex-automata v0.4.9
[INFO] [stderr]    Compiling criterion-plot v0.5.0
[INFO] [stderr]    Compiling jpeg-decoder v0.3.1
[INFO] [stderr]    Compiling regex v1.11.1
[INFO] [stderr]    Compiling tiff v0.9.1
[INFO] [stderr]    Compiling image v0.24.9
[INFO] [stderr]    Compiling futures-executor v0.3.31
[INFO] [stderr]    Compiling futures v0.3.31
[INFO] [stderr]    Compiling palette_derive v0.6.1
[INFO] [stderr]    Compiling palette v0.6.1
[INFO] [stderr]    Compiling ciborium v0.2.2
[INFO] [stderr]    Compiling tinytemplate v1.2.1
[INFO] [stderr]    Compiling rstest v0.15.0
[INFO] [stderr]    Compiling criterion v0.4.0
[INFO] [stderr]    Compiling starry_mosaic v0.4.0 (/opt/rustwide/workdir)
[INFO] [stderr]     Finished `test` profile [unoptimized + debuginfo] target(s) in 20.41s
[INFO] running `Command { std: "docker" "inspect" "fdf08108819e3ce45608183fcc0afcf3de04e0a3ef8267d8277511a48671c642", kill_on_drop: false }`
[INFO] running `Command { std: "docker" "rm" "-f" "fdf08108819e3ce45608183fcc0afcf3de04e0a3ef8267d8277511a48671c642", kill_on_drop: false }`
[INFO] [stdout] fdf08108819e3ce45608183fcc0afcf3de04e0a3ef8267d8277511a48671c642
[INFO] running `Command { std: "docker" "create" "-v" "/var/lib/crater-agent-workspace/builds/worker-4-tc2/target:/opt/rustwide/target:rw,Z" "-v" "/var/lib/crater-agent-workspace/builds/worker-4-tc2/source:/opt/rustwide/workdir:ro,Z" "-v" "/var/lib/crater-agent-workspace/cargo-home:/opt/rustwide/cargo-home:ro,Z" "-v" "/var/lib/crater-agent-workspace/rustup-home:/opt/rustwide/rustup-home:ro,Z" "-e" "SOURCE_DIR=/opt/rustwide/workdir" "-e" "CARGO_TARGET_DIR=/opt/rustwide/target" "-e" "CARGO_INCREMENTAL=0" "-e" "RUST_BACKTRACE=full" "-e" "RUSTFLAGS=--cap-lints=warn" "-e" "RUSTDOCFLAGS=--cap-lints=warn" "-e" "CARGO_HOME=/opt/rustwide/cargo-home" "-e" "RUSTUP_HOME=/opt/rustwide/rustup-home" "-w" "/opt/rustwide/workdir" "-m" "1610612736" "--user" "0:0" "--network" "none" "ghcr.io/rust-lang/crates-build-env/linux@sha256:f3a9d4ad9d972b27faf3965f35b62e55ba32bbce8f20bc8fe909558a86702fde" "/opt/rustwide/cargo-home/bin/cargo" "+beta-2024-12-08" "test" "--frozen", kill_on_drop: false }`
[INFO] [stdout] eeb9ba70661be33c57b4329b2b91fe0811cdb588e63eaa4cbbedd7e8653e90e9
[INFO] running `Command { std: "docker" "start" "-a" "eeb9ba70661be33c57b4329b2b91fe0811cdb588e63eaa4cbbedd7e8653e90e9", kill_on_drop: false }`
[INFO] [stderr]     Finished `test` profile [unoptimized + debuginfo] target(s) in 0.13s
[INFO] [stderr]      Running unittests src/lib.rs (/opt/rustwide/target/debug/deps/starry_mosaic-aa07f4adf2a2848a)
[INFO] [stdout] 
[INFO] [stdout] running 99 tests
[INFO] [stdout] test coloring_method::conic_gradient::tests::interpolate_at_center ... ok
[INFO] [stdout] test coloring_method::conic_gradient::tests::interpolate_step ... ok
[INFO] [stdout] test coloring_method::conic_gradient::tests::interpolate_smooth ... ok
[INFO] [stdout] test coloring_method::conic_gradient::tests::interpolate_semi_step ... ok
[INFO] [stdout] test coloring_method::linear_gradient::tests::create_with_null_direction_vector ... ok
[INFO] [stdout] test coloring_method::linear_gradient::tests::interpolate_smooth ... ok
[INFO] [stdout] test coloring_method::linear_gradient::tests::interpolate_semi_step ... ok
[INFO] [stdout] test coloring_method::linear_gradient::tests::interpolate_with_minimal_distance ... ok
[INFO] [stdout] test coloring_method::linear_gradient::tests::interpolate_step ... ok
[INFO] [stdout] test coloring_method::linear_gradient::tests::set_end_point_equal_to_start_point ... ok
[INFO] [stdout] test coloring_method::linear_gradient::tests::set_start_point_equal_to_end_point ... ok
[INFO] [stdout] test coloring_method::radial_gradient::tests::interpolate_edge_positions ... ok
[INFO] [stdout] test coloring_method::radial_gradient::tests::interpolate_semi_step ... ok
[INFO] [stdout] test coloring_method::radial_gradient::tests::interpolate_smooth ... ok
[INFO] [stdout] test coloring_method::radial_gradient::tests::interpolate_center_position ... ok
[INFO] [stdout] test coloring_method::radial_gradient::tests::set_inner_radius ... ok
[INFO] [stdout] test coloring_method::radial_gradient::tests::set_inner_center ... ok
[INFO] [stdout] test coloring_method::radial_gradient::tests::interpolate_step ... ok
[INFO] [stdout] test coloring_method::radial_gradient::tests::set_negative_outer_radius ... ok
[INFO] [stdout] test mosaic_builder::tests::set_center ... ok
[INFO] [stdout] test coloring_method::radial_gradient::tests::set_outer_radius ... ok
[INFO] [stdout] test coloring_method::radial_gradient::tests::set_outer_center ... ok
[INFO] [stdout] test mosaic_builder::tests::set_image_size ... ok
[INFO] [stdout] test mosaic_builder::tests::set_incorrect_image_size ... ok
[INFO] [stdout] test mosaic_builder::tests::set_incorrect_scale ... ok
[INFO] [stdout] test mosaic_builder::tests::set_rotation ... ok
[INFO] [stdout] test mosaic_builder::tests::set_center_out_of_bounds ... ok
[INFO] [stdout] test mosaic_shape::grid::tests::intersect_segments ... ok
[INFO] [stdout] test mosaic_shape::grid::tests::set_columns_count ... ok
[INFO] [stdout] test mosaic_shape::grid::tests::set_incorrect_columns_count ... ok
[INFO] [stdout] test mosaic_builder::tests::set_shear ... ok
[INFO] [stdout] test mosaic_shape::grid::tests::set_incorrect_rows_count ... ok
[INFO] [stdout] test mosaic_shape::grid::tests::set_up_points ... ok
[INFO] [stdout] test coloring_method::radial_gradient::tests::set_negative_inner_radius ... ok
[INFO] [stdout] test mosaic_shape::polygonal_star::tests::connect_points ... ok
[INFO] [stdout] test mosaic_shape::polygonal_star::tests::intersect_segments_with_even_corners_count ... ok
[INFO] [stdout] test mosaic_shape::polygonal_star::tests::set_corners_count ... ok
[INFO] [stdout] test mosaic_shape::polygonal_star::tests::set_up_points ... ok
[INFO] [stdout] test mosaic_shape::grid::tests::connect_points ... ok
[INFO] [stdout] test mosaic_shape::polygonal_star::tests::set_incorrect_corners_count ... ok
[INFO] [stdout] test mosaic_shape::regular_polygon::tests::connect_points ... ok
[INFO] [stdout] test segment::tests::intersect ... ok
[INFO] [stdout] test mosaic_builder::tests::set_scale ... ok
[INFO] [stdout] test mosaic_shape::polygonal_star::tests::connect_points_of_hexagonal_star ... ok
[INFO] [stdout] test mosaic_shape::polygonal_star::tests::intersect_segments_with_odd_corners_count ... ok
[INFO] [stdout] test mosaic_shape::regular_polygon::tests::intersect_segments_with_even_corners_count ... ok
[INFO] [stdout] test mosaic_shape::grid::tests::set_rows_count ... ok
[INFO] [stdout] test mosaic_shape::regular_polygon::tests::intersect_segments_with_odd_corners_count ... ok
[INFO] [stdout] test mosaic_shape::regular_polygon::tests::set_corners_count ... ok
[INFO] [stdout] test mosaic_shape::regular_polygon::tests::set_incorrect_corners_count ... ok
[INFO] [stdout] test segment::tests::length ... ok
[INFO] [stdout] test segment::tests::transform ... ok
[INFO] [stdout] test transform::tests::add_assign_transformation ... ok
[INFO] [stdout] test transform::tests::add_transformation ... ok
[INFO] [stdout] test transform::tests::div_assign_scale ... ok
[INFO] [stdout] test transform::tests::div_scale ... ok
[INFO] [stdout] test transform::tests::mul_assign_scale ... ok
[INFO] [stdout] test transform::tests::mul_scale ... ok
[INFO] [stdout] test transform::tests::neg_transformation ... ok
[INFO] [stdout] test transform::tests::sub_assign_transformation ... ok
[INFO] [stdout] test transform::tests::sub_transformation ... ok
[INFO] [stdout] test mosaic_shape::regular_polygon::tests::set_up_points ... ok
[INFO] [stdout] test segment::tests::squared_length ... ok
[INFO] [stdout] test transform::tests::clamp_scale ... ok
[INFO] [stdout] test segment::tests::intersect_parallel ... ok
[INFO] [stdout] test transform::tests::neg_scale ... ok
[INFO] [stdout] test vector::tests::add ... ok
[INFO] [stdout] test vector::tests::add_assign ... ok
[INFO] [stdout] test vector::tests::cross ... ok
[INFO] [stdout] test vector::tests::div ... ok
[INFO] [stdout] test vector::tests::div_assign_tuple ... ok
[INFO] [stdout] test vector::tests::div_tuple ... ok
[INFO] [stdout] test vector::tests::dot ... ok
[INFO] [stdout] test vector::tests::get_normalized ... ok
[INFO] [stdout] test vector::tests::interpolate ... ok
[INFO] [stdout] test vector::tests::div_assign ... ok
[INFO] [stdout] test vector::tests::length ... ok
[INFO] [stdout] test vector::tests::length_is_hypot ... ok
[INFO] [stdout] test vector::tests::mul ... ok
[INFO] [stdout] test vector::tests::mul_assign_tuple ... ok
[INFO] [stdout] test vector::tests::mul_transitive ... ok
[INFO] [stdout] test vector::tests::mul_tuple ... ok
[INFO] [stdout] test vector::tests::neg ... ok
[INFO] [stdout] test vector::tests::rotate ... ok
[INFO] [stdout] test vector::tests::mul_tuple_transitive ... ok
[INFO] [stdout] test vector::tests::round_to_epsilon ... ok
[INFO] [stdout] test vector::tests::rotate_around_pivot ... ok
[INFO] [stdout] test vector::tests::mul_assign ... ok
[INFO] [stdout] test vector::tests::dot_self_is_squared_length ... ok
[INFO] [stdout] test vector::tests::scale ... ok
[INFO] [stdout] test vector::tests::squared_length ... ok
[INFO] [stdout] test vector::tests::sub ... ok
[INFO] [stdout] test vector::tests::transform_complex ... ok
[INFO] [stdout] test vector::tests::transform_rotate_scale ... ok
[INFO] [stdout] test vector::tests::transform_scale_shear ... ok
[INFO] [stdout] test vector::tests::transform_translate_rotate ... ok
[INFO] [stdout] test vector::tests::sub_assign ... ok
[INFO] [stdout] test vector::tests::translate ... ok
[INFO] [stdout] test vector::tests::shear ... ok
[INFO] [stdout] 
[INFO] [stdout] test result: ok. 99 passed; 0 failed; 0 ignored; 0 measured; 0 filtered out; finished in 0.04s
[INFO] [stdout] 
[INFO] [stderr]    Doc-tests starry_mosaic
[INFO] [stdout] 
[INFO] [stdout] running 46 tests
[INFO] [stdout] test src/coloring_method/mod.rs - coloring_method::ColoringMethod (line 23) ... ok
[INFO] [stdout] test src/coloring_method/linear_gradient.rs - coloring_method::linear_gradient::LinearGradient<Color>::new_step (line 151) ... ok
[INFO] [stdout] test src/coloring_method/radial_gradient.rs - coloring_method::radial_gradient::RadialGradient<Color>::new_simple (line 254) ... ok
[INFO] [stdout] test src/coloring_method/radial_gradient.rs - coloring_method::radial_gradient::RadialGradient<Color>::new_smooth (line 119) ... ok
[INFO] [stdout] test src/coloring_method/radial_gradient.rs - coloring_method::radial_gradient::RadialGradient<Color>::new_simple_smooth (line 313) ... ok
[INFO] [stdout] test src/coloring_method/conic_gradient.rs - coloring_method::conic_gradient::ConicGradient<Color>::new_smooth (line 99) ... ok
[INFO] [stdout] test src/coloring_method/conic_gradient.rs - coloring_method::conic_gradient::ConicGradient<Color>::new_step (line 150) ... ok
[INFO] [stdout] test src/coloring_method/conic_gradient.rs - coloring_method::conic_gradient::ConicGradient<Color>::smoothness (line 217) ... ok
[INFO] [stdout] test src/coloring_method/conic_gradient.rs - coloring_method::conic_gradient::ConicGradient<Color>::new (line 38) ... ok
[INFO] [stdout] test src/coloring_method/radial_gradient.rs - coloring_method::radial_gradient::RadialGradient<Color>::new (line 45) ... ok
[INFO] [stdout] test src/coloring_method/linear_gradient.rs - coloring_method::linear_gradient::LinearGradient<Color>::new (line 39) ... ok
[INFO] [stdout] test src/coloring_method/radial_gradient.rs - coloring_method::radial_gradient::RadialGradient<Color>::new_simple_step (line 370) ... ok
[INFO] [stdout] test src/coloring_method/radial_gradient.rs - coloring_method::radial_gradient::RadialGradient<Color>::smoothness (line 492) ... ok
[INFO] [stdout] test src/coloring_method/radial_gradient.rs - coloring_method::radial_gradient::RadialGradient<Color>::new_step (line 187) ... ok
[INFO] [stdout] test src/coloring_method/linear_gradient.rs - coloring_method::linear_gradient::LinearGradient<Color>::smoothness (line 218) ... ok
[INFO] [stdout] test src/coloring_method/linear_gradient.rs - coloring_method::linear_gradient::LinearGradient<Color>::new_smooth (line 100) ... ok
[INFO] [stdout] test src/lib.rs - (line 16) ... FAILED
[INFO] [stdout] test src/segment.rs - segment::Segment::squared_length (line 48) ... ok
[INFO] [stdout] test src/segment.rs - segment::Segment (line 15) ... ok
[INFO] [stdout] test src/transform.rs - transform::Transformation::from_shear (line 177) ... ok
[INFO] [stdout] test src/mosaic_shape/mod.rs - mosaic_shape::MosaicShape (line 36) ... ok
[INFO] [stdout] test src/transform.rs - transform::Transform::transform (line 49) ... ok
[INFO] [stdout] test src/transform.rs - transform::Transformation::from_scale (line 150) ... ok
[INFO] [stdout] test src/segment.rs - segment::Segment::intersect (line 78) ... ok
[INFO] [stdout] test src/transform.rs - transform::Transformation::from_translation (line 98) ... ok
[INFO] [stdout] test src/segment.rs - segment::Segment::length (line 63) ... ok
[INFO] [stdout] test src/transform.rs - transform::Transformation::from_rotation (line 125) ... ok
[INFO] [stdout] test src/transform.rs - transform::Scale::clamp (line 333) ... ok
[INFO] [stdout] test src/transform.rs - transform::TryToTransform::try_to_transform (line 19) ... ok
[INFO] [stdout] test src/vector.rs - vector::Vector::dot (line 165) ... ok
[INFO] [stdout] test src/vector.rs - vector::Vector (line 40) ... ok
[INFO] [stdout] test src/vector.rs - vector::Vector (line 22) ... ok
[INFO] [stdout] test src/vector.rs - vector::Vector::rotate_around_pivot (line 294) ... ok
[INFO] [stdout] test src/vector.rs - vector::Vector::interpolate (line 213) ... ok
[INFO] [stdout] test src/vector.rs - vector::Vector::scale (line 324) ... ok
[INFO] [stdout] test src/vector.rs - vector::Vector::cross (line 190) ... ok
[INFO] [stdout] test src/vector.rs - vector::Vector::distance_to (line 127) ... ok
[INFO] [stdout] test src/mosaic.rs - mosaic::Mosaic (line 21) ... ok
[INFO] [stdout] test src/vector.rs - vector::Vector::get_normalized (line 144) ... ok
[INFO] [stdout] test src/vector.rs - vector::Vector::rotate (line 264) ... ok
[INFO] [stdout] test src/vector.rs - vector::Vector::length (line 83) ... ok
[INFO] [stdout] test src/mosaic_builder.rs - mosaic_builder::MosaicBuilder (line 22) ... ok
[INFO] [stdout] test src/vector.rs - vector::Vector::squared_length (line 68) ... ok
[INFO] [stdout] test src/vector.rs - vector::Vector::squared_distance_to (line 104) ... ok
[INFO] [stdout] test src/vector.rs - vector::Vector::translate (line 241) ... ok
[INFO] [stdout] test src/vector.rs - vector::Vector::shear (line 349) ... ok
[INFO] [stdout] 
[INFO] [stdout] failures:
[INFO] [stdout] 
[INFO] [stdout] ---- src/lib.rs - (line 16) stdout ----
[INFO] [stdout] error: linking with `cc` failed: exit status: 1
[INFO] [stdout]   |
[INFO] [stdout]   = note: LC_ALL="C" PATH="/opt/rustwide/rustup-home/toolchains/beta-2024-12-08-x86_64-unknown-linux-gnu/lib/rustlib/x86_64-unknown-linux-gnu/bin:/opt/rustwide/cargo-home/bin:/usr/local/sbin:/usr/local/bin:/usr/sbin:/usr/bin:/sbin:/bin" VSLANG="1033" "cc" "-m64" "/tmp/rustcyAMImO/symbols.o" "/tmp/rustdoctest6fFBIc/rust_out.rust_out.9242fac72db2cd11-cgu.0.rcgu.o" "/tmp/rustdoctest6fFBIc/rust_out.2hl2tb9xdtge7mguxzn2q1kvi.rcgu.o" "-Wl,--as-needed" "-Wl,-Bstatic" "/opt/rustwide/target/debug/deps/libstarry_mosaic-b6200ae6f6d86a1e.rlib" "/opt/rustwide/target/debug/deps/libimage-9b404a80c5bde9ff.rlib" "/opt/rustwide/target/debug/deps/libqoi-c43e02d58c7335ac.rlib" "/opt/rustwide/target/debug/deps/libbytemuck-600ef020b30fea75.rlib" "/opt/rustwide/target/debug/deps/libpng-52d913a8ee028611.rlib" "/opt/rustwide/target/debug/deps/libbitflags-85e13ed1e0c6d910.rlib" "/opt/rustwide/target/debug/deps/libfdeflate-d0fda1e877d62fc0.rlib" "/opt/rustwide/target/debug/deps/libexr-3bdfad36867bbe5b.rlib" "/opt/rustwide/target/debug/deps/libzune_inflate-9a239074e85f25ab.rlib" "/opt/rustwide/target/debug/deps/libbit_field-da5cec2dbcd4d097.rlib" "/opt/rustwide/target/debug/deps/liblebe-19c2b1c381eaf7ca.rlib" "/opt/rustwide/target/debug/deps/libhalf-e8fa5947517d82bf.rlib" "/opt/rustwide/target/debug/deps/libsmallvec-cae3008cdb7d5db1.rlib" "/opt/rustwide/target/debug/deps/libgif-b14d00dcaab9ae01.rlib" "/opt/rustwide/target/debug/deps/libcolor_quant-da6050448bfc3046.rlib" "/opt/rustwide/target/debug/deps/libbyteorder-6ac88002c46ec63a.rlib" "/opt/rustwide/target/debug/deps/libtiff-996ae2be6cf32d6a.rlib" "/opt/rustwide/target/debug/deps/libflate2-ff62c8ac64a5c88b.rlib" "/opt/rustwide/target/debug/deps/libminiz_oxide-cb6241db09d1d66d.rlib" "/opt/rustwide/target/debug/deps/libsimd_adler32-4a3f6ae7a867fb6e.rlib" "/opt/rustwide/target/debug/deps/libcrc32fast-3e4e944995101d8a.rlib" "/opt/rustwide/target/debug/deps/libcfg_if-a3e7e701fcd1f47b.rlib" "/opt/rustwide/target/debug/deps/libweezl-d50931236dbebc2d.rlib" "/opt/rustwide/target/debug/deps/libjpeg_decoder-1f9d4494146c3a39.rlib" "/opt/rustwide/target/debug/deps/librayon-3c9b21f51d44c67e.rlib" "/opt/rustwide/target/debug/deps/librayon_core-a86b3e2a6874aea0.rlib" "/opt/rustwide/target/debug/deps/libcrossbeam_deque-bd6df934c95fd429.rlib" "/opt/rustwide/target/debug/deps/libcrossbeam_epoch-94621803ecea6178.rlib" "/opt/rustwide/target/debug/deps/libcrossbeam_utils-0d72a2b2b371b2bb.rlib" "/opt/rustwide/target/debug/deps/libeither-715c6002fba7ac68.rlib" "/opt/rustwide/target/debug/deps/libpalette-454cdcf9afe6e53d.rlib" "/opt/rustwide/target/debug/deps/libphf-3b9f8ebfe6533161.rlib" "/opt/rustwide/target/debug/deps/libphf_shared-8b5079c5e6560fb2.rlib" "/opt/rustwide/target/debug/deps/libsiphasher-8c98df6e4615cbd6.rlib" "/opt/rustwide/target/debug/deps/libapprox-338352b6811e683a.rlib" "/opt/rustwide/target/debug/deps/libvoronoice-72feee113478dceb.rlib" "/opt/rustwide/target/debug/deps/libdelaunator-7d38f2b77ab8f918.rlib" "/opt/rustwide/target/debug/deps/librobust-986ec27c8da88f3a.rlib" "/opt/rustwide/target/debug/deps/libfloat_cmp-00b2b3c30802ad57.rlib" "/opt/rustwide/target/debug/deps/libnum_traits-ae140458cd3f9038.rlib" "/opt/rustwide/rustup-home/toolchains/beta-2024-12-08-x86_64-unknown-linux-gnu/lib/rustlib/x86_64-unknown-linux-gnu/lib/libstd-02dc84f49135b6b8.rlib" "/opt/rustwide/rustup-home/toolchains/beta-2024-12-08-x86_64-unknown-linux-gnu/lib/rustlib/x86_64-unknown-linux-gnu/lib/libpanic_unwind-a8f45b397fae3f81.rlib" "/opt/rustwide/rustup-home/toolchains/beta-2024-12-08-x86_64-unknown-linux-gnu/lib/rustlib/x86_64-unknown-linux-gnu/lib/libobject-089607133c180609.rlib" "/opt/rustwide/rustup-home/toolchains/beta-2024-12-08-x86_64-unknown-linux-gnu/lib/rustlib/x86_64-unknown-linux-gnu/lib/libmemchr-fc89f091bcd86cbb.rlib" "/opt/rustwide/rustup-home/toolchains/beta-2024-12-08-x86_64-unknown-linux-gnu/lib/rustlib/x86_64-unknown-linux-gnu/lib/libaddr2line-5a60949f01c7340c.rlib" "/opt/rustwide/rustup-home/toolchains/beta-2024-12-08-x86_64-unknown-linux-gnu/lib/rustlib/x86_64-unknown-linux-gnu/lib/libgimli-d29e6a55ca253c8c.rlib" "/opt/rustwide/rustup-home/toolchains/beta-2024-12-08-x86_64-unknown-linux-gnu/lib/rustlib/x86_64-unknown-linux-gnu/lib/librustc_demangle-273c078d5f65de7a.rlib" "/opt/rustwide/rustup-home/toolchains/beta-2024-12-08-x86_64-unknown-linux-gnu/lib/rustlib/x86_64-unknown-linux-gnu/lib/libstd_detect-413c950ffbdd4454.rlib" "/opt/rustwide/rustup-home/toolchains/beta-2024-12-08-x86_64-unknown-linux-gnu/lib/rustlib/x86_64-unknown-linux-gnu/lib/libhashbrown-1853c0976a1d88a6.rlib" "/opt/rustwide/rustup-home/toolchains/beta-2024-12-08-x86_64-unknown-linux-gnu/lib/rustlib/x86_64-unknown-linux-gnu/lib/librustc_std_workspace_alloc-ccb3384ddacb0f9e.rlib" "/opt/rustwide/rustup-home/toolchains/beta-2024-12-08-x86_64-unknown-linux-gnu/lib/rustlib/x86_64-unknown-linux-gnu/lib/libminiz_oxide-0b901dfb0ca849e0.rlib" "/opt/rustwide/rustup-home/toolchains/beta-2024-12-08-x86_64-unknown-linux-gnu/lib/rustlib/x86_64-unknown-linux-gnu/lib/libadler-eebeb8d7c64543ad.rlib" "/opt/rustwide/rustup-home/toolchains/beta-2024-12-08-x86_64-unknown-linux-gnu/lib/rustlib/x86_64-unknown-linux-gnu/lib/libunwind-4723ef81d6079867.rlib" "/opt/rustwide/rustup-home/toolchains/beta-2024-12-08-x86_64-unknown-linux-gnu/lib/rustlib/x86_64-unknown-linux-gnu/lib/libcfg_if-54442f8b422f5a54.rlib" "/opt/rustwide/rustup-home/toolchains/beta-2024-12-08-x86_64-unknown-linux-gnu/lib/rustlib/x86_64-unknown-linux-gnu/lib/liblibc-e0bbe034b5282553.rlib" "/opt/rustwide/rustup-home/toolchains/beta-2024-12-08-x86_64-unknown-linux-gnu/lib/rustlib/x86_64-unknown-linux-gnu/lib/liballoc-d0febb68c1c37b90.rlib" "/opt/rustwide/rustup-home/toolchains/beta-2024-12-08-x86_64-unknown-linux-gnu/lib/rustlib/x86_64-unknown-linux-gnu/lib/librustc_std_workspace_core-4cf833632aafa84c.rlib" "/opt/rustwide/rustup-home/toolchains/beta-2024-12-08-x86_64-unknown-linux-gnu/lib/rustlib/x86_64-unknown-linux-gnu/lib/libcore-65c2c6d2d6ae570b.rlib" "/opt/rustwide/rustup-home/toolchains/beta-2024-12-08-x86_64-unknown-linux-gnu/lib/rustlib/x86_64-unknown-linux-gnu/lib/libcompiler_builtins-97929cee0dcfe424.rlib" "-Wl,-Bdynamic" "-lgcc_s" "-lutil" "-lrt" "-lpthread" "-lm" "-ldl" "-lc" "-Wl,--eh-frame-hdr" "-Wl,-z,noexecstack" "-L" "/opt/rustwide/rustup-home/toolchains/beta-2024-12-08-x86_64-unknown-linux-gnu/lib/rustlib/x86_64-unknown-linux-gnu/lib" "-o" "/tmp/rustdoctest6fFBIc/rust_out" "-Wl,--gc-sections" "-pie" "-Wl,-z,relro,-z,now" "-nodefaultlibs"
[INFO] [stdout]   = note: collect2: fatal error: ld terminated with signal 9 [Killed]
[INFO] [stdout]           compilation terminated.
[INFO] [stdout]           
[INFO] [stdout] 
[INFO] [stdout] error: aborting due to 1 previous error
[INFO] [stdout] 
[INFO] [stdout] Couldn't compile the test.
[INFO] [stdout] 
[INFO] [stdout] failures:
[INFO] [stdout]     src/lib.rs - (line 16)
[INFO] [stdout] 
[INFO] [stdout] test result: FAILED. 45 passed; 1 failed; 0 ignored; 0 measured; 0 filtered out; finished in 8.99s
[INFO] [stdout] 
[INFO] [stderr] error: doctest failed, to rerun pass `--doc`
[INFO] running `Command { std: "docker" "inspect" "eeb9ba70661be33c57b4329b2b91fe0811cdb588e63eaa4cbbedd7e8653e90e9", kill_on_drop: false }`
[INFO] running `Command { std: "docker" "rm" "-f" "eeb9ba70661be33c57b4329b2b91fe0811cdb588e63eaa4cbbedd7e8653e90e9", kill_on_drop: false }`
[INFO] [stdout] eeb9ba70661be33c57b4329b2b91fe0811cdb588e63eaa4cbbedd7e8653e90e9
