[INFO] fetching crate starfish-ql 0.1.2...
[INFO] testing starfish-ql-0.1.2 against 1.83.0 for beta-1.84.0-4-retry
[INFO] extracting crate starfish-ql 0.1.2 into /workspace/builds/worker-5-tc1/source
[INFO] validating manifest of crates.io crate starfish-ql 0.1.2 on toolchain 1.83.0
[INFO] running `Command { std: CARGO_HOME="/workspace/cargo-home" RUSTUP_HOME="/workspace/rustup-home" "/workspace/cargo-home/bin/cargo" "+1.83.0" "metadata" "--manifest-path" "Cargo.toml" "--no-deps", kill_on_drop: false }`
[INFO] started tweaking crates.io crate starfish-ql 0.1.2
[INFO] finished tweaking crates.io crate starfish-ql 0.1.2
[INFO] tweaked toml for crates.io crate starfish-ql 0.1.2 written to /workspace/builds/worker-5-tc1/source/Cargo.toml
[INFO] crate crates.io crate starfish-ql 0.1.2 already has a lockfile, it will not be regenerated
[INFO] running `Command { std: CARGO_HOME="/workspace/cargo-home" RUSTUP_HOME="/workspace/rustup-home" "/workspace/cargo-home/bin/cargo" "+1.83.0" "fetch" "--manifest-path" "Cargo.toml", kill_on_drop: false }`
[INFO] [stderr]     Updating crates.io index
[INFO] [stderr]  Downloading crates ...
[INFO] [stderr]   Downloaded starfish-core v0.1.1
[INFO] [stderr]   Downloaded sea-query-derive v0.2.0
[INFO] [stderr]   Downloaded sqlx v0.5.10
[INFO] [stderr]   Downloaded smol-potat-macro v0.6.0
[INFO] [stderr]   Downloaded sea-orm-macros v0.6.0
[INFO] [stderr]   Downloaded async-net v1.6.1
[INFO] [stderr]   Downloaded sea-strum_macros v0.23.0
[INFO] [stderr]   Downloaded pkcs1 v0.2.4
[INFO] [stderr]   Downloaded smol v1.2.5
[INFO] [stderr]   Downloaded rsa v0.5.0
[INFO] [stderr]   Downloaded sqlx-macros v0.5.10
[INFO] [stderr]   Downloaded num-bigint-dig v0.7.0
[INFO] [stderr]   Downloaded rust_decimal v1.19.0
[INFO] [stderr]   Downloaded pem-rfc7468 v0.2.4
[INFO] [stderr]   Downloaded sea-query v0.21.0
[INFO] [stderr]   Downloaded base64ct v1.1.1
[INFO] [stderr]   Downloaded blocking v1.1.0
[INFO] [stderr]   Downloaded sqlx-core v0.5.10
[INFO] [stderr]   Downloaded sqlx-rt v0.5.10
[INFO] [stderr]   Downloaded sea-schema-derive v0.1.0
[INFO] [stderr]   Downloaded smol-potat v1.1.2
[INFO] [stderr]   Downloaded sea-orm-rocket v0.5.0
[INFO] [stderr]   Downloaded starfish-api v0.1.1
[INFO] [stderr]   Downloaded ouroboros_macro v0.14.0
[INFO] [stderr]   Downloaded sea-orm v0.6.0
[INFO] [stderr]   Downloaded ouroboros v0.14.0
[INFO] [stderr]   Downloaded sea-strum v0.23.0
[INFO] [stderr]   Downloaded gloo-timers v0.2.2
[INFO] [stderr]   Downloaded sea-schema v0.5.1
[INFO] [stderr]   Downloaded sea-orm-rocket-codegen v0.5.0
[INFO] running `Command { std: "docker" "create" "-v" "/var/lib/crater-agent-workspace/builds/worker-5-tc1/target:/opt/rustwide/target:rw,Z" "-v" "/var/lib/crater-agent-workspace/builds/worker-5-tc1/source:/opt/rustwide/workdir:ro,Z" "-v" "/var/lib/crater-agent-workspace/cargo-home:/opt/rustwide/cargo-home:ro,Z" "-v" "/var/lib/crater-agent-workspace/rustup-home:/opt/rustwide/rustup-home:ro,Z" "-e" "SOURCE_DIR=/opt/rustwide/workdir" "-e" "CARGO_TARGET_DIR=/opt/rustwide/target" "-e" "CARGO_HOME=/opt/rustwide/cargo-home" "-e" "RUSTUP_HOME=/opt/rustwide/rustup-home" "-w" "/opt/rustwide/workdir" "-m" "1610612736" "--user" "0:0" "--network" "none" "ghcr.io/rust-lang/crates-build-env/linux@sha256:f3a9d4ad9d972b27faf3965f35b62e55ba32bbce8f20bc8fe909558a86702fde" "/opt/rustwide/cargo-home/bin/cargo" "+1.83.0" "metadata" "--no-deps" "--format-version=1", kill_on_drop: false }`
[INFO] [stdout] 28b3745aa78fbb7ec6b2911458793c3c3e6ca543441878f11a9868b1c4481de4
[INFO] running `Command { std: "docker" "start" "-a" "28b3745aa78fbb7ec6b2911458793c3c3e6ca543441878f11a9868b1c4481de4", kill_on_drop: false }`
[INFO] running `Command { std: "docker" "inspect" "28b3745aa78fbb7ec6b2911458793c3c3e6ca543441878f11a9868b1c4481de4", kill_on_drop: false }`
[INFO] running `Command { std: "docker" "rm" "-f" "28b3745aa78fbb7ec6b2911458793c3c3e6ca543441878f11a9868b1c4481de4", kill_on_drop: false }`
[INFO] [stdout] 28b3745aa78fbb7ec6b2911458793c3c3e6ca543441878f11a9868b1c4481de4
[INFO] running `Command { std: "docker" "create" "-v" "/var/lib/crater-agent-workspace/builds/worker-5-tc1/target:/opt/rustwide/target:rw,Z" "-v" "/var/lib/crater-agent-workspace/builds/worker-5-tc1/source:/opt/rustwide/workdir:ro,Z" "-v" "/var/lib/crater-agent-workspace/cargo-home:/opt/rustwide/cargo-home:ro,Z" "-v" "/var/lib/crater-agent-workspace/rustup-home:/opt/rustwide/rustup-home:ro,Z" "-e" "SOURCE_DIR=/opt/rustwide/workdir" "-e" "CARGO_TARGET_DIR=/opt/rustwide/target" "-e" "CARGO_INCREMENTAL=0" "-e" "RUST_BACKTRACE=full" "-e" "RUSTFLAGS=--cap-lints=warn" "-e" "RUSTDOCFLAGS=--cap-lints=warn" "-e" "CARGO_HOME=/opt/rustwide/cargo-home" "-e" "RUSTUP_HOME=/opt/rustwide/rustup-home" "-w" "/opt/rustwide/workdir" "-m" "1610612736" "--user" "0:0" "--network" "none" "ghcr.io/rust-lang/crates-build-env/linux@sha256:f3a9d4ad9d972b27faf3965f35b62e55ba32bbce8f20bc8fe909558a86702fde" "/opt/rustwide/cargo-home/bin/cargo" "+1.83.0" "build" "--frozen" "--message-format=json", kill_on_drop: false }`
[INFO] [stdout] d8fa6ef31e8ce02ce0f80c4ad05c8619e7042eec69e1fdf3dbe758e5c9504dc9
[INFO] running `Command { std: "docker" "start" "-a" "d8fa6ef31e8ce02ce0f80c4ad05c8619e7042eec69e1fdf3dbe758e5c9504dc9", kill_on_drop: false }`
[INFO] [stderr]    Compiling proc-macro2 v1.0.36
[INFO] [stderr]    Compiling unicode-xid v0.2.2
[INFO] [stderr]    Compiling syn v1.0.85
[INFO] [stderr]    Compiling libc v0.2.112
[INFO] [stderr]    Compiling autocfg v1.0.1
[INFO] [stderr]    Compiling value-bag v1.0.0-alpha.8
[INFO] [stderr]    Compiling once_cell v1.9.0
[INFO] [stderr]    Compiling memchr v2.4.1
[INFO] [stderr]    Compiling futures-core v0.3.19
[INFO] [stderr]    Compiling pin-project-lite v0.2.8
[INFO] [stderr]    Compiling spin v0.5.2
[INFO] [stderr]    Compiling slab v0.4.5
[INFO] [stderr]    Compiling futures-io v0.3.19
[INFO] [stderr]    Compiling log v0.4.14
[INFO] [stderr]    Compiling bytes v1.1.0
[INFO] [stderr]    Compiling serde_derive v1.0.133
[INFO] [stderr]    Compiling futures-sink v0.3.19
[INFO] [stderr]    Compiling lazy_static v1.4.0
[INFO] [stderr]    Compiling ahash v0.7.6
[INFO] [stderr]    Compiling libm v0.2.1
[INFO] [stderr]    Compiling cache-padded v1.2.0
[INFO] [stderr]    Compiling itoa v1.0.1
[INFO] [stderr]    Compiling parking v2.0.0
[INFO] [stderr]    Compiling concurrent-queue v1.2.2
[INFO] [stderr]    Compiling fastrand v1.6.0
[INFO] [stderr]    Compiling typenum v1.15.0
[INFO] [stderr]    Compiling serde v1.0.133
[INFO] [stderr]    Compiling waker-fn v1.1.0
[INFO] [stderr]    Compiling generic-array v0.14.5
[INFO] [stderr]    Compiling futures-channel v0.3.19
[INFO] [stderr]    Compiling event-listener v2.5.1
[INFO] [stderr]    Compiling num-traits v0.2.14
[INFO] [stderr]    Compiling smallvec v1.7.0
[INFO] [stderr]    Compiling percent-encoding v2.1.0
[INFO] [stderr]    Compiling cc v1.0.72
[INFO] [stderr]    Compiling pkg-config v0.3.24
[INFO] [stderr]    Compiling num-integer v0.1.44
[INFO] [stderr]    Compiling signal-hook v0.3.13
[INFO] [stderr]    Compiling crossbeam-utils v0.8.5
[INFO] [stderr]    Compiling async-task v4.0.3
[INFO] [stderr]    Compiling ppv-lite86 v0.2.16
[INFO] [stderr]    Compiling async-channel v1.6.1
[INFO] [stderr]    Compiling tinyvec_macros v0.1.0
[INFO] [stderr]    Compiling futures-task v0.3.19
[INFO] [stderr]    Compiling parking_lot_core v0.8.5
[INFO] [stderr]    Compiling atomic-waker v1.0.0
[INFO] [stderr]    Compiling tinyvec v1.5.1
[INFO] [stderr]    Compiling async-mutex v1.4.0
[INFO] [stderr]    Compiling futures-lite v1.12.0
[INFO] [stderr]    Compiling indexmap v1.8.0
[INFO] [stderr]    Compiling instant v0.1.12
[INFO] [stderr]    Compiling scopeguard v1.1.0
[INFO] [stderr]    Compiling futures-util v0.3.19
[INFO] [stderr]    Compiling yansi v0.5.0
[INFO] [stderr]    Compiling openssl v0.10.38
[INFO] [stderr]    Compiling lock_api v0.4.5
[INFO] [stderr]    Compiling quote v1.0.14
[INFO] [stderr]    Compiling getrandom v0.2.3
[INFO] [stderr]    Compiling socket2 v0.4.2
[INFO] [stderr]    Compiling signal-hook-registry v1.4.0
[INFO] [stderr]    Compiling num_cpus v1.13.1
[INFO] [stderr]    Compiling rand_core v0.6.3
[INFO] [stderr]    Compiling rand_chacha v0.3.1
[INFO] [stderr]    Compiling proc-macro2-diagnostics v0.9.1
[INFO] [stderr]    Compiling either v1.6.1
[INFO] [stderr]    Compiling unicode-bidi v0.3.7
[INFO] [stderr]    Compiling openssl-sys v0.9.72
[INFO] [stderr]    Compiling hashbrown v0.11.2
[INFO] [stderr]    Compiling subtle v2.4.1
[INFO] [stderr]    Compiling native-tls v0.2.8
[INFO] [stderr]    Compiling matches v0.1.9
[INFO] [stderr]    Compiling parking_lot v0.11.2
[INFO] [stderr]    Compiling async-lock v2.4.0
[INFO] [stderr]    Compiling num-iter v0.1.42
[INFO] [stderr]    Compiling unicode-segmentation v1.8.0
[INFO] [stderr]    Compiling autocfg v0.1.7
[INFO] [stderr]    Compiling blocking v1.1.0
[INFO] [stderr]    Compiling async-executor v1.4.1
[INFO] [stderr]    Compiling unicode-normalization v0.1.19
[INFO] [stderr]    Compiling crypto-bigint v0.2.11
[INFO] [stderr]    Compiling openssl-probe v0.1.4
[INFO] [stderr]    Compiling const-oid v0.6.2
[INFO] [stderr]    Compiling heck v0.3.3
[INFO] [stderr]    Compiling digest v0.9.0
[INFO] [stderr]    Compiling form_urlencoded v1.0.1
[INFO] [stderr]    Compiling num-bigint-dig v0.7.0
[INFO] [stderr]    Compiling ryu v1.0.9
[INFO] [stderr]    Compiling base64ct v1.1.1
[INFO] [stderr]    Compiling http v0.2.6
[INFO] [stderr]    Compiling tracing-core v0.1.21
[INFO] [stderr]    Compiling standback v0.2.17
[INFO] [stderr]    Compiling proc-macro-hack v0.5.19
[INFO] [stderr]    Compiling byteorder v1.4.3
[INFO] [stderr]    Compiling pem-rfc7468 v0.2.4
[INFO] [stderr]    Compiling block-buffer v0.9.0
[INFO] [stderr]    Compiling rand v0.8.4
[INFO] [stderr]    Compiling proc-macro-error-attr v1.0.4
[INFO] [stderr]    Compiling nom v7.1.0
[INFO] [stderr]    Compiling httparse v1.5.1
[INFO] [stderr]    Compiling opaque-debug v0.3.0
[INFO] [stderr]    Compiling arrayvec v0.7.2
[INFO] [stderr]    Compiling serde_json v1.0.74
[INFO] [stderr]    Compiling cpufeatures v0.2.1
[INFO] [stderr]    Compiling num-bigint v0.3.3
[INFO] [stderr]    Compiling proc-macro-error v1.0.4
[INFO] [stderr]    Compiling try-lock v0.2.3
[INFO] [stderr]    Compiling der v0.4.5
[INFO] [stderr]    Compiling crossbeam-queue v0.3.2
[INFO] [stderr]    Compiling const_fn v0.4.9
[INFO] [stderr]    Compiling itertools v0.10.3
[INFO] [stderr]    Compiling time v0.2.27
[INFO] [stderr]    Compiling idna v0.2.3
[INFO] [stderr]    Compiling unicode_categories v0.1.1
[INFO] [stderr]    Compiling spki v0.4.1
[INFO] [stderr]    Compiling crc-catalog v1.1.1
[INFO] [stderr]    Compiling crc v2.1.0
[INFO] [stderr]    Compiling stringprep v0.1.2
[INFO] [stderr]    Compiling sha-1 v0.9.8
[INFO] [stderr]    Compiling atoi v0.4.0
[INFO] [stderr]    Compiling hashlink v0.7.0
[INFO] [stderr]    Compiling futures-intrusive v0.4.0
[INFO] [stderr]    Compiling synstructure v0.12.6
[INFO] [stderr]    Compiling url v2.2.2
[INFO] [stderr]    Compiling crossbeam-channel v0.5.1
[INFO] [stderr]    Compiling time v0.1.43
[INFO] [stderr]    Compiling cookie v0.15.1
[INFO] [stderr]    Compiling async-trait v0.1.52
[INFO] [stderr]    Compiling hex v0.4.3
[INFO] [stderr]    Compiling itoa v0.4.8
[INFO] [stderr]    Compiling tower-service v0.3.1
[INFO] [stderr]    Compiling ref-cast v1.0.6
[INFO] [stderr]    Compiling http-body v0.4.4
[INFO] [stderr]    Compiling inlinable_string v0.1.15
[INFO] [stderr]    Compiling rustversion v1.0.6
[INFO] [stderr]    Compiling tracing v0.1.29
[INFO] [stderr]    Compiling devise_core v0.3.1
[INFO] [stderr]    Compiling sha2 v0.9.9
[INFO] [stderr]    Compiling chrono v0.4.19
[INFO] [stderr]    Compiling uncased v0.9.6
[INFO] [stderr]    Compiling uuid v0.8.2
[INFO] [stderr]    Compiling mime v0.3.16
[INFO] [stderr]    Compiling regex-syntax v0.6.25
[INFO] [stderr]    Compiling atty v0.2.14
[INFO] [stderr]    Compiling stable-pattern v0.1.0
[INFO] [stderr]    Compiling Inflector v0.11.4
[INFO] [stderr]    Compiling encoding_rs v0.8.30
[INFO] [stderr]    Compiling state v0.5.2
[INFO] [stderr]    Compiling dotenv v0.15.0
[INFO] [stderr]    Compiling atomic v0.5.1
[INFO] [stderr]    Compiling figment v0.10.6
[INFO] [stderr]    Compiling multer v2.0.2
[INFO] [stderr]    Compiling aliasable v0.1.3
[INFO] [stderr]    Compiling stable_deref_trait v1.2.0
[INFO] [stderr]    Compiling unicode-width v0.1.9
[INFO] [stderr]    Compiling ansi_term v0.12.1
[INFO] [stderr]    Compiling textwrap v0.11.0
[INFO] [stderr]    Compiling sqlformat v0.1.8
[INFO] [stderr]    Compiling rocket v0.5.0-rc.1
[INFO] [stderr]    Compiling thread_local v1.1.3
[INFO] [stderr]    Compiling sharded-slab v0.1.4
[INFO] [stderr]    Compiling remove_dir_all v0.5.3
[INFO] [stderr]    Compiling strsim v0.8.0
[INFO] [stderr]    Compiling spin v0.9.2
[INFO] [stderr]    Compiling vec_map v0.8.2
[INFO] [stderr]    Compiling glob v0.3.0
[INFO] [stderr]    Compiling tempfile v3.2.0
[INFO] [stderr]    Compiling binascii v0.1.4
[INFO] [stderr]    Compiling clap v2.34.0
[INFO] [stderr]    Compiling ctor v0.1.21
[INFO] [stderr]    Compiling tokio-macros v1.7.0
[INFO] [stderr]    Compiling thiserror-impl v1.0.30
[INFO] [stderr]    Compiling futures-macro v0.3.19
[INFO] [stderr]    Compiling zeroize_derive v1.2.2
[INFO] [stderr]    Compiling tracing-attributes v0.1.18
[INFO] [stderr]    Compiling async-attributes v1.1.2
[INFO] [stderr]    Compiling time-macros-impl v0.1.2
[INFO] [stderr]    Compiling pear_codegen v0.2.3
[INFO] [stderr]    Compiling async-stream-impl v0.3.2
[INFO] [stderr]    Compiling ref-cast-impl v1.0.6
[INFO] [stderr]    Compiling async-stream v0.3.2
[INFO] [stderr]    Compiling time-macros v0.1.1
[INFO] [stderr]    Compiling devise_codegen v0.3.1
[INFO] [stderr]    Compiling regex-automata v0.1.10
[INFO] [stderr]    Compiling zeroize v1.4.3
[INFO] [stderr]    Compiling pear v0.2.3
[INFO] [stderr]    Compiling pkcs1 v0.2.4
[INFO] [stderr]    Compiling mio v0.7.14
[INFO] [stderr]    Compiling polling v2.2.0
[INFO] [stderr]    Compiling pkcs8 v0.7.6
[INFO] [stderr]    Compiling tokio v1.15.0
[INFO] [stderr]    Compiling async-io v1.6.0
[INFO] [stderr]    Compiling kv-log-macro v1.0.7
[INFO] [stderr]    Compiling async-process v1.3.0
[INFO] [stderr]    Compiling thiserror v1.0.30
[INFO] [stderr]    Compiling async-global-executor v2.0.2
[INFO] [stderr]    Compiling async-std v1.10.0
[INFO] [stderr]    Compiling want v0.3.0
[INFO] [stderr]    Compiling sea-query-derive v0.2.0
[INFO] [stderr]    Compiling devise v0.3.1
[INFO] [stderr]    Compiling sea-strum_macros v0.23.0
[INFO] [stderr]    Compiling bae v0.1.7
[INFO] [stderr]    Compiling ouroboros_macro v0.14.0
[INFO] [stderr]    Compiling matchers v0.1.0
[INFO] [stderr]    Compiling tracing-log v0.1.2
[INFO] [stderr]    Compiling regex v1.5.4
[INFO] [stderr]    Compiling rsa v0.5.0
[INFO] [stderr]    Compiling sea-schema-derive v0.1.0
[INFO] [stderr]    Compiling sea-orm-macros v0.6.0
[INFO] [stderr]    Compiling tracing-subscriber v0.3.5
[INFO] [stderr]    Compiling sea-orm-rocket-codegen v0.5.0
[INFO] [stderr]    Compiling serde_repr v0.1.7
[INFO] [stderr]    Compiling futures-executor v0.3.19
[INFO] [stderr]    Compiling futures v0.3.19
[INFO] [stderr]    Compiling sea-strum v0.23.0
[INFO] [stderr]    Compiling async-native-tls v0.3.3
[INFO] [stderr]    Compiling tokio-util v0.6.9
[INFO] [stderr]    Compiling ouroboros v0.14.0
[INFO] [stderr]    Compiling tokio-stream v0.1.8
[INFO] [stderr]    Compiling sqlx-rt v0.5.10
[INFO] [stderr]    Compiling h2 v0.3.10
[INFO] [stderr]    Compiling rust_decimal v1.19.0
[INFO] [stderr]    Compiling toml v0.5.8
[INFO] [stderr]    Compiling ubyte v0.10.1
[INFO] [stderr]    Compiling sqlx-core v0.5.10
[INFO] [stderr]    Compiling sea-query v0.21.0
[INFO] [stderr]    Compiling hyper v0.14.16
[INFO] [stderr]    Compiling sqlx-macros v0.5.10
[INFO] [stderr]    Compiling rocket_http v0.5.0-rc.1
[INFO] [stderr]    Compiling rocket_codegen v0.5.0-rc.1
[INFO] [stderr]    Compiling sqlx v0.5.10
[INFO] [stderr]    Compiling sea-orm v0.6.0
[INFO] [stderr]    Compiling sea-schema v0.5.1
[INFO] [stderr]    Compiling starfish-core v0.1.1
[INFO] [stderr]    Compiling sea-orm-rocket v0.5.0
[INFO] [stderr]    Compiling starfish-api v0.1.1
[INFO] [stderr]    Compiling starfish-ql v0.1.2 (/opt/rustwide/workdir)
[INFO] [stderr]     Finished `dev` profile [unoptimized + debuginfo] target(s) in 1m 43s
[INFO] [stderr] warning: the following packages contain code that will be rejected by a future version of Rust: ubyte v0.10.1
[INFO] [stderr] note: to see what the problems were, use the option `--future-incompat-report`, or run `cargo report future-incompatibilities --id 1`
[INFO] running `Command { std: "docker" "inspect" "d8fa6ef31e8ce02ce0f80c4ad05c8619e7042eec69e1fdf3dbe758e5c9504dc9", kill_on_drop: false }`
[INFO] running `Command { std: "docker" "rm" "-f" "d8fa6ef31e8ce02ce0f80c4ad05c8619e7042eec69e1fdf3dbe758e5c9504dc9", kill_on_drop: false }`
[INFO] [stdout] d8fa6ef31e8ce02ce0f80c4ad05c8619e7042eec69e1fdf3dbe758e5c9504dc9
[INFO] running `Command { std: "docker" "create" "-v" "/var/lib/crater-agent-workspace/builds/worker-5-tc1/target:/opt/rustwide/target:rw,Z" "-v" "/var/lib/crater-agent-workspace/builds/worker-5-tc1/source:/opt/rustwide/workdir:ro,Z" "-v" "/var/lib/crater-agent-workspace/cargo-home:/opt/rustwide/cargo-home:ro,Z" "-v" "/var/lib/crater-agent-workspace/rustup-home:/opt/rustwide/rustup-home:ro,Z" "-e" "SOURCE_DIR=/opt/rustwide/workdir" "-e" "CARGO_TARGET_DIR=/opt/rustwide/target" "-e" "CARGO_INCREMENTAL=0" "-e" "RUST_BACKTRACE=full" "-e" "RUSTFLAGS=--cap-lints=warn" "-e" "RUSTDOCFLAGS=--cap-lints=warn" "-e" "CARGO_HOME=/opt/rustwide/cargo-home" "-e" "RUSTUP_HOME=/opt/rustwide/rustup-home" "-w" "/opt/rustwide/workdir" "-m" "1610612736" "--user" "0:0" "--network" "none" "ghcr.io/rust-lang/crates-build-env/linux@sha256:f3a9d4ad9d972b27faf3965f35b62e55ba32bbce8f20bc8fe909558a86702fde" "/opt/rustwide/cargo-home/bin/cargo" "+1.83.0" "test" "--frozen" "--no-run" "--message-format=json", kill_on_drop: false }`
[INFO] [stdout] 040f5beed6f1d8c93905f4dcc1c58c751f2edef5933ce5cca7ad3519cc80fcff
[INFO] running `Command { std: "docker" "start" "-a" "040f5beed6f1d8c93905f4dcc1c58c751f2edef5933ce5cca7ad3519cc80fcff", kill_on_drop: false }`
[INFO] [stderr]    Compiling async-net v1.6.1
[INFO] [stderr]    Compiling async-fs v1.5.0
[INFO] [stderr]    Compiling smol-potat-macro v0.6.0
[INFO] [stderr]    Compiling smol v1.2.5
[INFO] [stderr]    Compiling smol-potat v1.1.2
[INFO] [stderr]    Compiling starfish-ql v0.1.2 (/opt/rustwide/workdir)
[INFO] [stderr]     Finished `test` profile [unoptimized + debuginfo] target(s) in 11.32s
[INFO] [stderr] warning: the following packages contain code that will be rejected by a future version of Rust: ubyte v0.10.1
[INFO] [stderr] note: to see what the problems were, use the option `--future-incompat-report`, or run `cargo report future-incompatibilities --id 1`
[INFO] running `Command { std: "docker" "inspect" "040f5beed6f1d8c93905f4dcc1c58c751f2edef5933ce5cca7ad3519cc80fcff", kill_on_drop: false }`
[INFO] running `Command { std: "docker" "rm" "-f" "040f5beed6f1d8c93905f4dcc1c58c751f2edef5933ce5cca7ad3519cc80fcff", kill_on_drop: false }`
[INFO] [stdout] 040f5beed6f1d8c93905f4dcc1c58c751f2edef5933ce5cca7ad3519cc80fcff
[INFO] running `Command { std: "docker" "create" "-v" "/var/lib/crater-agent-workspace/builds/worker-5-tc1/target:/opt/rustwide/target:rw,Z" "-v" "/var/lib/crater-agent-workspace/builds/worker-5-tc1/source:/opt/rustwide/workdir:ro,Z" "-v" "/var/lib/crater-agent-workspace/cargo-home:/opt/rustwide/cargo-home:ro,Z" "-v" "/var/lib/crater-agent-workspace/rustup-home:/opt/rustwide/rustup-home:ro,Z" "-e" "SOURCE_DIR=/opt/rustwide/workdir" "-e" "CARGO_TARGET_DIR=/opt/rustwide/target" "-e" "CARGO_INCREMENTAL=0" "-e" "RUST_BACKTRACE=full" "-e" "RUSTFLAGS=--cap-lints=warn" "-e" "RUSTDOCFLAGS=--cap-lints=warn" "-e" "CARGO_HOME=/opt/rustwide/cargo-home" "-e" "RUSTUP_HOME=/opt/rustwide/rustup-home" "-w" "/opt/rustwide/workdir" "-m" "1610612736" "--user" "0:0" "--network" "none" "ghcr.io/rust-lang/crates-build-env/linux@sha256:f3a9d4ad9d972b27faf3965f35b62e55ba32bbce8f20bc8fe909558a86702fde" "/opt/rustwide/cargo-home/bin/cargo" "+1.83.0" "test" "--frozen", kill_on_drop: false }`
[INFO] [stdout] 7529d3a8e148dd9d8ad018da7fc2d6df467cbdfc94d77ffbb25f4228bbcfc184
[INFO] running `Command { std: "docker" "start" "-a" "7529d3a8e148dd9d8ad018da7fc2d6df467cbdfc94d77ffbb25f4228bbcfc184", kill_on_drop: false }`
[INFO] [stderr]     Finished `test` profile [unoptimized + debuginfo] target(s) in 0.73s
[INFO] [stderr] warning: the following packages contain code that will be rejected by a future version of Rust: ubyte v0.10.1
[INFO] [stderr] note: to see what the problems were, use the option `--future-incompat-report`, or run `cargo report future-incompatibilities --id 1`
[INFO] [stderr]      Running unittests src/lib.rs (/opt/rustwide/target/debug/deps/starfish-793ee8fabe8646f3)
[INFO] [stderr]      Running unittests src/main.rs (/opt/rustwide/target/debug/deps/starfish-b8b07b3e6dce2a25)
[INFO] [stdout] 
[INFO] [stdout] running 0 tests
[INFO] [stdout] 
[INFO] [stdout] test result: ok. 0 passed; 0 failed; 0 ignored; 0 measured; 0 filtered out; finished in 0.00s
[INFO] [stdout] 
[INFO] [stdout] 
[INFO] [stdout] running 0 tests
[INFO] [stdout] 
[INFO] [stdout] test result: ok. 0 passed; 0 failed; 0 ignored; 0 measured; 0 filtered out; finished in 0.00s
[INFO] [stdout] 
[INFO] [stderr]      Running tests/core.rs (/opt/rustwide/target/debug/deps/core-f9aedce6766ae425)
[INFO] [stdout] 
[INFO] [stdout] running 2 tests
[INFO] [stdout] test schema_mutate ... FAILED
[INFO] [stdout] test query ... FAILED
[INFO] [stdout] 
[INFO] [stdout] failures:
[INFO] [stdout] 
[INFO] [stdout] ---- schema_mutate stdout ----
[INFO] [stdout] thread 'schema_mutate' panicked at tests/common/mod.rs:18:43:
[INFO] [stdout] Enviroment variable 'DATABASE_URL' not set: NotPresent
[INFO] [stdout] stack backtrace:
[INFO] [stdout]    0:     0x5d29e9b4dbaa - std::backtrace_rs::backtrace::libunwind::trace::h5a5b8284f2d0c266
[INFO] [stdout]                                at /rustc/90b35a6239c3d8bdabc530a6a0816f7ff89a0aaf/library/std/src/../../backtrace/src/backtrace/libunwind.rs:116:5
[INFO] [stdout]    1:     0x5d29e9b4dbaa - std::backtrace_rs::backtrace::trace_unsynchronized::h76d4f1c9b0b875e3
[INFO] [stdout]                                at /rustc/90b35a6239c3d8bdabc530a6a0816f7ff89a0aaf/library/std/src/../../backtrace/src/backtrace/mod.rs:66:5
[INFO] [stdout]    2:     0x5d29e9b4dbaa - std::sys::backtrace::_print_fmt::hc4546b8364a537c6
[INFO] [stdout]                                at /rustc/90b35a6239c3d8bdabc530a6a0816f7ff89a0aaf/library/std/src/sys/backtrace.rs:66:9
[INFO] [stdout]    3:     0x5d29e9b4dbaa - <std::sys::backtrace::BacktraceLock::print::DisplayBacktrace as core::fmt::Display>::fmt::h5b6bd5631a6d1f6b
[INFO] [stdout]                                at /rustc/90b35a6239c3d8bdabc530a6a0816f7ff89a0aaf/library/std/src/sys/backtrace.rs:39:26
[INFO] [stdout]    4:     0x5d29e9b77ec3 - core::fmt::rt::Argument::fmt::h270f6602a2b96f62
[INFO] [stdout]                                at /rustc/90b35a6239c3d8bdabc530a6a0816f7ff89a0aaf/library/core/src/fmt/rt.rs:177:76
[INFO] [stdout]    5:     0x5d29e9b77ec3 - core::fmt::write::h7550c97b06c86515
[INFO] [stdout]                                at /rustc/90b35a6239c3d8bdabc530a6a0816f7ff89a0aaf/library/core/src/fmt/mod.rs:1186:21
[INFO] [stdout]    6:     0x5d29e9b4a2c3 - std::io::Write::write_fmt::h509ff860e5956e5e
[INFO] [stdout]                                at /rustc/90b35a6239c3d8bdabc530a6a0816f7ff89a0aaf/library/std/src/io/mod.rs:1839:15
[INFO] [stdout]    7:     0x5d29e9b4d9f2 - std::sys::backtrace::BacktraceLock::print::h2395ccd2c84ba3aa
[INFO] [stdout]                                at /rustc/90b35a6239c3d8bdabc530a6a0816f7ff89a0aaf/library/std/src/sys/backtrace.rs:42:9
[INFO] [stdout]    8:     0x5d29e9b4f00a - std::panicking::default_hook::{{closure}}::he19d4c7230e07961
[INFO] [stdout]                                at /rustc/90b35a6239c3d8bdabc530a6a0816f7ff89a0aaf/library/std/src/panicking.rs:268:22
[INFO] [stdout]    9:     0x5d29e9b4ee14 - std::panicking::default_hook::hf614597d3c67bbdb
[INFO] [stdout]                                at /rustc/90b35a6239c3d8bdabc530a6a0816f7ff89a0aaf/library/std/src/panicking.rs:292:9
[INFO] [stdout]   10:     0x5d29e96a76d9 - <alloc::boxed::Box<F,A> as core::ops::function::Fn<Args>>::call::h39b51ce4599c23d1
[INFO] [stdout]                                at /rustc/90b35a6239c3d8bdabc530a6a0816f7ff89a0aaf/library/alloc/src/boxed.rs:2468:9
[INFO] [stdout]   11:     0x5d29e96a76d9 - test::test_main::{{closure}}::he977ae839a582784
[INFO] [stdout]                                at /rustc/90b35a6239c3d8bdabc530a6a0816f7ff89a0aaf/library/test/src/lib.rs:133:21
[INFO] [stdout]   12:     0x5d29e9b4f6a8 - <alloc::boxed::Box<F,A> as core::ops::function::Fn<Args>>::call::h9455091b6b06f9fb
[INFO] [stdout]                                at /rustc/90b35a6239c3d8bdabc530a6a0816f7ff89a0aaf/library/alloc/src/boxed.rs:2468:9
[INFO] [stdout]   13:     0x5d29e9b4f6a8 - std::panicking::rust_panic_with_hook::h8942133a8b252070
[INFO] [stdout]                                at /rustc/90b35a6239c3d8bdabc530a6a0816f7ff89a0aaf/library/std/src/panicking.rs:809:13
[INFO] [stdout]   14:     0x5d29e9b4f46a - std::panicking::begin_panic_handler::{{closure}}::hb5f5963570096b29
[INFO] [stdout]                                at /rustc/90b35a6239c3d8bdabc530a6a0816f7ff89a0aaf/library/std/src/panicking.rs:674:13
[INFO] [stdout]   15:     0x5d29e9b4e089 - std::sys::backtrace::__rust_end_short_backtrace::h6208cedc1922feda
[INFO] [stdout]                                at /rustc/90b35a6239c3d8bdabc530a6a0816f7ff89a0aaf/library/std/src/sys/backtrace.rs:170:18
[INFO] [stdout]   16:     0x5d29e9b4f0fc - rust_begin_unwind
[INFO] [stdout]                                at /rustc/90b35a6239c3d8bdabc530a6a0816f7ff89a0aaf/library/std/src/panicking.rs:665:5
[INFO] [stdout]   17:     0x5d29e95842b0 - core::panicking::panic_fmt::h0c3082644d1bf418
[INFO] [stdout]                                at /rustc/90b35a6239c3d8bdabc530a6a0816f7ff89a0aaf/library/core/src/panicking.rs:74:14
[INFO] [stdout]   18:     0x5d29e9584736 - core::result::unwrap_failed::hd20b4aa073bda1e2
[INFO] [stdout]                                at /rustc/90b35a6239c3d8bdabc530a6a0816f7ff89a0aaf/library/core/src/result.rs:1700:5
[INFO] [stdout]   19:     0x5d29e965b836 - core::result::Result<T,E>::expect::hd87f5cf410ed875f
[INFO] [stdout]                                at /rustc/90b35a6239c3d8bdabc530a6a0816f7ff89a0aaf/library/core/src/result.rs:1061:23
[INFO] [stdout]   20:     0x5d29e960db85 - core::common::TestContext::new::{{closure}}::h0963d7ccd67796b3
[INFO] [stdout]                                at /opt/rustwide/workdir/tests/common/mod.rs:18:13
[INFO] [stdout]   21:     0x5d29e9620431 - core::schema_mutate::{{closure}}::h8ff72f5c5bf74bc4
[INFO] [stdout]                                at /opt/rustwide/workdir/tests/core.rs:44:63
[INFO] [stdout]   22:     0x5d29e95fac2a - async_io::driver::block_on::hb2dff4a24bd51071
[INFO] [stdout]                                at /opt/rustwide/cargo-home/registry/src/index.crates.io-6f17d22bba15001f/async-io-1.6.0/src/driver.rs:142:33
[INFO] [stdout]   23:     0x5d29e961ffc1 - core::schema_mutate::h6229653148ab629d
[INFO] [stdout]                                at /opt/rustwide/workdir/tests/core.rs:42:1
[INFO] [stdout]   24:     0x5d29e961ff7c - core::schema_mutate::{{closure}}::h8192bb729c1d0289
[INFO] [stdout]                                at /opt/rustwide/workdir/tests/core.rs:43:29
[INFO] [stdout]   25:     0x5d29e95ac8f6 - core::ops::function::FnOnce::call_once::h43b1c6d82db0b017
[INFO] [stdout]                                at /rustc/90b35a6239c3d8bdabc530a6a0816f7ff89a0aaf/library/core/src/ops/function.rs:250:5
[INFO] [stdout]   26:     0x5d29e96ac09b - core::ops::function::FnOnce::call_once::h109cf8051a59b34e
[INFO] [stdout]                                at /rustc/90b35a6239c3d8bdabc530a6a0816f7ff89a0aaf/library/core/src/ops/function.rs:250:5
[INFO] [stdout]   27:     0x5d29e96ac09b - test::__rust_begin_short_backtrace::hf4fff89d377446ba
[INFO] [stdout]                                at /rustc/90b35a6239c3d8bdabc530a6a0816f7ff89a0aaf/library/test/src/lib.rs:621:18
[INFO] [stdout]   28:     0x5d29e96ab8d7 - test::run_test_in_process::{{closure}}::h0e39181dd7ee5a43
[INFO] [stdout]                                at /rustc/90b35a6239c3d8bdabc530a6a0816f7ff89a0aaf/library/test/src/lib.rs:644:60
[INFO] [stdout]   29:     0x5d29e96ab8d7 - <core::panic::unwind_safe::AssertUnwindSafe<F> as core::ops::function::FnOnce<()>>::call_once::hc5a66a30f0bdfd1f
[INFO] [stdout]                                at /rustc/90b35a6239c3d8bdabc530a6a0816f7ff89a0aaf/library/core/src/panic/unwind_safe.rs:272:9
[INFO] [stdout]   30:     0x5d29e96ab8d7 - std::panicking::try::do_call::h873b7cf639554a5e
[INFO] [stdout]                                at /rustc/90b35a6239c3d8bdabc530a6a0816f7ff89a0aaf/library/std/src/panicking.rs:557:40
[INFO] [stdout]   31:     0x5d29e96ab8d7 - std::panicking::try::hdb19862fad9c8bd1
[INFO] [stdout]                                at /rustc/90b35a6239c3d8bdabc530a6a0816f7ff89a0aaf/library/std/src/panicking.rs:520:19
[INFO] [stdout]   32:     0x5d29e96ab8d7 - std::panic::catch_unwind::h281fe732d236d260
[INFO] [stdout]                                at /rustc/90b35a6239c3d8bdabc530a6a0816f7ff89a0aaf/library/std/src/panic.rs:358:14
[INFO] [stdout]   33:     0x5d29e96ab8d7 - test::run_test_in_process::h949b6df8457ed338
[INFO] [stdout]                                at /rustc/90b35a6239c3d8bdabc530a6a0816f7ff89a0aaf/library/test/src/lib.rs:644:27
[INFO] [stdout]   34:     0x5d29e96ab8d7 - test::run_test::{{closure}}::h52c556a6d4740e10
[INFO] [stdout]                                at /rustc/90b35a6239c3d8bdabc530a6a0816f7ff89a0aaf/library/test/src/lib.rs:565:43
[INFO] [stdout]   35:     0x5d29e9670bb4 - test::run_test::{{closure}}::h4237f6381c45ccb9
[INFO] [stdout]                                at /rustc/90b35a6239c3d8bdabc530a6a0816f7ff89a0aaf/library/test/src/lib.rs:595:41
[INFO] [stdout]   36:     0x5d29e9670bb4 - std::sys::backtrace::__rust_begin_short_backtrace::h505c97a579eca628
[INFO] [stdout]                                at /rustc/90b35a6239c3d8bdabc530a6a0816f7ff89a0aaf/library/std/src/sys/backtrace.rs:154:18
[INFO] [stdout]   37:     0x5d29e967427e - std::thread::Builder::spawn_unchecked_::{{closure}}::{{closure}}::h9e86b2e2bc107ea3
[INFO] [stdout]                                at /rustc/90b35a6239c3d8bdabc530a6a0816f7ff89a0aaf/library/std/src/thread/mod.rs:538:17
[INFO] [stdout]   38:     0x5d29e967427e - <core::panic::unwind_safe::AssertUnwindSafe<F> as core::ops::function::FnOnce<()>>::call_once::h8b06ddb275ff4a25
[INFO] [stdout]                                at /rustc/90b35a6239c3d8bdabc530a6a0816f7ff89a0aaf/library/core/src/panic/unwind_safe.rs:272:9
[INFO] [stdout]   39:     0x5d29e967427e - std::panicking::try::do_call::hb26ecd7cd9a9355d
[INFO] [stdout]                                at /rustc/90b35a6239c3d8bdabc530a6a0816f7ff89a0aaf/library/std/src/panicking.rs:557:40
[INFO] [stdout]   40:     0x5d29e967427e - std::panicking::try::h8ddeca9d705f9069
[INFO] [stdout]                                at /rustc/90b35a6239c3d8bdabc530a6a0816f7ff89a0aaf/library/std/src/panicking.rs:520:19
[INFO] [stdout]   41:     0x5d29e967427e - std::panic::catch_unwind::h49e1c33078844c46
[INFO] [stdout]                                at /rustc/90b35a6239c3d8bdabc530a6a0816f7ff89a0aaf/library/std/src/panic.rs:358:14
[INFO] [stdout]   42:     0x5d29e967427e - std::thread::Builder::spawn_unchecked_::{{closure}}::h6073db6ff56ad35d
[INFO] [stdout]                                at /rustc/90b35a6239c3d8bdabc530a6a0816f7ff89a0aaf/library/std/src/thread/mod.rs:537:30
[INFO] [stdout]   43:     0x5d29e967427e - core::ops::function::FnOnce::call_once{{vtable.shim}}::h2c5a5f3779c774f1
[INFO] [stdout]                                at /rustc/90b35a6239c3d8bdabc530a6a0816f7ff89a0aaf/library/core/src/ops/function.rs:250:5
[INFO] [stdout]   44:     0x5d29e9b538bb - <alloc::boxed::Box<F,A> as core::ops::function::FnOnce<Args>>::call_once::hf75717d9f28faebf
[INFO] [stdout]                                at /rustc/90b35a6239c3d8bdabc530a6a0816f7ff89a0aaf/library/alloc/src/boxed.rs:2454:9
[INFO] [stdout]   45:     0x5d29e9b538bb - <alloc::boxed::Box<F,A> as core::ops::function::FnOnce<Args>>::call_once::h7bd883a5f3c5f3c1
[INFO] [stdout]                                at /rustc/90b35a6239c3d8bdabc530a6a0816f7ff89a0aaf/library/alloc/src/boxed.rs:2454:9
[INFO] [stdout]   46:     0x5d29e9b538bb - std::sys::pal::unix::thread::Thread::new::thread_start::hcc78f3943333fa94
[INFO] [stdout]                                at /rustc/90b35a6239c3d8bdabc530a6a0816f7ff89a0aaf/library/std/src/sys/pal/unix/thread.rs:105:17
[INFO] [stdout]   47:     0x723e297daac3 - <unknown>
[INFO] [stdout]   48:     0x723e2986ba04 - clone
[INFO] [stdout]   49:                0x0 - <unknown>
[INFO] [stdout] 
[INFO] [stdout] ---- query stdout ----
[INFO] [stdout] thread 'query' panicked at tests/common/mod.rs:18:43:
[INFO] [stdout] Enviroment variable 'DATABASE_URL' not set: NotPresent
[INFO] [stdout] stack backtrace:
[INFO] [stdout]    0:     0x5d29e9b4dbaa - std::backtrace_rs::backtrace::libunwind::trace::h5a5b8284f2d0c266
[INFO] [stdout]                                at /rustc/90b35a6239c3d8bdabc530a6a0816f7ff89a0aaf/library/std/src/../../backtrace/src/backtrace/libunwind.rs:116:5
[INFO] [stdout]    1:     0x5d29e9b4dbaa - std::backtrace_rs::backtrace::trace_unsynchronized::h76d4f1c9b0b875e3
[INFO] [stdout]                                at /rustc/90b35a6239c3d8bdabc530a6a0816f7ff89a0aaf/library/std/src/../../backtrace/src/backtrace/mod.rs:66:5
[INFO] [stdout]    2:     0x5d29e9b4dbaa - std::sys::backtrace::_print_fmt::hc4546b8364a537c6
[INFO] [stdout]                                at /rustc/90b35a6239c3d8bdabc530a6a0816f7ff89a0aaf/library/std/src/sys/backtrace.rs:66:9
[INFO] [stdout]    3:     0x5d29e9b4dbaa - <std::sys::backtrace::BacktraceLock::print::DisplayBacktrace as core::fmt::Display>::fmt::h5b6bd5631a6d1f6b
[INFO] [stdout]                                at /rustc/90b35a6239c3d8bdabc530a6a0816f7ff89a0aaf/library/std/src/sys/backtrace.rs:39:26
[INFO] [stdout]    4:     0x5d29e9b77ec3 - core::fmt::rt::Argument::fmt::h270f6602a2b96f62
[INFO] [stdout]                                at /rustc/90b35a6239c3d8bdabc530a6a0816f7ff89a0aaf/library/core/src/fmt/rt.rs:177:76
[INFO] [stdout]    5:     0x5d29e9b77ec3 - core::fmt::write::h7550c97b06c86515
[INFO] [stdout]                                at /rustc/90b35a6239c3d8bdabc530a6a0816f7ff89a0aaf/library/core/src/fmt/mod.rs:1186:21
[INFO] [stdout]    6:     0x5d29e9b4a2c3 - std::io::Write::write_fmt::h509ff860e5956e5e
[INFO] [stdout]                                at /rustc/90b35a6239c3d8bdabc530a6a0816f7ff89a0aaf/library/std/src/io/mod.rs:1839:15
[INFO] [stdout]    7:     0x5d29e9b4d9f2 - std::sys::backtrace::BacktraceLock::print::h2395ccd2c84ba3aa
[INFO] [stdout]                                at /rustc/90b35a6239c3d8bdabc530a6a0816f7ff89a0aaf/library/std/src/sys/backtrace.rs:42:9
[INFO] [stdout]    8:     0x5d29e9b4f00a - std::panicking::default_hook::{{closure}}::he19d4c7230e07961
[INFO] [stdout]                                at /rustc/90b35a6239c3d8bdabc530a6a0816f7ff89a0aaf/library/std/src/panicking.rs:268:22
[INFO] [stdout]    9:     0x5d29e9b4ee14 - std::panicking::default_hook::hf614597d3c67bbdb
[INFO] [stdout]                                at /rustc/90b35a6239c3d8bdabc530a6a0816f7ff89a0aaf/library/std/src/panicking.rs:292:9
[INFO] [stdout]   10:     0x5d29e96a76d9 - <alloc::boxed::Box<F,A> as core::ops::function::Fn<Args>>::call::h39b51ce4599c23d1
[INFO] [stdout]                                at /rustc/90b35a6239c3d8bdabc530a6a0816f7ff89a0aaf/library/alloc/src/boxed.rs:2468:9
[INFO] [stdout]   11:     0x5d29e96a76d9 - test::test_main::{{closure}}::he977ae839a582784
[INFO] [stdout]                                at /rustc/90b35a6239c3d8bdabc530a6a0816f7ff89a0aaf/library/test/src/lib.rs:133:21
[INFO] [stdout]   12:     0x5d29e9b4f6a8 - <alloc::boxed::Box<F,A> as core::ops::function::Fn<Args>>::call::h9455091b6b06f9fb
[INFO] [stdout]                                at /rustc/90b35a6239c3d8bdabc530a6a0816f7ff89a0aaf/library/alloc/src/boxed.rs:2468:9
[INFO] [stdout]   13:     0x5d29e9b4f6a8 - std::panicking::rust_panic_with_hook::h8942133a8b252070
[INFO] [stdout]                                at /rustc/90b35a6239c3d8bdabc530a6a0816f7ff89a0aaf/library/std/src/panicking.rs:809:13
[INFO] [stdout]   14:     0x5d29e9b4f46a - std::panicking::begin_panic_handler::{{closure}}::hb5f5963570096b29
[INFO] [stdout]                                at /rustc/90b35a6239c3d8bdabc530a6a0816f7ff89a0aaf/library/std/src/panicking.rs:674:13
[INFO] [stdout]   15:     0x5d29e9b4e089 - std::sys::backtrace::__rust_end_short_backtrace::h6208cedc1922feda
[INFO] [stdout]                                at /rustc/90b35a6239c3d8bdabc530a6a0816f7ff89a0aaf/library/std/src/sys/backtrace.rs:170:18
[INFO] [stdout]   16:     0x5d29e9b4f0fc - rust_begin_unwind
[INFO] [stdout]                                at /rustc/90b35a6239c3d8bdabc530a6a0816f7ff89a0aaf/library/std/src/panicking.rs:665:5
[INFO] [stdout]   17:     0x5d29e95842b0 - core::panicking::panic_fmt::h0c3082644d1bf418
[INFO] [stdout]                                at /rustc/90b35a6239c3d8bdabc530a6a0816f7ff89a0aaf/library/core/src/panicking.rs:74:14
[INFO] [stdout]   18:     0x5d29e9584736 - core::result::unwrap_failed::hd20b4aa073bda1e2
[INFO] [stdout]                                at /rustc/90b35a6239c3d8bdabc530a6a0816f7ff89a0aaf/library/core/src/result.rs:1700:5
[INFO] [stdout]   19:     0x5d29e965b836 - core::result::Result<T,E>::expect::hd87f5cf410ed875f
[INFO] [stdout]                                at /rustc/90b35a6239c3d8bdabc530a6a0816f7ff89a0aaf/library/core/src/result.rs:1061:23
[INFO] [stdout]   20:     0x5d29e960db85 - core::common::TestContext::new::{{closure}}::h0963d7ccd67796b3
[INFO] [stdout]                                at /opt/rustwide/workdir/tests/common/mod.rs:18:13
[INFO] [stdout]   21:     0x5d29e96276ff - core::query::{{closure}}::h4fefd613087e96ca
[INFO] [stdout]                                at /opt/rustwide/workdir/tests/core.rs:332:55
[INFO] [stdout]   22:     0x5d29e95f9a4a - async_io::driver::block_on::h2783e148bca117fb
[INFO] [stdout]                                at /opt/rustwide/cargo-home/registry/src/index.crates.io-6f17d22bba15001f/async-io-1.6.0/src/driver.rs:142:33
[INFO] [stdout]   23:     0x5d29e962746e - core::query::h2ebac8d02b536c09
[INFO] [stdout]                                at /opt/rustwide/workdir/tests/core.rs:330:1
[INFO] [stdout]   24:     0x5d29e962742c - core::query::{{closure}}::hb6182d0dfc217246
[INFO] [stdout]                                at /opt/rustwide/workdir/tests/core.rs:331:21
[INFO] [stdout]   25:     0x5d29e95acbc6 - core::ops::function::FnOnce::call_once::h8989e6ec01991dcc
[INFO] [stdout]                                at /rustc/90b35a6239c3d8bdabc530a6a0816f7ff89a0aaf/library/core/src/ops/function.rs:250:5
[INFO] [stdout]   26:     0x5d29e96ac09b - core::ops::function::FnOnce::call_once::h109cf8051a59b34e
[INFO] [stdout]                                at /rustc/90b35a6239c3d8bdabc530a6a0816f7ff89a0aaf/library/core/src/ops/function.rs:250:5
[INFO] [stdout]   27:     0x5d29e96ac09b - test::__rust_begin_short_backtrace::hf4fff89d377446ba
[INFO] [stdout]                                at /rustc/90b35a6239c3d8bdabc530a6a0816f7ff89a0aaf/library/test/src/lib.rs:621:18
[INFO] [stdout]   28:     0x5d29e96ab8d7 - test::run_test_in_process::{{closure}}::h0e39181dd7ee5a43
[INFO] [stdout]                                at /rustc/90b35a6239c3d8bdabc530a6a0816f7ff89a0aaf/library/test/src/lib.rs:644:60
[INFO] [stdout]   29:     0x5d29e96ab8d7 - <core::panic::unwind_safe::AssertUnwindSafe<F> as core::ops::function::FnOnce<()>>::call_once::hc5a66a30f0bdfd1f
[INFO] [stdout]                                at /rustc/90b35a6239c3d8bdabc530a6a0816f7ff89a0aaf/library/core/src/panic/unwind_safe.rs:272:9
[INFO] [stdout]   30:     0x5d29e96ab8d7 - std::panicking::try::do_call::h873b7cf639554a5e
[INFO] [stdout]                                at /rustc/90b35a6239c3d8bdabc530a6a0816f7ff89a0aaf/library/std/src/panicking.rs:557:40
[INFO] [stdout]   31:     0x5d29e96ab8d7 - std::panicking::try::hdb19862fad9c8bd1
[INFO] [stdout]                                at /rustc/90b35a6239c3d8bdabc530a6a0816f7ff89a0aaf/library/std/src/panicking.rs:520:19
[INFO] [stdout]   32:     0x5d29e96ab8d7 - std::panic::catch_unwind::h281fe732d236d260
[INFO] [stdout]                                at /rustc/90b35a6239c3d8bdabc530a6a0816f7ff89a0aaf/library/std/src/panic.rs:358:14
[INFO] [stdout]   33:     0x5d29e96ab8d7 - test::run_test_in_process::h949b6df8457ed338
[INFO] [stdout]                                at /rustc/90b35a6239c3d8bdabc530a6a0816f7ff89a0aaf/library/test/src/lib.rs:644:27
[INFO] [stdout]   34:     0x5d29e96ab8d7 - test::run_test::{{closure}}::h52c556a6d4740e10
[INFO] [stdout]                                at /rustc/90b35a6239c3d8bdabc530a6a0816f7ff89a0aaf/library/test/src/lib.rs:565:43
[INFO] [stdout]   35:     0x5d29e9670bb4 - test::run_test::{{closure}}::h4237f6381c45ccb9
[INFO] [stdout]                                at /rustc/90b35a6239c3d8bdabc530a6a0816f7ff89a0aaf/library/test/src/lib.rs:595:41
[INFO] [stdout]   36:     0x5d29e9670bb4 - std::sys::backtrace::__rust_begin_short_backtrace::h505c97a579eca628
[INFO] [stdout]                                at /rustc/90b35a6239c3d8bdabc530a6a0816f7ff89a0aaf/library/std/src/sys/backtrace.rs:154:18
[INFO] [stdout]   37:     0x5d29e967427e - std::thread::Builder::spawn_unchecked_::{{closure}}::{{closure}}::h9e86b2e2bc107ea3
[INFO] [stdout]                                at /rustc/90b35a6239c3d8bdabc530a6a0816f7ff89a0aaf/library/std/src/thread/mod.rs:538:17
[INFO] [stdout]   38:     0x5d29e967427e - <core::panic::unwind_safe::AssertUnwindSafe<F> as core::ops::function::FnOnce<()>>::call_once::h8b06ddb275ff4a25
[INFO] [stdout]                                at /rustc/90b35a6239c3d8bdabc530a6a0816f7ff89a0aaf/library/core/src/panic/unwind_safe.rs:272:9
[INFO] [stdout]   39:     0x5d29e967427e - std::panicking::try::do_call::hb26ecd7cd9a9355d
[INFO] [stdout]                                at /rustc/90b35a6239c3d8bdabc530a6a0816f7ff89a0aaf/library/std/src/panicking.rs:557:40
[INFO] [stdout]   40:     0x5d29e967427e - std::panicking::try::h8ddeca9d705f9069
[INFO] [stdout]                                at /rustc/90b35a6239c3d8bdabc530a6a0816f7ff89a0aaf/library/std/src/panicking.rs:520:19
[INFO] [stdout]   41:     0x5d29e967427e - std::panic::catch_unwind::h49e1c33078844c46
[INFO] [stdout]                                at /rustc/90b35a6239c3d8bdabc530a6a0816f7ff89a0aaf/library/std/src/panic.rs:358:14
[INFO] [stdout]   42:     0x5d29e967427e - std::thread::Builder::spawn_unchecked_::{{closure}}::h6073db6ff56ad35d
[INFO] [stdout]                                at /rustc/90b35a6239c3d8bdabc530a6a0816f7ff89a0aaf/library/std/src/thread/mod.rs:537:30
[INFO] [stdout]   43:     0x5d29e967427e - core::ops::function::FnOnce::call_once{{vtable.shim}}::h2c5a5f3779c774f1
[INFO] [stdout]                                at /rustc/90b35a6239c3d8bdabc530a6a0816f7ff89a0aaf/library/core/src/ops/function.rs:250:5
[INFO] [stdout]   44:     0x5d29e9b538bb - <alloc::boxed::Box<F,A> as core::ops::function::FnOnce<Args>>::call_once::hf75717d9f28faebf
[INFO] [stdout]                                at /rustc/90b35a6239c3d8bdabc530a6a0816f7ff89a0aaf/library/alloc/src/boxed.rs:2454:9
[INFO] [stdout]   45:     0x5d29e9b538bb - <alloc::boxed::Box<F,A> as core::ops::function::FnOnce<Args>>::call_once::h7bd883a5f3c5f3c1
[INFO] [stdout]                                at /rustc/90b35a6239c3d8bdabc530a6a0816f7ff89a0aaf/library/alloc/src/boxed.rs:2454:9
[INFO] [stdout]   46:     0x5d29e9b538bb - std::sys::pal::unix::thread::Thread::new::thread_start::hcc78f3943333fa94
[INFO] [stdout]                                at /rustc/90b35a6239c3d8bdabc530a6a0816f7ff89a0aaf/library/std/src/sys/pal/unix/thread.rs:105:17
[INFO] [stdout]   47:     0x723e297daac3 - <unknown>
[INFO] [stdout]   48:     0x723e2986ba04 - clone
[INFO] [stdout]   49:                0x0 - <unknown>
[INFO] [stdout] 
[INFO] [stdout] 
[INFO] [stdout] failures:
[INFO] [stdout]     query
[INFO] [stdout]     schema_mutate
[INFO] [stdout] 
[INFO] [stdout] test result: FAILED. 0 passed; 2 failed; 0 ignored; 0 measured; 0 filtered out; finished in 0.07s
[INFO] [stdout] 
[INFO] [stderr] error: test failed, to rerun pass `--test core`
[INFO] running `Command { std: "docker" "inspect" "7529d3a8e148dd9d8ad018da7fc2d6df467cbdfc94d77ffbb25f4228bbcfc184", kill_on_drop: false }`
[INFO] running `Command { std: "docker" "rm" "-f" "7529d3a8e148dd9d8ad018da7fc2d6df467cbdfc94d77ffbb25f4228bbcfc184", kill_on_drop: false }`
[INFO] [stdout] 7529d3a8e148dd9d8ad018da7fc2d6df467cbdfc94d77ffbb25f4228bbcfc184
