[INFO] fetching crate stak-vm 0.7.4...
[INFO] testing stak-vm-0.7.4 against 1.83.0 for beta-1.84.0-4-retry
[INFO] extracting crate stak-vm 0.7.4 into /workspace/builds/worker-3-tc1/source
[INFO] validating manifest of crates.io crate stak-vm 0.7.4 on toolchain 1.83.0
[INFO] running `Command { std: CARGO_HOME="/workspace/cargo-home" RUSTUP_HOME="/workspace/rustup-home" "/workspace/cargo-home/bin/cargo" "+1.83.0" "metadata" "--manifest-path" "Cargo.toml" "--no-deps", kill_on_drop: false }`
[INFO] started tweaking crates.io crate stak-vm 0.7.4
[INFO] finished tweaking crates.io crate stak-vm 0.7.4
[INFO] tweaked toml for crates.io crate stak-vm 0.7.4 written to /workspace/builds/worker-3-tc1/source/Cargo.toml
[INFO] running `Command { std: CARGO_HOME="/workspace/cargo-home" RUSTUP_HOME="/workspace/rustup-home" "/workspace/cargo-home/bin/cargo" "+1.83.0" "generate-lockfile" "--manifest-path" "Cargo.toml", kill_on_drop: false }`
[INFO] [stderr]     Updating crates.io index
[INFO] [stderr]      Locking 19 packages to latest compatible versions
[INFO] running `Command { std: CARGO_HOME="/workspace/cargo-home" RUSTUP_HOME="/workspace/rustup-home" "/workspace/cargo-home/bin/cargo" "+1.83.0" "fetch" "--manifest-path" "Cargo.toml", kill_on_drop: false }`
[INFO] [stderr]     Blocking waiting for file lock on package cache
[INFO] [stderr]  Downloading crates ...
[INFO] [stderr]   Downloaded cfg-exif v0.3.0
[INFO] [stderr]   Downloaded nonbox v0.4.0
[INFO] running `Command { std: "docker" "create" "-v" "/var/lib/crater-agent-workspace/builds/worker-3-tc1/target:/opt/rustwide/target:rw,Z" "-v" "/var/lib/crater-agent-workspace/builds/worker-3-tc1/source:/opt/rustwide/workdir:ro,Z" "-v" "/var/lib/crater-agent-workspace/cargo-home:/opt/rustwide/cargo-home:ro,Z" "-v" "/var/lib/crater-agent-workspace/rustup-home:/opt/rustwide/rustup-home:ro,Z" "-e" "SOURCE_DIR=/opt/rustwide/workdir" "-e" "CARGO_TARGET_DIR=/opt/rustwide/target" "-e" "CARGO_HOME=/opt/rustwide/cargo-home" "-e" "RUSTUP_HOME=/opt/rustwide/rustup-home" "-w" "/opt/rustwide/workdir" "-m" "1610612736" "--user" "0:0" "--network" "none" "ghcr.io/rust-lang/crates-build-env/linux@sha256:f3a9d4ad9d972b27faf3965f35b62e55ba32bbce8f20bc8fe909558a86702fde" "/opt/rustwide/cargo-home/bin/cargo" "+1.83.0" "metadata" "--no-deps" "--format-version=1", kill_on_drop: false }`
[INFO] [stdout] 0adcb40e6cbf33f4794428a03ff6d6121ed5c361741e9754147b96e0bee3dc89
[INFO] running `Command { std: "docker" "start" "-a" "0adcb40e6cbf33f4794428a03ff6d6121ed5c361741e9754147b96e0bee3dc89", kill_on_drop: false }`
[INFO] running `Command { std: "docker" "inspect" "0adcb40e6cbf33f4794428a03ff6d6121ed5c361741e9754147b96e0bee3dc89", kill_on_drop: false }`
[INFO] running `Command { std: "docker" "rm" "-f" "0adcb40e6cbf33f4794428a03ff6d6121ed5c361741e9754147b96e0bee3dc89", kill_on_drop: false }`
[INFO] [stdout] 0adcb40e6cbf33f4794428a03ff6d6121ed5c361741e9754147b96e0bee3dc89
[INFO] running `Command { std: "docker" "create" "-v" "/var/lib/crater-agent-workspace/builds/worker-3-tc1/target:/opt/rustwide/target:rw,Z" "-v" "/var/lib/crater-agent-workspace/builds/worker-3-tc1/source:/opt/rustwide/workdir:ro,Z" "-v" "/var/lib/crater-agent-workspace/cargo-home:/opt/rustwide/cargo-home:ro,Z" "-v" "/var/lib/crater-agent-workspace/rustup-home:/opt/rustwide/rustup-home:ro,Z" "-e" "SOURCE_DIR=/opt/rustwide/workdir" "-e" "CARGO_TARGET_DIR=/opt/rustwide/target" "-e" "CARGO_INCREMENTAL=0" "-e" "RUST_BACKTRACE=full" "-e" "RUSTFLAGS=--cap-lints=warn" "-e" "RUSTDOCFLAGS=--cap-lints=warn" "-e" "CARGO_HOME=/opt/rustwide/cargo-home" "-e" "RUSTUP_HOME=/opt/rustwide/rustup-home" "-w" "/opt/rustwide/workdir" "-m" "1610612736" "--user" "0:0" "--network" "none" "ghcr.io/rust-lang/crates-build-env/linux@sha256:f3a9d4ad9d972b27faf3965f35b62e55ba32bbce8f20bc8fe909558a86702fde" "/opt/rustwide/cargo-home/bin/cargo" "+1.83.0" "build" "--frozen" "--message-format=json", kill_on_drop: false }`
[INFO] [stdout] a31c3b1cd4e3b72fe42a7136fcacec5984d287caab016809de4a76d1db406dda
[INFO] running `Command { std: "docker" "start" "-a" "a31c3b1cd4e3b72fe42a7136fcacec5984d287caab016809de4a76d1db406dda", kill_on_drop: false }`
[INFO] [stderr]    Compiling cfg-exif v0.3.0
[INFO] [stderr]    Compiling stak-vm v0.7.4 (/opt/rustwide/workdir)
[INFO] [stderr]     Finished `dev` profile [unoptimized + debuginfo] target(s) in 0.41s
[INFO] running `Command { std: "docker" "inspect" "a31c3b1cd4e3b72fe42a7136fcacec5984d287caab016809de4a76d1db406dda", kill_on_drop: false }`
[INFO] running `Command { std: "docker" "rm" "-f" "a31c3b1cd4e3b72fe42a7136fcacec5984d287caab016809de4a76d1db406dda", kill_on_drop: false }`
[INFO] [stdout] a31c3b1cd4e3b72fe42a7136fcacec5984d287caab016809de4a76d1db406dda
[INFO] running `Command { std: "docker" "create" "-v" "/var/lib/crater-agent-workspace/builds/worker-3-tc1/target:/opt/rustwide/target:rw,Z" "-v" "/var/lib/crater-agent-workspace/builds/worker-3-tc1/source:/opt/rustwide/workdir:ro,Z" "-v" "/var/lib/crater-agent-workspace/cargo-home:/opt/rustwide/cargo-home:ro,Z" "-v" "/var/lib/crater-agent-workspace/rustup-home:/opt/rustwide/rustup-home:ro,Z" "-e" "SOURCE_DIR=/opt/rustwide/workdir" "-e" "CARGO_TARGET_DIR=/opt/rustwide/target" "-e" "CARGO_INCREMENTAL=0" "-e" "RUST_BACKTRACE=full" "-e" "RUSTFLAGS=--cap-lints=warn" "-e" "RUSTDOCFLAGS=--cap-lints=warn" "-e" "CARGO_HOME=/opt/rustwide/cargo-home" "-e" "RUSTUP_HOME=/opt/rustwide/rustup-home" "-w" "/opt/rustwide/workdir" "-m" "1610612736" "--user" "0:0" "--network" "none" "ghcr.io/rust-lang/crates-build-env/linux@sha256:f3a9d4ad9d972b27faf3965f35b62e55ba32bbce8f20bc8fe909558a86702fde" "/opt/rustwide/cargo-home/bin/cargo" "+1.83.0" "test" "--frozen" "--no-run" "--message-format=json", kill_on_drop: false }`
[INFO] [stdout] 4797c1e387409d228e16405ba9c6b1202988171e8b19a14e786e11fdd7a67bc8
[INFO] running `Command { std: "docker" "start" "-a" "4797c1e387409d228e16405ba9c6b1202988171e8b19a14e786e11fdd7a67bc8", kill_on_drop: false }`
[INFO] [stderr]    Compiling libc v0.2.168
[INFO] [stderr]    Compiling lazy_static v1.5.0
[INFO] [stderr]    Compiling similar v2.6.0
[INFO] [stderr]    Compiling linked-hash-map v0.5.6
[INFO] [stderr]    Compiling console v0.15.8
[INFO] [stderr]    Compiling insta v1.41.1
[INFO] [stderr]    Compiling stak-vm v0.7.4 (/opt/rustwide/workdir)
[INFO] [stderr]     Finished `test` profile [unoptimized + debuginfo] target(s) in 5.90s
[INFO] running `Command { std: "docker" "inspect" "4797c1e387409d228e16405ba9c6b1202988171e8b19a14e786e11fdd7a67bc8", kill_on_drop: false }`
[INFO] running `Command { std: "docker" "rm" "-f" "4797c1e387409d228e16405ba9c6b1202988171e8b19a14e786e11fdd7a67bc8", kill_on_drop: false }`
[INFO] [stdout] 4797c1e387409d228e16405ba9c6b1202988171e8b19a14e786e11fdd7a67bc8
[INFO] running `Command { std: "docker" "create" "-v" "/var/lib/crater-agent-workspace/builds/worker-3-tc1/target:/opt/rustwide/target:rw,Z" "-v" "/var/lib/crater-agent-workspace/builds/worker-3-tc1/source:/opt/rustwide/workdir:ro,Z" "-v" "/var/lib/crater-agent-workspace/cargo-home:/opt/rustwide/cargo-home:ro,Z" "-v" "/var/lib/crater-agent-workspace/rustup-home:/opt/rustwide/rustup-home:ro,Z" "-e" "SOURCE_DIR=/opt/rustwide/workdir" "-e" "CARGO_TARGET_DIR=/opt/rustwide/target" "-e" "CARGO_INCREMENTAL=0" "-e" "RUST_BACKTRACE=full" "-e" "RUSTFLAGS=--cap-lints=warn" "-e" "RUSTDOCFLAGS=--cap-lints=warn" "-e" "CARGO_HOME=/opt/rustwide/cargo-home" "-e" "RUSTUP_HOME=/opt/rustwide/rustup-home" "-w" "/opt/rustwide/workdir" "-m" "1610612736" "--user" "0:0" "--network" "none" "ghcr.io/rust-lang/crates-build-env/linux@sha256:f3a9d4ad9d972b27faf3965f35b62e55ba32bbce8f20bc8fe909558a86702fde" "/opt/rustwide/cargo-home/bin/cargo" "+1.83.0" "test" "--frozen", kill_on_drop: false }`
[INFO] [stdout] 7eaf03475f3fd818f0535d3e6772991c28e045d445c781de813ab8bb345e75b4
[INFO] running `Command { std: "docker" "start" "-a" "7eaf03475f3fd818f0535d3e6772991c28e045d445c781de813ab8bb345e75b4", kill_on_drop: false }`
[INFO] [stderr]     Finished `test` profile [unoptimized + debuginfo] target(s) in 0.03s
[INFO] [stderr]      Running unittests src/lib.rs (/opt/rustwide/target/debug/deps/stak_vm-eaec23a748333baf)
[INFO] [stdout] 
[INFO] [stdout] running 28 tests
[INFO] [stdout] test cons::tests::reset_tag ... ok
[INFO] [stdout] test cons::tests::set_too_large_tag ... ok
[INFO] [stdout] test memory::tests::convert_null ... ok
[INFO] [stdout] test memory::tests::convert_true ... ok
[INFO] [stdout] test cons::tests::tag ... ok
[INFO] [stdout] test memory::tests::stack::push_and_pop_twice ... ok
[INFO] [stdout] test number::tests::add ... ok
[INFO] [stdout] test number::tests::default ... ok
[INFO] [stdout] test number::tests::multiply ... ok
[INFO] [stdout] test number::tests::remainder ... ok
[INFO] [stdout] test number::tests::subtract ... ok
[INFO] [stdout] test value::tests::convert_cons ... ok
[INFO] [stdout] test value::tests::convert_number ... ok
[INFO] [stdout] test value::tests::convert_moved ... ok
[INFO] [stdout] test value::tests::get_tag_from_number ... ok
[INFO] [stdout] test memory::tests::convert_false ... ok
[INFO] [stdout] test value::tests::set_tag_to_number ... ok
[INFO] [stdout] test number::tests::divide ... ok
[INFO] [stdout] test number::tests::to_i64 ... ok
[INFO] [stdout] test value::tests::convert_tagged_cons ... ok
[INFO] [stdout] test number::tests::format ... ok
[INFO] [stdout] test memory::tests::stack::push_and_pop ... ok
[INFO] [stdout] test memory::tests::garbage_collection::collect_stack ... ok
[INFO] [stdout] test memory::tests::garbage_collection::collect_deep_stack ... ok
[INFO] [stdout] test memory::tests::garbage_collection::collect_cons ... ok
[INFO] [stdout] test memory::tests::create_list ... ok
[INFO] [stdout] test memory::tests::create ... ok
[INFO] [stdout] test memory::tests::garbage_collection::collect_cycle ... ok
[INFO] [stdout] 
[INFO] [stdout] test result: ok. 28 passed; 0 failed; 0 ignored; 0 measured; 0 filtered out; finished in 0.03s
[INFO] [stdout] 
[INFO] [stderr]    Doc-tests stak_vm
[INFO] [stdout] 
[INFO] [stdout] running 1 test
[INFO] [stdout] test src/lib.rs - (line 5) ... FAILED
[INFO] [stdout] 
[INFO] [stdout] failures:
[INFO] [stdout] 
[INFO] [stdout] ---- src/lib.rs - (line 5) stdout ----
[INFO] [stdout] error[E0432]: unresolved import `stak_device`
[INFO] [stdout]  --> src/lib.rs:7:5
[INFO] [stdout]   |
[INFO] [stdout] 5 | use stak_device::FixedBufferDevice;
[INFO] [stdout]   |     ^^^^^^^^^^^ use of undeclared crate or module `stak_device`
[INFO] [stdout] 
[INFO] [stdout] error[E0432]: unresolved import `stak_file`
[INFO] [stdout]  --> src/lib.rs:8:5
[INFO] [stdout]   |
[INFO] [stdout] 6 | use stak_file::VoidFileSystem;
[INFO] [stdout]   |     ^^^^^^^^^ use of undeclared crate or module `stak_file`
[INFO] [stdout] 
[INFO] [stdout] error[E0432]: unresolved import `stak_macro`
[INFO] [stdout]  --> src/lib.rs:9:5
[INFO] [stdout]   |
[INFO] [stdout] 7 | use stak_macro::compile_r7rs;
[INFO] [stdout]   |     ^^^^^^^^^^ use of undeclared crate or module `stak_macro`
[INFO] [stdout] 
[INFO] [stdout] error[E0432]: unresolved import `stak_process_context`
[INFO] [stdout]  --> src/lib.rs:10:5
[INFO] [stdout]   |
[INFO] [stdout] 8 | use stak_process_context::VoidProcessContext;
[INFO] [stdout]   |     ^^^^^^^^^^^^^^^^^^^^ use of undeclared crate or module `stak_process_context`
[INFO] [stdout] 
[INFO] [stdout] error[E0432]: unresolved import `stak_r7rs`
[INFO] [stdout]  --> src/lib.rs:11:5
[INFO] [stdout]   |
[INFO] [stdout] 9 | use stak_r7rs::SmallPrimitiveSet;
[INFO] [stdout]   |     ^^^^^^^^^ use of undeclared crate or module `stak_r7rs`
[INFO] [stdout] 
[INFO] [stdout] error[E0432]: unresolved import `stak_time`
[INFO] [stdout]   --> src/lib.rs:12:5
[INFO] [stdout]    |
[INFO] [stdout] 10 | use stak_time::VoidClock;
[INFO] [stdout]    |     ^^^^^^^^^ use of undeclared crate or module `stak_time`
[INFO] [stdout]    |
[INFO] [stdout] help: there is a crate or module with a similar name
[INFO] [stdout]    |
[INFO] [stdout] 10 | use stak_vm::VoidClock;
[INFO] [stdout]    |     ~~~~~~~
[INFO] [stdout] 
[INFO] [stdout] error: aborting due to 6 previous errors
[INFO] [stdout] 
[INFO] [stdout] For more information about this error, try `rustc --explain E0432`.
[INFO] [stdout] Couldn't compile the test.
[INFO] [stdout] 
[INFO] [stdout] failures:
[INFO] [stdout]     src/lib.rs - (line 5)
[INFO] [stdout] 
[INFO] [stdout] test result: FAILED. 0 passed; 1 failed; 0 ignored; 0 measured; 0 filtered out; finished in 0.10s
[INFO] [stdout] 
[INFO] [stderr] error: doctest failed, to rerun pass `--doc`
[INFO] running `Command { std: "docker" "inspect" "7eaf03475f3fd818f0535d3e6772991c28e045d445c781de813ab8bb345e75b4", kill_on_drop: false }`
[INFO] running `Command { std: "docker" "rm" "-f" "7eaf03475f3fd818f0535d3e6772991c28e045d445c781de813ab8bb345e75b4", kill_on_drop: false }`
[INFO] [stdout] 7eaf03475f3fd818f0535d3e6772991c28e045d445c781de813ab8bb345e75b4
