[INFO] fetching crate stackify-docker-api-stubs 0.6.0...
[INFO] testing stackify-docker-api-stubs-0.6.0 against 1.83.0 for beta-1.84.0-4-retry
[INFO] extracting crate stackify-docker-api-stubs 0.6.0 into /workspace/builds/worker-6-tc1/source
[INFO] validating manifest of crates.io crate stackify-docker-api-stubs 0.6.0 on toolchain 1.83.0
[INFO] running `Command { std: CARGO_HOME="/workspace/cargo-home" RUSTUP_HOME="/workspace/rustup-home" "/workspace/cargo-home/bin/cargo" "+1.83.0" "metadata" "--manifest-path" "Cargo.toml" "--no-deps", kill_on_drop: false }`
[INFO] started tweaking crates.io crate stackify-docker-api-stubs 0.6.0
[INFO] finished tweaking crates.io crate stackify-docker-api-stubs 0.6.0
[INFO] tweaked toml for crates.io crate stackify-docker-api-stubs 0.6.0 written to /workspace/builds/worker-6-tc1/source/Cargo.toml
[INFO] running `Command { std: CARGO_HOME="/workspace/cargo-home" RUSTUP_HOME="/workspace/rustup-home" "/workspace/cargo-home/bin/cargo" "+1.83.0" "generate-lockfile" "--manifest-path" "Cargo.toml", kill_on_drop: false }`
[INFO] [stderr]     Blocking waiting for file lock on package cache
[INFO] [stderr]     Updating crates.io index
[INFO] [stderr]     Blocking waiting for file lock on package cache
[INFO] [stderr]      Locking 59 packages to latest compatible versions
[INFO] [stderr]       Adding serde_with v2.3.3 (available: v3.11.0)
[INFO] running `Command { std: CARGO_HOME="/workspace/cargo-home" RUSTUP_HOME="/workspace/rustup-home" "/workspace/cargo-home/bin/cargo" "+1.83.0" "fetch" "--manifest-path" "Cargo.toml", kill_on_drop: false }`
[INFO] [stderr]     Blocking waiting for file lock on package cache
[INFO] [stderr]     Blocking waiting for file lock on package cache
[INFO] running `Command { std: "docker" "create" "-v" "/var/lib/crater-agent-workspace/builds/worker-6-tc1/target:/opt/rustwide/target:rw,Z" "-v" "/var/lib/crater-agent-workspace/builds/worker-6-tc1/source:/opt/rustwide/workdir:ro,Z" "-v" "/var/lib/crater-agent-workspace/cargo-home:/opt/rustwide/cargo-home:ro,Z" "-v" "/var/lib/crater-agent-workspace/rustup-home:/opt/rustwide/rustup-home:ro,Z" "-e" "SOURCE_DIR=/opt/rustwide/workdir" "-e" "CARGO_TARGET_DIR=/opt/rustwide/target" "-e" "CARGO_HOME=/opt/rustwide/cargo-home" "-e" "RUSTUP_HOME=/opt/rustwide/rustup-home" "-w" "/opt/rustwide/workdir" "-m" "1610612736" "--user" "0:0" "--network" "none" "ghcr.io/rust-lang/crates-build-env/linux@sha256:f3a9d4ad9d972b27faf3965f35b62e55ba32bbce8f20bc8fe909558a86702fde" "/opt/rustwide/cargo-home/bin/cargo" "+1.83.0" "metadata" "--no-deps" "--format-version=1", kill_on_drop: false }`
[INFO] [stdout] bc7890bb1980a5339eb929835c5e1f6a3c76527aeeb5b2d8c24237a7eefeb01b
[INFO] running `Command { std: "docker" "start" "-a" "bc7890bb1980a5339eb929835c5e1f6a3c76527aeeb5b2d8c24237a7eefeb01b", kill_on_drop: false }`
[INFO] running `Command { std: "docker" "inspect" "bc7890bb1980a5339eb929835c5e1f6a3c76527aeeb5b2d8c24237a7eefeb01b", kill_on_drop: false }`
[INFO] running `Command { std: "docker" "rm" "-f" "bc7890bb1980a5339eb929835c5e1f6a3c76527aeeb5b2d8c24237a7eefeb01b", kill_on_drop: false }`
[INFO] [stdout] bc7890bb1980a5339eb929835c5e1f6a3c76527aeeb5b2d8c24237a7eefeb01b
[INFO] running `Command { std: "docker" "create" "-v" "/var/lib/crater-agent-workspace/builds/worker-6-tc1/target:/opt/rustwide/target:rw,Z" "-v" "/var/lib/crater-agent-workspace/builds/worker-6-tc1/source:/opt/rustwide/workdir:ro,Z" "-v" "/var/lib/crater-agent-workspace/cargo-home:/opt/rustwide/cargo-home:ro,Z" "-v" "/var/lib/crater-agent-workspace/rustup-home:/opt/rustwide/rustup-home:ro,Z" "-e" "SOURCE_DIR=/opt/rustwide/workdir" "-e" "CARGO_TARGET_DIR=/opt/rustwide/target" "-e" "CARGO_INCREMENTAL=0" "-e" "RUST_BACKTRACE=full" "-e" "RUSTFLAGS=--cap-lints=warn" "-e" "RUSTDOCFLAGS=--cap-lints=warn" "-e" "CARGO_HOME=/opt/rustwide/cargo-home" "-e" "RUSTUP_HOME=/opt/rustwide/rustup-home" "-w" "/opt/rustwide/workdir" "-m" "1610612736" "--user" "0:0" "--network" "none" "ghcr.io/rust-lang/crates-build-env/linux@sha256:f3a9d4ad9d972b27faf3965f35b62e55ba32bbce8f20bc8fe909558a86702fde" "/opt/rustwide/cargo-home/bin/cargo" "+1.83.0" "build" "--frozen" "--message-format=json", kill_on_drop: false }`
[INFO] [stdout] f45fb6620f418c4ba27f860b6cf40c7f20b3eec0a0f9f8536f840a5f3dfa4d47
[INFO] running `Command { std: "docker" "start" "-a" "f45fb6620f418c4ba27f860b6cf40c7f20b3eec0a0f9f8536f840a5f3dfa4d47", kill_on_drop: false }`
[INFO] [stderr]    Compiling proc-macro2 v1.0.92
[INFO] [stderr]    Compiling unicode-ident v1.0.14
[INFO] [stderr]    Compiling fnv v1.0.7
[INFO] [stderr]    Compiling ident_case v1.0.1
[INFO] [stderr]    Compiling serde v1.0.216
[INFO] [stderr]    Compiling strsim v0.11.1
[INFO] [stderr]    Compiling autocfg v1.4.0
[INFO] [stderr]    Compiling serde_json v1.0.133
[INFO] [stderr]    Compiling memchr v2.7.4
[INFO] [stderr]    Compiling itoa v1.0.14
[INFO] [stderr]    Compiling iana-time-zone v0.1.61
[INFO] [stderr]    Compiling ryu v1.0.18
[INFO] [stderr]    Compiling num-traits v0.2.19
[INFO] [stderr]    Compiling quote v1.0.37
[INFO] [stderr]    Compiling syn v2.0.90
[INFO] [stderr]    Compiling darling_core v0.20.10
[INFO] [stderr]    Compiling serde_derive v1.0.216
[INFO] [stderr]    Compiling darling_macro v0.20.10
[INFO] [stderr]    Compiling darling v0.20.10
[INFO] [stderr]    Compiling serde_with_macros v2.3.3
[INFO] [stderr]    Compiling chrono v0.4.39
[INFO] [stderr]    Compiling serde_with v2.3.3
[INFO] [stderr]    Compiling stackify-docker-api-stubs v0.6.0 (/opt/rustwide/workdir)
[INFO] [stderr]     Finished `dev` profile [unoptimized + debuginfo] target(s) in 29.62s
[INFO] running `Command { std: "docker" "inspect" "f45fb6620f418c4ba27f860b6cf40c7f20b3eec0a0f9f8536f840a5f3dfa4d47", kill_on_drop: false }`
[INFO] running `Command { std: "docker" "rm" "-f" "f45fb6620f418c4ba27f860b6cf40c7f20b3eec0a0f9f8536f840a5f3dfa4d47", kill_on_drop: false }`
[INFO] [stdout] f45fb6620f418c4ba27f860b6cf40c7f20b3eec0a0f9f8536f840a5f3dfa4d47
[INFO] running `Command { std: "docker" "create" "-v" "/var/lib/crater-agent-workspace/builds/worker-6-tc1/target:/opt/rustwide/target:rw,Z" "-v" "/var/lib/crater-agent-workspace/builds/worker-6-tc1/source:/opt/rustwide/workdir:ro,Z" "-v" "/var/lib/crater-agent-workspace/cargo-home:/opt/rustwide/cargo-home:ro,Z" "-v" "/var/lib/crater-agent-workspace/rustup-home:/opt/rustwide/rustup-home:ro,Z" "-e" "SOURCE_DIR=/opt/rustwide/workdir" "-e" "CARGO_TARGET_DIR=/opt/rustwide/target" "-e" "CARGO_INCREMENTAL=0" "-e" "RUST_BACKTRACE=full" "-e" "RUSTFLAGS=--cap-lints=warn" "-e" "RUSTDOCFLAGS=--cap-lints=warn" "-e" "CARGO_HOME=/opt/rustwide/cargo-home" "-e" "RUSTUP_HOME=/opt/rustwide/rustup-home" "-w" "/opt/rustwide/workdir" "-m" "1610612736" "--user" "0:0" "--network" "none" "ghcr.io/rust-lang/crates-build-env/linux@sha256:f3a9d4ad9d972b27faf3965f35b62e55ba32bbce8f20bc8fe909558a86702fde" "/opt/rustwide/cargo-home/bin/cargo" "+1.83.0" "test" "--frozen" "--no-run" "--message-format=json", kill_on_drop: false }`
[INFO] [stdout] c3854af43e92ca9b63c99f3ca7a3be418e97a61a82629f2611b3e3702a15e7ba
[INFO] running `Command { std: "docker" "start" "-a" "c3854af43e92ca9b63c99f3ca7a3be418e97a61a82629f2611b3e3702a15e7ba", kill_on_drop: false }`
[INFO] [stderr]    Compiling stackify-docker-api-stubs v0.6.0 (/opt/rustwide/workdir)
[INFO] [stderr]     Finished `test` profile [unoptimized + debuginfo] target(s) in 11.30s
[INFO] running `Command { std: "docker" "inspect" "c3854af43e92ca9b63c99f3ca7a3be418e97a61a82629f2611b3e3702a15e7ba", kill_on_drop: false }`
[INFO] running `Command { std: "docker" "rm" "-f" "c3854af43e92ca9b63c99f3ca7a3be418e97a61a82629f2611b3e3702a15e7ba", kill_on_drop: false }`
[INFO] [stdout] c3854af43e92ca9b63c99f3ca7a3be418e97a61a82629f2611b3e3702a15e7ba
[INFO] running `Command { std: "docker" "create" "-v" "/var/lib/crater-agent-workspace/builds/worker-6-tc1/target:/opt/rustwide/target:rw,Z" "-v" "/var/lib/crater-agent-workspace/builds/worker-6-tc1/source:/opt/rustwide/workdir:ro,Z" "-v" "/var/lib/crater-agent-workspace/cargo-home:/opt/rustwide/cargo-home:ro,Z" "-v" "/var/lib/crater-agent-workspace/rustup-home:/opt/rustwide/rustup-home:ro,Z" "-e" "SOURCE_DIR=/opt/rustwide/workdir" "-e" "CARGO_TARGET_DIR=/opt/rustwide/target" "-e" "CARGO_INCREMENTAL=0" "-e" "RUST_BACKTRACE=full" "-e" "RUSTFLAGS=--cap-lints=warn" "-e" "RUSTDOCFLAGS=--cap-lints=warn" "-e" "CARGO_HOME=/opt/rustwide/cargo-home" "-e" "RUSTUP_HOME=/opt/rustwide/rustup-home" "-w" "/opt/rustwide/workdir" "-m" "1610612736" "--user" "0:0" "--network" "none" "ghcr.io/rust-lang/crates-build-env/linux@sha256:f3a9d4ad9d972b27faf3965f35b62e55ba32bbce8f20bc8fe909558a86702fde" "/opt/rustwide/cargo-home/bin/cargo" "+1.83.0" "test" "--frozen", kill_on_drop: false }`
[INFO] [stdout] fa3e3489552987931bbd5b1dffcd826f6c7a00be69610829ea8bf5c1e54ecb9a
[INFO] running `Command { std: "docker" "start" "-a" "fa3e3489552987931bbd5b1dffcd826f6c7a00be69610829ea8bf5c1e54ecb9a", kill_on_drop: false }`
[INFO] [stderr]     Finished `test` profile [unoptimized + debuginfo] target(s) in 0.05s
[INFO] [stdout] 
[INFO] [stderr]      Running unittests src/lib.rs (/opt/rustwide/target/debug/deps/stackify_docker_api_stubs-aa9abc15f881a0b3)
[INFO] [stdout] running 0 tests
[INFO] [stderr]    Doc-tests stackify_docker_api_stubs
[INFO] [stdout] 
[INFO] [stdout] test result: ok. 0 passed; 0 failed; 0 ignored; 0 measured; 0 filtered out; finished in 0.00s
[INFO] [stdout] 
[INFO] [stdout] 
[INFO] [stdout] running 23 tests
[INFO] [stdout] test src/models.rs - models::HostConfig::blkio_device_write_bps (line 2276) ... FAILED
[INFO] [stdout] test src/models.rs - models::ClusterVolumeSpecAccessModeInlineItem::mount_volume (line 396) ... FAILED
[INFO] [stdout] test src/models.rs - models::ContainerUpdateUpdateParam::ulimits (line 1467) ... FAILED
[INFO] [stdout] test src/models.rs - models::HostConfig::blkio_device_write_i_ops (line 2284) ... FAILED
[INFO] [stdout] test src/models.rs - models::HostConfig::ulimits (line 2601) ... FAILED
[INFO] [stdout] test src/models.rs - models::ContainerUpdateUpdateParam::blkio_device_read_bps (line 1300) ... FAILED
[INFO] [stdout] test src/models.rs - models::HostConfig::sysctls (line 2580) ... FAILED
[INFO] [stdout] test src/models.rs - models::ContainerUpdateUpdateParam::blkio_device_write_bps (line 1316) ... FAILED
[INFO] [stdout] test src/models.rs - models::HostConfig::blkio_device_read_i_ops (line 2268) ... FAILED
[INFO] [stdout] test src/models.rs - models::HostConfig::blkio_device_read_bps (line 2260) ... FAILED
[INFO] [stdout] test src/models.rs - models::HostConfig::blkio_weight_device (line 2296) ... FAILED
[INFO] [stdout] test src/models.rs - models::ContainerUpdateUpdateParam::blkio_device_read_i_ops (line 1308) ... FAILED
[INFO] [stdout] test src/models.rs - models::ContainerUpdateUpdateParam::blkio_weight_device (line 1336) ... FAILED
[INFO] [stdout] test src/models.rs - models::HostConfig::tmpfs (line 2589) ... FAILED
[INFO] [stdout] test src/models.rs - models::Resources::ulimits (line 4750) ... FAILED
[INFO] [stdout] test src/models.rs - models::Ipam::config (line 2765) ... FAILED
[INFO] [stdout] test src/models.rs - models::Resources::blkio_device_read_bps (line 4585) ... FAILED
[INFO] [stdout] test src/models.rs - models::ContainerUpdateUpdateParam::blkio_device_write_i_ops (line 1324) ... FAILED
[INFO] [stdout] test src/models.rs - models::Resources::blkio_weight_device (line 4621) ... FAILED
[INFO] [stdout] test src/models.rs - models::Resources::blkio_device_write_i_ops (line 4609) ... FAILED
[INFO] [stdout] test src/models.rs - models::TaskSpecContainerSpecInlineItem::hosts (line 7072) ... FAILED
[INFO] [stdout] test src/models.rs - models::Resources::blkio_device_read_i_ops (line 4593) ... FAILED
[INFO] [stdout] test src/models.rs - models::Resources::blkio_device_write_bps (line 4601) ... FAILED
[INFO] [stdout] 
[INFO] [stdout] failures:
[INFO] [stdout] 
[INFO] [stdout] ---- src/models.rs - models::HostConfig::blkio_device_write_bps (line 2276) stdout ----
[INFO] [stdout] error: expected one of `.`, `;`, `?`, `}`, or an operator, found `:`
[INFO] [stdout]  --> src/models.rs:2277:9
[INFO] [stdout]   |
[INFO] [stdout] 3 | [{"Path": "device_path", "Rate": rate}]
[INFO] [stdout]   |         ^ expected one of `.`, `;`, `?`, `}`, or an operator
[INFO] [stdout] 
[INFO] [stdout] error: aborting due to 1 previous error
[INFO] [stdout] 
[INFO] [stdout] Couldn't compile the test.
[INFO] [stdout] ---- src/models.rs - models::ClusterVolumeSpecAccessModeInlineItem::mount_volume (line 396) stdout ----
[INFO] [stdout] error: expected one of `!`, `.`, `::`, `;`, `?`, `{`, `}`, or an operator, found `MountVolume`
[INFO] [stdout]  --> src/models.rs:397:8
[INFO] [stdout]   |
[INFO] [stdout] 3 | Either MountVolume or BlockVolume, but not both, must be
[INFO] [stdout]   |        ^^^^^^^^^^^ expected one of 8 possible tokens
[INFO] [stdout] 
[INFO] [stdout] error: aborting due to 1 previous error
[INFO] [stdout] 
[INFO] [stdout] Couldn't compile the test.
[INFO] [stdout] ---- src/models.rs - models::ContainerUpdateUpdateParam::ulimits (line 1467) stdout ----
[INFO] [stdout] error: expected one of `.`, `;`, `?`, `}`, or an operator, found `:`
[INFO] [stdout]  --> src/models.rs:1468:8
[INFO] [stdout]   |
[INFO] [stdout] 3 | {"Name": "nofile", "Soft": 1024, "Hard": 2048}
[INFO] [stdout]   |        ^ expected one of `.`, `;`, `?`, `}`, or an operator
[INFO] [stdout] 
[INFO] [stdout] error: aborting due to 1 previous error
[INFO] [stdout] 
[INFO] [stdout] Couldn't compile the test.
[INFO] [stdout] ---- src/models.rs - models::HostConfig::blkio_device_write_i_ops (line 2284) stdout ----
[INFO] [stdout] error: expected one of `.`, `;`, `?`, `}`, or an operator, found `:`
[INFO] [stdout]  --> src/models.rs:2285:9
[INFO] [stdout]   |
[INFO] [stdout] 3 | [{"Path": "device_path", "Rate": rate}]
[INFO] [stdout]   |         ^ expected one of `.`, `;`, `?`, `}`, or an operator
[INFO] [stdout] 
[INFO] [stdout] error: aborting due to 1 previous error
[INFO] [stdout] 
[INFO] [stdout] Couldn't compile the test.
[INFO] [stdout] ---- src/models.rs - models::HostConfig::ulimits (line 2601) stdout ----
[INFO] [stdout] error: expected one of `.`, `;`, `?`, `}`, or an operator, found `:`
[INFO] [stdout]  --> src/models.rs:2602:8
[INFO] [stdout]   |
[INFO] [stdout] 3 | {"Name": "nofile", "Soft": 1024, "Hard": 2048}
[INFO] [stdout]   |        ^ expected one of `.`, `;`, `?`, `}`, or an operator
[INFO] [stdout] 
[INFO] [stdout] error: aborting due to 1 previous error
[INFO] [stdout] 
[INFO] [stdout] Couldn't compile the test.
[INFO] [stdout] ---- src/models.rs - models::ContainerUpdateUpdateParam::blkio_device_read_bps (line 1300) stdout ----
[INFO] [stdout] error: expected one of `.`, `;`, `?`, `}`, or an operator, found `:`
[INFO] [stdout]  --> src/models.rs:1301:9
[INFO] [stdout]   |
[INFO] [stdout] 3 | [{"Path": "device_path", "Rate": rate}]
[INFO] [stdout]   |         ^ expected one of `.`, `;`, `?`, `}`, or an operator
[INFO] [stdout] 
[INFO] [stdout] error: aborting due to 1 previous error
[INFO] [stdout] 
[INFO] [stdout] Couldn't compile the test.
[INFO] [stdout] ---- src/models.rs - models::HostConfig::sysctls (line 2580) stdout ----
[INFO] [stdout] error: expected one of `.`, `;`, `?`, `}`, or an operator, found `:`
[INFO] [stdout]  --> src/models.rs:2581:23
[INFO] [stdout]   |
[INFO] [stdout] 3 | {"net.ipv4.ip_forward": "1"}
[INFO] [stdout]   |                       ^ expected one of `.`, `;`, `?`, `}`, or an operator
[INFO] [stdout] 
[INFO] [stdout] error: aborting due to 1 previous error
[INFO] [stdout] 
[INFO] [stdout] Couldn't compile the test.
[INFO] [stdout] ---- src/models.rs - models::ContainerUpdateUpdateParam::blkio_device_write_bps (line 1316) stdout ----
[INFO] [stdout] error: expected one of `.`, `;`, `?`, `}`, or an operator, found `:`
[INFO] [stdout]  --> src/models.rs:1317:9
[INFO] [stdout]   |
[INFO] [stdout] 3 | [{"Path": "device_path", "Rate": rate}]
[INFO] [stdout]   |         ^ expected one of `.`, `;`, `?`, `}`, or an operator
[INFO] [stdout] 
[INFO] [stdout] error: aborting due to 1 previous error
[INFO] [stdout] 
[INFO] [stdout] Couldn't compile the test.
[INFO] [stdout] ---- src/models.rs - models::HostConfig::blkio_device_read_i_ops (line 2268) stdout ----
[INFO] [stdout] error: expected one of `.`, `;`, `?`, `}`, or an operator, found `:`
[INFO] [stdout]  --> src/models.rs:2269:9
[INFO] [stdout]   |
[INFO] [stdout] 3 | [{"Path": "device_path", "Rate": rate}]
[INFO] [stdout]   |         ^ expected one of `.`, `;`, `?`, `}`, or an operator
[INFO] [stdout] 
[INFO] [stdout] error: aborting due to 1 previous error
[INFO] [stdout] 
[INFO] [stdout] Couldn't compile the test.
[INFO] [stdout] ---- src/models.rs - models::HostConfig::blkio_device_read_bps (line 2260) stdout ----
[INFO] [stdout] error: expected one of `.`, `;`, `?`, `}`, or an operator, found `:`
[INFO] [stdout]  --> src/models.rs:2261:9
[INFO] [stdout]   |
[INFO] [stdout] 3 | [{"Path": "device_path", "Rate": rate}]
[INFO] [stdout]   |         ^ expected one of `.`, `;`, `?`, `}`, or an operator
[INFO] [stdout] 
[INFO] [stdout] error: aborting due to 1 previous error
[INFO] [stdout] 
[INFO] [stdout] Couldn't compile the test.
[INFO] [stdout] ---- src/models.rs - models::HostConfig::blkio_weight_device (line 2296) stdout ----
[INFO] [stdout] error: expected one of `.`, `;`, `?`, `}`, or an operator, found `:`
[INFO] [stdout]  --> src/models.rs:2297:9
[INFO] [stdout]   |
[INFO] [stdout] 3 | [{"Path": "device_path", "Weight": weight}]
[INFO] [stdout]   |         ^ expected one of `.`, `;`, `?`, `}`, or an operator
[INFO] [stdout] 
[INFO] [stdout] error: aborting due to 1 previous error
[INFO] [stdout] 
[INFO] [stdout] Couldn't compile the test.
[INFO] [stdout] ---- src/models.rs - models::ContainerUpdateUpdateParam::blkio_device_read_i_ops (line 1308) stdout ----
[INFO] [stdout] error: expected one of `.`, `;`, `?`, `}`, or an operator, found `:`
[INFO] [stdout]  --> src/models.rs:1309:9
[INFO] [stdout]   |
[INFO] [stdout] 3 | [{"Path": "device_path", "Rate": rate}]
[INFO] [stdout]   |         ^ expected one of `.`, `;`, `?`, `}`, or an operator
[INFO] [stdout] 
[INFO] [stdout] error: aborting due to 1 previous error
[INFO] [stdout] 
[INFO] [stdout] Couldn't compile the test.
[INFO] [stdout] ---- src/models.rs - models::ContainerUpdateUpdateParam::blkio_weight_device (line 1336) stdout ----
[INFO] [stdout] error: expected one of `.`, `;`, `?`, `}`, or an operator, found `:`
[INFO] [stdout]  --> src/models.rs:1337:9
[INFO] [stdout]   |
[INFO] [stdout] 3 | [{"Path": "device_path", "Weight": weight}]
[INFO] [stdout]   |         ^ expected one of `.`, `;`, `?`, `}`, or an operator
[INFO] [stdout] 
[INFO] [stdout] error: aborting due to 1 previous error
[INFO] [stdout] 
[INFO] [stdout] Couldn't compile the test.
[INFO] [stdout] ---- src/models.rs - models::HostConfig::tmpfs (line 2589) stdout ----
[INFO] [stdout] error: expected one of `.`, `;`, `?`, `}`, or an operator, found `:`
[INFO] [stdout]  --> src/models.rs:2590:9
[INFO] [stdout]   |
[INFO] [stdout] 3 | { "/run": "rw,noexec,nosuid,size=65536k" }
[INFO] [stdout]   |         ^ expected one of `.`, `;`, `?`, `}`, or an operator
[INFO] [stdout] 
[INFO] [stdout] error: aborting due to 1 previous error
[INFO] [stdout] 
[INFO] [stdout] Couldn't compile the test.
[INFO] [stdout] ---- src/models.rs - models::Resources::ulimits (line 4750) stdout ----
[INFO] [stdout] error: expected one of `.`, `;`, `?`, `}`, or an operator, found `:`
[INFO] [stdout]  --> src/models.rs:4751:8
[INFO] [stdout]   |
[INFO] [stdout] 3 | {"Name": "nofile", "Soft": 1024, "Hard": 2048}
[INFO] [stdout]   |        ^ expected one of `.`, `;`, `?`, `}`, or an operator
[INFO] [stdout] 
[INFO] [stdout] error: aborting due to 1 previous error
[INFO] [stdout] 
[INFO] [stdout] Couldn't compile the test.
[INFO] [stdout] ---- src/models.rs - models::Ipam::config (line 2765) stdout ----
[INFO] [stdout] error: expected one of `.`, `;`, `?`, `}`, or an operator, found `:`
[INFO] [stdout]  --> src/models.rs:2766:10
[INFO] [stdout]   |
[INFO] [stdout] 3 | {"Subnet": <CIDR>, "IPRange": <CIDR>, "Gateway": <IP address>, "AuxAddress": <device_name:IP address>}
[INFO] [stdout]   |          ^ expected one of `.`, `;`, `?`, `}`, or an operator
[INFO] [stdout] 
[INFO] [stdout] error: aborting due to 1 previous error
[INFO] [stdout] 
[INFO] [stdout] Couldn't compile the test.
[INFO] [stdout] ---- src/models.rs - models::Resources::blkio_device_read_bps (line 4585) stdout ----
[INFO] [stdout] error: expected one of `.`, `;`, `?`, `}`, or an operator, found `:`
[INFO] [stdout]  --> src/models.rs:4586:9
[INFO] [stdout]   |
[INFO] [stdout] 3 | [{"Path": "device_path", "Rate": rate}]
[INFO] [stdout]   |         ^ expected one of `.`, `;`, `?`, `}`, or an operator
[INFO] [stdout] 
[INFO] [stdout] error: aborting due to 1 previous error
[INFO] [stdout] 
[INFO] [stdout] Couldn't compile the test.
[INFO] [stdout] ---- src/models.rs - models::ContainerUpdateUpdateParam::blkio_device_write_i_ops (line 1324) stdout ----
[INFO] [stdout] error: expected one of `.`, `;`, `?`, `}`, or an operator, found `:`
[INFO] [stdout]  --> src/models.rs:1325:9
[INFO] [stdout]   |
[INFO] [stdout] 3 | [{"Path": "device_path", "Rate": rate}]
[INFO] [stdout]   |         ^ expected one of `.`, `;`, `?`, `}`, or an operator
[INFO] [stdout] 
[INFO] [stdout] error: aborting due to 1 previous error
[INFO] [stdout] 
[INFO] [stdout] Couldn't compile the test.
[INFO] [stdout] ---- src/models.rs - models::Resources::blkio_weight_device (line 4621) stdout ----
[INFO] [stdout] error: expected one of `.`, `;`, `?`, `}`, or an operator, found `:`
[INFO] [stdout]  --> src/models.rs:4622:9
[INFO] [stdout]   |
[INFO] [stdout] 3 | [{"Path": "device_path", "Weight": weight}]
[INFO] [stdout]   |         ^ expected one of `.`, `;`, `?`, `}`, or an operator
[INFO] [stdout] 
[INFO] [stdout] error: aborting due to 1 previous error
[INFO] [stdout] 
[INFO] [stdout] Couldn't compile the test.
[INFO] [stdout] ---- src/models.rs - models::Resources::blkio_device_write_i_ops (line 4609) stdout ----
[INFO] [stdout] error: expected one of `.`, `;`, `?`, `}`, or an operator, found `:`
[INFO] [stdout]  --> src/models.rs:4610:9
[INFO] [stdout]   |
[INFO] [stdout] 3 | [{"Path": "device_path", "Rate": rate}]
[INFO] [stdout]   |         ^ expected one of `.`, `;`, `?`, `}`, or an operator
[INFO] [stdout] 
[INFO] [stdout] error: aborting due to 1 previous error
[INFO] [stdout] 
[INFO] [stdout] Couldn't compile the test.
[INFO] [stdout] ---- src/models.rs - models::TaskSpecContainerSpecInlineItem::hosts (line 7072) stdout ----
[INFO] [stdout] error: expected one of `!`, `.`, `::`, `;`, `?`, `{`, `}`, or an operator, found `canonical_hostname`
[INFO] [stdout]  --> src/models.rs:7073:12
[INFO] [stdout]   |
[INFO] [stdout] 3 | IP_address canonical_hostname [aliases...]
[INFO] [stdout]   |            ^^^^^^^^^^^^^^^^^^ expected one of 8 possible tokens
[INFO] [stdout] 
[INFO] [stdout] error: aborting due to 1 previous error
[INFO] [stdout] 
[INFO] [stdout] Couldn't compile the test.
[INFO] [stdout] ---- src/models.rs - models::Resources::blkio_device_read_i_ops (line 4593) stdout ----
[INFO] [stdout] error: expected one of `.`, `;`, `?`, `}`, or an operator, found `:`
[INFO] [stdout]  --> src/models.rs:4594:9
[INFO] [stdout]   |
[INFO] [stdout] 3 | [{"Path": "device_path", "Rate": rate}]
[INFO] [stdout]   |         ^ expected one of `.`, `;`, `?`, `}`, or an operator
[INFO] [stdout] 
[INFO] [stdout] error: aborting due to 1 previous error
[INFO] [stdout] 
[INFO] [stdout] Couldn't compile the test.
[INFO] [stdout] ---- src/models.rs - models::Resources::blkio_device_write_bps (line 4601) stdout ----
[INFO] [stdout] error: expected one of `.`, `;`, `?`, `}`, or an operator, found `:`
[INFO] [stdout]  --> src/models.rs:4602:9
[INFO] [stdout]   |
[INFO] [stdout] 3 | [{"Path": "device_path", "Rate": rate}]
[INFO] [stdout]   |         ^ expected one of `.`, `;`, `?`, `}`, or an operator
[INFO] [stdout] 
[INFO] [stdout] error: aborting due to 1 previous error
[INFO] [stdout] 
[INFO] [stdout] Couldn't compile the test.
[INFO] [stdout] 
[INFO] [stdout] failures:
[INFO] [stdout]     src/models.rs - models::ClusterVolumeSpecAccessModeInlineItem::mount_volume (line 396)
[INFO] [stdout]     src/models.rs - models::ContainerUpdateUpdateParam::blkio_device_read_bps (line 1300)
[INFO] [stdout]     src/models.rs - models::ContainerUpdateUpdateParam::blkio_device_read_i_ops (line 1308)
[INFO] [stdout]     src/models.rs - models::ContainerUpdateUpdateParam::blkio_device_write_bps (line 1316)
[INFO] [stdout]     src/models.rs - models::ContainerUpdateUpdateParam::blkio_device_write_i_ops (line 1324)
[INFO] [stdout]     src/models.rs - models::ContainerUpdateUpdateParam::blkio_weight_device (line 1336)
[INFO] [stdout]     src/models.rs - models::ContainerUpdateUpdateParam::ulimits (line 1467)
[INFO] [stdout]     src/models.rs - models::HostConfig::blkio_device_read_bps (line 2260)
[INFO] [stdout]     src/models.rs - models::HostConfig::blkio_device_read_i_ops (line 2268)
[INFO] [stdout]     src/models.rs - models::HostConfig::blkio_device_write_bps (line 2276)
[INFO] [stdout]     src/models.rs - models::HostConfig::blkio_device_write_i_ops (line 2284)
[INFO] [stdout]     src/models.rs - models::HostConfig::blkio_weight_device (line 2296)
[INFO] [stdout]     src/models.rs - models::HostConfig::sysctls (line 2580)
[INFO] [stdout]     src/models.rs - models::HostConfig::tmpfs (line 2589)
[INFO] [stdout]     src/models.rs - models::HostConfig::ulimits (line 2601)
[INFO] [stdout]     src/models.rs - models::Ipam::config (line 2765)
[INFO] [stdout]     src/models.rs - models::Resources::blkio_device_read_bps (line 4585)
[INFO] [stdout]     src/models.rs - models::Resources::blkio_device_read_i_ops (line 4593)
[INFO] [stdout]     src/models.rs - models::Resources::blkio_device_write_bps (line 4601)
[INFO] [stdout]     src/models.rs - models::Resources::blkio_device_write_i_ops (line 4609)
[INFO] [stdout]     src/models.rs - models::Resources::blkio_weight_device (line 4621)
[INFO] [stdout]     src/models.rs - models::Resources::ulimits (line 4750)
[INFO] [stdout]     src/models.rs - models::TaskSpecContainerSpecInlineItem::hosts (line 7072)
[INFO] [stdout] 
[INFO] [stdout] test result: FAILED. 0 passed; 23 failed; 0 ignored; 0 measured; 0 filtered out; finished in 0.21s
[INFO] [stdout] 
[INFO] [stderr] error: doctest failed, to rerun pass `--doc`
[INFO] running `Command { std: "docker" "inspect" "fa3e3489552987931bbd5b1dffcd826f6c7a00be69610829ea8bf5c1e54ecb9a", kill_on_drop: false }`
[INFO] running `Command { std: "docker" "rm" "-f" "fa3e3489552987931bbd5b1dffcd826f6c7a00be69610829ea8bf5c1e54ecb9a", kill_on_drop: false }`
[INFO] [stdout] fa3e3489552987931bbd5b1dffcd826f6c7a00be69610829ea8bf5c1e54ecb9a
