[INFO] fetching crate stable-pattern 0.1.0...
[INFO] testing stable-pattern-0.1.0 against 1.83.0 for beta-1.84.0-4-retry
[INFO] extracting crate stable-pattern 0.1.0 into /workspace/builds/worker-2-tc1/source
[INFO] validating manifest of crates.io crate stable-pattern 0.1.0 on toolchain 1.83.0
[INFO] running `Command { std: CARGO_HOME="/workspace/cargo-home" RUSTUP_HOME="/workspace/rustup-home" "/workspace/cargo-home/bin/cargo" "+1.83.0" "metadata" "--manifest-path" "Cargo.toml" "--no-deps", kill_on_drop: false }`
[INFO] started tweaking crates.io crate stable-pattern 0.1.0
[INFO] finished tweaking crates.io crate stable-pattern 0.1.0
[INFO] tweaked toml for crates.io crate stable-pattern 0.1.0 written to /workspace/builds/worker-2-tc1/source/Cargo.toml
[INFO] running `Command { std: CARGO_HOME="/workspace/cargo-home" RUSTUP_HOME="/workspace/rustup-home" "/workspace/cargo-home/bin/cargo" "+1.83.0" "generate-lockfile" "--manifest-path" "Cargo.toml", kill_on_drop: false }`
[INFO] [stderr]     Updating crates.io index
[INFO] [stderr]      Locking 1 package to latest compatible version
[INFO] running `Command { std: CARGO_HOME="/workspace/cargo-home" RUSTUP_HOME="/workspace/rustup-home" "/workspace/cargo-home/bin/cargo" "+1.83.0" "fetch" "--manifest-path" "Cargo.toml", kill_on_drop: false }`
[INFO] running `Command { std: "docker" "create" "-v" "/var/lib/crater-agent-workspace/builds/worker-2-tc1/target:/opt/rustwide/target:rw,Z" "-v" "/var/lib/crater-agent-workspace/builds/worker-2-tc1/source:/opt/rustwide/workdir:ro,Z" "-v" "/var/lib/crater-agent-workspace/cargo-home:/opt/rustwide/cargo-home:ro,Z" "-v" "/var/lib/crater-agent-workspace/rustup-home:/opt/rustwide/rustup-home:ro,Z" "-e" "SOURCE_DIR=/opt/rustwide/workdir" "-e" "CARGO_TARGET_DIR=/opt/rustwide/target" "-e" "CARGO_HOME=/opt/rustwide/cargo-home" "-e" "RUSTUP_HOME=/opt/rustwide/rustup-home" "-w" "/opt/rustwide/workdir" "-m" "1610612736" "--user" "0:0" "--network" "none" "ghcr.io/rust-lang/crates-build-env/linux@sha256:f3a9d4ad9d972b27faf3965f35b62e55ba32bbce8f20bc8fe909558a86702fde" "/opt/rustwide/cargo-home/bin/cargo" "+1.83.0" "metadata" "--no-deps" "--format-version=1", kill_on_drop: false }`
[INFO] [stdout] b5d414ee4232b85ddabdab60b71f15b717b41d05e029284593987b0a67cfbb32
[INFO] running `Command { std: "docker" "start" "-a" "b5d414ee4232b85ddabdab60b71f15b717b41d05e029284593987b0a67cfbb32", kill_on_drop: false }`
[INFO] running `Command { std: "docker" "inspect" "b5d414ee4232b85ddabdab60b71f15b717b41d05e029284593987b0a67cfbb32", kill_on_drop: false }`
[INFO] running `Command { std: "docker" "rm" "-f" "b5d414ee4232b85ddabdab60b71f15b717b41d05e029284593987b0a67cfbb32", kill_on_drop: false }`
[INFO] [stdout] b5d414ee4232b85ddabdab60b71f15b717b41d05e029284593987b0a67cfbb32
[INFO] running `Command { std: "docker" "create" "-v" "/var/lib/crater-agent-workspace/builds/worker-2-tc1/target:/opt/rustwide/target:rw,Z" "-v" "/var/lib/crater-agent-workspace/builds/worker-2-tc1/source:/opt/rustwide/workdir:ro,Z" "-v" "/var/lib/crater-agent-workspace/cargo-home:/opt/rustwide/cargo-home:ro,Z" "-v" "/var/lib/crater-agent-workspace/rustup-home:/opt/rustwide/rustup-home:ro,Z" "-e" "SOURCE_DIR=/opt/rustwide/workdir" "-e" "CARGO_TARGET_DIR=/opt/rustwide/target" "-e" "CARGO_INCREMENTAL=0" "-e" "RUST_BACKTRACE=full" "-e" "RUSTFLAGS=--cap-lints=warn" "-e" "RUSTDOCFLAGS=--cap-lints=warn" "-e" "CARGO_HOME=/opt/rustwide/cargo-home" "-e" "RUSTUP_HOME=/opt/rustwide/rustup-home" "-w" "/opt/rustwide/workdir" "-m" "1610612736" "--user" "0:0" "--network" "none" "ghcr.io/rust-lang/crates-build-env/linux@sha256:f3a9d4ad9d972b27faf3965f35b62e55ba32bbce8f20bc8fe909558a86702fde" "/opt/rustwide/cargo-home/bin/cargo" "+1.83.0" "build" "--frozen" "--message-format=json", kill_on_drop: false }`
[INFO] [stdout] 9fafc8fb7be5fa9708fc40e702806d28a1fc57cd2e51fc4363f6a13ca84715c8
[INFO] running `Command { std: "docker" "start" "-a" "9fafc8fb7be5fa9708fc40e702806d28a1fc57cd2e51fc4363f6a13ca84715c8", kill_on_drop: false }`
[INFO] [stderr]    Compiling memchr v2.7.4
[INFO] [stderr]    Compiling stable-pattern v0.1.0 (/opt/rustwide/workdir)
[INFO] [stderr]     Finished `dev` profile [unoptimized + debuginfo] target(s) in 1.50s
[INFO] running `Command { std: "docker" "inspect" "9fafc8fb7be5fa9708fc40e702806d28a1fc57cd2e51fc4363f6a13ca84715c8", kill_on_drop: false }`
[INFO] running `Command { std: "docker" "rm" "-f" "9fafc8fb7be5fa9708fc40e702806d28a1fc57cd2e51fc4363f6a13ca84715c8", kill_on_drop: false }`
[INFO] [stdout] 9fafc8fb7be5fa9708fc40e702806d28a1fc57cd2e51fc4363f6a13ca84715c8
[INFO] running `Command { std: "docker" "create" "-v" "/var/lib/crater-agent-workspace/builds/worker-2-tc1/target:/opt/rustwide/target:rw,Z" "-v" "/var/lib/crater-agent-workspace/builds/worker-2-tc1/source:/opt/rustwide/workdir:ro,Z" "-v" "/var/lib/crater-agent-workspace/cargo-home:/opt/rustwide/cargo-home:ro,Z" "-v" "/var/lib/crater-agent-workspace/rustup-home:/opt/rustwide/rustup-home:ro,Z" "-e" "SOURCE_DIR=/opt/rustwide/workdir" "-e" "CARGO_TARGET_DIR=/opt/rustwide/target" "-e" "CARGO_INCREMENTAL=0" "-e" "RUST_BACKTRACE=full" "-e" "RUSTFLAGS=--cap-lints=warn" "-e" "RUSTDOCFLAGS=--cap-lints=warn" "-e" "CARGO_HOME=/opt/rustwide/cargo-home" "-e" "RUSTUP_HOME=/opt/rustwide/rustup-home" "-w" "/opt/rustwide/workdir" "-m" "1610612736" "--user" "0:0" "--network" "none" "ghcr.io/rust-lang/crates-build-env/linux@sha256:f3a9d4ad9d972b27faf3965f35b62e55ba32bbce8f20bc8fe909558a86702fde" "/opt/rustwide/cargo-home/bin/cargo" "+1.83.0" "test" "--frozen" "--no-run" "--message-format=json", kill_on_drop: false }`
[INFO] [stdout] de46d7a3b5dfa253d13dbad54cd42fcdce5b19b9b0c5b4fe53e6bc14dcdd1be4
[INFO] running `Command { std: "docker" "start" "-a" "de46d7a3b5dfa253d13dbad54cd42fcdce5b19b9b0c5b4fe53e6bc14dcdd1be4", kill_on_drop: false }`
[INFO] [stderr]    Compiling stable-pattern v0.1.0 (/opt/rustwide/workdir)
[INFO] [stderr]     Finished `test` profile [unoptimized + debuginfo] target(s) in 0.78s
[INFO] running `Command { std: "docker" "inspect" "de46d7a3b5dfa253d13dbad54cd42fcdce5b19b9b0c5b4fe53e6bc14dcdd1be4", kill_on_drop: false }`
[INFO] running `Command { std: "docker" "rm" "-f" "de46d7a3b5dfa253d13dbad54cd42fcdce5b19b9b0c5b4fe53e6bc14dcdd1be4", kill_on_drop: false }`
[INFO] [stdout] de46d7a3b5dfa253d13dbad54cd42fcdce5b19b9b0c5b4fe53e6bc14dcdd1be4
[INFO] running `Command { std: "docker" "create" "-v" "/var/lib/crater-agent-workspace/builds/worker-2-tc1/target:/opt/rustwide/target:rw,Z" "-v" "/var/lib/crater-agent-workspace/builds/worker-2-tc1/source:/opt/rustwide/workdir:ro,Z" "-v" "/var/lib/crater-agent-workspace/cargo-home:/opt/rustwide/cargo-home:ro,Z" "-v" "/var/lib/crater-agent-workspace/rustup-home:/opt/rustwide/rustup-home:ro,Z" "-e" "SOURCE_DIR=/opt/rustwide/workdir" "-e" "CARGO_TARGET_DIR=/opt/rustwide/target" "-e" "CARGO_INCREMENTAL=0" "-e" "RUST_BACKTRACE=full" "-e" "RUSTFLAGS=--cap-lints=warn" "-e" "RUSTDOCFLAGS=--cap-lints=warn" "-e" "CARGO_HOME=/opt/rustwide/cargo-home" "-e" "RUSTUP_HOME=/opt/rustwide/rustup-home" "-w" "/opt/rustwide/workdir" "-m" "1610612736" "--user" "0:0" "--network" "none" "ghcr.io/rust-lang/crates-build-env/linux@sha256:f3a9d4ad9d972b27faf3965f35b62e55ba32bbce8f20bc8fe909558a86702fde" "/opt/rustwide/cargo-home/bin/cargo" "+1.83.0" "test" "--frozen", kill_on_drop: false }`
[INFO] [stdout] dfa2cc5704a7b620aa3390a1fb6e3c721c53469bb1e04f214a0d61fd4a17b253
[INFO] running `Command { std: "docker" "start" "-a" "dfa2cc5704a7b620aa3390a1fb6e3c721c53469bb1e04f214a0d61fd4a17b253", kill_on_drop: false }`
[INFO] [stderr]     Finished `test` profile [unoptimized + debuginfo] target(s) in 0.02s
[INFO] [stderr]      Running unittests src/lib.rs (/opt/rustwide/target/debug/deps/stable_pattern-be54b4c467aeff28)
[INFO] [stdout] 
[INFO] [stdout] running 0 tests
[INFO] [stdout] 
[INFO] [stdout] test result: ok. 0 passed; 0 failed; 0 ignored; 0 measured; 0 filtered out; finished in 0.00s
[INFO] [stdout] 
[INFO] [stderr]    Doc-tests stable_pattern
[INFO] [stdout] 
[INFO] [stdout] running 12 tests
[INFO] [stdout] test src/split.rs - split::RSplit<'a,P>::as_str (line 404) ... FAILED
[INFO] [stdout] test src/split.rs - split::RSplitN<'a,P>::as_str (line 575) ... FAILED
[INFO] [stdout] test src/split.rs - split::RSplitTerminator<'a,P>::as_str (line 458) ... FAILED
[INFO] [stdout] test src/split.rs - split::Split<'a,P>::as_str (line 385) ... FAILED
[INFO] [stdout] test src/pattern.rs - pattern::&'bstr (line 852) ... ok
[INFO] [stdout] test src/split.rs - split::SplitN<'a,P>::as_str (line 556) ... FAILED
[INFO] [stdout] test src/pattern.rs - pattern::char (line 521) ... ok
[INFO] [stdout] test src/split.rs - split::SplitTerminator<'a,P>::as_str (line 439) ... FAILED
[INFO] [stdout] test src/pattern.rs - pattern::&'b[char] (line 772) ... ok
[INFO] [stdout] test src/pattern.rs - pattern::Pattern (line 65) ... ok
[INFO] [stdout] test src/pattern.rs - pattern (line 18) ... ok
[INFO] [stdout] test src/pattern.rs - pattern::F (line 821) ... ok
[INFO] [stdout] 
[INFO] [stdout] failures:
[INFO] [stdout] 
[INFO] [stdout] ---- src/split.rs - split::RSplit<'a,P>::as_str (line 404) stdout ----
[INFO] [stdout] error[E0599]: no method named `as_str` found for struct `std::str::RSplit` in the current scope
[INFO] [stdout]  --> src/split.rs:406:18
[INFO] [stdout]   |
[INFO] [stdout] 4 | assert_eq!(split.as_str(), "Mary had a little lamb");
[INFO] [stdout]   |                  ^^^^^^ method not found in `RSplit<'_, char>`
[INFO] [stdout] 
[INFO] [stdout] error[E0599]: no method named `as_str` found for struct `std::str::RSplit` in the current scope
[INFO] [stdout]  --> src/split.rs:408:18
[INFO] [stdout]   |
[INFO] [stdout] 6 | assert_eq!(split.as_str(), "Mary had a little");
[INFO] [stdout]   |                  ^^^^^^ method not found in `RSplit<'_, char>`
[INFO] [stdout] 
[INFO] [stdout] error[E0599]: no method named `as_str` found for struct `std::str::RSplit` in the current scope
[INFO] [stdout]  --> src/split.rs:410:18
[INFO] [stdout]   |
[INFO] [stdout] 8 | assert_eq!(split.as_str(), "");
[INFO] [stdout]   |                  ^^^^^^ method not found in `RSplit<'_, char>`
[INFO] [stdout] 
[INFO] [stdout] error: aborting due to 3 previous errors
[INFO] [stdout] 
[INFO] [stdout] For more information about this error, try `rustc --explain E0599`.
[INFO] [stdout] Couldn't compile the test.
[INFO] [stdout] ---- src/split.rs - split::RSplitN<'a,P>::as_str (line 575) stdout ----
[INFO] [stdout] error[E0599]: no method named `as_str` found for struct `std::str::RSplitN` in the current scope
[INFO] [stdout]  --> src/split.rs:577:18
[INFO] [stdout]   |
[INFO] [stdout] 4 | assert_eq!(split.as_str(), "Mary had a little lamb");
[INFO] [stdout]   |                  ^^^^^^ method not found in `RSplitN<'_, char>`
[INFO] [stdout] 
[INFO] [stdout] error[E0599]: no method named `as_str` found for struct `std::str::RSplitN` in the current scope
[INFO] [stdout]  --> src/split.rs:579:18
[INFO] [stdout]   |
[INFO] [stdout] 6 | assert_eq!(split.as_str(), "Mary had a little");
[INFO] [stdout]   |                  ^^^^^^ method not found in `RSplitN<'_, char>`
[INFO] [stdout] 
[INFO] [stdout] error[E0599]: no method named `as_str` found for struct `std::str::RSplitN` in the current scope
[INFO] [stdout]  --> src/split.rs:581:18
[INFO] [stdout]   |
[INFO] [stdout] 8 | assert_eq!(split.as_str(), "");
[INFO] [stdout]   |                  ^^^^^^ method not found in `RSplitN<'_, char>`
[INFO] [stdout] 
[INFO] [stdout] error: aborting due to 3 previous errors
[INFO] [stdout] 
[INFO] [stdout] For more information about this error, try `rustc --explain E0599`.
[INFO] [stdout] Couldn't compile the test.
[INFO] [stdout] ---- src/split.rs - split::RSplitTerminator<'a,P>::as_str (line 458) stdout ----
[INFO] [stdout] error[E0599]: no method named `as_str` found for struct `RSplitTerminator` in the current scope
[INFO] [stdout]  --> src/split.rs:460:18
[INFO] [stdout]   |
[INFO] [stdout] 4 | assert_eq!(split.as_str(), "A..B..");
[INFO] [stdout]   |                  ^^^^^^ method not found in `RSplitTerminator<'_, char>`
[INFO] [stdout] 
[INFO] [stdout] error[E0599]: no method named `as_str` found for struct `RSplitTerminator` in the current scope
[INFO] [stdout]  --> src/split.rs:462:18
[INFO] [stdout]   |
[INFO] [stdout] 6 | assert_eq!(split.as_str(), "A..B");
[INFO] [stdout]   |                  ^^^^^^ method not found in `RSplitTerminator<'_, char>`
[INFO] [stdout] 
[INFO] [stdout] error[E0599]: no method named `as_str` found for struct `RSplitTerminator` in the current scope
[INFO] [stdout]  --> src/split.rs:464:18
[INFO] [stdout]   |
[INFO] [stdout] 8 | assert_eq!(split.as_str(), "");
[INFO] [stdout]   |                  ^^^^^^ method not found in `RSplitTerminator<'_, char>`
[INFO] [stdout] 
[INFO] [stdout] error: aborting due to 3 previous errors
[INFO] [stdout] 
[INFO] [stdout] For more information about this error, try `rustc --explain E0599`.
[INFO] [stdout] Couldn't compile the test.
[INFO] [stdout] ---- src/split.rs - split::Split<'a,P>::as_str (line 385) stdout ----
[INFO] [stdout] error[E0599]: no method named `as_str` found for struct `std::str::Split` in the current scope
[INFO] [stdout]  --> src/split.rs:387:18
[INFO] [stdout]   |
[INFO] [stdout] 4 | assert_eq!(split.as_str(), "Mary had a little lamb");
[INFO] [stdout]   |                  ^^^^^^ method not found in `Split<'_, char>`
[INFO] [stdout] 
[INFO] [stdout] error[E0599]: no method named `as_str` found for struct `std::str::Split` in the current scope
[INFO] [stdout]  --> src/split.rs:389:18
[INFO] [stdout]   |
[INFO] [stdout] 6 | assert_eq!(split.as_str(), "had a little lamb");
[INFO] [stdout]   |                  ^^^^^^ method not found in `Split<'_, char>`
[INFO] [stdout] 
[INFO] [stdout] error[E0599]: no method named `as_str` found for struct `std::str::Split` in the current scope
[INFO] [stdout]  --> src/split.rs:391:18
[INFO] [stdout]   |
[INFO] [stdout] 8 | assert_eq!(split.as_str(), "");
[INFO] [stdout]   |                  ^^^^^^ method not found in `Split<'_, char>`
[INFO] [stdout] 
[INFO] [stdout] error: aborting due to 3 previous errors
[INFO] [stdout] 
[INFO] [stdout] For more information about this error, try `rustc --explain E0599`.
[INFO] [stdout] Couldn't compile the test.
[INFO] [stdout] ---- src/split.rs - split::SplitN<'a,P>::as_str (line 556) stdout ----
[INFO] [stdout] error[E0599]: no method named `as_str` found for struct `std::str::SplitN` in the current scope
[INFO] [stdout]  --> src/split.rs:558:18
[INFO] [stdout]   |
[INFO] [stdout] 4 | assert_eq!(split.as_str(), "Mary had a little lamb");
[INFO] [stderr] error: doctest failed, to rerun pass `--doc`
[INFO] [stdout]   |                  ^^^^^^ method not found in `SplitN<'_, char>`
[INFO] [stdout] 
[INFO] [stdout] error[E0599]: no method named `as_str` found for struct `std::str::SplitN` in the current scope
[INFO] [stdout]  --> src/split.rs:560:18
[INFO] [stdout]   |
[INFO] [stdout] 6 | assert_eq!(split.as_str(), "had a little lamb");
[INFO] [stdout]   |                  ^^^^^^ method not found in `SplitN<'_, char>`
[INFO] [stdout] 
[INFO] [stdout] error[E0599]: no method named `as_str` found for struct `std::str::SplitN` in the current scope
[INFO] [stdout]  --> src/split.rs:562:18
[INFO] [stdout]   |
[INFO] [stdout] 8 | assert_eq!(split.as_str(), "");
[INFO] [stdout]   |                  ^^^^^^ method not found in `SplitN<'_, char>`
[INFO] [stdout] 
[INFO] [stdout] error: aborting due to 3 previous errors
[INFO] [stdout] 
[INFO] [stdout] For more information about this error, try `rustc --explain E0599`.
[INFO] [stdout] Couldn't compile the test.
[INFO] [stdout] ---- src/split.rs - split::SplitTerminator<'a,P>::as_str (line 439) stdout ----
[INFO] [stdout] error[E0599]: no method named `as_str` found for struct `SplitTerminator` in the current scope
[INFO] [stdout]  --> src/split.rs:441:18
[INFO] [stdout]   |
[INFO] [stdout] 4 | assert_eq!(split.as_str(), "A..B..");
[INFO] [stdout]   |                  ^^^^^^ method not found in `SplitTerminator<'_, char>`
[INFO] [stdout] 
[INFO] [stdout] error[E0599]: no method named `as_str` found for struct `SplitTerminator` in the current scope
[INFO] [stdout]  --> src/split.rs:443:18
[INFO] [stdout]   |
[INFO] [stdout] 6 | assert_eq!(split.as_str(), ".B..");
[INFO] [stdout]   |                  ^^^^^^ method not found in `SplitTerminator<'_, char>`
[INFO] [stdout] 
[INFO] [stdout] error[E0599]: no method named `as_str` found for struct `SplitTerminator` in the current scope
[INFO] [stdout]  --> src/split.rs:445:18
[INFO] [stdout]   |
[INFO] [stdout] 8 | assert_eq!(split.as_str(), "");
[INFO] [stdout]   |                  ^^^^^^ method not found in `SplitTerminator<'_, char>`
[INFO] [stdout] 
[INFO] [stdout] error: aborting due to 3 previous errors
[INFO] [stdout] 
[INFO] [stdout] For more information about this error, try `rustc --explain E0599`.
[INFO] [stdout] Couldn't compile the test.
[INFO] [stdout] 
[INFO] [stdout] failures:
[INFO] [stdout]     src/split.rs - split::RSplit<'a,P>::as_str (line 404)
[INFO] [stdout]     src/split.rs - split::RSplitN<'a,P>::as_str (line 575)
[INFO] [stdout]     src/split.rs - split::RSplitTerminator<'a,P>::as_str (line 458)
[INFO] [stdout]     src/split.rs - split::Split<'a,P>::as_str (line 385)
[INFO] [stdout]     src/split.rs - split::SplitN<'a,P>::as_str (line 556)
[INFO] [stdout]     src/split.rs - split::SplitTerminator<'a,P>::as_str (line 439)
[INFO] [stdout] 
[INFO] [stdout] test result: FAILED. 6 passed; 6 failed; 0 ignored; 0 measured; 0 filtered out; finished in 1.32s
[INFO] [stdout] 
[INFO] running `Command { std: "docker" "inspect" "dfa2cc5704a7b620aa3390a1fb6e3c721c53469bb1e04f214a0d61fd4a17b253", kill_on_drop: false }`
[INFO] running `Command { std: "docker" "rm" "-f" "dfa2cc5704a7b620aa3390a1fb6e3c721c53469bb1e04f214a0d61fd4a17b253", kill_on_drop: false }`
[INFO] [stdout] dfa2cc5704a7b620aa3390a1fb6e3c721c53469bb1e04f214a0d61fd4a17b253
