[INFO] fetching crate sslrelay 0.6.2...
[INFO] testing sslrelay-0.6.2 against beta-2024-12-08 for beta-1.84.0-4-retry
[INFO] extracting crate sslrelay 0.6.2 into /workspace/builds/worker-0-tc2/source
[INFO] validating manifest of crates.io crate sslrelay 0.6.2 on toolchain beta-2024-12-08
[INFO] running `Command { std: CARGO_HOME="/workspace/cargo-home" RUSTUP_HOME="/workspace/rustup-home" "/workspace/cargo-home/bin/cargo" "+beta-2024-12-08" "metadata" "--manifest-path" "Cargo.toml" "--no-deps", kill_on_drop: false }`
[INFO] started tweaking crates.io crate sslrelay 0.6.2
[INFO] finished tweaking crates.io crate sslrelay 0.6.2
[INFO] tweaked toml for crates.io crate sslrelay 0.6.2 written to /workspace/builds/worker-0-tc2/source/Cargo.toml
[INFO] running `Command { std: CARGO_HOME="/workspace/cargo-home" RUSTUP_HOME="/workspace/rustup-home" "/workspace/cargo-home/bin/cargo" "+beta-2024-12-08" "generate-lockfile" "--manifest-path" "Cargo.toml", kill_on_drop: false }`
[INFO] [stderr]     Updating crates.io index
[INFO] [stderr]      Locking 17 packages to latest compatible versions
[INFO] running `Command { std: CARGO_HOME="/workspace/cargo-home" RUSTUP_HOME="/workspace/rustup-home" "/workspace/cargo-home/bin/cargo" "+beta-2024-12-08" "fetch" "--manifest-path" "Cargo.toml", kill_on_drop: false }`
[INFO] running `Command { std: "docker" "create" "-v" "/var/lib/crater-agent-workspace/builds/worker-0-tc2/target:/opt/rustwide/target:rw,Z" "-v" "/var/lib/crater-agent-workspace/builds/worker-0-tc2/source:/opt/rustwide/workdir:ro,Z" "-v" "/var/lib/crater-agent-workspace/cargo-home:/opt/rustwide/cargo-home:ro,Z" "-v" "/var/lib/crater-agent-workspace/rustup-home:/opt/rustwide/rustup-home:ro,Z" "-e" "SOURCE_DIR=/opt/rustwide/workdir" "-e" "CARGO_TARGET_DIR=/opt/rustwide/target" "-e" "CARGO_HOME=/opt/rustwide/cargo-home" "-e" "RUSTUP_HOME=/opt/rustwide/rustup-home" "-w" "/opt/rustwide/workdir" "-m" "1610612736" "--user" "0:0" "--network" "none" "ghcr.io/rust-lang/crates-build-env/linux@sha256:f3a9d4ad9d972b27faf3965f35b62e55ba32bbce8f20bc8fe909558a86702fde" "/opt/rustwide/cargo-home/bin/cargo" "+beta-2024-12-08" "metadata" "--no-deps" "--format-version=1", kill_on_drop: false }`
[INFO] [stdout] a76a504f5a3fd1e2d651656b8e50dabbc82efcfc302b8653241cab6fb59219a8
[INFO] running `Command { std: "docker" "start" "-a" "a76a504f5a3fd1e2d651656b8e50dabbc82efcfc302b8653241cab6fb59219a8", kill_on_drop: false }`
[INFO] running `Command { std: "docker" "inspect" "a76a504f5a3fd1e2d651656b8e50dabbc82efcfc302b8653241cab6fb59219a8", kill_on_drop: false }`
[INFO] running `Command { std: "docker" "rm" "-f" "a76a504f5a3fd1e2d651656b8e50dabbc82efcfc302b8653241cab6fb59219a8", kill_on_drop: false }`
[INFO] [stdout] a76a504f5a3fd1e2d651656b8e50dabbc82efcfc302b8653241cab6fb59219a8
[INFO] running `Command { std: "docker" "create" "-v" "/var/lib/crater-agent-workspace/builds/worker-0-tc2/target:/opt/rustwide/target:rw,Z" "-v" "/var/lib/crater-agent-workspace/builds/worker-0-tc2/source:/opt/rustwide/workdir:ro,Z" "-v" "/var/lib/crater-agent-workspace/cargo-home:/opt/rustwide/cargo-home:ro,Z" "-v" "/var/lib/crater-agent-workspace/rustup-home:/opt/rustwide/rustup-home:ro,Z" "-e" "SOURCE_DIR=/opt/rustwide/workdir" "-e" "CARGO_TARGET_DIR=/opt/rustwide/target" "-e" "CARGO_INCREMENTAL=0" "-e" "RUST_BACKTRACE=full" "-e" "RUSTFLAGS=--cap-lints=warn" "-e" "RUSTDOCFLAGS=--cap-lints=warn" "-e" "CARGO_HOME=/opt/rustwide/cargo-home" "-e" "RUSTUP_HOME=/opt/rustwide/rustup-home" "-w" "/opt/rustwide/workdir" "-m" "1610612736" "--user" "0:0" "--network" "none" "ghcr.io/rust-lang/crates-build-env/linux@sha256:f3a9d4ad9d972b27faf3965f35b62e55ba32bbce8f20bc8fe909558a86702fde" "/opt/rustwide/cargo-home/bin/cargo" "+beta-2024-12-08" "build" "--frozen" "--message-format=json", kill_on_drop: false }`
[INFO] [stdout] c080282fdf1b326f977090f7321fe64b7a6885c82c93bb2eb84ebd11951a703e
[INFO] running `Command { std: "docker" "start" "-a" "c080282fdf1b326f977090f7321fe64b7a6885c82c93bb2eb84ebd11951a703e", kill_on_drop: false }`
[INFO] [stderr]    Compiling shlex v1.3.0
[INFO] [stderr]    Compiling proc-macro2 v1.0.92
[INFO] [stderr]    Compiling unicode-ident v1.0.14
[INFO] [stderr]    Compiling vcpkg v0.2.15
[INFO] [stderr]    Compiling pkg-config v0.3.31
[INFO] [stderr]    Compiling foreign-types-shared v0.1.1
[INFO] [stderr]    Compiling openssl v0.10.68
[INFO] [stderr]    Compiling bitflags v2.6.0
[INFO] [stderr]    Compiling once_cell v1.20.2
[INFO] [stderr]    Compiling foreign-types v0.3.2
[INFO] [stderr]    Compiling cc v1.2.4
[INFO] [stderr]    Compiling quote v1.0.37
[INFO] [stderr]    Compiling syn v2.0.90
[INFO] [stderr]    Compiling openssl-sys v0.9.104
[INFO] [stderr]    Compiling openssl-macros v0.1.1
[INFO] [stderr]    Compiling sslrelay v0.6.2 (/opt/rustwide/workdir)
[INFO] [stderr]     Finished `dev` profile [unoptimized + debuginfo] target(s) in 12.29s
[INFO] running `Command { std: "docker" "inspect" "c080282fdf1b326f977090f7321fe64b7a6885c82c93bb2eb84ebd11951a703e", kill_on_drop: false }`
[INFO] running `Command { std: "docker" "rm" "-f" "c080282fdf1b326f977090f7321fe64b7a6885c82c93bb2eb84ebd11951a703e", kill_on_drop: false }`
[INFO] [stdout] c080282fdf1b326f977090f7321fe64b7a6885c82c93bb2eb84ebd11951a703e
[INFO] running `Command { std: "docker" "create" "-v" "/var/lib/crater-agent-workspace/builds/worker-0-tc2/target:/opt/rustwide/target:rw,Z" "-v" "/var/lib/crater-agent-workspace/builds/worker-0-tc2/source:/opt/rustwide/workdir:ro,Z" "-v" "/var/lib/crater-agent-workspace/cargo-home:/opt/rustwide/cargo-home:ro,Z" "-v" "/var/lib/crater-agent-workspace/rustup-home:/opt/rustwide/rustup-home:ro,Z" "-e" "SOURCE_DIR=/opt/rustwide/workdir" "-e" "CARGO_TARGET_DIR=/opt/rustwide/target" "-e" "CARGO_INCREMENTAL=0" "-e" "RUST_BACKTRACE=full" "-e" "RUSTFLAGS=--cap-lints=warn" "-e" "RUSTDOCFLAGS=--cap-lints=warn" "-e" "CARGO_HOME=/opt/rustwide/cargo-home" "-e" "RUSTUP_HOME=/opt/rustwide/rustup-home" "-w" "/opt/rustwide/workdir" "-m" "1610612736" "--user" "0:0" "--network" "none" "ghcr.io/rust-lang/crates-build-env/linux@sha256:f3a9d4ad9d972b27faf3965f35b62e55ba32bbce8f20bc8fe909558a86702fde" "/opt/rustwide/cargo-home/bin/cargo" "+beta-2024-12-08" "test" "--frozen" "--no-run" "--message-format=json", kill_on_drop: false }`
[INFO] [stdout] 1a2aad7e832b952c9bfa1a2ee9421d192704e718b72e393482368123fcedcc0a
[INFO] running `Command { std: "docker" "start" "-a" "1a2aad7e832b952c9bfa1a2ee9421d192704e718b72e393482368123fcedcc0a", kill_on_drop: false }`
[INFO] [stderr]    Compiling sslrelay v0.6.2 (/opt/rustwide/workdir)
[INFO] [stderr]     Finished `test` profile [unoptimized + debuginfo] target(s) in 0.57s
[INFO] running `Command { std: "docker" "inspect" "1a2aad7e832b952c9bfa1a2ee9421d192704e718b72e393482368123fcedcc0a", kill_on_drop: false }`
[INFO] running `Command { std: "docker" "rm" "-f" "1a2aad7e832b952c9bfa1a2ee9421d192704e718b72e393482368123fcedcc0a", kill_on_drop: false }`
[INFO] [stdout] 1a2aad7e832b952c9bfa1a2ee9421d192704e718b72e393482368123fcedcc0a
[INFO] running `Command { std: "docker" "create" "-v" "/var/lib/crater-agent-workspace/builds/worker-0-tc2/target:/opt/rustwide/target:rw,Z" "-v" "/var/lib/crater-agent-workspace/builds/worker-0-tc2/source:/opt/rustwide/workdir:ro,Z" "-v" "/var/lib/crater-agent-workspace/cargo-home:/opt/rustwide/cargo-home:ro,Z" "-v" "/var/lib/crater-agent-workspace/rustup-home:/opt/rustwide/rustup-home:ro,Z" "-e" "SOURCE_DIR=/opt/rustwide/workdir" "-e" "CARGO_TARGET_DIR=/opt/rustwide/target" "-e" "CARGO_INCREMENTAL=0" "-e" "RUST_BACKTRACE=full" "-e" "RUSTFLAGS=--cap-lints=warn" "-e" "RUSTDOCFLAGS=--cap-lints=warn" "-e" "CARGO_HOME=/opt/rustwide/cargo-home" "-e" "RUSTUP_HOME=/opt/rustwide/rustup-home" "-w" "/opt/rustwide/workdir" "-m" "1610612736" "--user" "0:0" "--network" "none" "ghcr.io/rust-lang/crates-build-env/linux@sha256:f3a9d4ad9d972b27faf3965f35b62e55ba32bbce8f20bc8fe909558a86702fde" "/opt/rustwide/cargo-home/bin/cargo" "+beta-2024-12-08" "test" "--frozen", kill_on_drop: false }`
[INFO] [stdout] f018a1dc3f3ba6d64f4f309536298af7881383c4f417a2f037c396238a7e4373
[INFO] running `Command { std: "docker" "start" "-a" "f018a1dc3f3ba6d64f4f309536298af7881383c4f417a2f037c396238a7e4373", kill_on_drop: false }`
[INFO] [stderr]     Finished `test` profile [unoptimized + debuginfo] target(s) in 0.04s
[INFO] [stderr]      Running unittests src/lib.rs (/opt/rustwide/target/debug/deps/sslrelay-eb18959f1fc4c5d2)
[INFO] [stderr]    Doc-tests sslrelay
[INFO] [stdout] 
[INFO] [stdout] running 0 tests
[INFO] [stdout] 
[INFO] [stdout] test result: ok. 0 passed; 0 failed; 0 ignored; 0 measured; 0 filtered out; finished in 0.00s
[INFO] [stdout] 
[INFO] [stdout] 
[INFO] [stdout] running 3 tests
[INFO] [stdout] test src/lib.rs - (line 5) ... FAILED
[INFO] [stdout] test src/lib.rs - (line 24) ... FAILED
[INFO] [stdout] test src/lib.rs - (line 15) ... ok
[INFO] [stdout] 
[INFO] [stdout] failures:
[INFO] [stdout] 
[INFO] [stdout] ---- src/lib.rs - (line 5) stdout ----
[INFO] [stdout] error[E0412]: cannot find type `CallbackRet` in this scope
[INFO] [stdout]  --> src/lib.rs:7:55
[INFO] [stdout]   |
[INFO] [stdout] 4 |     fn ds_b_callback(&mut self, _in_data: Vec<u8>) -> CallbackRet {CallbackRet::Relay(_in_data)}
[INFO] [stdout]   |                                                       ^^^^^^^^^^^ not found in this scope
[INFO] [stdout]   |
[INFO] [stdout] help: consider importing this enum
[INFO] [stdout]   |
[INFO] [stdout] 2 + use sslrelay::CallbackRet;
[INFO] [stdout]   |
[INFO] [stdout] 
[INFO] [stdout] error[E0433]: failed to resolve: use of undeclared type `CallbackRet`
[INFO] [stdout]  --> src/lib.rs:7:68
[INFO] [stdout]   |
[INFO] [stdout] 4 |     fn ds_b_callback(&mut self, _in_data: Vec<u8>) -> CallbackRet {CallbackRet::Relay(_in_data)}
[INFO] [stdout]   |                                                                    ^^^^^^^^^^^ use of undeclared type `CallbackRet`
[INFO] [stdout]   |
[INFO] [stdout] help: consider importing this enum
[INFO] [stdout]   |
[INFO] [stdout] 2 + use sslrelay::CallbackRet;
[INFO] [stdout]   |
[INFO] [stdout] 
[INFO] [stdout] error[E0412]: cannot find type `CallbackRet` in this scope
[INFO] [stdout]  --> src/lib.rs:9:55
[INFO] [stdout]   |
[INFO] [stdout] 6 |     fn us_b_callback(&mut self, _in_data: Vec<u8>) -> CallbackRet {CallbackRet::Relay(_in_data)}
[INFO] [stdout]   |                                                       ^^^^^^^^^^^ not found in this scope
[INFO] [stdout]   |
[INFO] [stdout] help: consider importing this enum
[INFO] [stdout]   |
[INFO] [stdout] 2 + use sslrelay::CallbackRet;
[INFO] [stdout]   |
[INFO] [stdout] 
[INFO] [stdout] error[E0433]: failed to resolve: use of undeclared type `CallbackRet`
[INFO] [stdout]  --> src/lib.rs:9:68
[INFO] [stdout]   |
[INFO] [stdout] 6 |     fn us_b_callback(&mut self, _in_data: Vec<u8>) -> CallbackRet {CallbackRet::Relay(_in_data)}
[INFO] [stdout]   |                                                                    ^^^^^^^^^^^ use of undeclared type `CallbackRet`
[INFO] [stdout]   |
[INFO] [stdout] help: consider importing this enum
[INFO] [stdout]   |
[INFO] [stdout] 2 + use sslrelay::CallbackRet;
[INFO] [stdout]   |
[INFO] [stdout] 
[INFO] [stdout] error: aborting due to 4 previous errors
[INFO] [stdout] 
[INFO] [stdout] Some errors have detailed explanations: E0412, E0433.
[INFO] [stdout] For more information about an error, try `rustc --explain E0412`.
[INFO] [stdout] Couldn't compile the test.
[INFO] [stdout] ---- src/lib.rs - (line 24) stdout ----
[INFO] [stdout] error[E0254]: the name `sslrelay` is defined multiple times
[INFO] [stdout]  --> src/lib.rs:26:16
[INFO] [stdout]   |
[INFO] [stdout] 3 | extern crate r#sslrelay;
[INFO] [stdout]   | ------------------------ previous import of the extern crate `sslrelay` here
[INFO] [stdout] 4 | use sslrelay::{self, RelayConfig, HandlerCallbacks, CallbackRet, TCPDataType, TLSConfig};
[INFO] [stdout]   |                ^^^^--
[INFO] [stdout]   |                |
[INFO] [stdout]   |                `sslrelay` reimported here
[INFO] [stdout]   |                help: remove unnecessary import
[INFO] [stdout]   |
[INFO] [stdout]   = note: `sslrelay` must be defined only once in the type namespace of this module
[INFO] [stdout] 
[INFO] [stdout] error: aborting due to 1 previous error
[INFO] [stdout] 
[INFO] [stdout] For more information about this error, try `rustc --explain E0254`.
[INFO] [stdout] Couldn't compile the test.
[INFO] [stdout] 
[INFO] [stdout] failures:
[INFO] [stdout]     src/lib.rs - (line 24)
[INFO] [stdout]     src/lib.rs - (line 5)
[INFO] [stdout] 
[INFO] [stdout] test result: FAILED. 1 passed; 2 failed; 0 ignored; 0 measured; 0 filtered out; finished in 0.32s
[INFO] [stdout] 
[INFO] [stderr] error: doctest failed, to rerun pass `--doc`
[INFO] running `Command { std: "docker" "inspect" "f018a1dc3f3ba6d64f4f309536298af7881383c4f417a2f037c396238a7e4373", kill_on_drop: false }`
[INFO] running `Command { std: "docker" "rm" "-f" "f018a1dc3f3ba6d64f4f309536298af7881383c4f417a2f037c396238a7e4373", kill_on_drop: false }`
[INFO] [stdout] f018a1dc3f3ba6d64f4f309536298af7881383c4f417a2f037c396238a7e4373
