[INFO] fetching crate ssh-gpg-agent 0.1.5...
[INFO] testing ssh-gpg-agent-0.1.5 against 1.83.0 for beta-1.84.0-4-retry
[INFO] extracting crate ssh-gpg-agent 0.1.5 into /workspace/builds/worker-4-tc1/source
[INFO] validating manifest of crates.io crate ssh-gpg-agent 0.1.5 on toolchain 1.83.0
[INFO] running `Command { std: CARGO_HOME="/workspace/cargo-home" RUSTUP_HOME="/workspace/rustup-home" "/workspace/cargo-home/bin/cargo" "+1.83.0" "metadata" "--manifest-path" "Cargo.toml" "--no-deps", kill_on_drop: false }`
[INFO] started tweaking crates.io crate ssh-gpg-agent 0.1.5
[INFO] finished tweaking crates.io crate ssh-gpg-agent 0.1.5
[INFO] tweaked toml for crates.io crate ssh-gpg-agent 0.1.5 written to /workspace/builds/worker-4-tc1/source/Cargo.toml
[INFO] crate crates.io crate ssh-gpg-agent 0.1.5 already has a lockfile, it will not be regenerated
[INFO] running `Command { std: CARGO_HOME="/workspace/cargo-home" RUSTUP_HOME="/workspace/rustup-home" "/workspace/cargo-home/bin/cargo" "+1.83.0" "fetch" "--manifest-path" "Cargo.toml", kill_on_drop: false }`
[INFO] [stderr]     Updating crates.io index
[INFO] [stderr]     Blocking waiting for file lock on package cache
[INFO] [stderr]  Downloading crates ...
[INFO] [stderr]   Downloaded ssh-keys v0.1.4
[INFO] [stderr]   Downloaded build-rs v0.1.2
[INFO] [stderr]   Downloaded cstr-argument v0.1.2
[INFO] [stderr]   Downloaded gpgme-sys v0.11.0
[INFO] [stderr]   Downloaded gpgme v0.11.0
[INFO] [stderr]   Downloaded gpg-error v0.6.0
[INFO] [stderr]   Downloaded libgpg-error-sys v0.6.0
[INFO] [stderr]   Downloaded ssh-agent-lib v0.2.5
[INFO] [stderr]   Downloaded service-binding v0.3.1
[INFO] running `Command { std: "docker" "create" "-v" "/var/lib/crater-agent-workspace/builds/worker-4-tc1/target:/opt/rustwide/target:rw,Z" "-v" "/var/lib/crater-agent-workspace/builds/worker-4-tc1/source:/opt/rustwide/workdir:ro,Z" "-v" "/var/lib/crater-agent-workspace/cargo-home:/opt/rustwide/cargo-home:ro,Z" "-v" "/var/lib/crater-agent-workspace/rustup-home:/opt/rustwide/rustup-home:ro,Z" "-e" "SOURCE_DIR=/opt/rustwide/workdir" "-e" "CARGO_TARGET_DIR=/opt/rustwide/target" "-e" "CARGO_HOME=/opt/rustwide/cargo-home" "-e" "RUSTUP_HOME=/opt/rustwide/rustup-home" "-w" "/opt/rustwide/workdir" "-m" "1610612736" "--user" "0:0" "--network" "none" "ghcr.io/rust-lang/crates-build-env/linux@sha256:f3a9d4ad9d972b27faf3965f35b62e55ba32bbce8f20bc8fe909558a86702fde" "/opt/rustwide/cargo-home/bin/cargo" "+1.83.0" "metadata" "--no-deps" "--format-version=1", kill_on_drop: false }`
[INFO] [stdout] b67ea3b658984cf1671696b02d8f10315ffe93624b360d0276cc5b68429de195
[INFO] running `Command { std: "docker" "start" "-a" "b67ea3b658984cf1671696b02d8f10315ffe93624b360d0276cc5b68429de195", kill_on_drop: false }`
[INFO] running `Command { std: "docker" "inspect" "b67ea3b658984cf1671696b02d8f10315ffe93624b360d0276cc5b68429de195", kill_on_drop: false }`
[INFO] running `Command { std: "docker" "rm" "-f" "b67ea3b658984cf1671696b02d8f10315ffe93624b360d0276cc5b68429de195", kill_on_drop: false }`
[INFO] [stdout] b67ea3b658984cf1671696b02d8f10315ffe93624b360d0276cc5b68429de195
[INFO] running `Command { std: "docker" "create" "-v" "/var/lib/crater-agent-workspace/builds/worker-4-tc1/target:/opt/rustwide/target:rw,Z" "-v" "/var/lib/crater-agent-workspace/builds/worker-4-tc1/source:/opt/rustwide/workdir:ro,Z" "-v" "/var/lib/crater-agent-workspace/cargo-home:/opt/rustwide/cargo-home:ro,Z" "-v" "/var/lib/crater-agent-workspace/rustup-home:/opt/rustwide/rustup-home:ro,Z" "-e" "SOURCE_DIR=/opt/rustwide/workdir" "-e" "CARGO_TARGET_DIR=/opt/rustwide/target" "-e" "CARGO_INCREMENTAL=0" "-e" "RUST_BACKTRACE=full" "-e" "RUSTFLAGS=--cap-lints=warn" "-e" "RUSTDOCFLAGS=--cap-lints=warn" "-e" "CARGO_HOME=/opt/rustwide/cargo-home" "-e" "RUSTUP_HOME=/opt/rustwide/rustup-home" "-w" "/opt/rustwide/workdir" "-m" "1610612736" "--user" "0:0" "--network" "none" "ghcr.io/rust-lang/crates-build-env/linux@sha256:f3a9d4ad9d972b27faf3965f35b62e55ba32bbce8f20bc8fe909558a86702fde" "/opt/rustwide/cargo-home/bin/cargo" "+1.83.0" "build" "--frozen" "--message-format=json", kill_on_drop: false }`
[INFO] [stdout] 1bc3a4e96e958b9977e9bdd216e37cbf1c10a27b8eb7193aa8283d780a8d1af6
[INFO] running `Command { std: "docker" "start" "-a" "1bc3a4e96e958b9977e9bdd216e37cbf1c10a27b8eb7193aa8283d780a8d1af6", kill_on_drop: false }`
[INFO] [stderr]    Compiling autocfg v1.1.0
[INFO] [stderr]    Compiling libc v0.2.150
[INFO] [stderr]    Compiling cfg-if v0.1.10
[INFO] [stderr]    Compiling maybe-uninit v2.0.0
[INFO] [stderr]    Compiling lazy_static v1.4.0
[INFO] [stderr]    Compiling serde v1.0.192
[INFO] [stderr]    Compiling pkg-config v0.3.27
[INFO] [stderr]    Compiling semver-parser v0.7.0
[INFO] [stderr]    Compiling futures v0.1.31
[INFO] [stderr]    Compiling log v0.4.20
[INFO] [stderr]    Compiling hashbrown v0.14.2
[INFO] [stderr]    Compiling equivalent v1.0.1
[INFO] [stderr]    Compiling target-lexicon v0.12.12
[INFO] [stderr]    Compiling scopeguard v1.2.0
[INFO] [stderr]    Compiling byteorder v1.5.0
[INFO] [stderr]    Compiling winnow v0.5.19
[INFO] [stderr]    Compiling smallvec v1.11.2
[INFO] [stderr]    Compiling heck v0.4.1
[INFO] [stderr]    Compiling version-compare v0.1.1
[INFO] [stderr]    Compiling semver v0.9.0
[INFO] [stderr]    Compiling proc-macro2 v1.0.69
[INFO] [stderr]    Compiling unicode-ident v1.0.12
[INFO] [stderr]    Compiling lock_api v0.3.4
[INFO] [stderr]    Compiling fnv v1.0.7
[INFO] [stderr]    Compiling smallvec v0.6.14
[INFO] [stderr]    Compiling vcpkg v0.2.15
[INFO] [stderr]    Compiling cfg-if v1.0.0
[INFO] [stderr]    Compiling rustc_version v0.2.3
[INFO] [stderr]    Compiling openssl v0.10.59
[INFO] [stderr]    Compiling crossbeam-utils v0.7.2
[INFO] [stderr]    Compiling slab v0.4.9
[INFO] [stderr]    Compiling indexmap v2.1.0
[INFO] [stderr]    Compiling memoffset v0.5.6
[INFO] [stderr]    Compiling crossbeam-epoch v0.8.2
[INFO] [stderr]    Compiling memoffset v0.7.1
[INFO] [stderr]    Compiling parking_lot_core v0.6.3
[INFO] [stderr]    Compiling parking_lot v0.9.0
[INFO] [stderr]    Compiling foreign-types-shared v0.1.1
[INFO] [stderr]    Compiling iovec v0.1.4
[INFO] [stderr]    Compiling num_cpus v1.16.0
[INFO] [stderr]    Compiling cfg-expr v0.15.5
[INFO] [stderr]    Compiling bytes v0.4.12
[INFO] [stderr]    Compiling cc v1.0.83
[INFO] [stderr]    Compiling net2 v0.2.39
[INFO] [stderr]    Compiling option-ext v0.2.0
[INFO] [stderr]    Compiling memchr v2.6.4
[INFO] [stderr]    Compiling custom_derive v0.1.7
[INFO] [stderr]    Compiling anyhow v1.0.75
[INFO] [stderr]    Compiling safemem v0.3.3
[INFO] [stderr]    Compiling quote v1.0.33
[INFO] [stderr]    Compiling once_cell v1.18.0
[INFO] [stderr]    Compiling mio v0.6.23
[INFO] [stderr]    Compiling syn v2.0.39
[INFO] [stderr]    Compiling crossbeam-queue v0.2.3
[INFO] [stderr]    Compiling base64 v0.9.3
[INFO] [stderr]    Compiling tokio-executor v0.1.10
[INFO] [stderr]    Compiling tokio-io v0.1.13
[INFO] [stderr]    Compiling tokio-sync v0.1.8
[INFO] [stderr]    Compiling conv v0.3.3
[INFO] [stderr]    Compiling tokio-timer v0.2.13
[INFO] [stderr]    Compiling tokio-current-thread v0.1.7
[INFO] [stderr]    Compiling cstr-argument v0.1.2
[INFO] [stderr]    Compiling dirs-sys v0.4.1
[INFO] [stderr]    Compiling foreign-types v0.3.2
[INFO] [stderr]    Compiling getrandom v0.2.11
[INFO] [stderr]    Compiling static_assertions v1.1.0
[INFO] [stderr]    Compiling untrusted v0.9.0
[INFO] [stderr]    Compiling spin v0.9.8
[INFO] [stderr]    Compiling crossbeam-deque v0.7.4
[INFO] [stderr]    Compiling quick-error v1.2.3
[INFO] [stderr]    Compiling bitflags v2.4.1
[INFO] [stderr]    Compiling service-binding v0.3.1
[INFO] [stderr]    Compiling bitflags v1.3.2
[INFO] [stderr]    Compiling ssh-keys v0.1.4
[INFO] [stderr]    Compiling dirs v5.0.1
[INFO] [stderr]    Compiling env_logger v0.10.1
[INFO] [stderr]    Compiling tokio-threadpool v0.1.18
[INFO] [stderr]    Compiling mio-uds v0.6.8
[INFO] [stderr]    Compiling tokio-reactor v0.1.12
[INFO] [stderr]    Compiling tokio-codec v0.1.2
[INFO] [stderr]    Compiling openssl-sys v0.9.95
[INFO] [stderr]    Compiling ring v0.17.5
[INFO] [stderr]    Compiling tokio-tcp v0.1.4
[INFO] [stderr]    Compiling tokio-uds v0.2.7
[INFO] [stderr]    Compiling tokio-udp v0.1.6
[INFO] [stderr]    Compiling tokio-fs v0.1.7
[INFO] [stderr]    Compiling tokio v0.1.22
[INFO] [stderr]    Compiling serde_spanned v0.6.4
[INFO] [stderr]    Compiling toml_datetime v0.6.5
[INFO] [stderr]    Compiling toml_edit v0.21.0
[INFO] [stderr]    Compiling serde_derive v1.0.192
[INFO] [stderr]    Compiling openssl-macros v0.1.1
[INFO] [stderr]    Compiling toml v0.8.8
[INFO] [stderr]    Compiling system-deps v6.2.0
[INFO] [stderr]    Compiling libgpg-error-sys v0.6.0
[INFO] [stderr]    Compiling gpgme-sys v0.11.0
[INFO] [stderr]    Compiling gpg-error v0.6.0
[INFO] [stderr]    Compiling gpgme v0.11.0
[INFO] [stderr]    Compiling ssh-agent-lib v0.2.5
[INFO] [stderr]    Compiling ssh-gpg-agent v0.1.5 (/opt/rustwide/workdir)
[INFO] [stdout] warning: lint `illegal_floating_point_literal_pattern` has been removed: no longer a warning, float patterns behave the same as `==`
[INFO] [stdout]   --> src/main.rs:26:3
[INFO] [stdout]    |
[INFO] [stdout] 26 |   illegal_floating_point_literal_pattern,
[INFO] [stdout]    |   ^^^^^^^^^^^^^^^^^^^^^^^^^^^^^^^^^^^^^^
[INFO] [stdout]    |
[INFO] [stdout]    = note: `#[warn(renamed_and_removed_lints)]` on by default
[INFO] [stdout] 
[INFO] [stdout] 
[INFO] [stdout] warning: lint `private_in_public` has been removed: replaced with another group of lints, see RFC <https://rust-lang.github.io/rfcs/2145-type-privacy.html> for more information
[INFO] [stdout]   --> src/main.rs:38:3
[INFO] [stdout]    |
[INFO] [stdout] 38 |   private_in_public,
[INFO] [stdout]    |   ^^^^^^^^^^^^^^^^^
[INFO] [stdout] 
[INFO] [stdout] 
[INFO] [stdout] warning: lint `where_clauses_object_safety` has been removed: converted into hard error, see PR #125380 <https://github.com/rust-lang/rust/pull/125380> for more information
[INFO] [stdout]   --> src/main.rs:59:3
[INFO] [stdout]    |
[INFO] [stdout] 59 |   where_clauses_object_safety,
[INFO] [stdout]    |   ^^^^^^^^^^^^^^^^^^^^^^^^^^^
[INFO] [stdout]    |
[INFO] [stdout] note: the lint level is defined here
[INFO] [stdout]   --> src/main.rs:40:3
[INFO] [stdout]    |
[INFO] [stdout] 40 |   renamed_and_removed_lints,
[INFO] [stdout]    |   ^^^^^^^^^^^^^^^^^^^^^^^^^
[INFO] [stdout] 
[INFO] [stdout] 
[INFO] [stderr]     Finished `dev` profile [unoptimized + debuginfo] target(s) in 35.73s
[INFO] running `Command { std: "docker" "inspect" "1bc3a4e96e958b9977e9bdd216e37cbf1c10a27b8eb7193aa8283d780a8d1af6", kill_on_drop: false }`
[INFO] running `Command { std: "docker" "rm" "-f" "1bc3a4e96e958b9977e9bdd216e37cbf1c10a27b8eb7193aa8283d780a8d1af6", kill_on_drop: false }`
[INFO] [stdout] 1bc3a4e96e958b9977e9bdd216e37cbf1c10a27b8eb7193aa8283d780a8d1af6
[INFO] running `Command { std: "docker" "create" "-v" "/var/lib/crater-agent-workspace/builds/worker-4-tc1/target:/opt/rustwide/target:rw,Z" "-v" "/var/lib/crater-agent-workspace/builds/worker-4-tc1/source:/opt/rustwide/workdir:ro,Z" "-v" "/var/lib/crater-agent-workspace/cargo-home:/opt/rustwide/cargo-home:ro,Z" "-v" "/var/lib/crater-agent-workspace/rustup-home:/opt/rustwide/rustup-home:ro,Z" "-e" "SOURCE_DIR=/opt/rustwide/workdir" "-e" "CARGO_TARGET_DIR=/opt/rustwide/target" "-e" "CARGO_INCREMENTAL=0" "-e" "RUST_BACKTRACE=full" "-e" "RUSTFLAGS=--cap-lints=warn" "-e" "RUSTDOCFLAGS=--cap-lints=warn" "-e" "CARGO_HOME=/opt/rustwide/cargo-home" "-e" "RUSTUP_HOME=/opt/rustwide/rustup-home" "-w" "/opt/rustwide/workdir" "-m" "1610612736" "--user" "0:0" "--network" "none" "ghcr.io/rust-lang/crates-build-env/linux@sha256:f3a9d4ad9d972b27faf3965f35b62e55ba32bbce8f20bc8fe909558a86702fde" "/opt/rustwide/cargo-home/bin/cargo" "+1.83.0" "test" "--frozen" "--no-run" "--message-format=json", kill_on_drop: false }`
[INFO] [stdout] b144ada1e872dbe964787f0e067d29bc2b204a817e90af69d748d5c6bf29221f
[INFO] running `Command { std: "docker" "start" "-a" "b144ada1e872dbe964787f0e067d29bc2b204a817e90af69d748d5c6bf29221f", kill_on_drop: false }`
[INFO] [stderr]    Compiling ssh-gpg-agent v0.1.5 (/opt/rustwide/workdir)
[INFO] [stdout] warning: lint `illegal_floating_point_literal_pattern` has been removed: no longer a warning, float patterns behave the same as `==`
[INFO] [stdout]   --> src/main.rs:26:3
[INFO] [stdout]    |
[INFO] [stdout] 26 |   illegal_floating_point_literal_pattern,
[INFO] [stdout]    |   ^^^^^^^^^^^^^^^^^^^^^^^^^^^^^^^^^^^^^^
[INFO] [stdout]    |
[INFO] [stdout]    = note: `#[warn(renamed_and_removed_lints)]` on by default
[INFO] [stdout] 
[INFO] [stdout] 
[INFO] [stdout] warning: lint `private_in_public` has been removed: replaced with another group of lints, see RFC <https://rust-lang.github.io/rfcs/2145-type-privacy.html> for more information
[INFO] [stdout]   --> src/main.rs:38:3
[INFO] [stdout]    |
[INFO] [stdout] 38 |   private_in_public,
[INFO] [stdout]    |   ^^^^^^^^^^^^^^^^^
[INFO] [stdout] 
[INFO] [stdout] 
[INFO] [stdout] warning: lint `where_clauses_object_safety` has been removed: converted into hard error, see PR #125380 <https://github.com/rust-lang/rust/pull/125380> for more information
[INFO] [stdout]   --> src/main.rs:59:3
[INFO] [stdout]    |
[INFO] [stdout] 59 |   where_clauses_object_safety,
[INFO] [stdout]    |   ^^^^^^^^^^^^^^^^^^^^^^^^^^^
[INFO] [stdout]    |
[INFO] [stdout] note: the lint level is defined here
[INFO] [stdout]   --> src/main.rs:40:3
[INFO] [stdout]    |
[INFO] [stdout] 40 |   renamed_and_removed_lints,
[INFO] [stdout]    |   ^^^^^^^^^^^^^^^^^^^^^^^^^
[INFO] [stdout] 
[INFO] [stdout] 
[INFO] [stderr]     Finished `test` profile [unoptimized + debuginfo] target(s) in 1.97s
[INFO] running `Command { std: "docker" "inspect" "b144ada1e872dbe964787f0e067d29bc2b204a817e90af69d748d5c6bf29221f", kill_on_drop: false }`
[INFO] running `Command { std: "docker" "rm" "-f" "b144ada1e872dbe964787f0e067d29bc2b204a817e90af69d748d5c6bf29221f", kill_on_drop: false }`
[INFO] [stdout] b144ada1e872dbe964787f0e067d29bc2b204a817e90af69d748d5c6bf29221f
[INFO] running `Command { std: "docker" "create" "-v" "/var/lib/crater-agent-workspace/builds/worker-4-tc1/target:/opt/rustwide/target:rw,Z" "-v" "/var/lib/crater-agent-workspace/builds/worker-4-tc1/source:/opt/rustwide/workdir:ro,Z" "-v" "/var/lib/crater-agent-workspace/cargo-home:/opt/rustwide/cargo-home:ro,Z" "-v" "/var/lib/crater-agent-workspace/rustup-home:/opt/rustwide/rustup-home:ro,Z" "-e" "SOURCE_DIR=/opt/rustwide/workdir" "-e" "CARGO_TARGET_DIR=/opt/rustwide/target" "-e" "CARGO_INCREMENTAL=0" "-e" "RUST_BACKTRACE=full" "-e" "RUSTFLAGS=--cap-lints=warn" "-e" "RUSTDOCFLAGS=--cap-lints=warn" "-e" "CARGO_HOME=/opt/rustwide/cargo-home" "-e" "RUSTUP_HOME=/opt/rustwide/rustup-home" "-w" "/opt/rustwide/workdir" "-m" "1610612736" "--user" "0:0" "--network" "none" "ghcr.io/rust-lang/crates-build-env/linux@sha256:f3a9d4ad9d972b27faf3965f35b62e55ba32bbce8f20bc8fe909558a86702fde" "/opt/rustwide/cargo-home/bin/cargo" "+1.83.0" "test" "--frozen", kill_on_drop: false }`
[INFO] [stdout] e98e876206f7485cf734f7c26de378aba4750586e8a186132a0ff15d33494c60
[INFO] running `Command { std: "docker" "start" "-a" "e98e876206f7485cf734f7c26de378aba4750586e8a186132a0ff15d33494c60", kill_on_drop: false }`
[INFO] [stderr] warning: lint `illegal_floating_point_literal_pattern` has been removed: no longer a warning, float patterns behave the same as `==`
[INFO] [stderr]   --> src/main.rs:26:3
[INFO] [stderr]    |
[INFO] [stderr] 26 |   illegal_floating_point_literal_pattern,
[INFO] [stderr]    |   ^^^^^^^^^^^^^^^^^^^^^^^^^^^^^^^^^^^^^^
[INFO] [stderr]    |
[INFO] [stderr]    = note: `#[warn(renamed_and_removed_lints)]` on by default
[INFO] [stderr] 
[INFO] [stderr] warning: lint `private_in_public` has been removed: replaced with another group of lints, see RFC <https://rust-lang.github.io/rfcs/2145-type-privacy.html> for more information
[INFO] [stderr]   --> src/main.rs:38:3
[INFO] [stderr]    |
[INFO] [stderr] 38 |   private_in_public,
[INFO] [stderr]    |   ^^^^^^^^^^^^^^^^^
[INFO] [stderr] 
[INFO] [stderr] warning: lint `where_clauses_object_safety` has been removed: converted into hard error, see PR #125380 <https://github.com/rust-lang/rust/pull/125380> for more information
[INFO] [stderr]   --> src/main.rs:59:3
[INFO] [stderr]    |
[INFO] [stderr] 59 |   where_clauses_object_safety,
[INFO] [stderr]    |   ^^^^^^^^^^^^^^^^^^^^^^^^^^^
[INFO] [stderr]    |
[INFO] [stderr] note: the lint level is defined here
[INFO] [stderr]   --> src/main.rs:40:3
[INFO] [stderr]    |
[INFO] [stderr] 40 |   renamed_and_removed_lints,
[INFO] [stderr]    |   ^^^^^^^^^^^^^^^^^^^^^^^^^
[INFO] [stderr] 
[INFO] [stderr] warning: `ssh-gpg-agent` (bin "ssh-gpg-agent" test) generated 3 warnings
[INFO] [stderr]     Finished `test` profile [unoptimized + debuginfo] target(s) in 0.13s
[INFO] [stderr]      Running unittests src/main.rs (/opt/rustwide/target/debug/deps/ssh_gpg_agent-19e1ae6b7dc22d42)
[INFO] [stdout] 
[INFO] [stdout] running 8 tests
[INFO] [stdout] test files::test::private_key_conversion_ed25519 ... ok
[INFO] [stdout] test files::test::public_key_conversion_rsa2048 ... ok
[INFO] [stdout] test files::test::dont_load_invalid_public_keys ... ok
[INFO] [stdout] test files::test::private_key_conversion_rsa2048 ... ok
[INFO] [stdout] test sign::test::sign_ed25519 ... ok
[INFO] [stdout] test files::test::public_key_conversion_ed25519 ... ok
[INFO] [stdout] test sign::test::sign_rsa ... ok
[INFO] [stdout] test files::test::load_public_keys ... FAILED
[INFO] [stdout] 
[INFO] [stdout] failures:
[INFO] [stdout] 
[INFO] [stdout] ---- files::test::load_public_keys stdout ----
[INFO] [stdout] thread 'files::test::load_public_keys' panicked at src/files.rs:175:5:
[INFO] [stdout] assertion `left == right` failed
[INFO] [stdout]   left: "tests/valid_keys/rsa2048.gpg"
[INFO] [stdout]  right: "tests/valid_keys/ed25519.gpg"
[INFO] [stdout] stack backtrace:
[INFO] [stdout]    0:     0x57d15268864a - std::backtrace_rs::backtrace::libunwind::trace::h5a5b8284f2d0c266
[INFO] [stdout]                                at /rustc/90b35a6239c3d8bdabc530a6a0816f7ff89a0aaf/library/std/src/../../backtrace/src/backtrace/libunwind.rs:116:5
[INFO] [stdout]    1:     0x57d15268864a - std::backtrace_rs::backtrace::trace_unsynchronized::h76d4f1c9b0b875e3
[INFO] [stdout]                                at /rustc/90b35a6239c3d8bdabc530a6a0816f7ff89a0aaf/library/std/src/../../backtrace/src/backtrace/mod.rs:66:5
[INFO] [stdout]    2:     0x57d15268864a - std::sys::backtrace::_print_fmt::hc4546b8364a537c6
[INFO] [stdout]                                at /rustc/90b35a6239c3d8bdabc530a6a0816f7ff89a0aaf/library/std/src/sys/backtrace.rs:66:9
[INFO] [stdout]    3:     0x57d15268864a - <std::sys::backtrace::BacktraceLock::print::DisplayBacktrace as core::fmt::Display>::fmt::h5b6bd5631a6d1f6b
[INFO] [stdout]                                at /rustc/90b35a6239c3d8bdabc530a6a0816f7ff89a0aaf/library/std/src/sys/backtrace.rs:39:26
[INFO] [stdout]    4:     0x57d1526adf53 - core::fmt::rt::Argument::fmt::h270f6602a2b96f62
[INFO] [stdout]                                at /rustc/90b35a6239c3d8bdabc530a6a0816f7ff89a0aaf/library/core/src/fmt/rt.rs:177:76
[INFO] [stdout]    5:     0x57d1526adf53 - core::fmt::write::h7550c97b06c86515
[INFO] [stdout]                                at /rustc/90b35a6239c3d8bdabc530a6a0816f7ff89a0aaf/library/core/src/fmt/mod.rs:1186:21
[INFO] [stdout]    6:     0x57d152685593 - std::io::Write::write_fmt::h509ff860e5956e5e
[INFO] [stdout]                                at /rustc/90b35a6239c3d8bdabc530a6a0816f7ff89a0aaf/library/std/src/io/mod.rs:1839:15
[INFO] [stdout]    7:     0x57d152688492 - std::sys::backtrace::BacktraceLock::print::h2395ccd2c84ba3aa
[INFO] [stdout]                                at /rustc/90b35a6239c3d8bdabc530a6a0816f7ff89a0aaf/library/std/src/sys/backtrace.rs:42:9
[INFO] [stdout]    8:     0x57d152689aaa - std::panicking::default_hook::{{closure}}::he19d4c7230e07961
[INFO] [stdout]                                at /rustc/90b35a6239c3d8bdabc530a6a0816f7ff89a0aaf/library/std/src/panicking.rs:268:22
[INFO] [stdout]    9:     0x57d1526898b4 - std::panicking::default_hook::hf614597d3c67bbdb
[INFO] [stdout]                                at /rustc/90b35a6239c3d8bdabc530a6a0816f7ff89a0aaf/library/std/src/panicking.rs:292:9
[INFO] [stdout]   10:     0x57d1525f5af9 - <alloc::boxed::Box<F,A> as core::ops::function::Fn<Args>>::call::h39b51ce4599c23d1
[INFO] [stdout]                                at /rustc/90b35a6239c3d8bdabc530a6a0816f7ff89a0aaf/library/alloc/src/boxed.rs:2468:9
[INFO] [stdout]   11:     0x57d1525f5af9 - test::test_main::{{closure}}::he977ae839a582784
[INFO] [stdout]                                at /rustc/90b35a6239c3d8bdabc530a6a0816f7ff89a0aaf/library/test/src/lib.rs:133:21
[INFO] [stdout]   12:     0x57d15268a148 - <alloc::boxed::Box<F,A> as core::ops::function::Fn<Args>>::call::h9455091b6b06f9fb
[INFO] [stdout]                                at /rustc/90b35a6239c3d8bdabc530a6a0816f7ff89a0aaf/library/alloc/src/boxed.rs:2468:9
[INFO] [stdout]   13:     0x57d15268a148 - std::panicking::rust_panic_with_hook::h8942133a8b252070
[INFO] [stdout]                                at /rustc/90b35a6239c3d8bdabc530a6a0816f7ff89a0aaf/library/std/src/panicking.rs:809:13
[INFO] [stdout]   14:     0x57d152689f0a - std::panicking::begin_panic_handler::{{closure}}::hb5f5963570096b29
[INFO] [stdout]                                at /rustc/90b35a6239c3d8bdabc530a6a0816f7ff89a0aaf/library/std/src/panicking.rs:674:13
[INFO] [stdout]   15:     0x57d152688b29 - std::sys::backtrace::__rust_end_short_backtrace::h6208cedc1922feda
[INFO] [stdout]                                at /rustc/90b35a6239c3d8bdabc530a6a0816f7ff89a0aaf/library/std/src/sys/backtrace.rs:170:18
[INFO] [stdout]   16:     0x57d152689b9c - rust_begin_unwind
[INFO] [stdout]                                at /rustc/90b35a6239c3d8bdabc530a6a0816f7ff89a0aaf/library/std/src/panicking.rs:665:5
[INFO] [stdout]   17:     0x57d1525aabc0 - core::panicking::panic_fmt::h0c3082644d1bf418
[INFO] [stdout]                                at /rustc/90b35a6239c3d8bdabc530a6a0816f7ff89a0aaf/library/core/src/panicking.rs:74:14
[INFO] [stdout]   18:     0x57d1525aaf8b - core::panicking::assert_failed_inner::h2ddf1fcc067fa858
[INFO] [stdout]   19:     0x57d1525ad940 - core::panicking::assert_failed::hab05eb1bfb1a5069
[INFO] [stdout]                                at /rustc/90b35a6239c3d8bdabc530a6a0816f7ff89a0aaf/library/core/src/panicking.rs:367:5
[INFO] [stdout]   20:     0x57d1525b29c1 - ssh_gpg_agent::files::test::load_public_keys::h6b601fab166850e4
[INFO] [stdout]                                at /opt/rustwide/workdir/src/files.rs:175:5
[INFO] [stdout]   21:     0x57d1525b25b7 - ssh_gpg_agent::files::test::load_public_keys::{{closure}}::h3afcec75b8ab1426
[INFO] [stdout]                                at /opt/rustwide/workdir/src/files.rs:172:28
[INFO] [stdout]   22:     0x57d1525abc56 - core::ops::function::FnOnce::call_once::h516f79e16f29530c
[INFO] [stdout]                                at /rustc/90b35a6239c3d8bdabc530a6a0816f7ff89a0aaf/library/core/src/ops/function.rs:250:5
[INFO] [stdout]   23:     0x57d1525fa4bb - core::ops::function::FnOnce::call_once::h109cf8051a59b34e
[INFO] [stdout]                                at /rustc/90b35a6239c3d8bdabc530a6a0816f7ff89a0aaf/library/core/src/ops/function.rs:250:5
[INFO] [stdout]   24:     0x57d1525fa4bb - test::__rust_begin_short_backtrace::hf4fff89d377446ba
[INFO] [stdout]                                at /rustc/90b35a6239c3d8bdabc530a6a0816f7ff89a0aaf/library/test/src/lib.rs:621:18
[INFO] [stdout]   25:     0x57d1525f9cf7 - test::run_test_in_process::{{closure}}::h0e39181dd7ee5a43
[INFO] [stdout]                                at /rustc/90b35a6239c3d8bdabc530a6a0816f7ff89a0aaf/library/test/src/lib.rs:644:60
[INFO] [stdout]   26:     0x57d1525f9cf7 - <core::panic::unwind_safe::AssertUnwindSafe<F> as core::ops::function::FnOnce<()>>::call_once::hc5a66a30f0bdfd1f
[INFO] [stdout]                                at /rustc/90b35a6239c3d8bdabc530a6a0816f7ff89a0aaf/library/core/src/panic/unwind_safe.rs:272:9
[INFO] [stdout]   27:     0x57d1525f9cf7 - std::panicking::try::do_call::h873b7cf639554a5e
[INFO] [stdout]                                at /rustc/90b35a6239c3d8bdabc530a6a0816f7ff89a0aaf/library/std/src/panicking.rs:557:40
[INFO] [stdout]   28:     0x57d1525f9cf7 - std::panicking::try::hdb19862fad9c8bd1
[INFO] [stdout]                                at /rustc/90b35a6239c3d8bdabc530a6a0816f7ff89a0aaf/library/std/src/panicking.rs:520:19
[INFO] [stdout]   29:     0x57d1525f9cf7 - std::panic::catch_unwind::h281fe732d236d260
[INFO] [stdout]                                at /rustc/90b35a6239c3d8bdabc530a6a0816f7ff89a0aaf/library/std/src/panic.rs:358:14
[INFO] [stdout]   30:     0x57d1525f9cf7 - test::run_test_in_process::h949b6df8457ed338
[INFO] [stdout]                                at /rustc/90b35a6239c3d8bdabc530a6a0816f7ff89a0aaf/library/test/src/lib.rs:644:27
[INFO] [stdout]   31:     0x57d1525f9cf7 - test::run_test::{{closure}}::h52c556a6d4740e10
[INFO] [stdout]                                at /rustc/90b35a6239c3d8bdabc530a6a0816f7ff89a0aaf/library/test/src/lib.rs:565:43
[INFO] [stdout]   32:     0x57d1525befd4 - test::run_test::{{closure}}::h4237f6381c45ccb9
[INFO] [stdout]                                at /rustc/90b35a6239c3d8bdabc530a6a0816f7ff89a0aaf/library/test/src/lib.rs:595:41
[INFO] [stdout]   33:     0x57d1525befd4 - std::sys::backtrace::__rust_begin_short_backtrace::h505c97a579eca628
[INFO] [stdout]                                at /rustc/90b35a6239c3d8bdabc530a6a0816f7ff89a0aaf/library/std/src/sys/backtrace.rs:154:18
[INFO] [stdout]   34:     0x57d1525c269e - std::thread::Builder::spawn_unchecked_::{{closure}}::{{closure}}::h9e86b2e2bc107ea3
[INFO] [stdout]                                at /rustc/90b35a6239c3d8bdabc530a6a0816f7ff89a0aaf/library/std/src/thread/mod.rs:538:17
[INFO] [stdout]   35:     0x57d1525c269e - <core::panic::unwind_safe::AssertUnwindSafe<F> as core::ops::function::FnOnce<()>>::call_once::h8b06ddb275ff4a25
[INFO] [stdout]                                at /rustc/90b35a6239c3d8bdabc530a6a0816f7ff89a0aaf/library/core/src/panic/unwind_safe.rs:272:9
[INFO] [stdout]   36:     0x57d1525c269e - std::panicking::try::do_call::hb26ecd7cd9a9355d
[INFO] [stdout]                                at /rustc/90b35a6239c3d8bdabc530a6a0816f7ff89a0aaf/library/std/src/panicking.rs:557:40
[INFO] [stdout]   37:     0x57d1525c269e - std::panicking::try::h8ddeca9d705f9069
[INFO] [stdout]                                at /rustc/90b35a6239c3d8bdabc530a6a0816f7ff89a0aaf/library/std/src/panicking.rs:520:19
[INFO] [stdout]   38:     0x57d1525c269e - std::panic::catch_unwind::h49e1c33078844c46
[INFO] [stdout]                                at /rustc/90b35a6239c3d8bdabc530a6a0816f7ff89a0aaf/library/std/src/panic.rs:358:14
[INFO] [stdout]   39:     0x57d1525c269e - std::thread::Builder::spawn_unchecked_::{{closure}}::h6073db6ff56ad35d
[INFO] [stdout]                                at /rustc/90b35a6239c3d8bdabc530a6a0816f7ff89a0aaf/library/std/src/thread/mod.rs:537:30
[INFO] [stdout]   40:     0x57d1525c269e - core::ops::function::FnOnce::call_once{{vtable.shim}}::h2c5a5f3779c774f1
[INFO] [stdout]                                at /rustc/90b35a6239c3d8bdabc530a6a0816f7ff89a0aaf/library/core/src/ops/function.rs:250:5
[INFO] [stdout]   41:     0x57d15268e2eb - <alloc::boxed::Box<F,A> as core::ops::function::FnOnce<Args>>::call_once::hf75717d9f28faebf
[INFO] [stdout]                                at /rustc/90b35a6239c3d8bdabc530a6a0816f7ff89a0aaf/library/alloc/src/boxed.rs:2454:9
[INFO] [stdout]   42:     0x57d15268e2eb - <alloc::boxed::Box<F,A> as core::ops::function::FnOnce<Args>>::call_once::h7bd883a5f3c5f3c1
[INFO] [stdout]                                at /rustc/90b35a6239c3d8bdabc530a6a0816f7ff89a0aaf/library/alloc/src/boxed.rs:2454:9
[INFO] [stdout]   43:     0x57d15268e2eb - std::sys::pal::unix::thread::Thread::new::thread_start::hcc78f3943333fa94
[INFO] [stdout]                                at /rustc/90b35a6239c3d8bdabc530a6a0816f7ff89a0aaf/library/std/src/sys/pal/unix/thread.rs:105:17
[INFO] [stdout]   44:     0x74535be1eac3 - <unknown>
[INFO] [stdout]   45:     0x74535beafa04 - clone
[INFO] [stdout]   46:                0x0 - <unknown>
[INFO] [stdout] 
[INFO] [stdout] 
[INFO] [stdout] failures:
[INFO] [stdout]     files::test::load_public_keys
[INFO] [stdout] 
[INFO] [stdout] test result: FAILED. 7 passed; 1 failed; 0 ignored; 0 measured; 0 filtered out; finished in 0.04s
[INFO] [stdout] 
[INFO] [stderr] error: test failed, to rerun pass `--bin ssh-gpg-agent`
[INFO] running `Command { std: "docker" "inspect" "e98e876206f7485cf734f7c26de378aba4750586e8a186132a0ff15d33494c60", kill_on_drop: false }`
[INFO] running `Command { std: "docker" "rm" "-f" "e98e876206f7485cf734f7c26de378aba4750586e8a186132a0ff15d33494c60", kill_on_drop: false }`
[INFO] [stdout] e98e876206f7485cf734f7c26de378aba4750586e8a186132a0ff15d33494c60
