[INFO] fetching crate ssd1351 0.5.0...
[INFO] testing ssd1351-0.5.0 against 1.83.0 for beta-1.84.0-4-retry
[INFO] extracting crate ssd1351 0.5.0 into /workspace/builds/worker-5-tc1/source
[INFO] validating manifest of crates.io crate ssd1351 0.5.0 on toolchain 1.83.0
[INFO] running `Command { std: CARGO_HOME="/workspace/cargo-home" RUSTUP_HOME="/workspace/rustup-home" "/workspace/cargo-home/bin/cargo" "+1.83.0" "metadata" "--manifest-path" "Cargo.toml" "--no-deps", kill_on_drop: false }`
[INFO] started tweaking crates.io crate ssd1351 0.5.0
[INFO] finished tweaking crates.io crate ssd1351 0.5.0
[INFO] tweaked toml for crates.io crate ssd1351 0.5.0 written to /workspace/builds/worker-5-tc1/source/Cargo.toml
[INFO] running `Command { std: CARGO_HOME="/workspace/cargo-home" RUSTUP_HOME="/workspace/rustup-home" "/workspace/cargo-home/bin/cargo" "+1.83.0" "generate-lockfile" "--manifest-path" "Cargo.toml", kill_on_drop: false }`
[INFO] [stderr]     Updating crates.io index
[INFO] [stderr]      Locking 8 packages to latest compatible versions
[INFO] running `Command { std: CARGO_HOME="/workspace/cargo-home" RUSTUP_HOME="/workspace/rustup-home" "/workspace/cargo-home/bin/cargo" "+1.83.0" "fetch" "--manifest-path" "Cargo.toml", kill_on_drop: false }`
[INFO] [stderr]     Blocking waiting for file lock on package cache
[INFO] running `Command { std: "docker" "create" "-v" "/var/lib/crater-agent-workspace/builds/worker-5-tc1/target:/opt/rustwide/target:rw,Z" "-v" "/var/lib/crater-agent-workspace/builds/worker-5-tc1/source:/opt/rustwide/workdir:ro,Z" "-v" "/var/lib/crater-agent-workspace/cargo-home:/opt/rustwide/cargo-home:ro,Z" "-v" "/var/lib/crater-agent-workspace/rustup-home:/opt/rustwide/rustup-home:ro,Z" "-e" "SOURCE_DIR=/opt/rustwide/workdir" "-e" "CARGO_TARGET_DIR=/opt/rustwide/target" "-e" "CARGO_HOME=/opt/rustwide/cargo-home" "-e" "RUSTUP_HOME=/opt/rustwide/rustup-home" "-w" "/opt/rustwide/workdir" "-m" "1610612736" "--user" "0:0" "--network" "none" "ghcr.io/rust-lang/crates-build-env/linux@sha256:f3a9d4ad9d972b27faf3965f35b62e55ba32bbce8f20bc8fe909558a86702fde" "/opt/rustwide/cargo-home/bin/cargo" "+1.83.0" "metadata" "--no-deps" "--format-version=1", kill_on_drop: false }`
[INFO] [stdout] aa292ac39d717d7d9a638d670442387fd361ebce73e7288c5eea4021ad131f97
[INFO] running `Command { std: "docker" "start" "-a" "aa292ac39d717d7d9a638d670442387fd361ebce73e7288c5eea4021ad131f97", kill_on_drop: false }`
[INFO] running `Command { std: "docker" "inspect" "aa292ac39d717d7d9a638d670442387fd361ebce73e7288c5eea4021ad131f97", kill_on_drop: false }`
[INFO] running `Command { std: "docker" "rm" "-f" "aa292ac39d717d7d9a638d670442387fd361ebce73e7288c5eea4021ad131f97", kill_on_drop: false }`
[INFO] [stdout] aa292ac39d717d7d9a638d670442387fd361ebce73e7288c5eea4021ad131f97
[INFO] running `Command { std: "docker" "create" "-v" "/var/lib/crater-agent-workspace/builds/worker-5-tc1/target:/opt/rustwide/target:rw,Z" "-v" "/var/lib/crater-agent-workspace/builds/worker-5-tc1/source:/opt/rustwide/workdir:ro,Z" "-v" "/var/lib/crater-agent-workspace/cargo-home:/opt/rustwide/cargo-home:ro,Z" "-v" "/var/lib/crater-agent-workspace/rustup-home:/opt/rustwide/rustup-home:ro,Z" "-e" "SOURCE_DIR=/opt/rustwide/workdir" "-e" "CARGO_TARGET_DIR=/opt/rustwide/target" "-e" "CARGO_INCREMENTAL=0" "-e" "RUST_BACKTRACE=full" "-e" "RUSTFLAGS=--cap-lints=warn" "-e" "RUSTDOCFLAGS=--cap-lints=warn" "-e" "CARGO_HOME=/opt/rustwide/cargo-home" "-e" "RUSTUP_HOME=/opt/rustwide/rustup-home" "-w" "/opt/rustwide/workdir" "-m" "1610612736" "--user" "0:0" "--network" "none" "ghcr.io/rust-lang/crates-build-env/linux@sha256:f3a9d4ad9d972b27faf3965f35b62e55ba32bbce8f20bc8fe909558a86702fde" "/opt/rustwide/cargo-home/bin/cargo" "+1.83.0" "build" "--frozen" "--message-format=json", kill_on_drop: false }`
[INFO] [stdout] 29813554d675286dd2b9e3bd69387dbf61161c68e73b1a72593cf0efe6b319f2
[INFO] running `Command { std: "docker" "start" "-a" "29813554d675286dd2b9e3bd69387dbf61161c68e73b1a72593cf0efe6b319f2", kill_on_drop: false }`
[INFO] [stderr]    Compiling az v1.2.1
[INFO] [stderr]    Compiling embedded-hal-async v1.0.0
[INFO] [stderr]    Compiling embedded-hal v1.0.0
[INFO] [stderr]    Compiling byte-slice-cast v1.2.2
[INFO] [stderr]    Compiling display-interface v0.5.0
[INFO] [stderr]    Compiling byteorder v1.5.0
[INFO] [stderr]    Compiling display-interface-spi v0.5.0
[INFO] [stderr]    Compiling embedded-graphics-core v0.4.0
[INFO] [stderr]    Compiling ssd1351 v0.5.0 (/opt/rustwide/workdir)
[INFO] [stderr]     Finished `dev` profile [unoptimized + debuginfo] target(s) in 1.89s
[INFO] running `Command { std: "docker" "inspect" "29813554d675286dd2b9e3bd69387dbf61161c68e73b1a72593cf0efe6b319f2", kill_on_drop: false }`
[INFO] running `Command { std: "docker" "rm" "-f" "29813554d675286dd2b9e3bd69387dbf61161c68e73b1a72593cf0efe6b319f2", kill_on_drop: false }`
[INFO] [stdout] 29813554d675286dd2b9e3bd69387dbf61161c68e73b1a72593cf0efe6b319f2
[INFO] running `Command { std: "docker" "create" "-v" "/var/lib/crater-agent-workspace/builds/worker-5-tc1/target:/opt/rustwide/target:rw,Z" "-v" "/var/lib/crater-agent-workspace/builds/worker-5-tc1/source:/opt/rustwide/workdir:ro,Z" "-v" "/var/lib/crater-agent-workspace/cargo-home:/opt/rustwide/cargo-home:ro,Z" "-v" "/var/lib/crater-agent-workspace/rustup-home:/opt/rustwide/rustup-home:ro,Z" "-e" "SOURCE_DIR=/opt/rustwide/workdir" "-e" "CARGO_TARGET_DIR=/opt/rustwide/target" "-e" "CARGO_INCREMENTAL=0" "-e" "RUST_BACKTRACE=full" "-e" "RUSTFLAGS=--cap-lints=warn" "-e" "RUSTDOCFLAGS=--cap-lints=warn" "-e" "CARGO_HOME=/opt/rustwide/cargo-home" "-e" "RUSTUP_HOME=/opt/rustwide/rustup-home" "-w" "/opt/rustwide/workdir" "-m" "1610612736" "--user" "0:0" "--network" "none" "ghcr.io/rust-lang/crates-build-env/linux@sha256:f3a9d4ad9d972b27faf3965f35b62e55ba32bbce8f20bc8fe909558a86702fde" "/opt/rustwide/cargo-home/bin/cargo" "+1.83.0" "test" "--frozen" "--no-run" "--message-format=json", kill_on_drop: false }`
[INFO] [stdout] 0ce9a4560f97642bbb90b12150be846255c72e33e104e738cccee203e5ff4b1b
[INFO] running `Command { std: "docker" "start" "-a" "0ce9a4560f97642bbb90b12150be846255c72e33e104e738cccee203e5ff4b1b", kill_on_drop: false }`
[INFO] [stderr]    Compiling ssd1351 v0.5.0 (/opt/rustwide/workdir)
[INFO] [stderr]     Finished `test` profile [unoptimized + debuginfo] target(s) in 0.38s
[INFO] running `Command { std: "docker" "inspect" "0ce9a4560f97642bbb90b12150be846255c72e33e104e738cccee203e5ff4b1b", kill_on_drop: false }`
[INFO] running `Command { std: "docker" "rm" "-f" "0ce9a4560f97642bbb90b12150be846255c72e33e104e738cccee203e5ff4b1b", kill_on_drop: false }`
[INFO] [stdout] 0ce9a4560f97642bbb90b12150be846255c72e33e104e738cccee203e5ff4b1b
[INFO] running `Command { std: "docker" "create" "-v" "/var/lib/crater-agent-workspace/builds/worker-5-tc1/target:/opt/rustwide/target:rw,Z" "-v" "/var/lib/crater-agent-workspace/builds/worker-5-tc1/source:/opt/rustwide/workdir:ro,Z" "-v" "/var/lib/crater-agent-workspace/cargo-home:/opt/rustwide/cargo-home:ro,Z" "-v" "/var/lib/crater-agent-workspace/rustup-home:/opt/rustwide/rustup-home:ro,Z" "-e" "SOURCE_DIR=/opt/rustwide/workdir" "-e" "CARGO_TARGET_DIR=/opt/rustwide/target" "-e" "CARGO_INCREMENTAL=0" "-e" "RUST_BACKTRACE=full" "-e" "RUSTFLAGS=--cap-lints=warn" "-e" "RUSTDOCFLAGS=--cap-lints=warn" "-e" "CARGO_HOME=/opt/rustwide/cargo-home" "-e" "RUSTUP_HOME=/opt/rustwide/rustup-home" "-w" "/opt/rustwide/workdir" "-m" "1610612736" "--user" "0:0" "--network" "none" "ghcr.io/rust-lang/crates-build-env/linux@sha256:f3a9d4ad9d972b27faf3965f35b62e55ba32bbce8f20bc8fe909558a86702fde" "/opt/rustwide/cargo-home/bin/cargo" "+1.83.0" "test" "--frozen", kill_on_drop: false }`
[INFO] [stdout] 69a2ad7589523a5110c6f1fd48fb890daea487af58a9879116b3814fea738a6b
[INFO] running `Command { std: "docker" "start" "-a" "69a2ad7589523a5110c6f1fd48fb890daea487af58a9879116b3814fea738a6b", kill_on_drop: false }`
[INFO] [stderr]     Finished `test` profile [unoptimized + debuginfo] target(s) in 0.02s
[INFO] [stderr]      Running unittests src/lib.rs (/opt/rustwide/target/debug/deps/ssd1351-cba8465a2162cbb6)
[INFO] [stdout] 
[INFO] [stdout] running 0 tests
[INFO] [stdout] 
[INFO] [stdout] test result: ok. 0 passed; 0 failed; 0 ignored; 0 measured; 0 filtered out; finished in 0.00s
[INFO] [stdout] 
[INFO] [stderr]    Doc-tests ssd1351
[INFO] [stdout] 
[INFO] [stdout] running 1 test
[INFO] [stdout] test src/display.rs - display::Display<DI>::get_dimensions (line 110) ... FAILED
[INFO] [stdout] 
[INFO] [stdout] failures:
[INFO] [stdout] 
[INFO] [stdout] ---- src/display.rs - display::Display<DI>::get_dimensions (line 110) stdout ----
[INFO] [stdout] error[E0405]: cannot find trait `DisplayInterface` in this scope
[INFO] [stdout]  --> src/display.rs:113:6
[INFO] [stdout]   |
[INFO] [stdout] 5 | impl DisplayInterface for FakeInterface {
[INFO] [stdout]   |      ^^^^^^^^^^^^^^^^ not found in this scope
[INFO] [stdout] 
[INFO] [stdout] error[E0433]: failed to resolve: use of undeclared type `Display`
[INFO] [stdout]   --> src/display.rs:120:12
[INFO] [stdout]    |
[INFO] [stdout] 12 | let disp = Display::new(
[INFO] [stdout]    |            ^^^^^^^ use of undeclared type `Display`
[INFO] [stdout]    |
[INFO] [stdout] help: consider importing one of these items
[INFO] [stdout]    |
[INFO] [stdout] 2  + use std::ffi::os_str::Display;
[INFO] [stdout]    |
[INFO] [stdout] 2  + use std::fmt::Display;
[INFO] [stdout]    |
[INFO] [stdout] 2  + use std::path::Display;
[INFO] [stdout]    |
[INFO] [stdout] 2  + use core::fmt::Display;
[INFO] [stdout]    |
[INFO] [stdout]      and 1 other candidate
[INFO] [stdout] 
[INFO] [stdout] error[E0433]: failed to resolve: use of undeclared type `DisplaySize`
[INFO] [stdout]   --> src/display.rs:122:5
[INFO] [stdout]    |
[INFO] [stdout] 14 |     DisplaySize::Display128x128,
[INFO] [stdout]    |     ^^^^^^^^^^^ use of undeclared type `DisplaySize`
[INFO] [stdout]    |
[INFO] [stdout] help: consider importing this enum
[INFO] [stdout]    |
[INFO] [stdout] 2  + use ssd1351::properties::DisplaySize;
[INFO] [stdout]    |
[INFO] [stdout] 
[INFO] [stdout] error[E0433]: failed to resolve: use of undeclared type `DisplayRotation`
[INFO] [stdout]   --> src/display.rs:123:5
[INFO] [stdout]    |
[INFO] [stdout] 15 |     DisplayRotation::Rotate0
[INFO] [stdout]    |     ^^^^^^^^^^^^^^^ use of undeclared type `DisplayRotation`
[INFO] [stdout]    |
[INFO] [stdout] help: consider importing this enum
[INFO] [stdout]    |
[INFO] [stdout] 2  + use ssd1351::properties::DisplayRotation;
[INFO] [stdout]    |
[INFO] [stdout] 
[INFO] [stdout] error[E0433]: failed to resolve: use of undeclared type `Display`
[INFO] [stdout]   --> src/display.rs:128:20
[INFO] [stdout]    |
[INFO] [stdout] 20 | let rotated_disp = Display::new(
[INFO] [stdout]    |                    ^^^^^^^ use of undeclared type `Display`
[INFO] [stdout]    |
[INFO] [stdout] help: consider importing one of these items
[INFO] [stdout]    |
[INFO] [stdout] 2  + use std::ffi::os_str::Display;
[INFO] [stdout]    |
[INFO] [stdout] 2  + use std::fmt::Display;
[INFO] [stdout]    |
[INFO] [stdout] 2  + use std::path::Display;
[INFO] [stdout]    |
[INFO] [stdout] 2  + use core::fmt::Display;
[INFO] [stdout]    |
[INFO] [stdout]      and 1 other candidate
[INFO] [stdout] 
[INFO] [stdout] error[E0433]: failed to resolve: use of undeclared type `DisplaySize`
[INFO] [stdout]   --> src/display.rs:130:5
[INFO] [stdout]    |
[INFO] [stdout] 22 |     DisplaySize::Display128x128,
[INFO] [stdout]    |     ^^^^^^^^^^^ use of undeclared type `DisplaySize`
[INFO] [stdout]    |
[INFO] [stdout] help: consider importing this enum
[INFO] [stdout]    |
[INFO] [stdout] 2  + use ssd1351::properties::DisplaySize;
[INFO] [stdout]    |
[INFO] [stdout] 
[INFO] [stdout] error[E0433]: failed to resolve: use of undeclared type `DisplayRotation`
[INFO] [stdout]   --> src/display.rs:131:5
[INFO] [stdout]    |
[INFO] [stdout] 23 |     DisplayRotation::Rotate90
[INFO] [stdout]    |     ^^^^^^^^^^^^^^^ use of undeclared type `DisplayRotation`
[INFO] [stdout]    |
[INFO] [stdout] help: consider importing this enum
[INFO] [stdout]    |
[INFO] [stdout] 2  + use ssd1351::properties::DisplayRotation;
[INFO] [stdout]    |
[INFO] [stdout] 
[INFO] [stdout] error: aborting due to 7 previous errors
[INFO] [stdout] 
[INFO] [stdout] Some errors have detailed explanations: E0405, E0433.
[INFO] [stdout] For more information about an error, try `rustc --explain E0405`.
[INFO] [stdout] Couldn't compile the test.
[INFO] [stdout] 
[INFO] [stdout] failures:
[INFO] [stdout]     src/display.rs - display::Display<DI>::get_dimensions (line 110)
[INFO] [stdout] 
[INFO] [stdout] test result: FAILED. 0 passed; 1 failed; 0 ignored; 0 measured; 0 filtered out; finished in 0.10s
[INFO] [stdout] 
[INFO] [stderr] error: doctest failed, to rerun pass `--doc`
[INFO] running `Command { std: "docker" "inspect" "69a2ad7589523a5110c6f1fd48fb890daea487af58a9879116b3814fea738a6b", kill_on_drop: false }`
[INFO] running `Command { std: "docker" "rm" "-f" "69a2ad7589523a5110c6f1fd48fb890daea487af58a9879116b3814fea738a6b", kill_on_drop: false }`
[INFO] [stdout] 69a2ad7589523a5110c6f1fd48fb890daea487af58a9879116b3814fea738a6b
