[INFO] fetching crate srake 0.1.1...
[INFO] testing srake-0.1.1 against beta-2024-12-08 for beta-1.84.0-4-retry
[INFO] extracting crate srake 0.1.1 into /workspace/builds/worker-2-tc2/source
[INFO] validating manifest of crates.io crate srake 0.1.1 on toolchain beta-2024-12-08
[INFO] running `Command { std: CARGO_HOME="/workspace/cargo-home" RUSTUP_HOME="/workspace/rustup-home" "/workspace/cargo-home/bin/cargo" "+beta-2024-12-08" "metadata" "--manifest-path" "Cargo.toml" "--no-deps", kill_on_drop: false }`
[INFO] started tweaking crates.io crate srake 0.1.1
[INFO] finished tweaking crates.io crate srake 0.1.1
[INFO] tweaked toml for crates.io crate srake 0.1.1 written to /workspace/builds/worker-2-tc2/source/Cargo.toml
[INFO] running `Command { std: CARGO_HOME="/workspace/cargo-home" RUSTUP_HOME="/workspace/rustup-home" "/workspace/cargo-home/bin/cargo" "+beta-2024-12-08" "generate-lockfile" "--manifest-path" "Cargo.toml", kill_on_drop: false }`
[INFO] [stderr]     Updating crates.io index
[INFO] [stderr]     Blocking waiting for file lock on package cache
[INFO] [stderr]      Locking 11 packages to latest compatible versions
[INFO] running `Command { std: CARGO_HOME="/workspace/cargo-home" RUSTUP_HOME="/workspace/rustup-home" "/workspace/cargo-home/bin/cargo" "+beta-2024-12-08" "fetch" "--manifest-path" "Cargo.toml", kill_on_drop: false }`
[INFO] [stderr]     Blocking waiting for file lock on package cache
[INFO] running `Command { std: "docker" "create" "-v" "/var/lib/crater-agent-workspace/builds/worker-2-tc2/target:/opt/rustwide/target:rw,Z" "-v" "/var/lib/crater-agent-workspace/builds/worker-2-tc2/source:/opt/rustwide/workdir:ro,Z" "-v" "/var/lib/crater-agent-workspace/cargo-home:/opt/rustwide/cargo-home:ro,Z" "-v" "/var/lib/crater-agent-workspace/rustup-home:/opt/rustwide/rustup-home:ro,Z" "-e" "SOURCE_DIR=/opt/rustwide/workdir" "-e" "CARGO_TARGET_DIR=/opt/rustwide/target" "-e" "CARGO_HOME=/opt/rustwide/cargo-home" "-e" "RUSTUP_HOME=/opt/rustwide/rustup-home" "-w" "/opt/rustwide/workdir" "-m" "1610612736" "--user" "0:0" "--network" "none" "ghcr.io/rust-lang/crates-build-env/linux@sha256:f3a9d4ad9d972b27faf3965f35b62e55ba32bbce8f20bc8fe909558a86702fde" "/opt/rustwide/cargo-home/bin/cargo" "+beta-2024-12-08" "metadata" "--no-deps" "--format-version=1", kill_on_drop: false }`
[INFO] [stdout] 777cf3745e559a56a49f9fb5eab6408a47732aeff6e461dc42900c0d5a2ee06c
[INFO] running `Command { std: "docker" "start" "-a" "777cf3745e559a56a49f9fb5eab6408a47732aeff6e461dc42900c0d5a2ee06c", kill_on_drop: false }`
[INFO] running `Command { std: "docker" "inspect" "777cf3745e559a56a49f9fb5eab6408a47732aeff6e461dc42900c0d5a2ee06c", kill_on_drop: false }`
[INFO] running `Command { std: "docker" "rm" "-f" "777cf3745e559a56a49f9fb5eab6408a47732aeff6e461dc42900c0d5a2ee06c", kill_on_drop: false }`
[INFO] [stdout] 777cf3745e559a56a49f9fb5eab6408a47732aeff6e461dc42900c0d5a2ee06c
[INFO] running `Command { std: "docker" "create" "-v" "/var/lib/crater-agent-workspace/builds/worker-2-tc2/target:/opt/rustwide/target:rw,Z" "-v" "/var/lib/crater-agent-workspace/builds/worker-2-tc2/source:/opt/rustwide/workdir:ro,Z" "-v" "/var/lib/crater-agent-workspace/cargo-home:/opt/rustwide/cargo-home:ro,Z" "-v" "/var/lib/crater-agent-workspace/rustup-home:/opt/rustwide/rustup-home:ro,Z" "-e" "SOURCE_DIR=/opt/rustwide/workdir" "-e" "CARGO_TARGET_DIR=/opt/rustwide/target" "-e" "CARGO_INCREMENTAL=0" "-e" "RUST_BACKTRACE=full" "-e" "RUSTFLAGS=--cap-lints=warn" "-e" "RUSTDOCFLAGS=--cap-lints=warn" "-e" "CARGO_HOME=/opt/rustwide/cargo-home" "-e" "RUSTUP_HOME=/opt/rustwide/rustup-home" "-w" "/opt/rustwide/workdir" "-m" "1610612736" "--user" "0:0" "--network" "none" "ghcr.io/rust-lang/crates-build-env/linux@sha256:f3a9d4ad9d972b27faf3965f35b62e55ba32bbce8f20bc8fe909558a86702fde" "/opt/rustwide/cargo-home/bin/cargo" "+beta-2024-12-08" "build" "--frozen" "--message-format=json", kill_on_drop: false }`
[INFO] [stdout] 92075547c4ca1d147abbf594dca2f3279c8df232052c2e321cc7783ff131ea12
[INFO] running `Command { std: "docker" "start" "-a" "92075547c4ca1d147abbf594dca2f3279c8df232052c2e321cc7783ff131ea12", kill_on_drop: false }`
[INFO] [stderr]    Compiling serde v1.0.216
[INFO] [stderr]    Compiling serde_json v1.0.133
[INFO] [stderr]    Compiling ryu v1.0.18
[INFO] [stderr]    Compiling memchr v2.7.4
[INFO] [stderr]    Compiling itoa v1.0.14
[INFO] [stderr]    Compiling stop-words v0.8.0
[INFO] [stderr]    Compiling srake v0.1.1 (/opt/rustwide/workdir)
[INFO] [stderr]     Finished `dev` profile [unoptimized + debuginfo] target(s) in 6.68s
[INFO] running `Command { std: "docker" "inspect" "92075547c4ca1d147abbf594dca2f3279c8df232052c2e321cc7783ff131ea12", kill_on_drop: false }`
[INFO] running `Command { std: "docker" "rm" "-f" "92075547c4ca1d147abbf594dca2f3279c8df232052c2e321cc7783ff131ea12", kill_on_drop: false }`
[INFO] [stdout] 92075547c4ca1d147abbf594dca2f3279c8df232052c2e321cc7783ff131ea12
[INFO] running `Command { std: "docker" "create" "-v" "/var/lib/crater-agent-workspace/builds/worker-2-tc2/target:/opt/rustwide/target:rw,Z" "-v" "/var/lib/crater-agent-workspace/builds/worker-2-tc2/source:/opt/rustwide/workdir:ro,Z" "-v" "/var/lib/crater-agent-workspace/cargo-home:/opt/rustwide/cargo-home:ro,Z" "-v" "/var/lib/crater-agent-workspace/rustup-home:/opt/rustwide/rustup-home:ro,Z" "-e" "SOURCE_DIR=/opt/rustwide/workdir" "-e" "CARGO_TARGET_DIR=/opt/rustwide/target" "-e" "CARGO_INCREMENTAL=0" "-e" "RUST_BACKTRACE=full" "-e" "RUSTFLAGS=--cap-lints=warn" "-e" "RUSTDOCFLAGS=--cap-lints=warn" "-e" "CARGO_HOME=/opt/rustwide/cargo-home" "-e" "RUSTUP_HOME=/opt/rustwide/rustup-home" "-w" "/opt/rustwide/workdir" "-m" "1610612736" "--user" "0:0" "--network" "none" "ghcr.io/rust-lang/crates-build-env/linux@sha256:f3a9d4ad9d972b27faf3965f35b62e55ba32bbce8f20bc8fe909558a86702fde" "/opt/rustwide/cargo-home/bin/cargo" "+beta-2024-12-08" "test" "--frozen" "--no-run" "--message-format=json", kill_on_drop: false }`
[INFO] [stdout] 24587ceb6487ee8dfdc05ea6876e195d26808c775f477ad01ac12d7d7643a5b1
[INFO] running `Command { std: "docker" "start" "-a" "24587ceb6487ee8dfdc05ea6876e195d26808c775f477ad01ac12d7d7643a5b1", kill_on_drop: false }`
[INFO] [stderr]    Compiling srake v0.1.1 (/opt/rustwide/workdir)
[INFO] [stderr]     Finished `test` profile [unoptimized + debuginfo] target(s) in 0.53s
[INFO] running `Command { std: "docker" "inspect" "24587ceb6487ee8dfdc05ea6876e195d26808c775f477ad01ac12d7d7643a5b1", kill_on_drop: false }`
[INFO] running `Command { std: "docker" "rm" "-f" "24587ceb6487ee8dfdc05ea6876e195d26808c775f477ad01ac12d7d7643a5b1", kill_on_drop: false }`
[INFO] [stdout] 24587ceb6487ee8dfdc05ea6876e195d26808c775f477ad01ac12d7d7643a5b1
[INFO] running `Command { std: "docker" "create" "-v" "/var/lib/crater-agent-workspace/builds/worker-2-tc2/target:/opt/rustwide/target:rw,Z" "-v" "/var/lib/crater-agent-workspace/builds/worker-2-tc2/source:/opt/rustwide/workdir:ro,Z" "-v" "/var/lib/crater-agent-workspace/cargo-home:/opt/rustwide/cargo-home:ro,Z" "-v" "/var/lib/crater-agent-workspace/rustup-home:/opt/rustwide/rustup-home:ro,Z" "-e" "SOURCE_DIR=/opt/rustwide/workdir" "-e" "CARGO_TARGET_DIR=/opt/rustwide/target" "-e" "CARGO_INCREMENTAL=0" "-e" "RUST_BACKTRACE=full" "-e" "RUSTFLAGS=--cap-lints=warn" "-e" "RUSTDOCFLAGS=--cap-lints=warn" "-e" "CARGO_HOME=/opt/rustwide/cargo-home" "-e" "RUSTUP_HOME=/opt/rustwide/rustup-home" "-w" "/opt/rustwide/workdir" "-m" "1610612736" "--user" "0:0" "--network" "none" "ghcr.io/rust-lang/crates-build-env/linux@sha256:f3a9d4ad9d972b27faf3965f35b62e55ba32bbce8f20bc8fe909558a86702fde" "/opt/rustwide/cargo-home/bin/cargo" "+beta-2024-12-08" "test" "--frozen", kill_on_drop: false }`
[INFO] [stdout] 0396ef7b7f0f1d6914c248eb7ce1dcec1872325c7753407ac0a2980fd9a1dff3
[INFO] running `Command { std: "docker" "start" "-a" "0396ef7b7f0f1d6914c248eb7ce1dcec1872325c7753407ac0a2980fd9a1dff3", kill_on_drop: false }`
[INFO] [stderr]     Finished `test` profile [unoptimized + debuginfo] target(s) in 0.03s
[INFO] [stderr]      Running unittests src/lib.rs (/opt/rustwide/target/debug/deps/srake-bcd4dcbd9a3e6156)
[INFO] [stdout] 
[INFO] [stdout] running 0 tests
[INFO] [stdout] 
[INFO] [stdout] test result: ok. 0 passed; 0 failed; 0 ignored; 0 measured; 0 filtered out; finished in 0.00s
[INFO] [stdout] 
[INFO] [stderr]    Doc-tests srake
[INFO] [stdout] 
[INFO] [stdout] running 6 tests
[INFO] [stdout] test src/rake.rs - rake::Rake::new (line 27) ... FAILED
[INFO] [stdout] test src/rake.rs - rake::Rake::process (line 46) ... FAILED
[INFO] [stdout] test src/rake.rs - rake::Rake::keyphrase_scores_ascending (line 188) ... FAILED
[INFO] [stdout] test src/rake.rs - rake::Rake::keyphrase_scores_descending (line 171) ... FAILED
[INFO] [stdout] test src/rake.rs - rake::Rake::set_stopwords (line 63) ... FAILED
[INFO] [stdout] test src/rake.rs - rake::Rake::set_stopwords_from_file (line 75) ... FAILED
[INFO] [stdout] 
[INFO] [stdout] failures:
[INFO] [stdout] 
[INFO] [stdout] ---- src/rake.rs - rake::Rake::new (line 27) stdout ----
[INFO] [stdout] error[E0433]: failed to resolve: use of undeclared type `Rake`
[INFO] [stdout]  --> src/rake.rs:28:12
[INFO] [stdout]   |
[INFO] [stdout] 3 | let rake = Rake::new(String::from("Natural Language Processing is amazing!"));
[INFO] [stdout]   |            ^^^^ use of undeclared type `Rake`
[INFO] [stdout]   |
[INFO] [stdout] help: consider importing this struct
[INFO] [stdout]   |
[INFO] [stdout] 2 + use srake::Rake;
[INFO] [stdout]   |
[INFO] [stdout] 
[INFO] [stdout] error: aborting due to 1 previous error
[INFO] [stdout] 
[INFO] [stdout] For more information about this error, try `rustc --explain E0433`.
[INFO] [stdout] Couldn't compile the test.
[INFO] [stdout] ---- src/rake.rs - rake::Rake::process (line 46) stdout ----
[INFO] [stdout] error[E0433]: failed to resolve: use of undeclared type `Rake`
[INFO] [stdout]  --> src/rake.rs:47:12
[INFO] [stdout]   |
[INFO] [stdout] 3 | let rake = Rake::new(String::from("AI is a branch of Computer Science."));
[INFO] [stdout]   |            ^^^^ use of undeclared type `Rake`
[INFO] [stdout]   |
[INFO] [stdout] help: consider importing this struct
[INFO] [stdout]   |
[INFO] [stdout] 2 + use srake::Rake;
[INFO] [stdout]   |
[INFO] [stdout] 
[INFO] [stdout] error: aborting due to 1 previous error
[INFO] [stdout] 
[INFO] [stdout] For more information about this error, try `rustc --explain E0433`.
[INFO] [stdout] Couldn't compile the test.
[INFO] [stdout] ---- src/rake.rs - rake::Rake::keyphrase_scores_ascending (line 188) stdout ----
[INFO] [stdout] error[E0425]: cannot find value `rake` in this scope
[INFO] [stdout]  --> src/rake.rs:189:18
[INFO] [stdout]   |
[INFO] [stdout] 3 | let keyphrases = rake.keyphrase_scores_ascending();
[INFO] [stdout]   |                  ^^^^ not found in this scope
[INFO] [stdout] 
[INFO] [stdout] error: aborting due to 1 previous error
[INFO] [stdout] 
[INFO] [stdout] For more information about this error, try `rustc --explain E0425`.
[INFO] [stdout] Couldn't compile the test.
[INFO] [stdout] ---- src/rake.rs - rake::Rake::keyphrase_scores_descending (line 171) stdout ----
[INFO] [stdout] error[E0425]: cannot find value `rake` in this scope
[INFO] [stdout]  --> src/rake.rs:172:18
[INFO] [stdout]   |
[INFO] [stdout] 3 | let keyphrases = rake.keyphrase_scores_descending();
[INFO] [stdout]   |                  ^^^^ not found in this scope
[INFO] [stdout] 
[INFO] [stdout] error: aborting due to 1 previous error
[INFO] [stdout] 
[INFO] [stdout] For more information about this error, try `rustc --explain E0425`.
[INFO] [stdout] Couldn't compile the test.
[INFO] [stdout] ---- src/rake.rs - rake::Rake::set_stopwords (line 63) stdout ----
[INFO] [stdout] error[E0433]: failed to resolve: use of undeclared type `Rake`
[INFO] [stdout]  --> src/rake.rs:64:12
[INFO] [stdout]   |
[INFO] [stdout] 3 | let rake = Rake::new(String::from("RAKE adalah algoritma untuk mengekstraksi kata kunci dari teks"));
[INFO] [stdout]   |            ^^^^ use of undeclared type `Rake`
[INFO] [stdout]   |
[INFO] [stdout] help: consider importing this struct
[INFO] [stdout]   |
[INFO] [stdout] 2 + use srake::Rake;
[INFO] [stdout]   |
[INFO] [stdout] 
[INFO] [stdout] error: aborting due to 1 previous error
[INFO] [stdout] 
[INFO] [stdout] For more information about this error, try `rustc --explain E0433`.
[INFO] [stdout] Couldn't compile the test.
[INFO] [stdout] ---- src/rake.rs - rake::Rake::set_stopwords_from_file (line 75) stdout ----
[INFO] [stdout] error[E0433]: failed to resolve: use of undeclared type `Rake`
[INFO] [stdout]  --> src/rake.rs:76:16
[INFO] [stdout]   |
[INFO] [stdout] 3 | let mut rake = Rake::new(String::from("Text with custom stopwords."));
[INFO] [stdout]   |                ^^^^ use of undeclared type `Rake`
[INFO] [stdout]   |
[INFO] [stdout] help: consider importing this struct
[INFO] [stdout]   |
[INFO] [stdout] 2 + use srake::Rake;
[INFO] [stdout]   |
[INFO] [stdout] 
[INFO] [stdout] error: aborting due to 1 previous error
[INFO] [stdout] 
[INFO] [stdout] For more information about this error, try `rustc --explain E0433`.
[INFO] [stdout] Couldn't compile the test.
[INFO] [stdout] 
[INFO] [stdout] failures:
[INFO] [stdout]     src/rake.rs - rake::Rake::keyphrase_scores_ascending (line 188)
[INFO] [stdout]     src/rake.rs - rake::Rake::keyphrase_scores_descending (line 171)
[INFO] [stdout]     src/rake.rs - rake::Rake::new (line 27)
[INFO] [stdout]     src/rake.rs - rake::Rake::process (line 46)
[INFO] [stdout]     src/rake.rs - rake::Rake::set_stopwords (line 63)
[INFO] [stdout]     src/rake.rs - rake::Rake::set_stopwords_from_file (line 75)
[INFO] [stdout] 
[INFO] [stdout] test result: FAILED. 0 passed; 6 failed; 0 ignored; 0 measured; 0 filtered out; finished in 0.19s
[INFO] [stdout] 
[INFO] [stderr] error: doctest failed, to rerun pass `--doc`
[INFO] running `Command { std: "docker" "inspect" "0396ef7b7f0f1d6914c248eb7ce1dcec1872325c7753407ac0a2980fd9a1dff3", kill_on_drop: false }`
[INFO] running `Command { std: "docker" "rm" "-f" "0396ef7b7f0f1d6914c248eb7ce1dcec1872325c7753407ac0a2980fd9a1dff3", kill_on_drop: false }`
[INFO] [stdout] 0396ef7b7f0f1d6914c248eb7ce1dcec1872325c7753407ac0a2980fd9a1dff3
