[INFO] fetching crate squashfs 0.1.0...
[INFO] testing squashfs-0.1.0 against 1.83.0 for beta-1.84.0-4-retry
[INFO] extracting crate squashfs 0.1.0 into /workspace/builds/worker-3-tc1/source
[INFO] validating manifest of crates.io crate squashfs 0.1.0 on toolchain 1.83.0
[INFO] running `Command { std: CARGO_HOME="/workspace/cargo-home" RUSTUP_HOME="/workspace/rustup-home" "/workspace/cargo-home/bin/cargo" "+1.83.0" "metadata" "--manifest-path" "Cargo.toml" "--no-deps", kill_on_drop: false }`
[INFO] started tweaking crates.io crate squashfs 0.1.0
[INFO] finished tweaking crates.io crate squashfs 0.1.0
[INFO] tweaked toml for crates.io crate squashfs 0.1.0 written to /workspace/builds/worker-3-tc1/source/Cargo.toml
[INFO] running `Command { std: CARGO_HOME="/workspace/cargo-home" RUSTUP_HOME="/workspace/rustup-home" "/workspace/cargo-home/bin/cargo" "+1.83.0" "generate-lockfile" "--manifest-path" "Cargo.toml", kill_on_drop: false }`
[INFO] [stderr]     Updating crates.io index
[INFO] [stderr]      Locking 81 packages to latest compatible versions
[INFO] [stderr]       Adding bitflags v1.3.2 (available: v2.6.0)
[INFO] [stderr]       Adding flexi_logger v0.18.1 (available: v0.29.7)
[INFO] [stderr]       Adding prettytable-rs v0.8.0 (available: v0.10.0)
[INFO] [stderr]       Adding smart-default v0.6.0 (available: v0.7.1)
[INFO] running `Command { std: CARGO_HOME="/workspace/cargo-home" RUSTUP_HOME="/workspace/rustup-home" "/workspace/cargo-home/bin/cargo" "+1.83.0" "fetch" "--manifest-path" "Cargo.toml", kill_on_drop: false }`
[INFO] [stderr]  Downloading crates ...
[INFO] [stderr]   Downloaded flexi_logger v0.18.1
[INFO] running `Command { std: "docker" "create" "-v" "/var/lib/crater-agent-workspace/builds/worker-3-tc1/target:/opt/rustwide/target:rw,Z" "-v" "/var/lib/crater-agent-workspace/builds/worker-3-tc1/source:/opt/rustwide/workdir:ro,Z" "-v" "/var/lib/crater-agent-workspace/cargo-home:/opt/rustwide/cargo-home:ro,Z" "-v" "/var/lib/crater-agent-workspace/rustup-home:/opt/rustwide/rustup-home:ro,Z" "-e" "SOURCE_DIR=/opt/rustwide/workdir" "-e" "CARGO_TARGET_DIR=/opt/rustwide/target" "-e" "CARGO_HOME=/opt/rustwide/cargo-home" "-e" "RUSTUP_HOME=/opt/rustwide/rustup-home" "-w" "/opt/rustwide/workdir" "-m" "1610612736" "--user" "0:0" "--network" "none" "ghcr.io/rust-lang/crates-build-env/linux@sha256:f3a9d4ad9d972b27faf3965f35b62e55ba32bbce8f20bc8fe909558a86702fde" "/opt/rustwide/cargo-home/bin/cargo" "+1.83.0" "metadata" "--no-deps" "--format-version=1", kill_on_drop: false }`
[INFO] [stdout] 595f8cb488c96fc96e0514f6953f3b353646159d79897a05313673cf54520202
[INFO] running `Command { std: "docker" "start" "-a" "595f8cb488c96fc96e0514f6953f3b353646159d79897a05313673cf54520202", kill_on_drop: false }`
[INFO] running `Command { std: "docker" "inspect" "595f8cb488c96fc96e0514f6953f3b353646159d79897a05313673cf54520202", kill_on_drop: false }`
[INFO] running `Command { std: "docker" "rm" "-f" "595f8cb488c96fc96e0514f6953f3b353646159d79897a05313673cf54520202", kill_on_drop: false }`
[INFO] [stdout] 595f8cb488c96fc96e0514f6953f3b353646159d79897a05313673cf54520202
[INFO] running `Command { std: "docker" "create" "-v" "/var/lib/crater-agent-workspace/builds/worker-3-tc1/target:/opt/rustwide/target:rw,Z" "-v" "/var/lib/crater-agent-workspace/builds/worker-3-tc1/source:/opt/rustwide/workdir:ro,Z" "-v" "/var/lib/crater-agent-workspace/cargo-home:/opt/rustwide/cargo-home:ro,Z" "-v" "/var/lib/crater-agent-workspace/rustup-home:/opt/rustwide/rustup-home:ro,Z" "-e" "SOURCE_DIR=/opt/rustwide/workdir" "-e" "CARGO_TARGET_DIR=/opt/rustwide/target" "-e" "CARGO_INCREMENTAL=0" "-e" "RUST_BACKTRACE=full" "-e" "RUSTFLAGS=--cap-lints=warn" "-e" "RUSTDOCFLAGS=--cap-lints=warn" "-e" "CARGO_HOME=/opt/rustwide/cargo-home" "-e" "RUSTUP_HOME=/opt/rustwide/rustup-home" "-w" "/opt/rustwide/workdir" "-m" "1610612736" "--user" "0:0" "--network" "none" "ghcr.io/rust-lang/crates-build-env/linux@sha256:f3a9d4ad9d972b27faf3965f35b62e55ba32bbce8f20bc8fe909558a86702fde" "/opt/rustwide/cargo-home/bin/cargo" "+1.83.0" "build" "--frozen" "--message-format=json", kill_on_drop: false }`
[INFO] [stdout] 3fad4888041a3a5ab96c9581faade3ad7a78c6d6f2cade6757011d0d3d403102
[INFO] running `Command { std: "docker" "start" "-a" "3fad4888041a3a5ab96c9581faade3ad7a78c6d6f2cade6757011d0d3d403102", kill_on_drop: false }`
[INFO] [stderr]    Compiling proc-macro2 v1.0.92
[INFO] [stderr]    Compiling unicode-ident v1.0.14
[INFO] [stderr]    Compiling memchr v2.7.4
[INFO] [stderr]    Compiling libc v0.2.168
[INFO] [stderr]    Compiling autocfg v1.4.0
[INFO] [stderr]    Compiling serde v1.0.216
[INFO] [stderr]    Compiling syn v1.0.109
[INFO] [stderr]    Compiling regex-syntax v0.8.5
[INFO] [stderr]    Compiling thiserror v1.0.69
[INFO] [stderr]    Compiling itoa v1.0.14
[INFO] [stderr]    Compiling ryu v1.0.18
[INFO] [stderr]    Compiling num-traits v0.2.19
[INFO] [stderr]    Compiling lazy_static v1.5.0
[INFO] [stderr]    Compiling byteorder v1.5.0
[INFO] [stderr]    Compiling cfg-if v1.0.0
[INFO] [stderr]    Compiling iana-time-zone v0.1.61
[INFO] [stderr]    Compiling aho-corasick v1.1.3
[INFO] [stderr]    Compiling quote v1.0.37
[INFO] [stderr]    Compiling csv-core v0.1.11
[INFO] [stderr]    Compiling syn v2.0.90
[INFO] [stderr]    Compiling adler2 v2.0.0
[INFO] [stderr]    Compiling dirs v1.0.5
[INFO] [stderr]    Compiling atty v0.2.14
[INFO] [stderr]    Compiling miniz_oxide v0.8.0
[INFO] [stderr]    Compiling chrono v0.4.39
[INFO] [stderr]    Compiling term v0.5.2
[INFO] [stderr]    Compiling regex-automata v0.4.9
[INFO] [stderr]    Compiling crc32fast v1.4.2
[INFO] [stderr]    Compiling log v0.4.22
[INFO] [stderr]    Compiling yansi v0.5.1
[INFO] [stderr]    Compiling encode_unicode v0.3.6
[INFO] [stderr]    Compiling unicode-width v0.1.14
[INFO] [stderr]    Compiling glob v0.3.1
[INFO] [stderr]    Compiling flate2 v1.0.35
[INFO] [stderr]    Compiling bitflags v1.3.2
[INFO] [stderr]    Compiling csv v1.3.1
[INFO] [stderr]    Compiling prettytable-rs v0.8.0
[INFO] [stderr]    Compiling smart-default v0.6.0
[INFO] [stderr]    Compiling regex v1.11.1
[INFO] [stderr]    Compiling thiserror-impl v1.0.69
[INFO] [stderr]    Compiling serde_derive v1.0.216
[INFO] [stderr]    Compiling flexi_logger v0.18.1
[INFO] [stderr]    Compiling squashfs v0.1.0 (/opt/rustwide/workdir)
[INFO] [stdout] warning: unused import: `utils::errors::*`
[INFO] [stdout]   --> src/lib.rs:72:9
[INFO] [stdout]    |
[INFO] [stdout] 72 | pub use utils::errors::*;
[INFO] [stdout]    |         ^^^^^^^^^^^^^^^^
[INFO] [stdout]    |
[INFO] [stdout]    = note: `#[warn(unused_imports)]` on by default
[INFO] [stdout] 
[INFO] [stdout] 
[INFO] [stdout] warning: field `data` is never read
[INFO] [stdout]    --> src/inode.rs:307:14
[INFO] [stdout]     |
[INFO] [stdout] 306 | pub struct InodeTab {
[INFO] [stdout]     |            -------- field in this struct
[INFO] [stdout] 307 |   pub(crate) data: Vec<InodeHeader>,
[INFO] [stdout]     |              ^^^^
[INFO] [stdout]     |
[INFO] [stdout]     = note: `InodeTab` has a derived impl for the trait `Clone`, but this is intentionally ignored during dead code analysis
[INFO] [stdout]     = note: `#[warn(dead_code)]` on by default
[INFO] [stdout] 
[INFO] [stdout] 
[INFO] [stderr]     Finished `dev` profile [unoptimized + debuginfo] target(s) in 47.93s
[INFO] running `Command { std: "docker" "inspect" "3fad4888041a3a5ab96c9581faade3ad7a78c6d6f2cade6757011d0d3d403102", kill_on_drop: false }`
[INFO] running `Command { std: "docker" "rm" "-f" "3fad4888041a3a5ab96c9581faade3ad7a78c6d6f2cade6757011d0d3d403102", kill_on_drop: false }`
[INFO] [stdout] 3fad4888041a3a5ab96c9581faade3ad7a78c6d6f2cade6757011d0d3d403102
[INFO] running `Command { std: "docker" "create" "-v" "/var/lib/crater-agent-workspace/builds/worker-3-tc1/target:/opt/rustwide/target:rw,Z" "-v" "/var/lib/crater-agent-workspace/builds/worker-3-tc1/source:/opt/rustwide/workdir:ro,Z" "-v" "/var/lib/crater-agent-workspace/cargo-home:/opt/rustwide/cargo-home:ro,Z" "-v" "/var/lib/crater-agent-workspace/rustup-home:/opt/rustwide/rustup-home:ro,Z" "-e" "SOURCE_DIR=/opt/rustwide/workdir" "-e" "CARGO_TARGET_DIR=/opt/rustwide/target" "-e" "CARGO_INCREMENTAL=0" "-e" "RUST_BACKTRACE=full" "-e" "RUSTFLAGS=--cap-lints=warn" "-e" "RUSTDOCFLAGS=--cap-lints=warn" "-e" "CARGO_HOME=/opt/rustwide/cargo-home" "-e" "RUSTUP_HOME=/opt/rustwide/rustup-home" "-w" "/opt/rustwide/workdir" "-m" "1610612736" "--user" "0:0" "--network" "none" "ghcr.io/rust-lang/crates-build-env/linux@sha256:f3a9d4ad9d972b27faf3965f35b62e55ba32bbce8f20bc8fe909558a86702fde" "/opt/rustwide/cargo-home/bin/cargo" "+1.83.0" "test" "--frozen" "--no-run" "--message-format=json", kill_on_drop: false }`
[INFO] [stdout] 47e4199dbd41ee8d9d6b30ee743551659b35a99fbeb717ae362b5ca08653712d
[INFO] running `Command { std: "docker" "start" "-a" "47e4199dbd41ee8d9d6b30ee743551659b35a99fbeb717ae362b5ca08653712d", kill_on_drop: false }`
[INFO] [stdout] warning: unused import: `utils::errors::*`
[INFO] [stdout]   --> src/lib.rs:72:9
[INFO] [stdout]    |
[INFO] [stdout] 72 | pub use utils::errors::*;
[INFO] [stdout]    |         ^^^^^^^^^^^^^^^^
[INFO] [stdout]    |
[INFO] [stdout]    = note: `#[warn(unused_imports)]` on by default
[INFO] [stdout] 
[INFO] [stdout] 
[INFO] [stdout] warning: field `data` is never read
[INFO] [stdout]    --> src/inode.rs:307:14
[INFO] [stdout]     |
[INFO] [stdout] 306 | pub struct InodeTab {
[INFO] [stdout]     |            -------- field in this struct
[INFO] [stdout] 307 |   pub(crate) data: Vec<InodeHeader>,
[INFO] [stdout]     |              ^^^^
[INFO] [stdout]     |
[INFO] [stdout]     = note: `InodeTab` has a derived impl for the trait `Clone`, but this is intentionally ignored during dead code analysis
[INFO] [stdout]     = note: `#[warn(dead_code)]` on by default
[INFO] [stdout] 
[INFO] [stdout] 
[INFO] [stderr]    Compiling squashfs v0.1.0 (/opt/rustwide/workdir)
[INFO] [stdout] warning: unused import: `utils::errors::*`
[INFO] [stdout]   --> src/lib.rs:72:9
[INFO] [stdout]    |
[INFO] [stdout] 72 | pub use utils::errors::*;
[INFO] [stdout]    |         ^^^^^^^^^^^^^^^^
[INFO] [stdout]    |
[INFO] [stdout]    = note: `#[warn(unused_imports)]` on by default
[INFO] [stdout] 
[INFO] [stdout] 
[INFO] [stdout] warning: field `data` is never read
[INFO] [stdout]    --> src/inode.rs:307:14
[INFO] [stdout]     |
[INFO] [stdout] 306 | pub struct InodeTab {
[INFO] [stdout]     |            -------- field in this struct
[INFO] [stdout] 307 |   pub(crate) data: Vec<InodeHeader>,
[INFO] [stdout]     |              ^^^^
[INFO] [stdout]     |
[INFO] [stdout]     = note: `InodeTab` has a derived impl for the trait `Clone`, but this is intentionally ignored during dead code analysis
[INFO] [stdout]     = note: `#[warn(dead_code)]` on by default
[INFO] [stdout] 
[INFO] [stdout] 
[INFO] [stderr]     Finished `test` profile [unoptimized + debuginfo] target(s) in 2.39s
[INFO] running `Command { std: "docker" "inspect" "47e4199dbd41ee8d9d6b30ee743551659b35a99fbeb717ae362b5ca08653712d", kill_on_drop: false }`
[INFO] running `Command { std: "docker" "rm" "-f" "47e4199dbd41ee8d9d6b30ee743551659b35a99fbeb717ae362b5ca08653712d", kill_on_drop: false }`
[INFO] [stdout] 47e4199dbd41ee8d9d6b30ee743551659b35a99fbeb717ae362b5ca08653712d
[INFO] running `Command { std: "docker" "create" "-v" "/var/lib/crater-agent-workspace/builds/worker-3-tc1/target:/opt/rustwide/target:rw,Z" "-v" "/var/lib/crater-agent-workspace/builds/worker-3-tc1/source:/opt/rustwide/workdir:ro,Z" "-v" "/var/lib/crater-agent-workspace/cargo-home:/opt/rustwide/cargo-home:ro,Z" "-v" "/var/lib/crater-agent-workspace/rustup-home:/opt/rustwide/rustup-home:ro,Z" "-e" "SOURCE_DIR=/opt/rustwide/workdir" "-e" "CARGO_TARGET_DIR=/opt/rustwide/target" "-e" "CARGO_INCREMENTAL=0" "-e" "RUST_BACKTRACE=full" "-e" "RUSTFLAGS=--cap-lints=warn" "-e" "RUSTDOCFLAGS=--cap-lints=warn" "-e" "CARGO_HOME=/opt/rustwide/cargo-home" "-e" "RUSTUP_HOME=/opt/rustwide/rustup-home" "-w" "/opt/rustwide/workdir" "-m" "1610612736" "--user" "0:0" "--network" "none" "ghcr.io/rust-lang/crates-build-env/linux@sha256:f3a9d4ad9d972b27faf3965f35b62e55ba32bbce8f20bc8fe909558a86702fde" "/opt/rustwide/cargo-home/bin/cargo" "+1.83.0" "test" "--frozen", kill_on_drop: false }`
[INFO] [stdout] 96113d8a19129f74b79dcc4264704ff19d210edcc5789a3cd73c607646f8db38
[INFO] running `Command { std: "docker" "start" "-a" "96113d8a19129f74b79dcc4264704ff19d210edcc5789a3cd73c607646f8db38", kill_on_drop: false }`
[INFO] [stderr] warning: unused import: `utils::errors::*`
[INFO] [stderr]   --> src/lib.rs:72:9
[INFO] [stderr]    |
[INFO] [stderr] 72 | pub use utils::errors::*;
[INFO] [stderr]    |         ^^^^^^^^^^^^^^^^
[INFO] [stderr]    |
[INFO] [stderr]    = note: `#[warn(unused_imports)]` on by default
[INFO] [stderr] 
[INFO] [stderr] warning: field `data` is never read
[INFO] [stderr]    --> src/inode.rs:307:14
[INFO] [stderr]     |
[INFO] [stderr] 306 | pub struct InodeTab {
[INFO] [stderr]     |            -------- field in this struct
[INFO] [stderr] 307 |   pub(crate) data: Vec<InodeHeader>,
[INFO] [stderr]     |              ^^^^
[INFO] [stderr]     |
[INFO] [stderr]     = note: `InodeTab` has a derived impl for the trait `Clone`, but this is intentionally ignored during dead code analysis
[INFO] [stderr]     = note: `#[warn(dead_code)]` on by default
[INFO] [stderr] 
[INFO] [stderr] warning: `squashfs` (lib) generated 2 warnings (run `cargo fix --lib -p squashfs` to apply 1 suggestion)
[INFO] [stderr] warning: `squashfs` (lib test) generated 2 warnings (2 duplicates)
[INFO] [stderr]     Finished `test` profile [unoptimized + debuginfo] target(s) in 0.06s
[INFO] [stderr]      Running unittests src/lib.rs (/opt/rustwide/target/debug/deps/squashfs-640cda8ca331a7fd)
[INFO] [stdout] 
[INFO] [stdout] running 9 tests
[INFO] [stderr] [[38;5;7m2024-12-15 05:27:02.277572 +00:00[0m] [38;5;7mDEBUG[0m [src/layout.rs:258] [38;5;7mSuperblock size: 96[0m
[INFO] [stdout] test fragment::tests::test_read_fragment_table ... ignored
[INFO] [stdout] test inode::tests::test_get_inode ... FAILED
[INFO] [stdout] test layout::tests::read_superblock ... FAILED
[INFO] [stdout] test uidgids::tests::test_lookup_table ... ignored
[INFO] [stdout] test uidgids::tests::test_parse_id_tab ... ok
[INFO] [stdout] test xattrs::tests::test_read_xattrs_table ... ignored
[INFO] [stdout] test inode::tests::test_inode_type_struct_size ... ok
[INFO] [stdout] test metadata::tests::test_read_metad_block ... FAILED
[INFO] [stdout] test metadata::tests::test_get_metadata_size ... ok
[INFO] [stdout] 
[INFO] [stdout] failures:
[INFO] [stdout] 
[INFO] [stdout] ---- inode::tests::test_get_inode stdout ----
[INFO] [stdout] Error: Custom { kind: NotFound, error: "Error No such file or directory (os error 2) at src/lib.rs:120" }
[INFO] [stdout] 
[INFO] [stdout] ---- layout::tests::read_superblock stdout ----
[INFO] [stdout] Error: Custom { kind: NotFound, error: "Error No such file or directory (os error 2) at src/lib.rs:120" }
[INFO] [stdout] 
[INFO] [stdout] ---- metadata::tests::test_read_metad_block stdout ----
[INFO] [stdout] Error: Custom { kind: NotFound, error: "Error No such file or directory (os error 2) at src/lib.rs:120" }
[INFO] [stdout] 
[INFO] [stdout] 
[INFO] [stdout] failures:
[INFO] [stdout]     inode::tests::test_get_inode
[INFO] [stdout]     layout::tests::read_superblock
[INFO] [stdout]     metadata::tests::test_read_metad_block
[INFO] [stdout] 
[INFO] [stdout] test result: FAILED. 3 passed; 3 failed; 3 ignored; 0 measured; 0 filtered out; finished in 0.01s
[INFO] [stdout] 
[INFO] [stderr] error: test failed, to rerun pass `--lib`
[INFO] running `Command { std: "docker" "inspect" "96113d8a19129f74b79dcc4264704ff19d210edcc5789a3cd73c607646f8db38", kill_on_drop: false }`
[INFO] running `Command { std: "docker" "rm" "-f" "96113d8a19129f74b79dcc4264704ff19d210edcc5789a3cd73c607646f8db38", kill_on_drop: false }`
[INFO] [stdout] 96113d8a19129f74b79dcc4264704ff19d210edcc5789a3cd73c607646f8db38
