[INFO] fetching crate sqly 0.3.0...
[INFO] testing sqly-0.3.0 against beta-2024-12-08 for beta-1.84.0-4-retry
[INFO] extracting crate sqly 0.3.0 into /workspace/builds/worker-1-tc2/source
[INFO] validating manifest of crates.io crate sqly 0.3.0 on toolchain beta-2024-12-08
[INFO] running `Command { std: CARGO_HOME="/workspace/cargo-home" RUSTUP_HOME="/workspace/rustup-home" "/workspace/cargo-home/bin/cargo" "+beta-2024-12-08" "metadata" "--manifest-path" "Cargo.toml" "--no-deps", kill_on_drop: false }`
[INFO] started tweaking crates.io crate sqly 0.3.0
[INFO] finished tweaking crates.io crate sqly 0.3.0
[INFO] tweaked toml for crates.io crate sqly 0.3.0 written to /workspace/builds/worker-1-tc2/source/Cargo.toml
[INFO] running `Command { std: CARGO_HOME="/workspace/cargo-home" RUSTUP_HOME="/workspace/rustup-home" "/workspace/cargo-home/bin/cargo" "+beta-2024-12-08" "generate-lockfile" "--manifest-path" "Cargo.toml", kill_on_drop: false }`
[INFO] [stderr]     Updating crates.io index
[INFO] [stderr]      Locking 184 packages to latest compatible versions
[INFO] running `Command { std: CARGO_HOME="/workspace/cargo-home" RUSTUP_HOME="/workspace/rustup-home" "/workspace/cargo-home/bin/cargo" "+beta-2024-12-08" "fetch" "--manifest-path" "Cargo.toml", kill_on_drop: false }`
[INFO] running `Command { std: "docker" "create" "-v" "/var/lib/crater-agent-workspace/builds/worker-1-tc2/target:/opt/rustwide/target:rw,Z" "-v" "/var/lib/crater-agent-workspace/builds/worker-1-tc2/source:/opt/rustwide/workdir:ro,Z" "-v" "/var/lib/crater-agent-workspace/cargo-home:/opt/rustwide/cargo-home:ro,Z" "-v" "/var/lib/crater-agent-workspace/rustup-home:/opt/rustwide/rustup-home:ro,Z" "-e" "SOURCE_DIR=/opt/rustwide/workdir" "-e" "CARGO_TARGET_DIR=/opt/rustwide/target" "-e" "CARGO_HOME=/opt/rustwide/cargo-home" "-e" "RUSTUP_HOME=/opt/rustwide/rustup-home" "-w" "/opt/rustwide/workdir" "-m" "1610612736" "--user" "0:0" "--network" "none" "ghcr.io/rust-lang/crates-build-env/linux@sha256:f3a9d4ad9d972b27faf3965f35b62e55ba32bbce8f20bc8fe909558a86702fde" "/opt/rustwide/cargo-home/bin/cargo" "+beta-2024-12-08" "metadata" "--no-deps" "--format-version=1", kill_on_drop: false }`
[INFO] [stdout] 38e0f2667488ca7ea880a410d6060ffd0d418a3145513c75406cc7c235f77e63
[INFO] running `Command { std: "docker" "start" "-a" "38e0f2667488ca7ea880a410d6060ffd0d418a3145513c75406cc7c235f77e63", kill_on_drop: false }`
[INFO] running `Command { std: "docker" "inspect" "38e0f2667488ca7ea880a410d6060ffd0d418a3145513c75406cc7c235f77e63", kill_on_drop: false }`
[INFO] running `Command { std: "docker" "rm" "-f" "38e0f2667488ca7ea880a410d6060ffd0d418a3145513c75406cc7c235f77e63", kill_on_drop: false }`
[INFO] [stdout] 38e0f2667488ca7ea880a410d6060ffd0d418a3145513c75406cc7c235f77e63
[INFO] running `Command { std: "docker" "create" "-v" "/var/lib/crater-agent-workspace/builds/worker-1-tc2/target:/opt/rustwide/target:rw,Z" "-v" "/var/lib/crater-agent-workspace/builds/worker-1-tc2/source:/opt/rustwide/workdir:ro,Z" "-v" "/var/lib/crater-agent-workspace/cargo-home:/opt/rustwide/cargo-home:ro,Z" "-v" "/var/lib/crater-agent-workspace/rustup-home:/opt/rustwide/rustup-home:ro,Z" "-e" "SOURCE_DIR=/opt/rustwide/workdir" "-e" "CARGO_TARGET_DIR=/opt/rustwide/target" "-e" "CARGO_INCREMENTAL=0" "-e" "RUST_BACKTRACE=full" "-e" "RUSTFLAGS=--cap-lints=warn" "-e" "RUSTDOCFLAGS=--cap-lints=warn" "-e" "CARGO_HOME=/opt/rustwide/cargo-home" "-e" "RUSTUP_HOME=/opt/rustwide/rustup-home" "-w" "/opt/rustwide/workdir" "-m" "1610612736" "--user" "0:0" "--network" "none" "ghcr.io/rust-lang/crates-build-env/linux@sha256:f3a9d4ad9d972b27faf3965f35b62e55ba32bbce8f20bc8fe909558a86702fde" "/opt/rustwide/cargo-home/bin/cargo" "+beta-2024-12-08" "build" "--frozen" "--message-format=json", kill_on_drop: false }`
[INFO] [stdout] fb720165f3688b74d6206abb96221f9a8374072cfa8698fc5c43584f80ec33e2
[INFO] running `Command { std: "docker" "start" "-a" "fb720165f3688b74d6206abb96221f9a8374072cfa8698fc5c43584f80ec33e2", kill_on_drop: false }`
[INFO] [stderr]    Compiling proc-macro2 v1.0.92
[INFO] [stderr]    Compiling unicode-ident v1.0.14
[INFO] [stderr]    Compiling autocfg v1.4.0
[INFO] [stderr]    Compiling stable_deref_trait v1.2.0
[INFO] [stderr]    Compiling version_check v0.9.5
[INFO] [stderr]    Compiling writeable v0.5.5
[INFO] [stderr]    Compiling litemap v0.7.4
[INFO] [stderr]    Compiling cfg-if v1.0.0
[INFO] [stderr]    Compiling typenum v1.17.0
[INFO] [stderr]    Compiling smallvec v1.13.2
[INFO] [stderr]    Compiling icu_locid_transform_data v1.5.0
[INFO] [stderr]    Compiling icu_properties_data v1.5.0
[INFO] [stderr]    Compiling once_cell v1.20.2
[INFO] [stderr]    Compiling crossbeam-utils v0.8.20
[INFO] [stderr]    Compiling libc v0.2.168
[INFO] [stderr]    Compiling parking_lot_core v0.9.10
[INFO] [stderr]    Compiling icu_normalizer_data v1.5.0
[INFO] [stderr]    Compiling utf8_iter v1.0.4
[INFO] [stderr]    Compiling utf16_iter v1.0.5
[INFO] [stderr]    Compiling write16 v1.0.0
[INFO] [stderr]    Compiling zerocopy v0.7.35
[INFO] [stderr]    Compiling serde v1.0.216
[INFO] [stderr]    Compiling scopeguard v1.2.0
[INFO] [stderr]    Compiling paste v1.0.15
[INFO] [stderr]    Compiling pin-project-lite v0.2.15
[INFO] [stderr]    Compiling memchr v2.7.4
[INFO] [stderr]    Compiling futures-core v0.3.31
[INFO] [stderr]    Compiling percent-encoding v2.3.1
[INFO] [stderr]    Compiling allocator-api2 v0.2.21
[INFO] [stderr]    Compiling thiserror v1.0.69
[INFO] [stderr]    Compiling minimal-lexical v0.2.1
[INFO] [stderr]    Compiling generic-array v0.14.7
[INFO] [stderr]    Compiling ahash v0.8.11
[INFO] [stderr]    Compiling futures-sink v0.3.31
[INFO] [stderr]    Compiling form_urlencoded v1.2.1
[INFO] [stderr]    Compiling tracing-core v0.1.33
[INFO] [stderr]    Compiling lock_api v0.4.12
[INFO] [stderr]    Compiling num-traits v0.2.19
[INFO] [stderr]    Compiling slab v0.4.9
[INFO] [stderr]    Compiling equivalent v1.0.1
[INFO] [stderr]    Compiling crc-catalog v2.4.0
[INFO] [stderr]    Compiling cpufeatures v0.2.16
[INFO] [stderr]    Compiling log v0.4.22
[INFO] [stderr]    Compiling hashbrown v0.15.2
[INFO] [stderr]    Compiling pin-utils v0.1.0
[INFO] [stderr]    Compiling prettyplease v0.2.25
[INFO] [stderr]    Compiling parking v2.2.1
[INFO] [stderr]    Compiling futures-task v0.3.31
[INFO] [stderr]    Compiling futures-io v0.3.31
[INFO] [stderr]    Compiling hashbrown v0.14.5
[INFO] [stderr]    Compiling nom v7.1.3
[INFO] [stderr]    Compiling concurrent-queue v2.5.0
[INFO] [stderr]    Compiling unicode_categories v0.1.1
[INFO] [stderr]    Compiling futures-util v0.3.31
[INFO] [stderr]    Compiling quote v1.0.37
[INFO] [stderr]    Compiling event-listener v5.3.1
[INFO] [stderr]    Compiling crossbeam-queue v0.3.11
[INFO] [stderr]    Compiling crc v3.2.1
[INFO] [stderr]    Compiling indexmap v2.7.0
[INFO] [stderr]    Compiling futures-channel v0.3.31
[INFO] [stderr]    Compiling hex v0.4.3
[INFO] [stderr]    Compiling byteorder v1.5.0
[INFO] [stderr]    Compiling bytes v1.9.0
[INFO] [stderr]    Compiling heck v0.5.0
[INFO] [stderr]    Compiling hashlink v0.9.1
[INFO] [stderr]    Compiling syn v2.0.90
[INFO] [stderr]    Compiling parking_lot v0.12.3
[INFO] [stderr]    Compiling atoi v2.0.0
[INFO] [stderr]    Compiling futures-intrusive v0.5.0
[INFO] [stderr]    Compiling block-buffer v0.10.4
[INFO] [stderr]    Compiling crypto-common v0.1.6
[INFO] [stderr]    Compiling digest v0.10.7
[INFO] [stderr]    Compiling sha2 v0.10.8
[INFO] [stderr]    Compiling sqlformat v0.2.6
[INFO] [stderr]    Compiling synstructure v0.13.1
[INFO] [stderr]    Compiling zerofrom-derive v0.1.5
[INFO] [stderr]    Compiling yoke-derive v0.7.5
[INFO] [stderr]    Compiling zerovec-derive v0.10.3
[INFO] [stderr]    Compiling displaydoc v0.2.5
[INFO] [stderr]    Compiling icu_provider_macros v1.5.0
[INFO] [stderr]    Compiling serde_derive v1.0.216
[INFO] [stderr]    Compiling tracing-attributes v0.1.28
[INFO] [stderr]    Compiling thiserror-impl v1.0.69
[INFO] [stderr]    Compiling sqly-macros v0.3.0
[INFO] [stderr]    Compiling zerofrom v0.1.5
[INFO] [stderr]    Compiling tracing v0.1.41
[INFO] [stderr]    Compiling yoke v0.7.5
[INFO] [stderr]    Compiling zerovec v0.10.4
[INFO] [stderr]    Compiling tinystr v0.7.6
[INFO] [stderr]    Compiling icu_collections v1.5.0
[INFO] [stderr]    Compiling icu_locid v1.5.0
[INFO] [stderr]    Compiling icu_provider v1.5.0
[INFO] [stderr]    Compiling icu_locid_transform v1.5.0
[INFO] [stderr]    Compiling icu_properties v1.5.1
[INFO] [stderr]    Compiling icu_normalizer v1.5.0
[INFO] [stderr]    Compiling either v1.13.0
[INFO] [stderr]    Compiling idna_adapter v1.2.0
[INFO] [stderr]    Compiling idna v1.0.3
[INFO] [stderr]    Compiling url v2.5.4
[INFO] [stderr]    Compiling sqlx-core v0.8.2
[INFO] [stderr]    Compiling sqlx v0.8.2
[INFO] [stderr]    Compiling sqly v0.3.0 (/opt/rustwide/workdir)
[INFO] [stderr]     Finished `dev` profile [unoptimized + debuginfo] target(s) in 24.20s
[INFO] running `Command { std: "docker" "inspect" "fb720165f3688b74d6206abb96221f9a8374072cfa8698fc5c43584f80ec33e2", kill_on_drop: false }`
[INFO] running `Command { std: "docker" "rm" "-f" "fb720165f3688b74d6206abb96221f9a8374072cfa8698fc5c43584f80ec33e2", kill_on_drop: false }`
[INFO] [stdout] fb720165f3688b74d6206abb96221f9a8374072cfa8698fc5c43584f80ec33e2
[INFO] running `Command { std: "docker" "create" "-v" "/var/lib/crater-agent-workspace/builds/worker-1-tc2/target:/opt/rustwide/target:rw,Z" "-v" "/var/lib/crater-agent-workspace/builds/worker-1-tc2/source:/opt/rustwide/workdir:ro,Z" "-v" "/var/lib/crater-agent-workspace/cargo-home:/opt/rustwide/cargo-home:ro,Z" "-v" "/var/lib/crater-agent-workspace/rustup-home:/opt/rustwide/rustup-home:ro,Z" "-e" "SOURCE_DIR=/opt/rustwide/workdir" "-e" "CARGO_TARGET_DIR=/opt/rustwide/target" "-e" "CARGO_INCREMENTAL=0" "-e" "RUST_BACKTRACE=full" "-e" "RUSTFLAGS=--cap-lints=warn" "-e" "RUSTDOCFLAGS=--cap-lints=warn" "-e" "CARGO_HOME=/opt/rustwide/cargo-home" "-e" "RUSTUP_HOME=/opt/rustwide/rustup-home" "-w" "/opt/rustwide/workdir" "-m" "1610612736" "--user" "0:0" "--network" "none" "ghcr.io/rust-lang/crates-build-env/linux@sha256:f3a9d4ad9d972b27faf3965f35b62e55ba32bbce8f20bc8fe909558a86702fde" "/opt/rustwide/cargo-home/bin/cargo" "+beta-2024-12-08" "test" "--frozen" "--no-run" "--message-format=json", kill_on_drop: false }`
[INFO] [stdout] 5fed74ddac332db4675f355064c01871b2db7899702b7f034750aa4ea66d86cc
[INFO] running `Command { std: "docker" "start" "-a" "5fed74ddac332db4675f355064c01871b2db7899702b7f034750aa4ea66d86cc", kill_on_drop: false }`
[INFO] [stderr]    Compiling sqly v0.3.0 (/opt/rustwide/workdir)
[INFO] [stderr]     Finished `test` profile [unoptimized + debuginfo] target(s) in 0.49s
[INFO] running `Command { std: "docker" "inspect" "5fed74ddac332db4675f355064c01871b2db7899702b7f034750aa4ea66d86cc", kill_on_drop: false }`
[INFO] running `Command { std: "docker" "rm" "-f" "5fed74ddac332db4675f355064c01871b2db7899702b7f034750aa4ea66d86cc", kill_on_drop: false }`
[INFO] [stdout] 5fed74ddac332db4675f355064c01871b2db7899702b7f034750aa4ea66d86cc
[INFO] running `Command { std: "docker" "create" "-v" "/var/lib/crater-agent-workspace/builds/worker-1-tc2/target:/opt/rustwide/target:rw,Z" "-v" "/var/lib/crater-agent-workspace/builds/worker-1-tc2/source:/opt/rustwide/workdir:ro,Z" "-v" "/var/lib/crater-agent-workspace/cargo-home:/opt/rustwide/cargo-home:ro,Z" "-v" "/var/lib/crater-agent-workspace/rustup-home:/opt/rustwide/rustup-home:ro,Z" "-e" "SOURCE_DIR=/opt/rustwide/workdir" "-e" "CARGO_TARGET_DIR=/opt/rustwide/target" "-e" "CARGO_INCREMENTAL=0" "-e" "RUST_BACKTRACE=full" "-e" "RUSTFLAGS=--cap-lints=warn" "-e" "RUSTDOCFLAGS=--cap-lints=warn" "-e" "CARGO_HOME=/opt/rustwide/cargo-home" "-e" "RUSTUP_HOME=/opt/rustwide/rustup-home" "-w" "/opt/rustwide/workdir" "-m" "1610612736" "--user" "0:0" "--network" "none" "ghcr.io/rust-lang/crates-build-env/linux@sha256:f3a9d4ad9d972b27faf3965f35b62e55ba32bbce8f20bc8fe909558a86702fde" "/opt/rustwide/cargo-home/bin/cargo" "+beta-2024-12-08" "test" "--frozen", kill_on_drop: false }`
[INFO] [stdout] ca64e489198f8c64b98e495bc22b818156da40fd11079cbd814126b1f5cbe2ed
[INFO] running `Command { std: "docker" "start" "-a" "ca64e489198f8c64b98e495bc22b818156da40fd11079cbd814126b1f5cbe2ed", kill_on_drop: false }`
[INFO] [stderr]     Finished `test` profile [unoptimized + debuginfo] target(s) in 0.13s
[INFO] [stderr]      Running unittests src/lib.rs (/opt/rustwide/target/debug/deps/sqly-9e7f887f61c02f32)
[INFO] [stdout] 
[INFO] [stdout] running 0 tests
[INFO] [stdout] 
[INFO] [stdout] test result: ok. 0 passed; 0 failed; 0 ignored; 0 measured; 0 filtered out; finished in 0.00s
[INFO] [stdout] 
[INFO] [stderr]    Doc-tests sqly
[INFO] [stdout] 
[INFO] [stdout] running 1 test
[INFO] [stdout] test src/lib.rs - (line 12) ... FAILED
[INFO] [stdout] 
[INFO] [stdout] failures:
[INFO] [stdout] 
[INFO] [stdout] ---- src/lib.rs - (line 12) stdout ----
[INFO] [stdout] error: cannot find derive macro `Table` in this scope
[INFO] [stdout]  --> src/lib.rs:17:10
[INFO] [stdout]   |
[INFO] [stdout] 8 | #[derive(Table)]
[INFO] [stdout]   |          ^^^^^
[INFO] [stdout] 
[INFO] [stdout] error: cannot find attribute `sqly` in this scope
[INFO] [stdout]  --> src/lib.rs:18:3
[INFO] [stdout]   |
[INFO] [stdout] 9 | #[sqly(table = "books")]
[INFO] [stdout]   |   ^^^^
[INFO] [stdout]   |
[INFO] [stdout] note: `sqly` is imported here, but it is a crate, not an attribute
[INFO] [stdout]  --> src/lib.rs:12:1
[INFO] [stdout]   |
[INFO] [stdout] 3 | extern crate r#sqly;
[INFO] [stdout]   | ^^^^^^^^^^^^^^^^^^^^
[INFO] [stdout] 
[INFO] [stdout] error: cannot find attribute `sqly` in this scope
[INFO] [stdout]   --> src/lib.rs:20:7
[INFO] [stdout]    |
[INFO] [stdout] 11 |     #[sqly(key)]
[INFO] [stdout]    |       ^^^^
[INFO] [stdout]    |
[INFO] [stdout] note: `sqly` is imported here, but it is a crate, not an attribute
[INFO] [stdout]   --> src/lib.rs:12:1
[INFO] [stdout]    |
[INFO] [stdout] 3  | extern crate r#sqly;
[INFO] [stdout]    | ^^^^^^^^^^^^^^^^^^^^
[INFO] [stdout] 
[INFO] [stdout] error: cannot find derive macro `Table` in this scope
[INFO] [stdout]   --> src/lib.rs:25:10
[INFO] [stdout]    |
[INFO] [stdout] 16 | #[derive(Table)]
[INFO] [stdout]    |          ^^^^^
[INFO] [stdout] 
[INFO] [stdout] error: cannot find attribute `sqly` in this scope
[INFO] [stdout]   --> src/lib.rs:26:3
[INFO] [stdout]    |
[INFO] [stdout] 17 | #[sqly(table = "pages")]
[INFO] [stdout]    |   ^^^^
[INFO] [stdout]    |
[INFO] [stdout] note: `sqly` is imported here, but it is a crate, not an attribute
[INFO] [stdout]   --> src/lib.rs:12:1
[INFO] [stdout]    |
[INFO] [stdout] 3  | extern crate r#sqly;
[INFO] [stdout]    | ^^^^^^^^^^^^^^^^^^^^
[INFO] [stdout] 
[INFO] [stdout] error: cannot find attribute `sqly` in this scope
[INFO] [stdout]   --> src/lib.rs:27:3
[INFO] [stdout]    |
[INFO] [stdout] 18 | #[sqly(insert, update, select)]
[INFO] [stdout]    |   ^^^^
[INFO] [stdout]    |
[INFO] [stdout] note: `sqly` is imported here, but it is a crate, not an attribute
[INFO] [stdout]   --> src/lib.rs:12:1
[INFO] [stdout]    |
[INFO] [stdout] 3  | extern crate r#sqly;
[INFO] [stdout]    | ^^^^^^^^^^^^^^^^^^^^
[INFO] [stdout] 
[INFO] [stdout] error: cannot find attribute `sqly` in this scope
[INFO] [stdout]   --> src/lib.rs:28:3
[INFO] [stdout]    |
[INFO] [stdout] 19 | #[sqly(delete = DeleteAllPages)]
[INFO] [stdout]    |   ^^^^
[INFO] [stdout]    |
[INFO] [stdout] note: `sqly` is imported here, but it is a crate, not an attribute
[INFO] [stdout]   --> src/lib.rs:12:1
[INFO] [stdout]    |
[INFO] [stdout] 3  | extern crate r#sqly;
[INFO] [stdout]    | ^^^^^^^^^^^^^^^^^^^^
[INFO] [stdout] 
[INFO] [stdout] error: cannot find attribute `sqly` in this scope
[INFO] [stdout]   --> src/lib.rs:30:7
[INFO] [stdout]    |
[INFO] [stdout] 21 |     #[sqly(key, foreign)]
[INFO] [stdout]    |       ^^^^
[INFO] [stdout]    |
[INFO] [stdout] note: `sqly` is imported here, but it is a crate, not an attribute
[INFO] [stdout]   --> src/lib.rs:12:1
[INFO] [stdout]    |
[INFO] [stdout] 3  | extern crate r#sqly;
[INFO] [stdout]    | ^^^^^^^^^^^^^^^^^^^^
[INFO] [stdout] 
[INFO] [stdout] error: cannot find attribute `sqly` in this scope
[INFO] [stdout]   --> src/lib.rs:32:7
[INFO] [stdout]    |
[INFO] [stdout] 23 |     #[sqly(key, skip = delete)]
[INFO] [stdout]    |       ^^^^
[INFO] [stdout]    |
[INFO] [stdout] note: `sqly` is imported here, but it is a crate, not an attribute
[INFO] [stdout]   --> src/lib.rs:12:1
[INFO] [stdout]    |
[INFO] [stdout] 3  | extern crate r#sqly;
[INFO] [stdout]    | ^^^^^^^^^^^^^^^^^^^^
[INFO] [stdout] 
[INFO] [stdout] error: cannot find attribute `sqly` in this scope
[INFO] [stdout]   --> src/lib.rs:35:7
[INFO] [stdout]    |
[INFO] [stdout] 26 |     #[sqly(skip = update)]
[INFO] [stdout]    |       ^^^^
[INFO] [stdout]    |
[INFO] [stdout] note: `sqly` is imported here, but it is a crate, not an attribute
[INFO] [stdout]   --> src/lib.rs:12:1
[INFO] [stdout]    |
[INFO] [stdout] 3  | extern crate r#sqly;
[INFO] [stdout]    | ^^^^^^^^^^^^^^^^^^^^
[INFO] [stdout] 
[INFO] [stdout] error: cannot find derive macro `Select` in this scope
[INFO] [stdout]   --> src/lib.rs:39:10
[INFO] [stdout]    |
[INFO] [stdout] 30 | #[derive(Select)]
[INFO] [stdout]    |          ^^^^^^
[INFO] [stdout] 
[INFO] [stdout] error: cannot find attribute `sqly` in this scope
[INFO] [stdout]   --> src/lib.rs:40:3
[INFO] [stdout]    |
[INFO] [stdout] 31 | #[sqly(table = Page)]
[INFO] [stdout]    |   ^^^^
[INFO] [stdout]    |
[INFO] [stdout] note: `sqly` is imported here, but it is a crate, not an attribute
[INFO] [stdout]   --> src/lib.rs:12:1
[INFO] [stdout]    |
[INFO] [stdout] 3  | extern crate r#sqly;
[INFO] [stdout]    | ^^^^^^^^^^^^^^^^^^^^
[INFO] [stdout] 
[INFO] [stdout] error: cannot find derive macro `Update` in this scope
[INFO] [stdout]   --> src/lib.rs:45:10
[INFO] [stdout]    |
[INFO] [stdout] 36 | #[derive(Update)]
[INFO] [stdout]    |          ^^^^^^
[INFO] [stdout] 
[INFO] [stdout] error: cannot find attribute `sqly` in this scope
[INFO] [stdout]   --> src/lib.rs:46:3
[INFO] [stdout]    |
[INFO] [stdout] 37 | #[sqly(table = Page)]
[INFO] [stdout]    |   ^^^^
[INFO] [stdout]    |
[INFO] [stdout] note: `sqly` is imported here, but it is a crate, not an attribute
[INFO] [stdout]   --> src/lib.rs:12:1
[INFO] [stdout]    |
[INFO] [stdout] 3  | extern crate r#sqly;
[INFO] [stdout]    | ^^^^^^^^^^^^^^^^^^^^
[INFO] [stdout] 
[INFO] [stdout] error: cannot find attribute `sqly` in this scope
[INFO] [stdout]   --> src/lib.rs:48:7
[INFO] [stdout]    |
[INFO] [stdout] 39 |     #[sqly(key)]
[INFO] [stdout]    |       ^^^^
[INFO] [stdout]    |
[INFO] [stdout] note: `sqly` is imported here, but it is a crate, not an attribute
[INFO] [stdout]   --> src/lib.rs:12:1
[INFO] [stdout]    |
[INFO] [stdout] 3  | extern crate r#sqly;
[INFO] [stdout]    | ^^^^^^^^^^^^^^^^^^^^
[INFO] [stdout] 
[INFO] [stdout] error: cannot find attribute `sqly` in this scope
[INFO] [stdout]   --> src/lib.rs:50:7
[INFO] [stdout]    |
[INFO] [stdout] 41 |     #[sqly(key)]
[INFO] [stdout]    |       ^^^^
[INFO] [stdout]    |
[INFO] [stdout] note: `sqly` is imported here, but it is a crate, not an attribute
[INFO] [stdout]   --> src/lib.rs:12:1
[INFO] [stdout]    |
[INFO] [stdout] 3  | extern crate r#sqly;
[INFO] [stdout]    | ^^^^^^^^^^^^^^^^^^^^
[INFO] [stdout] 
[INFO] [stdout] error[E0412]: cannot find type `PgPool` in crate `sqlx`
[INFO] [stdout]    --> src/lib.rs:55:39
[INFO] [stdout]     |
[INFO] [stdout] 46  | async fn test(book: &Book, db: &sqlx::PgPool) -> Result<()> {
[INFO] [stdout]     |                                       ^^^^^^ help: a struct with a similar name exists: `Pool`
[INFO] [stdout]     |
[INFO] [stdout]    ::: /opt/rustwide/cargo-home/registry/src/index.crates.io-6f17d22bba15001f/sqlx-core-0.8.2/src/pool/mod.rs:258:1
[INFO] [stdout]     |
[INFO] [stdout] 258 | pub struct Pool<DB: Database>(pub(crate) Arc<PoolInner<DB>>);
[INFO] [stdout]     | ----------------------------- similarly named struct `Pool` defined here
[INFO] [stdout]     |
[INFO] [stdout] note: found an item that was configured out
[INFO] [stdout]    --> /opt/rustwide/cargo-home/registry/src/index.crates.io-6f17d22bba15001f/sqlx-0.8.2/src/lib.rs:45:69
[INFO] [stdout]     |
[INFO] [stdout] 45  | pub use sqlx_postgres::{self as postgres, PgConnection, PgExecutor, PgPool, Postgres};
[INFO] [stdout]     |                                                                     ^^^^^^
[INFO] [stdout] note: the item is gated behind the `postgres` feature
[INFO] [stdout]    --> /opt/rustwide/cargo-home/registry/src/index.crates.io-6f17d22bba15001f/sqlx-0.8.2/src/lib.rs:42:7
[INFO] [stdout]     |
[INFO] [stdout] 42  | #[cfg(feature = "postgres")]
[INFO] [stdout]     |       ^^^^^^^^^^^^^^^^^^^^
[INFO] [stdout] 
[INFO] [stdout] error[E0422]: cannot find struct, variant or union type `InsertPage` in this scope
[INFO] [stdout]   --> src/lib.rs:60:19
[INFO] [stdout]    |
[INFO] [stdout] 51 |     Page::insert(&InsertPage { // insert a new page
[INFO] [stdout]    |                   ^^^^^^^^^^ not found in this scope
[INFO] [stdout] 
[INFO] [stdout] error[E0422]: cannot find struct, variant or union type `UpdatePage` in this scope
[INFO] [stdout]   --> src/lib.rs:69:19
[INFO] [stdout]    |
[INFO] [stdout] 60 |     Page::update(&UpdatePage { // update the page content
[INFO] [stdout]    |                   ^^^^^^^^^^ not found in this scope
[INFO] [stdout] 
[INFO] [stdout] error[E0422]: cannot find struct, variant or union type `SelectPage` in this scope
[INFO] [stdout]   --> src/lib.rs:85:30
[INFO] [stdout]    |
[INFO] [stdout] 76 |     let page = Page::select(&SelectPage { // select the updated page
[INFO] [stdout]    |                              ^^^^^^^^^^ not found in this scope
[INFO] [stdout] 
[INFO] [stdout] error[E0422]: cannot find struct, variant or union type `DeleteAllPages` in this scope
[INFO] [stdout]   --> src/lib.rs:94:19
[INFO] [stdout]    |
[INFO] [stdout] 85 |     Page::delete(&DeleteAllPages { // delete all pages from the book
[INFO] [stdout]    |                   ^^^^^^^^^^^^^^ not found in this scope
[INFO] [stdout] 
[INFO] [stdout] error[E0599]: no function or associated item named `insert` found for struct `Page` in the current scope
[INFO] [stdout]   --> src/lib.rs:60:11
[INFO] [stdout]    |
[INFO] [stdout] 20 | struct Page {
[INFO] [stdout]    | ----------- function or associated item `insert` not found for this struct
[INFO] [stdout] ...
[INFO] [stdout] 51 |     Page::insert(&InsertPage { // insert a new page
[INFO] [stdout]    |           ^^^^^^ function or associated item not found in `Page`
[INFO] [stdout] 
[INFO] [stdout] error[E0599]: no function or associated item named `update` found for struct `Page` in the current scope
[INFO] [stdout]   --> src/lib.rs:69:11
[INFO] [stdout]    |
[INFO] [stdout] 20 | struct Page {
[INFO] [stdout]    | ----------- function or associated item `update` not found for this struct
[INFO] [stdout] ...
[INFO] [stdout] 60 |     Page::update(&UpdatePage { // update the page content
[INFO] [stdout]    |           ^^^^^^ function or associated item not found in `Page`
[INFO] [stdout]    |
[INFO] [stdout]    = help: items from traits can only be used if the trait is implemented and in scope
[INFO] [stdout]    = note: the following traits define an item `update`, perhaps you need to implement one of them:
[INFO] [stdout]            candidate #1: `digest::Update`
[INFO] [stdout]            candidate #2: `digest::digest::Digest`
[INFO] [stdout]            candidate #3: `digest::digest::DynDigest`
[INFO] [stdout] 
[INFO] [stdout] error[E0599]: no function or associated item named `update` found for struct `Page` in the current scope
[INFO] [stdout]   --> src/lib.rs:77:11
[INFO] [stdout]    |
[INFO] [stdout] 20 | struct Page {
[INFO] [stdout]    | ----------- function or associated item `update` not found for this struct
[INFO] [stdout] ...
[INFO] [stdout] 68 |     Page::update(&MarkAsRead { // mark the page as read
[INFO] [stdout]    |           ^^^^^^ function or associated item not found in `Page`
[INFO] [stdout]    |
[INFO] [stdout]    = help: items from traits can only be used if the trait is implemented and in scope
[INFO] [stdout]    = note: the following traits define an item `update`, perhaps you need to implement one of them:
[INFO] [stdout]            candidate #1: `digest::Update`
[INFO] [stdout]            candidate #2: `digest::digest::Digest`
[INFO] [stdout]            candidate #3: `digest::digest::DynDigest`
[INFO] [stdout] 
[INFO] [stdout] error[E0599]: no function or associated item named `select` found for struct `Page` in the current scope
[INFO] [stdout]   --> src/lib.rs:85:22
[INFO] [stdout]    |
[INFO] [stdout] 20 | struct Page {
[INFO] [stdout]    | ----------- function or associated item `select` not found for this struct
[INFO] [stdout] ...
[INFO] [stdout] 76 |     let page = Page::select(&SelectPage { // select the updated page
[INFO] [stdout]    |                      ^^^^^^ function or associated item not found in `Page`
[INFO] [stdout] 
[INFO] [stdout] error[E0599]: no function or associated item named `delete` found for struct `Page` in the current scope
[INFO] [stdout]   --> src/lib.rs:94:11
[INFO] [stdout]    |
[INFO] [stdout] 20 | struct Page {
[INFO] [stdout]    | ----------- function or associated item `delete` not found for this struct
[INFO] [stdout] ...
[INFO] [stdout] 85 |     Page::delete(&DeleteAllPages { // delete all pages from the book
[INFO] [stdout]    |           ^^^^^^ function or associated item not found in `Page`
[INFO] [stdout] 
[INFO] [stdout] error[E0599]: no function or associated item named `select` found for struct `Page` in the current scope
[INFO] [stdout]   --> src/lib.rs:100:23
[INFO] [stdout]    |
[INFO] [stdout] 20 | struct Page {
[INFO] [stdout]    | ----------- function or associated item `select` not found for this struct
[INFO] [stdout] ...
[INFO] [stdout] 91 |     let pages = Page::select(&GetBookPages { // get all pages from the book
[INFO] [stdout]    |                       ^^^^^^ function or associated item not found in `Page`
[INFO] [stdout] 
[INFO] [stdout] error: aborting due to 27 previous errors
[INFO] [stdout] 
[INFO] [stdout] Some errors have detailed explanations: E0412, E0422, E0599.
[INFO] [stdout] For more information about an error, try `rustc --explain E0412`.
[INFO] [stdout] Couldn't compile the test.
[INFO] [stdout] 
[INFO] [stdout] failures:
[INFO] [stdout]     src/lib.rs - (line 12)
[INFO] [stdout] 
[INFO] [stdout] test result: FAILED. 0 passed; 1 failed; 0 ignored; 0 measured; 0 filtered out; finished in 0.20s
[INFO] [stdout] 
[INFO] [stderr] error: doctest failed, to rerun pass `--doc`
[INFO] running `Command { std: "docker" "inspect" "ca64e489198f8c64b98e495bc22b818156da40fd11079cbd814126b1f5cbe2ed", kill_on_drop: false }`
[INFO] running `Command { std: "docker" "rm" "-f" "ca64e489198f8c64b98e495bc22b818156da40fd11079cbd814126b1f5cbe2ed", kill_on_drop: false }`
[INFO] [stdout] ca64e489198f8c64b98e495bc22b818156da40fd11079cbd814126b1f5cbe2ed
