[INFO] fetching crate sqlx-migrate 0.7.1...
[INFO] testing sqlx-migrate-0.7.1 against 1.83.0 for beta-1.84.0-4-retry
[INFO] extracting crate sqlx-migrate 0.7.1 into /workspace/builds/worker-2-tc1/source
[INFO] validating manifest of crates.io crate sqlx-migrate 0.7.1 on toolchain 1.83.0
[INFO] running `Command { std: CARGO_HOME="/workspace/cargo-home" RUSTUP_HOME="/workspace/rustup-home" "/workspace/cargo-home/bin/cargo" "+1.83.0" "metadata" "--manifest-path" "Cargo.toml" "--no-deps", kill_on_drop: false }`
[INFO] started tweaking crates.io crate sqlx-migrate 0.7.1
[INFO] finished tweaking crates.io crate sqlx-migrate 0.7.1
[INFO] tweaked toml for crates.io crate sqlx-migrate 0.7.1 written to /workspace/builds/worker-2-tc1/source/Cargo.toml
[INFO] running `Command { std: CARGO_HOME="/workspace/cargo-home" RUSTUP_HOME="/workspace/rustup-home" "/workspace/cargo-home/bin/cargo" "+1.83.0" "generate-lockfile" "--manifest-path" "Cargo.toml", kill_on_drop: false }`
[INFO] [stderr]     Updating crates.io index
[INFO] [stderr]      Locking 262 packages to latest compatible versions
[INFO] [stderr]       Adding itertools v0.11.0 (available: v0.13.0)
[INFO] [stderr]       Adding sqlx v0.7.4 (available: v0.8.2)
[INFO] [stderr]       Adding thiserror v1.0.69 (available: v2.0.7)
[INFO] running `Command { std: CARGO_HOME="/workspace/cargo-home" RUSTUP_HOME="/workspace/rustup-home" "/workspace/cargo-home/bin/cargo" "+1.83.0" "fetch" "--manifest-path" "Cargo.toml", kill_on_drop: false }`
[INFO] running `Command { std: "docker" "create" "-v" "/var/lib/crater-agent-workspace/builds/worker-2-tc1/target:/opt/rustwide/target:rw,Z" "-v" "/var/lib/crater-agent-workspace/builds/worker-2-tc1/source:/opt/rustwide/workdir:ro,Z" "-v" "/var/lib/crater-agent-workspace/cargo-home:/opt/rustwide/cargo-home:ro,Z" "-v" "/var/lib/crater-agent-workspace/rustup-home:/opt/rustwide/rustup-home:ro,Z" "-e" "SOURCE_DIR=/opt/rustwide/workdir" "-e" "CARGO_TARGET_DIR=/opt/rustwide/target" "-e" "CARGO_HOME=/opt/rustwide/cargo-home" "-e" "RUSTUP_HOME=/opt/rustwide/rustup-home" "-w" "/opt/rustwide/workdir" "-m" "1610612736" "--user" "0:0" "--network" "none" "ghcr.io/rust-lang/crates-build-env/linux@sha256:f3a9d4ad9d972b27faf3965f35b62e55ba32bbce8f20bc8fe909558a86702fde" "/opt/rustwide/cargo-home/bin/cargo" "+1.83.0" "metadata" "--no-deps" "--format-version=1", kill_on_drop: false }`
[INFO] [stdout] 1f16cb31d99d0cca4221ed70cc9aa69e7ae51778d9b516ec78df80c66a882c3f
[INFO] running `Command { std: "docker" "start" "-a" "1f16cb31d99d0cca4221ed70cc9aa69e7ae51778d9b516ec78df80c66a882c3f", kill_on_drop: false }`
[INFO] running `Command { std: "docker" "inspect" "1f16cb31d99d0cca4221ed70cc9aa69e7ae51778d9b516ec78df80c66a882c3f", kill_on_drop: false }`
[INFO] running `Command { std: "docker" "rm" "-f" "1f16cb31d99d0cca4221ed70cc9aa69e7ae51778d9b516ec78df80c66a882c3f", kill_on_drop: false }`
[INFO] [stdout] 1f16cb31d99d0cca4221ed70cc9aa69e7ae51778d9b516ec78df80c66a882c3f
[INFO] running `Command { std: "docker" "create" "-v" "/var/lib/crater-agent-workspace/builds/worker-2-tc1/target:/opt/rustwide/target:rw,Z" "-v" "/var/lib/crater-agent-workspace/builds/worker-2-tc1/source:/opt/rustwide/workdir:ro,Z" "-v" "/var/lib/crater-agent-workspace/cargo-home:/opt/rustwide/cargo-home:ro,Z" "-v" "/var/lib/crater-agent-workspace/rustup-home:/opt/rustwide/rustup-home:ro,Z" "-e" "SOURCE_DIR=/opt/rustwide/workdir" "-e" "CARGO_TARGET_DIR=/opt/rustwide/target" "-e" "CARGO_INCREMENTAL=0" "-e" "RUST_BACKTRACE=full" "-e" "RUSTFLAGS=--cap-lints=warn" "-e" "RUSTDOCFLAGS=--cap-lints=warn" "-e" "CARGO_HOME=/opt/rustwide/cargo-home" "-e" "RUSTUP_HOME=/opt/rustwide/rustup-home" "-w" "/opt/rustwide/workdir" "-m" "1610612736" "--user" "0:0" "--network" "none" "ghcr.io/rust-lang/crates-build-env/linux@sha256:f3a9d4ad9d972b27faf3965f35b62e55ba32bbce8f20bc8fe909558a86702fde" "/opt/rustwide/cargo-home/bin/cargo" "+1.83.0" "build" "--frozen" "--message-format=json", kill_on_drop: false }`
[INFO] [stdout] 49b3842c5e5b50c7915c09c418058f3998adf47015382716e46a5bc5d1b890db
[INFO] running `Command { std: "docker" "start" "-a" "49b3842c5e5b50c7915c09c418058f3998adf47015382716e46a5bc5d1b890db", kill_on_drop: false }`
[INFO] [stderr]    Compiling proc-macro2 v1.0.92
[INFO] [stderr]    Compiling unicode-ident v1.0.14
[INFO] [stderr]    Compiling autocfg v1.4.0
[INFO] [stderr]    Compiling version_check v0.9.5
[INFO] [stderr]    Compiling stable_deref_trait v1.2.0
[INFO] [stderr]    Compiling cfg-if v1.0.0
[INFO] [stderr]    Compiling libc v0.2.168
[INFO] [stderr]    Compiling writeable v0.5.5
[INFO] [stderr]    Compiling litemap v0.7.4
[INFO] [stderr]    Compiling smallvec v1.13.2
[INFO] [stderr]    Compiling typenum v1.17.0
[INFO] [stderr]    Compiling once_cell v1.20.2
[INFO] [stderr]    Compiling icu_locid_transform_data v1.5.0
[INFO] [stderr]    Compiling parking_lot_core v0.9.10
[INFO] [stderr]    Compiling serde v1.0.216
[INFO] [stderr]    Compiling generic-array v0.14.7
[INFO] [stderr]    Compiling lock_api v0.4.12
[INFO] [stderr]    Compiling icu_properties_data v1.5.0
[INFO] [stderr]    Compiling memchr v2.7.4
[INFO] [stderr]    Compiling slab v0.4.9
[INFO] [stderr]    Compiling ahash v0.8.11
[INFO] [stderr]    Compiling icu_normalizer_data v1.5.0
[INFO] [stderr]    Compiling scopeguard v1.2.0
[INFO] [stderr]    Compiling futures-sink v0.3.31
[INFO] [stderr]    Compiling write16 v1.0.0
[INFO] [stderr]    Compiling utf8_iter v1.0.4
[INFO] [stderr]    Compiling utf16_iter v1.0.5
[INFO] [stderr]    Compiling num-traits v0.2.19
[INFO] [stderr]    Compiling zerocopy v0.7.35
[INFO] [stderr]    Compiling pin-project-lite v0.2.15
[INFO] [stderr]    Compiling crossbeam-utils v0.8.20
[INFO] [stderr]    Compiling quote v1.0.37
[INFO] [stderr]    Compiling syn v2.0.90
[INFO] [stderr]    Compiling paste v1.0.15
[INFO] [stderr]    Compiling pin-utils v0.1.0
[INFO] [stderr]    Compiling futures-io v0.3.31
[INFO] [stderr]    Compiling thiserror v1.0.69
[INFO] [stderr]    Compiling getrandom v0.2.15
[INFO] [stderr]    Compiling futures-task v0.3.31
[INFO] [stderr]    Compiling minimal-lexical v0.2.1
[INFO] [stderr]    Compiling futures-core v0.3.31
[INFO] [stderr]    Compiling parking_lot v0.12.3
[INFO] [stderr]    Compiling allocator-api2 v0.2.21
[INFO] [stderr]    Compiling percent-encoding v2.3.1
[INFO] [stderr]    Compiling nom v7.1.3
[INFO] [stderr]    Compiling form_urlencoded v1.2.1
[INFO] [stderr]    Compiling hashbrown v0.14.5
[INFO] [stderr]    Compiling tracing-core v0.1.33
[INFO] [stderr]    Compiling rustix v0.38.42
[INFO] [stderr]    Compiling block-buffer v0.10.4
[INFO] [stderr]    Compiling crypto-common v0.1.6
[INFO] [stderr]    Compiling digest v0.10.7
[INFO] [stderr]    Compiling equivalent v1.0.1
[INFO] [stderr]    Compiling cpufeatures v0.2.16
[INFO] [stderr]    Compiling log v0.4.22
[INFO] [stderr]    Compiling crc-catalog v2.4.0
[INFO] [stderr]    Compiling serde_json v1.0.133
[INFO] [stderr]    Compiling hashbrown v0.15.2
[INFO] [stderr]    Compiling unicode_categories v0.1.1
[INFO] [stderr]    Compiling atoi v2.0.0
[INFO] [stderr]    Compiling crc v3.2.1
[INFO] [stderr]    Compiling sha2 v0.10.8
[INFO] [stderr]    Compiling crossbeam-queue v0.3.11
[INFO] [stderr]    Compiling hashlink v0.8.4
[INFO] [stderr]    Compiling sqlformat v0.2.6
[INFO] [stderr]    Compiling byteorder v1.5.0
[INFO] [stderr]    Compiling event-listener v2.5.3
[INFO] [stderr]    Compiling indexmap v2.7.0
[INFO] [stderr]    Compiling itoa v1.0.14
[INFO] [stderr]    Compiling hex v0.4.3
[INFO] [stderr]    Compiling bytes v1.9.0
[INFO] [stderr]    Compiling linux-raw-sys v0.4.14
[INFO] [stderr]    Compiling syn v1.0.109
[INFO] [stderr]    Compiling ryu v1.0.18
[INFO] [stderr]    Compiling bitflags v2.6.0
[INFO] [stderr]    Compiling futures-intrusive v0.5.0
[INFO] [stderr]    Compiling futures-channel v0.3.31
[INFO] [stderr]    Compiling futures-util v0.3.31
[INFO] [stderr]    Compiling unicode-segmentation v1.12.0
[INFO] [stderr]    Compiling fastrand v2.3.0
[INFO] [stderr]    Compiling dotenvy v0.15.7
[INFO] [stderr]    Compiling heck v0.4.1
[INFO] [stderr]    Compiling anyhow v1.0.94
[INFO] [stderr]    Compiling humantime v2.1.0
[INFO] [stderr]    Compiling state v0.6.0
[INFO] [stderr]    Compiling tempfile v3.14.0
[INFO] [stderr]    Compiling synstructure v0.13.1
[INFO] [stderr]    Compiling zerofrom-derive v0.1.5
[INFO] [stderr]    Compiling yoke-derive v0.7.5
[INFO] [stderr]    Compiling zerovec-derive v0.10.3
[INFO] [stderr]    Compiling displaydoc v0.2.5
[INFO] [stderr]    Compiling icu_provider_macros v1.5.0
[INFO] [stderr]    Compiling serde_derive v1.0.216
[INFO] [stderr]    Compiling tracing-attributes v0.1.28
[INFO] [stderr]    Compiling thiserror-impl v1.0.69
[INFO] [stderr]    Compiling async-trait v0.1.83
[INFO] [stderr]    Compiling zerofrom v0.1.5
[INFO] [stderr]    Compiling yoke v0.7.5
[INFO] [stderr]    Compiling tracing v0.1.41
[INFO] [stderr]    Compiling zerovec v0.10.4
[INFO] [stderr]    Compiling tinystr v0.7.6
[INFO] [stderr]    Compiling icu_collections v1.5.0
[INFO] [stderr]    Compiling icu_locid v1.5.0
[INFO] [stderr]    Compiling icu_provider v1.5.0
[INFO] [stderr]    Compiling icu_locid_transform v1.5.0
[INFO] [stderr]    Compiling icu_properties v1.5.1
[INFO] [stderr]    Compiling either v1.13.0
[INFO] [stderr]    Compiling itertools v0.11.0
[INFO] [stderr]    Compiling icu_normalizer v1.5.0
[INFO] [stderr]    Compiling idna_adapter v1.2.0
[INFO] [stderr]    Compiling idna v1.0.3
[INFO] [stderr]    Compiling url v2.5.4
[INFO] [stderr]    Compiling sqlx-core v0.7.4
[INFO] [stderr]    Compiling sqlx-macros-core v0.7.4
[INFO] [stderr]    Compiling sqlx-macros v0.7.4
[INFO] [stderr]    Compiling sqlx v0.7.4
[INFO] [stderr]    Compiling sqlx-migrate v0.7.1 (/opt/rustwide/workdir)
[INFO] [stdout] warning: unused import: `Digest`
[INFO] [stdout]  --> src/context.rs:1:12
[INFO] [stdout]   |
[INFO] [stdout] 1 | use sha2::{Digest, Sha256};
[INFO] [stdout]   |            ^^^^^^
[INFO] [stdout]   |
[INFO] [stdout]   = note: `#[warn(unused_imports)]` on by default
[INFO] [stdout] 
[INFO] [stdout] 
[INFO] [stdout] warning: unused import: `borrow::BorrowMut`
[INFO] [stdout]  --> src/context.rs:3:21
[INFO] [stdout]   |
[INFO] [stdout] 3 | use std::{any::Any, borrow::BorrowMut, sync::Arc};
[INFO] [stdout]   |                     ^^^^^^^^^^^^^^^^^
[INFO] [stdout] 
[INFO] [stdout] 
[INFO] [stdout] warning: unused import: `Executor`
[INFO] [stdout]  --> src/context.rs:5:22
[INFO] [stdout]   |
[INFO] [stdout] 5 | use sqlx::{Database, Executor};
[INFO] [stdout]   |                      ^^^^^^^^
[INFO] [stdout] 
[INFO] [stdout] 
[INFO] [stdout] warning: method `sqlx_type` is never used
[INFO] [stdout]    --> src/lib.rs:962:8
[INFO] [stdout]     |
[INFO] [stdout] 961 | impl DatabaseType {
[INFO] [stdout]     | ----------------- method in this implementation
[INFO] [stdout] 962 |     fn sqlx_type(self) -> &'static str {
[INFO] [stdout]     |        ^^^^^^^^^
[INFO] [stdout]     |
[INFO] [stdout]     = note: `#[warn(dead_code)]` on by default
[INFO] [stdout] 
[INFO] [stdout] 
[INFO] [stderr]     Finished `dev` profile [unoptimized + debuginfo] target(s) in 1m 36s
[INFO] running `Command { std: "docker" "inspect" "49b3842c5e5b50c7915c09c418058f3998adf47015382716e46a5bc5d1b890db", kill_on_drop: false }`
[INFO] running `Command { std: "docker" "rm" "-f" "49b3842c5e5b50c7915c09c418058f3998adf47015382716e46a5bc5d1b890db", kill_on_drop: false }`
[INFO] [stdout] 49b3842c5e5b50c7915c09c418058f3998adf47015382716e46a5bc5d1b890db
[INFO] running `Command { std: "docker" "create" "-v" "/var/lib/crater-agent-workspace/builds/worker-2-tc1/target:/opt/rustwide/target:rw,Z" "-v" "/var/lib/crater-agent-workspace/builds/worker-2-tc1/source:/opt/rustwide/workdir:ro,Z" "-v" "/var/lib/crater-agent-workspace/cargo-home:/opt/rustwide/cargo-home:ro,Z" "-v" "/var/lib/crater-agent-workspace/rustup-home:/opt/rustwide/rustup-home:ro,Z" "-e" "SOURCE_DIR=/opt/rustwide/workdir" "-e" "CARGO_TARGET_DIR=/opt/rustwide/target" "-e" "CARGO_INCREMENTAL=0" "-e" "RUST_BACKTRACE=full" "-e" "RUSTFLAGS=--cap-lints=warn" "-e" "RUSTDOCFLAGS=--cap-lints=warn" "-e" "CARGO_HOME=/opt/rustwide/cargo-home" "-e" "RUSTUP_HOME=/opt/rustwide/rustup-home" "-w" "/opt/rustwide/workdir" "-m" "1610612736" "--user" "0:0" "--network" "none" "ghcr.io/rust-lang/crates-build-env/linux@sha256:f3a9d4ad9d972b27faf3965f35b62e55ba32bbce8f20bc8fe909558a86702fde" "/opt/rustwide/cargo-home/bin/cargo" "+1.83.0" "test" "--frozen" "--no-run" "--message-format=json", kill_on_drop: false }`
[INFO] [stdout] 4d4a78d8de8b8c28c20130cc41a7e340d05f6fdf3e2e4b0d8ba83b6a3581acdc
[INFO] running `Command { std: "docker" "start" "-a" "4d4a78d8de8b8c28c20130cc41a7e340d05f6fdf3e2e4b0d8ba83b6a3581acdc", kill_on_drop: false }`
[INFO] [stderr]    Compiling shlex v1.3.0
[INFO] [stderr]    Compiling socket2 v0.5.8
[INFO] [stderr]    Compiling mio v1.0.3
[INFO] [stderr]    Compiling spin v0.9.8
[INFO] [stderr]    Compiling untrusted v0.9.0
[INFO] [stderr]    Compiling rustls v0.21.12
[INFO] [stderr]    Compiling base64 v0.21.7
[INFO] [stderr]    Compiling webpki-roots v0.25.4
[INFO] [stderr]    Compiling tokio-macros v2.4.0
[INFO] [stderr]    Compiling cc v1.2.4
[INFO] [stderr]    Compiling rustls-pemfile v1.0.4
[INFO] [stderr]    Compiling tokio v1.42.0
[INFO] [stderr]    Compiling ring v0.17.8
[INFO] [stderr]    Compiling tokio-stream v0.1.17
[INFO] [stderr]    Compiling rustls-webpki v0.101.7
[INFO] [stderr]    Compiling sct v0.7.1
[INFO] [stderr]    Compiling sqlx-core v0.7.4
[INFO] [stderr]    Compiling sqlx-macros-core v0.7.4
[INFO] [stderr]    Compiling sqlx-macros v0.7.4
[INFO] [stderr]    Compiling sqlx v0.7.4
[INFO] [stderr]    Compiling sqlx-migrate v0.7.1 (/opt/rustwide/workdir)
[INFO] [stdout] warning: unused import: `Digest`
[INFO] [stdout]  --> src/context.rs:1:12
[INFO] [stdout]   |
[INFO] [stdout] 1 | use sha2::{Digest, Sha256};
[INFO] [stdout]   |            ^^^^^^
[INFO] [stdout]   |
[INFO] [stdout]   = note: `#[warn(unused_imports)]` on by default
[INFO] [stdout] 
[INFO] [stdout] 
[INFO] [stdout] warning: unused import: `borrow::BorrowMut`
[INFO] [stdout]  --> src/context.rs:3:21
[INFO] [stdout]   |
[INFO] [stdout] 3 | use std::{any::Any, borrow::BorrowMut, sync::Arc};
[INFO] [stdout]   |                     ^^^^^^^^^^^^^^^^^
[INFO] [stdout] 
[INFO] [stdout] 
[INFO] [stdout] warning: unused import: `Executor`
[INFO] [stdout]  --> src/context.rs:5:22
[INFO] [stdout]   |
[INFO] [stdout] 5 | use sqlx::{Database, Executor};
[INFO] [stdout]   |                      ^^^^^^^^
[INFO] [stdout] 
[INFO] [stdout] 
[INFO] [stdout] warning: unused import: `Digest`
[INFO] [stdout]  --> src/context.rs:1:12
[INFO] [stdout]   |
[INFO] [stdout] 1 | use sha2::{Digest, Sha256};
[INFO] [stdout]   |            ^^^^^^
[INFO] [stdout]   |
[INFO] [stdout]   = note: `#[warn(unused_imports)]` on by default
[INFO] [stdout] 
[INFO] [stdout] 
[INFO] [stdout] warning: unused import: `borrow::BorrowMut`
[INFO] [stdout]  --> src/context.rs:3:21
[INFO] [stdout]   |
[INFO] [stdout] 3 | use std::{any::Any, borrow::BorrowMut, sync::Arc};
[INFO] [stdout]   |                     ^^^^^^^^^^^^^^^^^
[INFO] [stdout] 
[INFO] [stdout] 
[INFO] [stdout] warning: unused import: `Executor`
[INFO] [stdout]  --> src/context.rs:5:22
[INFO] [stdout]   |
[INFO] [stdout] 5 | use sqlx::{Database, Executor};
[INFO] [stdout]   |                      ^^^^^^^^
[INFO] [stdout] 
[INFO] [stdout] 
[INFO] [stdout] warning: method `sqlx_type` is never used
[INFO] [stdout]    --> src/lib.rs:962:8
[INFO] [stdout]     |
[INFO] [stdout] 961 | impl DatabaseType {
[INFO] [stdout]     | ----------------- method in this implementation
[INFO] [stdout] 962 |     fn sqlx_type(self) -> &'static str {
[INFO] [stdout]     |        ^^^^^^^^^
[INFO] [stdout]     |
[INFO] [stdout]     = note: `#[warn(dead_code)]` on by default
[INFO] [stdout] 
[INFO] [stdout] 
[INFO] [stdout] warning: method `sqlx_type` is never used
[INFO] [stdout]    --> src/lib.rs:962:8
[INFO] [stdout]     |
[INFO] [stdout] 961 | impl DatabaseType {
[INFO] [stdout]     | ----------------- method in this implementation
[INFO] [stdout] 962 |     fn sqlx_type(self) -> &'static str {
[INFO] [stdout]     |        ^^^^^^^^^
[INFO] [stdout]     |
[INFO] [stdout]     = note: `#[warn(dead_code)]` on by default
[INFO] [stdout] 
[INFO] [stdout] 
[INFO] [stderr]     Finished `test` profile [unoptimized + debuginfo] target(s) in 44.59s
[INFO] running `Command { std: "docker" "inspect" "4d4a78d8de8b8c28c20130cc41a7e340d05f6fdf3e2e4b0d8ba83b6a3581acdc", kill_on_drop: false }`
[INFO] running `Command { std: "docker" "rm" "-f" "4d4a78d8de8b8c28c20130cc41a7e340d05f6fdf3e2e4b0d8ba83b6a3581acdc", kill_on_drop: false }`
[INFO] [stdout] 4d4a78d8de8b8c28c20130cc41a7e340d05f6fdf3e2e4b0d8ba83b6a3581acdc
[INFO] running `Command { std: "docker" "create" "-v" "/var/lib/crater-agent-workspace/builds/worker-2-tc1/target:/opt/rustwide/target:rw,Z" "-v" "/var/lib/crater-agent-workspace/builds/worker-2-tc1/source:/opt/rustwide/workdir:ro,Z" "-v" "/var/lib/crater-agent-workspace/cargo-home:/opt/rustwide/cargo-home:ro,Z" "-v" "/var/lib/crater-agent-workspace/rustup-home:/opt/rustwide/rustup-home:ro,Z" "-e" "SOURCE_DIR=/opt/rustwide/workdir" "-e" "CARGO_TARGET_DIR=/opt/rustwide/target" "-e" "CARGO_INCREMENTAL=0" "-e" "RUST_BACKTRACE=full" "-e" "RUSTFLAGS=--cap-lints=warn" "-e" "RUSTDOCFLAGS=--cap-lints=warn" "-e" "CARGO_HOME=/opt/rustwide/cargo-home" "-e" "RUSTUP_HOME=/opt/rustwide/rustup-home" "-w" "/opt/rustwide/workdir" "-m" "1610612736" "--user" "0:0" "--network" "none" "ghcr.io/rust-lang/crates-build-env/linux@sha256:f3a9d4ad9d972b27faf3965f35b62e55ba32bbce8f20bc8fe909558a86702fde" "/opt/rustwide/cargo-home/bin/cargo" "+1.83.0" "test" "--frozen", kill_on_drop: false }`
[INFO] [stdout] 93f3616dba270a25d44906c03fc6841ce34ffcc2dee51486c5bf8981bf269b40
[INFO] running `Command { std: "docker" "start" "-a" "93f3616dba270a25d44906c03fc6841ce34ffcc2dee51486c5bf8981bf269b40", kill_on_drop: false }`
[INFO] [stderr] warning: unused import: `Digest`
[INFO] [stderr]  --> src/context.rs:1:12
[INFO] [stderr]   |
[INFO] [stderr] 1 | use sha2::{Digest, Sha256};
[INFO] [stderr]   |            ^^^^^^
[INFO] [stderr]   |
[INFO] [stderr]   = note: `#[warn(unused_imports)]` on by default
[INFO] [stderr] 
[INFO] [stderr] warning: unused import: `borrow::BorrowMut`
[INFO] [stderr]  --> src/context.rs:3:21
[INFO] [stderr]   |
[INFO] [stderr] 3 | use std::{any::Any, borrow::BorrowMut, sync::Arc};
[INFO] [stderr]   |                     ^^^^^^^^^^^^^^^^^
[INFO] [stderr] 
[INFO] [stderr] warning: unused import: `Executor`
[INFO] [stderr]  --> src/context.rs:5:22
[INFO] [stderr]   |
[INFO] [stderr] 5 | use sqlx::{Database, Executor};
[INFO] [stderr]   |                      ^^^^^^^^
[INFO] [stderr] 
[INFO] [stderr] warning: method `sqlx_type` is never used
[INFO] [stderr]    --> src/lib.rs:962:8
[INFO] [stderr]     |
[INFO] [stderr] 961 | impl DatabaseType {
[INFO] [stderr]     | ----------------- method in this implementation
[INFO] [stderr] 962 |     fn sqlx_type(self) -> &'static str {
[INFO] [stderr]     |        ^^^^^^^^^
[INFO] [stderr]     |
[INFO] [stderr]     = note: `#[warn(dead_code)]` on by default
[INFO] [stderr] 
[INFO] [stderr] warning: `sqlx-migrate` (lib) generated 4 warnings (run `cargo fix --lib -p sqlx-migrate` to apply 3 suggestions)
[INFO] [stderr] warning: `sqlx-migrate` (lib test) generated 4 warnings (4 duplicates)
[INFO] [stderr]     Finished `test` profile [unoptimized + debuginfo] target(s) in 0.33s
[INFO] [stderr]      Running unittests src/lib.rs (/opt/rustwide/target/debug/deps/sqlx_migrate-3b4b2a27a8034cb0)
[INFO] [stderr]    Doc-tests sqlx_migrate
[INFO] [stdout] 
[INFO] [stdout] running 0 tests
[INFO] [stdout] 
[INFO] [stdout] test result: ok. 0 passed; 0 failed; 0 ignored; 0 measured; 0 filtered out; finished in 0.00s
[INFO] [stdout] 
[INFO] [stdout] 
[INFO] [stdout] running 2 tests
[INFO] [stdout] test src/lib.rs - Migrator (line 160) - compile ... FAILED
[INFO] [stdout] test src/lib.rs - Migration (line 72) ... FAILED
[INFO] [stdout] 
[INFO] [stdout] failures:
[INFO] [stdout] 
[INFO] [stdout] ---- src/lib.rs - Migrator (line 160) stdout ----
[INFO] [stdout] error[E0432]: unresolved imports `crate::Error`, `crate::Migration`, `crate::Migrator`
[INFO] [stdout]  --> src/lib.rs:161:13
[INFO] [stdout]   |
[INFO] [stdout] 3 | use crate::{Error, Migration, Migrator};
[INFO] [stdout]   |             ^^^^^  ^^^^^^^^^  ^^^^^^^^ no `Migrator` in the root
[INFO] [stdout]   |             |      |
[INFO] [stdout]   |             |      no `Migration` in the root
[INFO] [stdout]   |             no `Error` in the root
[INFO] [stdout]   |
[INFO] [stdout]   = help: consider importing one of these items instead:
[INFO] [stdout]           std::error::Error
[INFO] [stdout]           std::fmt::Error
[INFO] [stdout]           std::io::Error
[INFO] [stdout]           core::error::Error
[INFO] [stdout]           core::fmt::Error
[INFO] [stdout]           anyhow::Error
[INFO] [stdout]           sqlx::Error
[INFO] [stdout]           sqlx_migrate::Error
[INFO] [stdout]           tokio::io::Error
[INFO] [stdout]           tokio::time::error::Error
[INFO] [stdout]   = help: consider importing one of these items instead:
[INFO] [stdout]           sqlx::migrate::Migration
[INFO] [stdout]           sqlx_migrate::Error::Migration
[INFO] [stdout]           sqlx_migrate::Migration
[INFO] [stdout]   = help: consider importing one of these structs instead:
[INFO] [stdout]           sqlx::migrate::Migrator
[INFO] [stdout]           sqlx_migrate::Migrator
[INFO] [stdout] 
[INFO] [stdout] error[E0432]: unresolved import `sqlx::Postgres`
[INFO] [stdout]   --> src/lib.rs:162:22
[INFO] [stdout]    |
[INFO] [stdout] 4  | use sqlx::{Executor, Postgres};
[INFO] [stdout]    |                      ^^^^^^^^ no `Postgres` in the root
[INFO] [stdout]    |
[INFO] [stdout]    = help: consider importing this variant instead:
[INFO] [stdout]            sqlx_migrate::DatabaseType::Postgres
[INFO] [stdout] note: found an item that was configured out
[INFO] [stdout]   --> /opt/rustwide/cargo-home/registry/src/index.crates.io-6f17d22bba15001f/sqlx-0.7.4/src/lib.rs:41:77
[INFO] [stdout]    |
[INFO] [stdout] 41 | pub use sqlx_postgres::{self as postgres, PgConnection, PgExecutor, PgPool, Postgres};
[INFO] [stdout]    |                                                                             ^^^^^^^^
[INFO] [stdout] note: the item is gated behind the `postgres` feature
[INFO] [stdout]   --> /opt/rustwide/cargo-home/registry/src/index.crates.io-6f17d22bba15001f/sqlx-0.7.4/src/lib.rs:38:7
[INFO] [stdout]    |
[INFO] [stdout] 38 | #[cfg(feature = "postgres")]
[INFO] [stdout]    |       ^^^^^^^^^^^^^^^^^^^^
[INFO] [stdout] 
[INFO] [stdout] error: aborting due to 2 previous errors
[INFO] [stdout] 
[INFO] [stdout] For more information about this error, try `rustc --explain E0432`.
[INFO] [stdout] Couldn't compile the test.
[INFO] [stdout] ---- src/lib.rs - Migration (line 72) stdout ----
[INFO] [stdout] error[E0432]: unresolved import `sqlx::Postgres`
[INFO] [stdout]   --> src/lib.rs:75:22
[INFO] [stdout]    |
[INFO] [stdout] 6  | use sqlx::{Executor, Postgres};
[INFO] [stdout]    |                      ^^^^^^^^ no `Postgres` in the root
[INFO] [stdout]    |
[INFO] [stdout]    = help: consider importing this variant instead:
[INFO] [stdout]            sqlx_migrate::DatabaseType::Postgres
[INFO] [stdout] note: found an item that was configured out
[INFO] [stdout]   --> /opt/rustwide/cargo-home/registry/src/index.crates.io-6f17d22bba15001f/sqlx-0.7.4/src/lib.rs:41:77
[INFO] [stdout]    |
[INFO] [stdout] 41 | pub use sqlx_postgres::{self as postgres, PgConnection, PgExecutor, PgPool, Postgres};
[INFO] [stdout]    |                                                                             ^^^^^^^^
[INFO] [stdout] note: the item is gated behind the `postgres` feature
[INFO] [stdout]   --> /opt/rustwide/cargo-home/registry/src/index.crates.io-6f17d22bba15001f/sqlx-0.7.4/src/lib.rs:38:7
[INFO] [stdout]    |
[INFO] [stdout] 38 | #[cfg(feature = "postgres")]
[INFO] [stdout]    |       ^^^^^^^^^^^^^^^^^^^^
[INFO] [stdout] 
[INFO] [stdout] error: aborting due to 1 previous error
[INFO] [stdout] 
[INFO] [stdout] For more information about this error, try `rustc --explain E0432`.
[INFO] [stdout] Couldn't compile the test.
[INFO] [stdout] 
[INFO] [stdout] failures:
[INFO] [stdout]     src/lib.rs - Migration (line 72)
[INFO] [stdout]     src/lib.rs - Migrator (line 160)
[INFO] [stdout] 
[INFO] [stdout] test result: FAILED. 0 passed; 2 failed; 0 ignored; 0 measured; 0 filtered out; finished in 0.20s
[INFO] [stdout] 
[INFO] [stderr] error: doctest failed, to rerun pass `--doc`
[INFO] running `Command { std: "docker" "inspect" "93f3616dba270a25d44906c03fc6841ce34ffcc2dee51486c5bf8981bf269b40", kill_on_drop: false }`
[INFO] running `Command { std: "docker" "rm" "-f" "93f3616dba270a25d44906c03fc6841ce34ffcc2dee51486c5bf8981bf269b40", kill_on_drop: false }`
[INFO] [stdout] 93f3616dba270a25d44906c03fc6841ce34ffcc2dee51486c5bf8981bf269b40
