[INFO] fetching crate sqlx-core 0.8.2...
[INFO] testing sqlx-core-0.8.2 against 1.83.0 for beta-1.84.0-4-retry
[INFO] extracting crate sqlx-core 0.8.2 into /workspace/builds/worker-0-tc1/source
[INFO] validating manifest of crates.io crate sqlx-core 0.8.2 on toolchain 1.83.0
[INFO] running `Command { std: CARGO_HOME="/workspace/cargo-home" RUSTUP_HOME="/workspace/rustup-home" "/workspace/cargo-home/bin/cargo" "+1.83.0" "metadata" "--manifest-path" "Cargo.toml" "--no-deps", kill_on_drop: false }`
[INFO] started tweaking crates.io crate sqlx-core 0.8.2
[INFO] finished tweaking crates.io crate sqlx-core 0.8.2
[INFO] tweaked toml for crates.io crate sqlx-core 0.8.2 written to /workspace/builds/worker-0-tc1/source/Cargo.toml
[INFO] running `Command { std: CARGO_HOME="/workspace/cargo-home" RUSTUP_HOME="/workspace/rustup-home" "/workspace/cargo-home/bin/cargo" "+1.83.0" "generate-lockfile" "--manifest-path" "Cargo.toml", kill_on_drop: false }`
[INFO] [stderr]     Updating crates.io index
[INFO] [stderr]      Locking 325 packages to latest compatible versions
[INFO] [stderr]       Adding async-io v1.13.0 (available: v2.4.0)
[INFO] [stderr]       Adding bit-vec v0.6.3 (available: v0.8.0)
[INFO] [stderr]       Adding hashbrown v0.14.5 (available: v0.15.2)
[INFO] [stderr]       Adding hashlink v0.9.1 (available: v0.10.0)
[INFO] [stderr]       Adding sqlformat v0.2.6 (available: v0.3.3)
[INFO] [stderr]       Adding thiserror v1.0.69 (available: v2.0.7)
[INFO] running `Command { std: CARGO_HOME="/workspace/cargo-home" RUSTUP_HOME="/workspace/rustup-home" "/workspace/cargo-home/bin/cargo" "+1.83.0" "fetch" "--manifest-path" "Cargo.toml", kill_on_drop: false }`
[INFO] running `Command { std: "docker" "create" "-v" "/var/lib/crater-agent-workspace/builds/worker-0-tc1/target:/opt/rustwide/target:rw,Z" "-v" "/var/lib/crater-agent-workspace/builds/worker-0-tc1/source:/opt/rustwide/workdir:ro,Z" "-v" "/var/lib/crater-agent-workspace/cargo-home:/opt/rustwide/cargo-home:ro,Z" "-v" "/var/lib/crater-agent-workspace/rustup-home:/opt/rustwide/rustup-home:ro,Z" "-e" "SOURCE_DIR=/opt/rustwide/workdir" "-e" "CARGO_TARGET_DIR=/opt/rustwide/target" "-e" "CARGO_HOME=/opt/rustwide/cargo-home" "-e" "RUSTUP_HOME=/opt/rustwide/rustup-home" "-w" "/opt/rustwide/workdir" "-m" "1610612736" "--user" "0:0" "--network" "none" "ghcr.io/rust-lang/crates-build-env/linux@sha256:f3a9d4ad9d972b27faf3965f35b62e55ba32bbce8f20bc8fe909558a86702fde" "/opt/rustwide/cargo-home/bin/cargo" "+1.83.0" "metadata" "--no-deps" "--format-version=1", kill_on_drop: false }`
[INFO] [stdout] ec9b593a72dbc5d63bda3de5f1953ad92621506a3c67df875a171b71a96f3d4d
[INFO] running `Command { std: "docker" "start" "-a" "ec9b593a72dbc5d63bda3de5f1953ad92621506a3c67df875a171b71a96f3d4d", kill_on_drop: false }`
[INFO] running `Command { std: "docker" "inspect" "ec9b593a72dbc5d63bda3de5f1953ad92621506a3c67df875a171b71a96f3d4d", kill_on_drop: false }`
[INFO] running `Command { std: "docker" "rm" "-f" "ec9b593a72dbc5d63bda3de5f1953ad92621506a3c67df875a171b71a96f3d4d", kill_on_drop: false }`
[INFO] [stdout] ec9b593a72dbc5d63bda3de5f1953ad92621506a3c67df875a171b71a96f3d4d
[INFO] running `Command { std: "docker" "create" "-v" "/var/lib/crater-agent-workspace/builds/worker-0-tc1/target:/opt/rustwide/target:rw,Z" "-v" "/var/lib/crater-agent-workspace/builds/worker-0-tc1/source:/opt/rustwide/workdir:ro,Z" "-v" "/var/lib/crater-agent-workspace/cargo-home:/opt/rustwide/cargo-home:ro,Z" "-v" "/var/lib/crater-agent-workspace/rustup-home:/opt/rustwide/rustup-home:ro,Z" "-e" "SOURCE_DIR=/opt/rustwide/workdir" "-e" "CARGO_TARGET_DIR=/opt/rustwide/target" "-e" "CARGO_INCREMENTAL=0" "-e" "RUST_BACKTRACE=full" "-e" "RUSTFLAGS=--cap-lints=warn" "-e" "RUSTDOCFLAGS=--cap-lints=warn" "-e" "CARGO_HOME=/opt/rustwide/cargo-home" "-e" "RUSTUP_HOME=/opt/rustwide/rustup-home" "-w" "/opt/rustwide/workdir" "-m" "1610612736" "--user" "0:0" "--network" "none" "ghcr.io/rust-lang/crates-build-env/linux@sha256:f3a9d4ad9d972b27faf3965f35b62e55ba32bbce8f20bc8fe909558a86702fde" "/opt/rustwide/cargo-home/bin/cargo" "+1.83.0" "build" "--frozen" "--message-format=json", kill_on_drop: false }`
[INFO] [stdout] 072f961f4a70e52877e84cf97f93e25d3e2477f3854a4ac9a8dc751f821b72be
[INFO] running `Command { std: "docker" "start" "-a" "072f961f4a70e52877e84cf97f93e25d3e2477f3854a4ac9a8dc751f821b72be", kill_on_drop: false }`
[INFO] [stderr]    Compiling proc-macro2 v1.0.92
[INFO] [stderr]    Compiling unicode-ident v1.0.14
[INFO] [stderr]    Compiling autocfg v1.4.0
[INFO] [stderr]    Compiling stable_deref_trait v1.2.0
[INFO] [stderr]    Compiling writeable v0.5.5
[INFO] [stderr]    Compiling litemap v0.7.4
[INFO] [stderr]    Compiling smallvec v1.13.2
[INFO] [stderr]    Compiling cfg-if v1.0.0
[INFO] [stderr]    Compiling icu_locid_transform_data v1.5.0
[INFO] [stderr]    Compiling version_check v0.9.5
[INFO] [stderr]    Compiling icu_properties_data v1.5.0
[INFO] [stderr]    Compiling crossbeam-utils v0.8.20
[INFO] [stderr]    Compiling once_cell v1.20.2
[INFO] [stderr]    Compiling utf16_iter v1.0.5
[INFO] [stderr]    Compiling parking_lot_core v0.9.10
[INFO] [stderr]    Compiling icu_normalizer_data v1.5.0
[INFO] [stderr]    Compiling utf8_iter v1.0.4
[INFO] [stderr]    Compiling write16 v1.0.0
[INFO] [stderr]    Compiling zerocopy v0.7.35
[INFO] [stderr]    Compiling memchr v2.7.4
[INFO] [stderr]    Compiling futures-core v0.3.31
[INFO] [stderr]    Compiling scopeguard v1.2.0
[INFO] [stderr]    Compiling pin-project-lite v0.2.15
[INFO] [stderr]    Compiling thiserror v1.0.69
[INFO] [stderr]    Compiling paste v1.0.15
[INFO] [stderr]    Compiling percent-encoding v2.3.1
[INFO] [stderr]    Compiling allocator-api2 v0.2.21
[INFO] [stderr]    Compiling minimal-lexical v0.2.1
[INFO] [stderr]    Compiling futures-sink v0.3.31
[INFO] [stderr]    Compiling tracing-core v0.1.33
[INFO] [stderr]    Compiling form_urlencoded v1.2.1
[INFO] [stderr]    Compiling futures-task v0.3.31
[INFO] [stderr]    Compiling equivalent v1.0.1
[INFO] [stderr]    Compiling ahash v0.8.11
[INFO] [stderr]    Compiling parking v2.2.1
[INFO] [stderr]    Compiling log v0.4.22
[INFO] [stderr]    Compiling lock_api v0.4.12
[INFO] [stderr]    Compiling slab v0.4.9
[INFO] [stderr]    Compiling num-traits v0.2.19
[INFO] [stderr]    Compiling hashbrown v0.15.2
[INFO] [stderr]    Compiling unicode_categories v0.1.1
[INFO] [stderr]    Compiling futures-io v0.3.31
[INFO] [stderr]    Compiling pin-utils v0.1.0
[INFO] [stderr]    Compiling futures-channel v0.3.31
[INFO] [stderr]    Compiling hex v0.4.3
[INFO] [stderr]    Compiling byteorder v1.5.0
[INFO] [stderr]    Compiling bytes v1.9.0
[INFO] [stderr]    Compiling concurrent-queue v2.5.0
[INFO] [stderr]    Compiling crossbeam-queue v0.3.11
[INFO] [stderr]    Compiling nom v7.1.3
[INFO] [stderr]    Compiling futures-util v0.3.31
[INFO] [stderr]    Compiling either v1.13.0
[INFO] [stderr]    Compiling parking_lot v0.12.3
[INFO] [stderr]    Compiling hashbrown v0.14.5
[INFO] [stderr]    Compiling event-listener v5.3.1
[INFO] [stderr]    Compiling futures-intrusive v0.5.0
[INFO] [stderr]    Compiling quote v1.0.37
[INFO] [stderr]    Compiling indexmap v2.7.0
[INFO] [stderr]    Compiling syn v2.0.90
[INFO] [stderr]    Compiling atoi v2.0.0
[INFO] [stderr]    Compiling hashlink v0.9.1
[INFO] [stderr]    Compiling sqlformat v0.2.6
[INFO] [stderr]    Compiling synstructure v0.13.1
[INFO] [stderr]    Compiling zerofrom-derive v0.1.5
[INFO] [stderr]    Compiling yoke-derive v0.7.5
[INFO] [stderr]    Compiling zerovec-derive v0.10.3
[INFO] [stderr]    Compiling displaydoc v0.2.5
[INFO] [stderr]    Compiling icu_provider_macros v1.5.0
[INFO] [stderr]    Compiling tracing-attributes v0.1.28
[INFO] [stderr]    Compiling thiserror-impl v1.0.69
[INFO] [stderr]    Compiling zerofrom v0.1.5
[INFO] [stderr]    Compiling yoke v0.7.5
[INFO] [stderr]    Compiling zerovec v0.10.4
[INFO] [stderr]    Compiling tracing v0.1.41
[INFO] [stderr]    Compiling tinystr v0.7.6
[INFO] [stderr]    Compiling icu_collections v1.5.0
[INFO] [stderr]    Compiling icu_locid v1.5.0
[INFO] [stderr]    Compiling icu_provider v1.5.0
[INFO] [stderr]    Compiling icu_locid_transform v1.5.0
[INFO] [stderr]    Compiling icu_properties v1.5.1
[INFO] [stderr]    Compiling icu_normalizer v1.5.0
[INFO] [stderr]    Compiling idna_adapter v1.2.0
[INFO] [stderr]    Compiling idna v1.0.3
[INFO] [stderr]    Compiling url v2.5.4
[INFO] [stderr]    Compiling sqlx-core v0.8.2 (/opt/rustwide/workdir)
[INFO] [stdout] warning: elided lifetime has a name
[INFO] [stdout]    --> src/query.rs:502:48
[INFO] [stdout]     |
[INFO] [stdout] 500 | pub fn query_statement<'q, DB>(
[INFO] [stdout]     |                        -- lifetime `'q` declared here
[INFO] [stdout] 501 |     statement: &'q DB::Statement<'q>,
[INFO] [stdout] 502 | ) -> Query<'q, DB, <DB as Database>::Arguments<'_>>
[INFO] [stdout]     |                                                ^^ this elided lifetime gets resolved as `'q`
[INFO] [stdout]     |
[INFO] [stdout]     = note: `#[warn(elided_named_lifetimes)]` on by default
[INFO] [stdout] 
[INFO] [stdout] 
[INFO] [stdout] warning: elided lifetime has a name
[INFO] [stdout]    --> src/query_as.rs:389:53
[INFO] [stdout]     |
[INFO] [stdout] 387 | pub fn query_statement_as<'q, DB, O>(
[INFO] [stdout]     |                           -- lifetime `'q` declared here
[INFO] [stdout] 388 |     statement: &'q DB::Statement<'q>,
[INFO] [stdout] 389 | ) -> QueryAs<'q, DB, O, <DB as Database>::Arguments<'_>>
[INFO] [stdout]     |                                                     ^^ this elided lifetime gets resolved as `'q`
[INFO] [stdout] 
[INFO] [stdout] 
[INFO] [stdout] warning: elided lifetime has a name
[INFO] [stdout]    --> src/query_scalar.rs:368:57
[INFO] [stdout]     |
[INFO] [stdout] 366 | pub fn query_statement_scalar<'q, DB, O>(
[INFO] [stdout]     |                               -- lifetime `'q` declared here
[INFO] [stdout] 367 |     statement: &'q DB::Statement<'q>,
[INFO] [stdout] 368 | ) -> QueryScalar<'q, DB, O, <DB as Database>::Arguments<'_>>
[INFO] [stdout]     |                                                         ^^ this elided lifetime gets resolved as `'q`
[INFO] [stdout] 
[INFO] [stdout] 
[INFO] [stderr]     Finished `dev` profile [unoptimized + debuginfo] target(s) in 26.72s
[INFO] running `Command { std: "docker" "inspect" "072f961f4a70e52877e84cf97f93e25d3e2477f3854a4ac9a8dc751f821b72be", kill_on_drop: false }`
[INFO] running `Command { std: "docker" "rm" "-f" "072f961f4a70e52877e84cf97f93e25d3e2477f3854a4ac9a8dc751f821b72be", kill_on_drop: false }`
[INFO] [stdout] 072f961f4a70e52877e84cf97f93e25d3e2477f3854a4ac9a8dc751f821b72be
[INFO] running `Command { std: "docker" "create" "-v" "/var/lib/crater-agent-workspace/builds/worker-0-tc1/target:/opt/rustwide/target:rw,Z" "-v" "/var/lib/crater-agent-workspace/builds/worker-0-tc1/source:/opt/rustwide/workdir:ro,Z" "-v" "/var/lib/crater-agent-workspace/cargo-home:/opt/rustwide/cargo-home:ro,Z" "-v" "/var/lib/crater-agent-workspace/rustup-home:/opt/rustwide/rustup-home:ro,Z" "-e" "SOURCE_DIR=/opt/rustwide/workdir" "-e" "CARGO_TARGET_DIR=/opt/rustwide/target" "-e" "CARGO_INCREMENTAL=0" "-e" "RUST_BACKTRACE=full" "-e" "RUSTFLAGS=--cap-lints=warn" "-e" "RUSTDOCFLAGS=--cap-lints=warn" "-e" "CARGO_HOME=/opt/rustwide/cargo-home" "-e" "RUSTUP_HOME=/opt/rustwide/rustup-home" "-w" "/opt/rustwide/workdir" "-m" "1610612736" "--user" "0:0" "--network" "none" "ghcr.io/rust-lang/crates-build-env/linux@sha256:f3a9d4ad9d972b27faf3965f35b62e55ba32bbce8f20bc8fe909558a86702fde" "/opt/rustwide/cargo-home/bin/cargo" "+1.83.0" "test" "--frozen" "--no-run" "--message-format=json", kill_on_drop: false }`
[INFO] [stdout] d578ba99671d8a4aca0578cd5ef4b6be6a26a06953b7b9541c8ad704f59b585f
[INFO] running `Command { std: "docker" "start" "-a" "d578ba99671d8a4aca0578cd5ef4b6be6a26a06953b7b9541c8ad704f59b585f", kill_on_drop: false }`
[INFO] [stderr]    Compiling serde v1.0.216
[INFO] [stderr]    Compiling typenum v1.17.0
[INFO] [stderr]    Compiling const-oid v0.9.6
[INFO] [stderr]    Compiling libm v0.2.11
[INFO] [stderr]    Compiling subtle v2.6.1
[INFO] [stderr]    Compiling generic-array v0.14.7
[INFO] [stderr]    Compiling num-traits v0.2.19
[INFO] [stderr]    Compiling serde_derive v1.0.216
[INFO] [stderr]    Compiling zerocopy-derive v0.7.35
[INFO] [stderr]    Compiling form_urlencoded v1.2.1
[INFO] [stderr]    Compiling cpufeatures v0.2.16
[INFO] [stderr]    Compiling itoa v1.0.14
[INFO] [stderr]    Compiling getrandom v0.2.15
[INFO] [stderr]    Compiling serde_json v1.0.133
[INFO] [stderr]    Compiling time-core v0.1.2
[INFO] [stderr]    Compiling powerfmt v0.2.0
[INFO] [stderr]    Compiling ryu v1.0.18
[INFO] [stderr]    Compiling num-conv v0.1.0
[INFO] [stderr]    Compiling crc-catalog v2.4.0
[INFO] [stderr]    Compiling crc v3.2.1
[INFO] [stderr]    Compiling rand_core v0.6.4
[INFO] [stderr]    Compiling deranged v0.3.11
[INFO] [stderr]    Compiling spin v0.9.8
[INFO] [stderr]    Compiling base64ct v1.6.0
[INFO] [stderr]    Compiling uuid v1.11.0
[INFO] [stderr]    Compiling zeroize v1.8.1
[INFO] [stderr]    Compiling time-macros v0.2.19
[INFO] [stderr]    Compiling tinyvec_macros v0.1.1
[INFO] [stderr]    Compiling shlex v1.3.0
[INFO] [stderr]    Compiling unicode-bidi v0.3.17
[INFO] [stderr]    Compiling tinyvec v1.8.0
[INFO] [stderr]    Compiling pkg-config v0.3.31
[INFO] [stderr]    Compiling num-bigint-dig v0.8.4
[INFO] [stderr]    Compiling cc v1.2.4
[INFO] [stderr]    Compiling pem-rfc7468 v0.7.0
[INFO] [stderr]    Compiling vcpkg v0.2.15
[INFO] [stderr]    Compiling unicode-properties v0.1.3
[INFO] [stderr]    Compiling lazy_static v1.5.0
[INFO] [stderr]    Compiling dotenvy v0.15.7
[INFO] [stderr]    Compiling whoami v1.5.2
[INFO] [stderr]    Compiling base64 v0.22.1
[INFO] [stderr]    Compiling der v0.7.9
[INFO] [stderr]    Compiling unicode-normalization v0.1.24
[INFO] [stderr]    Compiling rustix v0.38.42
[INFO] [stderr]    Compiling flume v0.11.1
[INFO] [stderr]    Compiling futures-executor v0.3.31
[INFO] [stderr]    Compiling home v0.5.9
[INFO] [stderr]    Compiling linux-raw-sys v0.4.14
[INFO] [stderr]    Compiling fastrand v2.3.0
[INFO] [stderr]    Compiling heck v0.5.0
[INFO] [stderr]    Compiling tokio v1.42.0
[INFO] [stderr]    Compiling atoi v2.0.0
[INFO] [stderr]    Compiling num-integer v0.1.46
[INFO] [stderr]    Compiling stringprep v0.1.5
[INFO] [stderr]    Compiling zerocopy v0.7.35
[INFO] [stderr]    Compiling num-iter v0.1.45
[INFO] [stderr]    Compiling libsqlite3-sys v0.30.1
[INFO] [stderr]    Compiling time v0.3.37
[INFO] [stderr]    Compiling spki v0.7.3
[INFO] [stderr]    Compiling block-buffer v0.10.4
[INFO] [stderr]    Compiling crypto-common v0.1.6
[INFO] [stderr]    Compiling digest v0.10.7
[INFO] [stderr]    Compiling pkcs8 v0.10.2
[INFO] [stderr]    Compiling hmac v0.12.1
[INFO] [stderr]    Compiling md-5 v0.10.6
[INFO] [stderr]    Compiling sha2 v0.10.8
[INFO] [stderr]    Compiling signature v2.2.0
[INFO] [stderr]    Compiling sha1 v0.10.6
[INFO] [stderr]    Compiling hkdf v0.12.4
[INFO] [stderr]    Compiling pkcs1 v0.7.5
[INFO] [stderr]    Compiling ahash v0.8.11
[INFO] [stderr]    Compiling ppv-lite86 v0.2.20
[INFO] [stderr]    Compiling hashbrown v0.14.5
[INFO] [stderr]    Compiling rand_chacha v0.3.1
[INFO] [stderr]    Compiling hashlink v0.9.1
[INFO] [stderr]    Compiling rand v0.8.5
[INFO] [stderr]    Compiling smallvec v1.13.2
[INFO] [stderr]    Compiling either v1.13.0
[INFO] [stderr]    Compiling bitflags v2.6.0
[INFO] [stderr]    Compiling serde_urlencoded v0.7.1
[INFO] [stderr]    Compiling icu_normalizer v1.5.0
[INFO] [stderr]    Compiling parking_lot_core v0.9.10
[INFO] [stderr]    Compiling parking_lot v0.12.3
[INFO] [stderr]    Compiling idna_adapter v1.2.0
[INFO] [stderr]    Compiling futures-intrusive v0.5.0
[INFO] [stderr]    Compiling idna v1.0.3
[INFO] [stderr]    Compiling url v2.5.4
[INFO] [stderr]    Compiling sqlx-core v0.8.2 (/opt/rustwide/workdir)
[INFO] [stderr]    Compiling sqlx-core v0.8.2
[INFO] [stdout] warning: elided lifetime has a name
[INFO] [stdout]    --> src/query.rs:502:48
[INFO] [stdout]     |
[INFO] [stdout] 500 | pub fn query_statement<'q, DB>(
[INFO] [stdout]     |                        -- lifetime `'q` declared here
[INFO] [stdout] 501 |     statement: &'q DB::Statement<'q>,
[INFO] [stdout] 502 | ) -> Query<'q, DB, <DB as Database>::Arguments<'_>>
[INFO] [stdout]     |                                                ^^ this elided lifetime gets resolved as `'q`
[INFO] [stdout]     |
[INFO] [stdout]     = note: `#[warn(elided_named_lifetimes)]` on by default
[INFO] [stdout] 
[INFO] [stdout] 
[INFO] [stdout] warning: elided lifetime has a name
[INFO] [stdout]    --> src/query_as.rs:389:53
[INFO] [stdout]     |
[INFO] [stdout] 387 | pub fn query_statement_as<'q, DB, O>(
[INFO] [stdout]     |                           -- lifetime `'q` declared here
[INFO] [stdout] 388 |     statement: &'q DB::Statement<'q>,
[INFO] [stdout] 389 | ) -> QueryAs<'q, DB, O, <DB as Database>::Arguments<'_>>
[INFO] [stdout]     |                                                     ^^ this elided lifetime gets resolved as `'q`
[INFO] [stdout] 
[INFO] [stdout] 
[INFO] [stdout] warning: elided lifetime has a name
[INFO] [stdout]    --> src/query_scalar.rs:368:57
[INFO] [stdout]     |
[INFO] [stdout] 366 | pub fn query_statement_scalar<'q, DB, O>(
[INFO] [stdout]     |                               -- lifetime `'q` declared here
[INFO] [stdout] 367 |     statement: &'q DB::Statement<'q>,
[INFO] [stdout] 368 | ) -> QueryScalar<'q, DB, O, <DB as Database>::Arguments<'_>>
[INFO] [stdout]     |                                                         ^^ this elided lifetime gets resolved as `'q`
[INFO] [stdout] 
[INFO] [stdout] 
[INFO] [stderr]    Compiling rsa v0.9.7
[INFO] [stderr]    Compiling tempfile v3.14.0
[INFO] [stderr]    Compiling sqlx-mysql v0.8.2
[INFO] [stderr]    Compiling sqlx-postgres v0.8.2
[INFO] [stderr]    Compiling sqlx-sqlite v0.8.2
[INFO] [stderr]    Compiling sqlx-macros-core v0.8.2
[INFO] [stderr]    Compiling sqlx-macros v0.8.2
[INFO] [stderr]    Compiling sqlx v0.8.2
[INFO] [stdout] warning: elided lifetime has a name
[INFO] [stdout]    --> src/query.rs:502:48
[INFO] [stdout]     |
[INFO] [stdout] 500 | pub fn query_statement<'q, DB>(
[INFO] [stdout]     |                        -- lifetime `'q` declared here
[INFO] [stdout] 501 |     statement: &'q DB::Statement<'q>,
[INFO] [stdout] 502 | ) -> Query<'q, DB, <DB as Database>::Arguments<'_>>
[INFO] [stdout]     |                                                ^^ this elided lifetime gets resolved as `'q`
[INFO] [stdout]     |
[INFO] [stdout]     = note: `#[warn(elided_named_lifetimes)]` on by default
[INFO] [stdout] 
[INFO] [stdout] 
[INFO] [stdout] warning: elided lifetime has a name
[INFO] [stdout]    --> src/query_as.rs:389:53
[INFO] [stdout]     |
[INFO] [stdout] 387 | pub fn query_statement_as<'q, DB, O>(
[INFO] [stdout]     |                           -- lifetime `'q` declared here
[INFO] [stdout] 388 |     statement: &'q DB::Statement<'q>,
[INFO] [stdout] 389 | ) -> QueryAs<'q, DB, O, <DB as Database>::Arguments<'_>>
[INFO] [stdout]     |                                                     ^^ this elided lifetime gets resolved as `'q`
[INFO] [stdout] 
[INFO] [stdout] 
[INFO] [stdout] warning: elided lifetime has a name
[INFO] [stdout]    --> src/query_scalar.rs:368:57
[INFO] [stdout]     |
[INFO] [stdout] 366 | pub fn query_statement_scalar<'q, DB, O>(
[INFO] [stdout]     |                               -- lifetime `'q` declared here
[INFO] [stdout] 367 |     statement: &'q DB::Statement<'q>,
[INFO] [stdout] 368 | ) -> QueryScalar<'q, DB, O, <DB as Database>::Arguments<'_>>
[INFO] [stdout]     |                                                         ^^ this elided lifetime gets resolved as `'q`
[INFO] [stdout] 
[INFO] [stdout] 
[INFO] [stderr]     Finished `test` profile [unoptimized + debuginfo] target(s) in 39.81s
[INFO] running `Command { std: "docker" "inspect" "d578ba99671d8a4aca0578cd5ef4b6be6a26a06953b7b9541c8ad704f59b585f", kill_on_drop: false }`
[INFO] running `Command { std: "docker" "rm" "-f" "d578ba99671d8a4aca0578cd5ef4b6be6a26a06953b7b9541c8ad704f59b585f", kill_on_drop: false }`
[INFO] [stdout] d578ba99671d8a4aca0578cd5ef4b6be6a26a06953b7b9541c8ad704f59b585f
[INFO] running `Command { std: "docker" "create" "-v" "/var/lib/crater-agent-workspace/builds/worker-0-tc1/target:/opt/rustwide/target:rw,Z" "-v" "/var/lib/crater-agent-workspace/builds/worker-0-tc1/source:/opt/rustwide/workdir:ro,Z" "-v" "/var/lib/crater-agent-workspace/cargo-home:/opt/rustwide/cargo-home:ro,Z" "-v" "/var/lib/crater-agent-workspace/rustup-home:/opt/rustwide/rustup-home:ro,Z" "-e" "SOURCE_DIR=/opt/rustwide/workdir" "-e" "CARGO_TARGET_DIR=/opt/rustwide/target" "-e" "CARGO_INCREMENTAL=0" "-e" "RUST_BACKTRACE=full" "-e" "RUSTFLAGS=--cap-lints=warn" "-e" "RUSTDOCFLAGS=--cap-lints=warn" "-e" "CARGO_HOME=/opt/rustwide/cargo-home" "-e" "RUSTUP_HOME=/opt/rustwide/rustup-home" "-w" "/opt/rustwide/workdir" "-m" "1610612736" "--user" "0:0" "--network" "none" "ghcr.io/rust-lang/crates-build-env/linux@sha256:f3a9d4ad9d972b27faf3965f35b62e55ba32bbce8f20bc8fe909558a86702fde" "/opt/rustwide/cargo-home/bin/cargo" "+1.83.0" "test" "--frozen", kill_on_drop: false }`
[INFO] [stdout] 609aed702f08dabedf0f4320ab1675594617c4b73eb95db367d954dc826316c5
[INFO] running `Command { std: "docker" "start" "-a" "609aed702f08dabedf0f4320ab1675594617c4b73eb95db367d954dc826316c5", kill_on_drop: false }`
[INFO] [stderr] warning: elided lifetime has a name
[INFO] [stderr]    --> src/query.rs:502:48
[INFO] [stderr]     |
[INFO] [stderr] 500 | pub fn query_statement<'q, DB>(
[INFO] [stderr]     |                        -- lifetime `'q` declared here
[INFO] [stderr] 501 |     statement: &'q DB::Statement<'q>,
[INFO] [stderr] 502 | ) -> Query<'q, DB, <DB as Database>::Arguments<'_>>
[INFO] [stderr]     |                                                ^^ this elided lifetime gets resolved as `'q`
[INFO] [stderr]     |
[INFO] [stderr]     = note: `#[warn(elided_named_lifetimes)]` on by default
[INFO] [stderr] 
[INFO] [stderr] warning: elided lifetime has a name
[INFO] [stderr]    --> src/query_as.rs:389:53
[INFO] [stderr]     |
[INFO] [stderr] 387 | pub fn query_statement_as<'q, DB, O>(
[INFO] [stderr]     |                           -- lifetime `'q` declared here
[INFO] [stderr] 388 |     statement: &'q DB::Statement<'q>,
[INFO] [stderr] 389 | ) -> QueryAs<'q, DB, O, <DB as Database>::Arguments<'_>>
[INFO] [stderr]     |                                                     ^^ this elided lifetime gets resolved as `'q`
[INFO] [stderr] 
[INFO] [stderr] warning: elided lifetime has a name
[INFO] [stderr]    --> src/query_scalar.rs:368:57
[INFO] [stderr]     |
[INFO] [stderr] 366 | pub fn query_statement_scalar<'q, DB, O>(
[INFO] [stderr]     |                               -- lifetime `'q` declared here
[INFO] [stderr] 367 |     statement: &'q DB::Statement<'q>,
[INFO] [stderr] 368 | ) -> QueryScalar<'q, DB, O, <DB as Database>::Arguments<'_>>
[INFO] [stderr]     |                                                         ^^ this elided lifetime gets resolved as `'q`
[INFO] [stderr] 
[INFO] [stderr] warning: `sqlx-core` (lib) generated 3 warnings
[INFO] [stderr] warning: `sqlx-core` (lib test) generated 3 warnings (3 duplicates)
[INFO] [stderr]     Finished `test` profile [unoptimized + debuginfo] target(s) in 0.24s
[INFO] [stderr]      Running unittests src/lib.rs (/opt/rustwide/target/debug/deps/sqlx_core-57c9a8de9f3ccc95)
[INFO] [stdout] 
[INFO] [stdout] running 2 tests
[INFO] [stdout] test pool::assert_pool_traits ... ok
[INFO] [stdout] test io::read_buf::test_read_buf_bytes_mut ... ok
[INFO] [stdout] 
[INFO] [stdout] test result: ok. 2 passed; 0 failed; 0 ignored; 0 measured; 0 filtered out; finished in 0.00s
[INFO] [stderr]    Doc-tests sqlx_core
[INFO] [stdout] 
[INFO] [stdout] 
[INFO] [stdout] running 51 tests
[INFO] [stdout] test src/database.rs - database (line 47) ... ignored
[INFO] [stdout] test src/from_row.rs - from_row::FromRow (line 121) ... ignored
[INFO] [stdout] test src/from_row.rs - from_row::FromRow (line 13) ... ignored
[INFO] [stdout] test src/from_row.rs - from_row::FromRow (line 153) ... ignored
[INFO] [stdout] test src/from_row.rs - from_row::FromRow (line 171) ... ignored
[INFO] [stdout] test src/from_row.rs - from_row::FromRow (line 186) ... ignored
[INFO] [stdout] test src/from_row.rs - from_row::FromRow (line 214) ... ignored
[INFO] [stdout] test src/from_row.rs - from_row::FromRow (line 237) ... ignored
[INFO] [stdout] test src/from_row.rs - from_row::FromRow (line 264) ... ignored
[INFO] [stdout] test src/from_row.rs - from_row::FromRow (line 31) ... ignored
[INFO] [stdout] test src/from_row.rs - from_row::FromRow (line 53) ... ignored
[INFO] [stdout] test src/from_row.rs - from_row::FromRow (line 75) ... ignored
[INFO] [stdout] test src/from_row.rs - from_row::FromRow (line 99) ... ignored
[INFO] [stdout] test src/pool/mod.rs - pool (line 29) ... ignored
[INFO] [stdout] test src/pool/mod.rs - pool (line 38) ... ignored
[INFO] [stdout] test src/pool/mod.rs - pool (line 49) ... ignored
[INFO] [stdout] test src/pool/options.rs - pool::options::PoolOptions (line 19) ... ignored
[INFO] [stdout] test src/pool/options.rs - pool::options::PoolOptions (line 26) ... ignored
[INFO] [stdout] test src/pool/options.rs - pool::options::PoolOptions<DB>::after_release (line 466) - compile ... ok
[INFO] [stdout] test src/pool/mod.rs - pool::Pool<DB>::close_event (line 455) - compile ... ok
[INFO] [stdout] test src/pool/options.rs - pool::options::PoolOptions<DB>::before_acquire (line 414) - compile ... ok
[INFO] [stdout] test src/query.rs - query::query (line 550) - compile ... ok
[INFO] [stdout] test src/pool/mod.rs - pool::Pool<DB>::close_event (line 427) - compile ... ok
[INFO] [stdout] test src/query.rs - query::query (line 610) - compile ... ok
[INFO] [stdout] test src/pool/options.rs - pool::options::PoolOptions<DB>::after_connect (line 360) - compile ... ok
[INFO] [stdout] test src/query_as.rs - query_as::query_as (line 292) - compile ... FAILED
[INFO] [stdout] test src/query_scalar.rs - query_scalar::query_scalar (line 255) - compile ... ok
[INFO] [stdout] test src/types/mod.rs - types::Type (line 114) ... ignored
[INFO] [stdout] test src/types/mod.rs - types::Type (line 124) ... ignored
[INFO] [stdout] test src/types/mod.rs - types::Type (line 134) ... ignored
[INFO] [stdout] test src/types/mod.rs - types::Type (line 143) ... ignored
[INFO] [stdout] test src/types/mod.rs - types::Type (line 168) ... ignored
[INFO] [stdout] test src/types/mod.rs - types::Type (line 174) ... ignored
[INFO] [stdout] test src/types/mod.rs - types::Type (line 187) ... ignored
[INFO] [stdout] test src/types/mod.rs - types::Type (line 95) ... ignored
[INFO] [stdout] test src/query_scalar.rs - query_scalar::query_scalar (line 230) - compile ... ok
[INFO] [stdout] test src/query_scalar.rs - query_scalar::query_scalar (line 296) - compile ... ok
[INFO] [stdout] test src/query_as.rs - query_as::query_as (line 221) - compile ... FAILED
[INFO] [stdout] test src/raw_sql.rs - raw_sql::raw_sql (line 86) - compile ... ok
[INFO] [stdout] test src/query_scalar.rs - query_scalar::query_scalar (line 273) - compile ... ok
[INFO] [stdout] test src/transaction.rs - transaction::Transaction (line 50) - compile ... FAILED
[INFO] [stdout] test src/query_scalar.rs - query_scalar::query_scalar (line 204) - compile ... FAILED
[INFO] [stdout] test src/query_builder.rs - query_builder::QueryBuilder<'args,DB>::push_tuples (line 350) ... ok
[INFO] [stdout] test src/types/text.rs - types::text::Text (line 31) - compile ... ok
[INFO] [stdout] test src/acquire.rs - acquire::Acquire (line 35) ... ok
[INFO] [stdout] test src/query_builder.rs - query_builder::QueryBuilder<'args,DB>::push_values (line 243) ... ok
[INFO] [stdout] test src/decode.rs - decode::Decode (line 19) ... ok
[INFO] [stdout] test src/query_builder.rs - query_builder::QueryBuilder<'args,DB>::separated (line 174) ... ok
[INFO] [stdout] test src/acquire.rs - acquire::Acquire (line 58) ... ok
[INFO] [stdout] test src/acquire.rs - acquire::Acquire (line 16) ... ok
[INFO] [stdout] test src/connection.rs - connection::Connection::transaction (line 59) ... ok
[INFO] [stdout] 
[INFO] [stdout] failures:
[INFO] [stdout] 
[INFO] [stdout] ---- src/query_as.rs - query_as::query_as (line 292) stdout ----
[INFO] [stdout] error[E0432]: unresolved import `time`
[INFO] [stdout]  --> src/query_as.rs:297:5
[INFO] [stdout]   |
[INFO] [stdout] 7 | use time::OffsetDateTime;
[INFO] [stdout]   |     ^^^^ help: a similar path exists: `std::time`
[INFO] [stdout] 
[INFO] [stdout] error[E0369]: binary operation `==` cannot be applied to type `Option<User>`
[INFO] [stdout]   --> src/query_as.rs:326:1
[INFO] [stdout]    |
[INFO] [stdout] 36 | assert_eq!(maybe_charlie, None);
[INFO] [stdout]    | ^^^^^^^^^^^^^^^^^^^^^^^^^^^^^^^
[INFO] [stdout]    | |
[INFO] [stdout]    | Option<User>
[INFO] [stdout]    | Option<User>
[INFO] [stdout]    |
[INFO] [stdout]    = note: this error originates in the macro `assert_eq` (in Nightly builds, run with -Z macro-backtrace for more info)
[INFO] [stdout] 
[INFO] [stdout] error: aborting due to 2 previous errors
[INFO] [stdout] 
[INFO] [stdout] Some errors have detailed explanations: E0369, E0432.
[INFO] [stdout] For more information about an error, try `rustc --explain E0369`.
[INFO] [stdout] Couldn't compile the test.
[INFO] [stdout] ---- src/query_as.rs - query_as::query_as (line 221) stdout ----
[INFO] [stdout] error[E0433]: failed to resolve: use of undeclared crate or module `time`
[INFO] [stdout]   --> src/query_as.rs:241:32
[INFO] [stdout]    |
[INFO] [stdout] 22 | let oldest_user: (i64, String, time::OffsetDateTime) = sqlx::query_as(
[INFO] [stdout]    |                                ^^^^ use of undeclared crate or module `time`
[INFO] [stdout]    |
[INFO] [stdout] help: consider importing this module
[INFO] [stdout]    |
[INFO] [stdout] 2  + use sqlx::types::time;
[INFO] [stdout]    |
[INFO] [stdout] 
[INFO] [stdout] error[E0433]: failed to resolve: use of undeclared crate or module `time`
[INFO] [stdout]   --> src/query_as.rs:251:41
[INFO] [stdout]    |
[INFO] [stdout] 32 | let maybe_charlie: Option<(i64, String, time::OffsetDateTime)> = sqlx::query_as(
[INFO] [stdout]    |                                         ^^^^ use of undeclared crate or module `time`
[INFO] [stdout]    |
[INFO] [stdout] help: consider importing this module
[INFO] [stdout]    |
[INFO] [stdout] 2  + use sqlx::types::time;
[INFO] [stdout]    |
[INFO] [stdout] 
[INFO] [stdout] error[E0433]: failed to resolve: use of undeclared crate or module `time`
[INFO] [stdout]   --> src/query_as.rs:260:30
[INFO] [stdout]    |
[INFO] [stdout] 41 | let users: Vec<(i64, String, time::OffsetDateTime)> = sqlx::query_as(
[INFO] [stdout]    |                              ^^^^ use of undeclared crate or module `time`
[INFO] [stdout]    |
[INFO] [stdout] help: consider importing this module
[INFO] [stdout]    |
[INFO] [stdout] 2  + use sqlx::types::time;
[INFO] [stdout]    |
[INFO] [stdout] 
[INFO] [stdout] error: aborting due to 3 previous errors
[INFO] [stdout] 
[INFO] [stdout] For more information about this error, try `rustc --explain E0433`.
[INFO] [stdout] Couldn't compile the test.
[INFO] [stdout] ---- src/transaction.rs - transaction::Transaction (line 50) stdout ----
[INFO] [stdout] error[E0599]: no method named `begin` found for struct `PgConnection` in the current scope
[INFO] [stdout]  --> src/transaction.rs:56:19
[INFO] [stdout]   |
[INFO] [stdout] 9 | let mut tx = conn.begin().await?;
[INFO] [stdout]   |                   ^^^^^ method not found in `PgConnection`
[INFO] [stdout]   |
[INFO] [stdout]   = help: items from traits can only be used if the trait is in scope
[INFO] [stdout] help: the following traits which provide `begin` are implemented but not in scope; perhaps you want to import one of them
[INFO] [stdout]   |
[INFO] [stdout] 2 + use crate::sqlx_core::acquire::Acquire;
[INFO] [stdout]   |
[INFO] [stdout] 2 + use crate::sqlx_core::connection::Connection;
[INFO] [stdout]   |
[INFO] [stdout] 2 + use sqlx::Acquire;
[INFO] [stdout]   |
[INFO] [stdout] 2 + use sqlx::Connection;
[INFO] [stdout]   |
[INFO] [stdout] 
[INFO] [stdout] error: aborting due to 1 previous error
[INFO] [stdout] 
[INFO] [stdout] For more information about this error, try `rustc --explain E0599`.
[INFO] [stdout] Couldn't compile the test.
[INFO] [stdout] ---- src/query_scalar.rs - query_scalar::query_scalar (line 204) stdout ----
[INFO] [stdout] error[E0432]: unresolved import `uuid`
[INFO] [stdout]  --> src/query_scalar.rs:207:5
[INFO] [stdout]   |
[INFO] [stdout] 5 | use uuid::Uuid;
[INFO] [stdout]   |     ^^^^ use of undeclared crate or module `uuid`
[INFO] [stdout] 
[INFO] [stdout] error: aborting due to 1 previous error
[INFO] [stdout] 
[INFO] [stdout] For more information about this error, try `rustc --explain E0432`.
[INFO] [stdout] Couldn't compile the test.
[INFO] [stdout] 
[INFO] [stdout] failures:
[INFO] [stdout]     src/query_as.rs - query_as::query_as (line 221)
[INFO] [stdout]     src/query_as.rs - query_as::query_as (line 292)
[INFO] [stdout]     src/query_scalar.rs - query_scalar::query_scalar (line 204)
[INFO] [stdout]     src/transaction.rs - transaction::Transaction (line 50)
[INFO] [stdout] 
[INFO] [stdout] test result: FAILED. 21 passed; 4 failed; 26 ignored; 0 measured; 0 filtered out; finished in 1.40s
[INFO] [stdout] 
[INFO] [stderr] error: doctest failed, to rerun pass `--doc`
[INFO] running `Command { std: "docker" "inspect" "609aed702f08dabedf0f4320ab1675594617c4b73eb95db367d954dc826316c5", kill_on_drop: false }`
[INFO] running `Command { std: "docker" "rm" "-f" "609aed702f08dabedf0f4320ab1675594617c4b73eb95db367d954dc826316c5", kill_on_drop: false }`
[INFO] [stdout] 609aed702f08dabedf0f4320ab1675594617c4b73eb95db367d954dc826316c5
