[INFO] fetching crate sqlite-watcher 0.2.0...
[INFO] testing sqlite-watcher-0.2.0 against 1.83.0 for beta-1.84.0-4-retry
[INFO] extracting crate sqlite-watcher 0.2.0 into /workspace/builds/worker-0-tc1/source
[INFO] validating manifest of crates.io crate sqlite-watcher 0.2.0 on toolchain 1.83.0
[INFO] running `Command { std: CARGO_HOME="/workspace/cargo-home" RUSTUP_HOME="/workspace/rustup-home" "/workspace/cargo-home/bin/cargo" "+1.83.0" "metadata" "--manifest-path" "Cargo.toml" "--no-deps", kill_on_drop: false }`
[INFO] started tweaking crates.io crate sqlite-watcher 0.2.0
[INFO] removed 0 missing examples
[INFO] finished tweaking crates.io crate sqlite-watcher 0.2.0
[INFO] tweaked toml for crates.io crate sqlite-watcher 0.2.0 written to /workspace/builds/worker-0-tc1/source/Cargo.toml
[INFO] crate crates.io crate sqlite-watcher 0.2.0 already has a lockfile, it will not be regenerated
[INFO] running `Command { std: CARGO_HOME="/workspace/cargo-home" RUSTUP_HOME="/workspace/rustup-home" "/workspace/cargo-home/bin/cargo" "+1.83.0" "fetch" "--manifest-path" "Cargo.toml", kill_on_drop: false }`
[INFO] running `Command { std: "docker" "create" "-v" "/var/lib/crater-agent-workspace/builds/worker-0-tc1/target:/opt/rustwide/target:rw,Z" "-v" "/var/lib/crater-agent-workspace/builds/worker-0-tc1/source:/opt/rustwide/workdir:ro,Z" "-v" "/var/lib/crater-agent-workspace/cargo-home:/opt/rustwide/cargo-home:ro,Z" "-v" "/var/lib/crater-agent-workspace/rustup-home:/opt/rustwide/rustup-home:ro,Z" "-e" "SOURCE_DIR=/opt/rustwide/workdir" "-e" "CARGO_TARGET_DIR=/opt/rustwide/target" "-e" "CARGO_HOME=/opt/rustwide/cargo-home" "-e" "RUSTUP_HOME=/opt/rustwide/rustup-home" "-w" "/opt/rustwide/workdir" "-m" "1610612736" "--user" "0:0" "--network" "none" "ghcr.io/rust-lang/crates-build-env/linux@sha256:f3a9d4ad9d972b27faf3965f35b62e55ba32bbce8f20bc8fe909558a86702fde" "/opt/rustwide/cargo-home/bin/cargo" "+1.83.0" "metadata" "--no-deps" "--format-version=1", kill_on_drop: false }`
[INFO] [stdout] 9293532e9ad4f9e3ea26b9da8ab980b5f5655e352fe22f0c83b9e2a08fa85b43
[INFO] running `Command { std: "docker" "start" "-a" "9293532e9ad4f9e3ea26b9da8ab980b5f5655e352fe22f0c83b9e2a08fa85b43", kill_on_drop: false }`
[INFO] running `Command { std: "docker" "inspect" "9293532e9ad4f9e3ea26b9da8ab980b5f5655e352fe22f0c83b9e2a08fa85b43", kill_on_drop: false }`
[INFO] running `Command { std: "docker" "rm" "-f" "9293532e9ad4f9e3ea26b9da8ab980b5f5655e352fe22f0c83b9e2a08fa85b43", kill_on_drop: false }`
[INFO] [stdout] 9293532e9ad4f9e3ea26b9da8ab980b5f5655e352fe22f0c83b9e2a08fa85b43
[INFO] running `Command { std: "docker" "create" "-v" "/var/lib/crater-agent-workspace/builds/worker-0-tc1/target:/opt/rustwide/target:rw,Z" "-v" "/var/lib/crater-agent-workspace/builds/worker-0-tc1/source:/opt/rustwide/workdir:ro,Z" "-v" "/var/lib/crater-agent-workspace/cargo-home:/opt/rustwide/cargo-home:ro,Z" "-v" "/var/lib/crater-agent-workspace/rustup-home:/opt/rustwide/rustup-home:ro,Z" "-e" "SOURCE_DIR=/opt/rustwide/workdir" "-e" "CARGO_TARGET_DIR=/opt/rustwide/target" "-e" "CARGO_INCREMENTAL=0" "-e" "RUST_BACKTRACE=full" "-e" "RUSTFLAGS=--cap-lints=warn" "-e" "RUSTDOCFLAGS=--cap-lints=warn" "-e" "CARGO_HOME=/opt/rustwide/cargo-home" "-e" "RUSTUP_HOME=/opt/rustwide/rustup-home" "-w" "/opt/rustwide/workdir" "-m" "1610612736" "--user" "0:0" "--network" "none" "ghcr.io/rust-lang/crates-build-env/linux@sha256:f3a9d4ad9d972b27faf3965f35b62e55ba32bbce8f20bc8fe909558a86702fde" "/opt/rustwide/cargo-home/bin/cargo" "+1.83.0" "build" "--frozen" "--message-format=json", kill_on_drop: false }`
[INFO] [stdout] 833b6e205f43ab36e4b2de9510db3a02eaa95e6ff0472b03b403c637676642a0
[INFO] running `Command { std: "docker" "start" "-a" "833b6e205f43ab36e4b2de9510db3a02eaa95e6ff0472b03b403c637676642a0", kill_on_drop: false }`
[INFO] [stderr]    Compiling proc-macro2 v1.0.87
[INFO] [stderr]    Compiling libc v0.2.159
[INFO] [stderr]    Compiling unicode-ident v1.0.13
[INFO] [stderr]    Compiling autocfg v1.4.0
[INFO] [stderr]    Compiling cfg-if v1.0.0
[INFO] [stderr]    Compiling scopeguard v1.2.0
[INFO] [stderr]    Compiling parking_lot_core v0.9.10
[INFO] [stderr]    Compiling version_check v0.9.5
[INFO] [stderr]    Compiling smallvec v1.13.2
[INFO] [stderr]    Compiling once_cell v1.20.2
[INFO] [stderr]    Compiling thiserror v1.0.64
[INFO] [stderr]    Compiling futures-core v0.3.31
[INFO] [stderr]    Compiling futures-sink v0.3.31
[INFO] [stderr]    Compiling pin-project-lite v0.2.14
[INFO] [stderr]    Compiling oneshot v0.1.8
[INFO] [stderr]    Compiling fixedbitset v0.5.7
[INFO] [stderr]    Compiling tracing-core v0.1.32
[INFO] [stderr]    Compiling lock_api v0.4.12
[INFO] [stderr]    Compiling slotmap v1.0.7
[INFO] [stderr]    Compiling getrandom v0.2.15
[INFO] [stderr]    Compiling spin v0.9.8
[INFO] [stderr]    Compiling quote v1.0.37
[INFO] [stderr]    Compiling nanorand v0.7.0
[INFO] [stderr]    Compiling parking_lot v0.12.3
[INFO] [stderr]    Compiling syn v2.0.79
[INFO] [stderr]    Compiling flume v0.11.0
[INFO] [stderr]    Compiling thiserror-impl v1.0.64
[INFO] [stderr]    Compiling tracing-attributes v0.1.27
[INFO] [stderr]    Compiling tracing v0.1.40
[INFO] [stderr]    Compiling sqlite-watcher v0.2.0 (/opt/rustwide/workdir)
[INFO] [stderr]     Finished `dev` profile [unoptimized + debuginfo] target(s) in 14.05s
[INFO] running `Command { std: "docker" "inspect" "833b6e205f43ab36e4b2de9510db3a02eaa95e6ff0472b03b403c637676642a0", kill_on_drop: false }`
[INFO] running `Command { std: "docker" "rm" "-f" "833b6e205f43ab36e4b2de9510db3a02eaa95e6ff0472b03b403c637676642a0", kill_on_drop: false }`
[INFO] [stdout] 833b6e205f43ab36e4b2de9510db3a02eaa95e6ff0472b03b403c637676642a0
[INFO] running `Command { std: "docker" "create" "-v" "/var/lib/crater-agent-workspace/builds/worker-0-tc1/target:/opt/rustwide/target:rw,Z" "-v" "/var/lib/crater-agent-workspace/builds/worker-0-tc1/source:/opt/rustwide/workdir:ro,Z" "-v" "/var/lib/crater-agent-workspace/cargo-home:/opt/rustwide/cargo-home:ro,Z" "-v" "/var/lib/crater-agent-workspace/rustup-home:/opt/rustwide/rustup-home:ro,Z" "-e" "SOURCE_DIR=/opt/rustwide/workdir" "-e" "CARGO_TARGET_DIR=/opt/rustwide/target" "-e" "CARGO_INCREMENTAL=0" "-e" "RUST_BACKTRACE=full" "-e" "RUSTFLAGS=--cap-lints=warn" "-e" "RUSTDOCFLAGS=--cap-lints=warn" "-e" "CARGO_HOME=/opt/rustwide/cargo-home" "-e" "RUSTUP_HOME=/opt/rustwide/rustup-home" "-w" "/opt/rustwide/workdir" "-m" "1610612736" "--user" "0:0" "--network" "none" "ghcr.io/rust-lang/crates-build-env/linux@sha256:f3a9d4ad9d972b27faf3965f35b62e55ba32bbce8f20bc8fe909558a86702fde" "/opt/rustwide/cargo-home/bin/cargo" "+1.83.0" "test" "--frozen" "--no-run" "--message-format=json", kill_on_drop: false }`
[INFO] [stdout] 7625e9305c33769f3e3156562af8f0bf2fd943ff82b3320ab9a260b75b7fd3fa
[INFO] running `Command { std: "docker" "start" "-a" "7625e9305c33769f3e3156562af8f0bf2fd943ff82b3320ab9a260b75b7fd3fa", kill_on_drop: false }`
[INFO] [stderr]    Compiling futures-core v0.3.31
[INFO] [stderr]    Compiling futures-sink v0.3.31
[INFO] [stderr]    Compiling pin-utils v0.1.0
[INFO] [stderr]    Compiling futures-io v0.3.31
[INFO] [stderr]    Compiling slab v0.4.9
[INFO] [stderr]    Compiling futures-task v0.3.31
[INFO] [stderr]    Compiling memchr v2.7.4
[INFO] [stderr]    Compiling remove_dir_all v0.5.3
[INFO] [stderr]    Compiling rand v0.4.6
[INFO] [stderr]    Compiling futures-macro v0.3.31
[INFO] [stderr]    Compiling tokio-macros v2.4.0
[INFO] [stderr]    Compiling futures-channel v0.3.31
[INFO] [stderr]    Compiling flume v0.11.0
[INFO] [stderr]    Compiling sqlite-watcher v0.2.0 (/opt/rustwide/workdir)
[INFO] [stderr]    Compiling tempdir v0.3.7
[INFO] [stderr]    Compiling tokio v1.40.0
[INFO] [stderr]    Compiling futures-util v0.3.31
[INFO] [stderr]    Compiling futures-executor v0.3.31
[INFO] [stderr]    Compiling futures v0.3.31
[INFO] [stdout] warning: associated function `new` is never used
[INFO] [stdout]    --> src/connection.rs:879:16
[INFO] [stdout]     |
[INFO] [stdout] 878 |     impl TestObserver {
[INFO] [stdout]     |     ----------------- associated function in this implementation
[INFO] [stdout] 879 |         pub fn new(
[INFO] [stdout]     |                ^^^
[INFO] [stdout]     |
[INFO] [stdout]     = note: `#[warn(dead_code)]` on by default
[INFO] [stdout] 
[INFO] [stdout] 
[INFO] [stderr]     Finished `test` profile [unoptimized + debuginfo] target(s) in 10.85s
[INFO] running `Command { std: "docker" "inspect" "7625e9305c33769f3e3156562af8f0bf2fd943ff82b3320ab9a260b75b7fd3fa", kill_on_drop: false }`
[INFO] running `Command { std: "docker" "rm" "-f" "7625e9305c33769f3e3156562af8f0bf2fd943ff82b3320ab9a260b75b7fd3fa", kill_on_drop: false }`
[INFO] [stdout] 7625e9305c33769f3e3156562af8f0bf2fd943ff82b3320ab9a260b75b7fd3fa
[INFO] running `Command { std: "docker" "create" "-v" "/var/lib/crater-agent-workspace/builds/worker-0-tc1/target:/opt/rustwide/target:rw,Z" "-v" "/var/lib/crater-agent-workspace/builds/worker-0-tc1/source:/opt/rustwide/workdir:ro,Z" "-v" "/var/lib/crater-agent-workspace/cargo-home:/opt/rustwide/cargo-home:ro,Z" "-v" "/var/lib/crater-agent-workspace/rustup-home:/opt/rustwide/rustup-home:ro,Z" "-e" "SOURCE_DIR=/opt/rustwide/workdir" "-e" "CARGO_TARGET_DIR=/opt/rustwide/target" "-e" "CARGO_INCREMENTAL=0" "-e" "RUST_BACKTRACE=full" "-e" "RUSTFLAGS=--cap-lints=warn" "-e" "RUSTDOCFLAGS=--cap-lints=warn" "-e" "CARGO_HOME=/opt/rustwide/cargo-home" "-e" "RUSTUP_HOME=/opt/rustwide/rustup-home" "-w" "/opt/rustwide/workdir" "-m" "1610612736" "--user" "0:0" "--network" "none" "ghcr.io/rust-lang/crates-build-env/linux@sha256:f3a9d4ad9d972b27faf3965f35b62e55ba32bbce8f20bc8fe909558a86702fde" "/opt/rustwide/cargo-home/bin/cargo" "+1.83.0" "test" "--frozen", kill_on_drop: false }`
[INFO] [stdout] c5aba000ca2f2a696fc29004215b5b831cfb5b1bb45b9bbd8ef3b8dac1c8d6b4
[INFO] running `Command { std: "docker" "start" "-a" "c5aba000ca2f2a696fc29004215b5b831cfb5b1bb45b9bbd8ef3b8dac1c8d6b4", kill_on_drop: false }`
[INFO] [stderr] warning: associated function `new` is never used
[INFO] [stderr]    --> src/connection.rs:879:16
[INFO] [stderr]     |
[INFO] [stderr] 878 |     impl TestObserver {
[INFO] [stderr]     |     ----------------- associated function in this implementation
[INFO] [stderr] 879 |         pub fn new(
[INFO] [stderr]     |                ^^^
[INFO] [stderr]     |
[INFO] [stderr]     = note: `#[warn(dead_code)]` on by default
[INFO] [stderr] 
[INFO] [stderr] warning: `sqlite-watcher` (lib test) generated 1 warning
[INFO] [stderr]     Finished `test` profile [unoptimized + debuginfo] target(s) in 0.15s
[INFO] [stderr]      Running unittests src/lib.rs (/opt/rustwide/target/debug/deps/sqlite_watcher-e86647e5043d25c1)
[INFO] [stdout] 
[INFO] [stdout] running 2 tests
[INFO] [stdout] test connection::test::connection_state ... ok
[INFO] [stdout] test watcher::test_observer_tables_version_counter ... ok
[INFO] [stdout] 
[INFO] [stdout] test result: ok. 2 passed; 0 failed; 0 ignored; 0 measured; 0 filtered out; finished in 0.02s
[INFO] [stdout] 
[INFO] [stderr]    Doc-tests sqlite_watcher
[INFO] [stdout] 
[INFO] [stdout] running 3 tests
[INFO] [stdout] test src/lib.rs - (line 12) ... FAILED
[INFO] [stdout] test src/connection.rs - connection::Connection (line 481) ... ok
[INFO] [stdout] test src/connection.rs - connection::Connection (line 460) ... ok
[INFO] [stdout] 
[INFO] [stdout] failures:
[INFO] [stdout] 
[INFO] [stdout] ---- src/lib.rs - (line 12) stdout ----
[INFO] [stdout] error[E0433]: failed to resolve: use of undeclared crate or module `rusqlite`
[INFO] [stdout]   --> src/lib.rs:33:26
[INFO] [stdout]    |
[INFO] [stdout] 24 | let mut sql_connection = rusqlite::Connection::open_in_memory().unwrap();
[INFO] [stdout]    |                          ^^^^^^^^ use of undeclared crate or module `rusqlite`
[INFO] [stdout]    |
[INFO] [stdout] help: consider importing this struct
[INFO] [stdout]    |
[INFO] [stdout] 2  + use sqlite_watcher::connection::Connection;
[INFO] [stdout]    |
[INFO] [stdout] help: if you import `Connection`, refer to it directly
[INFO] [stdout]    |
[INFO] [stdout] 24 - let mut sql_connection = rusqlite::Connection::open_in_memory().unwrap();
[INFO] [stdout] 24 + let mut sql_connection = Connection::open_in_memory().unwrap();
[INFO] [stdout]    |
[INFO] [stdout] 
[INFO] [stdout] error: aborting due to 1 previous error
[INFO] [stdout] 
[INFO] [stdout] For more information about this error, try `rustc --explain E0433`.
[INFO] [stdout] Couldn't compile the test.
[INFO] [stdout] 
[INFO] [stdout] failures:
[INFO] [stdout]     src/lib.rs - (line 12)
[INFO] [stdout] 
[INFO] [stdout] test result: FAILED. 2 passed; 1 failed; 0 ignored; 0 measured; 0 filtered out; finished in 0.40s
[INFO] [stdout] 
[INFO] [stderr] error: doctest failed, to rerun pass `--doc`
[INFO] running `Command { std: "docker" "inspect" "c5aba000ca2f2a696fc29004215b5b831cfb5b1bb45b9bbd8ef3b8dac1c8d6b4", kill_on_drop: false }`
[INFO] running `Command { std: "docker" "rm" "-f" "c5aba000ca2f2a696fc29004215b5b831cfb5b1bb45b9bbd8ef3b8dac1c8d6b4", kill_on_drop: false }`
[INFO] [stdout] c5aba000ca2f2a696fc29004215b5b831cfb5b1bb45b9bbd8ef3b8dac1c8d6b4
