[INFO] fetching crate sqlite-rs 0.3.7...
[INFO] testing sqlite-rs-0.3.7 against beta-2024-12-08 for beta-1.84.0-4-retry
[INFO] extracting crate sqlite-rs 0.3.7 into /workspace/builds/worker-7-tc2/source
[INFO] validating manifest of crates.io crate sqlite-rs 0.3.7 on toolchain beta-2024-12-08
[INFO] running `Command { std: CARGO_HOME="/workspace/cargo-home" RUSTUP_HOME="/workspace/rustup-home" "/workspace/cargo-home/bin/cargo" "+beta-2024-12-08" "metadata" "--manifest-path" "Cargo.toml" "--no-deps", kill_on_drop: false }`
[INFO] removed /workspace/builds/worker-7-tc2/source/.cargo/config.toml
[INFO] started tweaking crates.io crate sqlite-rs 0.3.7
[INFO] finished tweaking crates.io crate sqlite-rs 0.3.7
[INFO] tweaked toml for crates.io crate sqlite-rs 0.3.7 written to /workspace/builds/worker-7-tc2/source/Cargo.toml
[INFO] crate crates.io crate sqlite-rs 0.3.7 already has a lockfile, it will not be regenerated
[INFO] running `Command { std: CARGO_HOME="/workspace/cargo-home" RUSTUP_HOME="/workspace/rustup-home" "/workspace/cargo-home/bin/cargo" "+beta-2024-12-08" "fetch" "--manifest-path" "Cargo.toml", kill_on_drop: false }`
[INFO] running `Command { std: "docker" "create" "-v" "/var/lib/crater-agent-workspace/builds/worker-7-tc2/target:/opt/rustwide/target:rw,Z" "-v" "/var/lib/crater-agent-workspace/builds/worker-7-tc2/source:/opt/rustwide/workdir:ro,Z" "-v" "/var/lib/crater-agent-workspace/cargo-home:/opt/rustwide/cargo-home:ro,Z" "-v" "/var/lib/crater-agent-workspace/rustup-home:/opt/rustwide/rustup-home:ro,Z" "-e" "SOURCE_DIR=/opt/rustwide/workdir" "-e" "CARGO_TARGET_DIR=/opt/rustwide/target" "-e" "CARGO_HOME=/opt/rustwide/cargo-home" "-e" "RUSTUP_HOME=/opt/rustwide/rustup-home" "-w" "/opt/rustwide/workdir" "-m" "1610612736" "--user" "0:0" "--network" "none" "ghcr.io/rust-lang/crates-build-env/linux@sha256:f3a9d4ad9d972b27faf3965f35b62e55ba32bbce8f20bc8fe909558a86702fde" "/opt/rustwide/cargo-home/bin/cargo" "+beta-2024-12-08" "metadata" "--no-deps" "--format-version=1", kill_on_drop: false }`
[INFO] [stdout] 3669e2abea0a0fbe35225befd6deda774f4fff4dee8e65fa0287b910d1192fdc
[INFO] running `Command { std: "docker" "start" "-a" "3669e2abea0a0fbe35225befd6deda774f4fff4dee8e65fa0287b910d1192fdc", kill_on_drop: false }`
[INFO] running `Command { std: "docker" "inspect" "3669e2abea0a0fbe35225befd6deda774f4fff4dee8e65fa0287b910d1192fdc", kill_on_drop: false }`
[INFO] running `Command { std: "docker" "rm" "-f" "3669e2abea0a0fbe35225befd6deda774f4fff4dee8e65fa0287b910d1192fdc", kill_on_drop: false }`
[INFO] [stdout] 3669e2abea0a0fbe35225befd6deda774f4fff4dee8e65fa0287b910d1192fdc
[INFO] running `Command { std: "docker" "create" "-v" "/var/lib/crater-agent-workspace/builds/worker-7-tc2/target:/opt/rustwide/target:rw,Z" "-v" "/var/lib/crater-agent-workspace/builds/worker-7-tc2/source:/opt/rustwide/workdir:ro,Z" "-v" "/var/lib/crater-agent-workspace/cargo-home:/opt/rustwide/cargo-home:ro,Z" "-v" "/var/lib/crater-agent-workspace/rustup-home:/opt/rustwide/rustup-home:ro,Z" "-e" "SOURCE_DIR=/opt/rustwide/workdir" "-e" "CARGO_TARGET_DIR=/opt/rustwide/target" "-e" "CARGO_INCREMENTAL=0" "-e" "RUST_BACKTRACE=full" "-e" "RUSTFLAGS=--cap-lints=warn" "-e" "RUSTDOCFLAGS=--cap-lints=warn" "-e" "CARGO_HOME=/opt/rustwide/cargo-home" "-e" "RUSTUP_HOME=/opt/rustwide/rustup-home" "-w" "/opt/rustwide/workdir" "-m" "1610612736" "--user" "0:0" "--network" "none" "ghcr.io/rust-lang/crates-build-env/linux@sha256:f3a9d4ad9d972b27faf3965f35b62e55ba32bbce8f20bc8fe909558a86702fde" "/opt/rustwide/cargo-home/bin/cargo" "+beta-2024-12-08" "build" "--frozen" "--message-format=json", kill_on_drop: false }`
[INFO] [stdout] e687f859b75038070b8a88f111734088ff710a9337d6f101f8333e112040315f
[INFO] running `Command { std: "docker" "start" "-a" "e687f859b75038070b8a88f111734088ff710a9337d6f101f8333e112040315f", kill_on_drop: false }`
[INFO] [stderr]    Compiling sqlite-rs v0.3.7 (/opt/rustwide/workdir)
[INFO] [stdout] warning: field `0` is never read
[INFO] [stdout]   --> src/header/magic_header_string.rs:15:30
[INFO] [stdout]    |
[INFO] [stdout] 15 | pub struct MagicHeaderString([u8; 16]);
[INFO] [stdout]    |            ----------------- ^^^^^^^^
[INFO] [stdout]    |            |
[INFO] [stdout]    |            field in this struct
[INFO] [stdout]    |
[INFO] [stdout]    = help: consider removing this field
[INFO] [stdout]    = note: `#[warn(dead_code)]` on by default
[INFO] [stdout] 
[INFO] [stdout] 
[INFO] [stdout] warning: field `0` is never read
[INFO] [stdout]  --> src/header/reserved_for_expansion.rs:7:33
[INFO] [stdout]   |
[INFO] [stdout] 7 | pub struct ReservedForExpansion([u8; 20]);
[INFO] [stdout]   |            -------------------- ^^^^^^^^
[INFO] [stdout]   |            |
[INFO] [stdout]   |            field in this struct
[INFO] [stdout]   |
[INFO] [stdout]   = help: consider removing this field
[INFO] [stdout] 
[INFO] [stdout] 
[INFO] [stdout] warning: fields `uri` and `mode` are never read
[INFO] [stdout]    --> src/io/mod.rs:103:3
[INFO] [stdout]     |
[INFO] [stdout] 102 | pub struct SqliteUri {
[INFO] [stdout]     |            --------- fields in this struct
[INFO] [stdout] 103 |   uri: String,
[INFO] [stdout]     |   ^^^
[INFO] [stdout] 104 |   path: PathBuf,
[INFO] [stdout] 105 |   mode: SqliteUriFileMode,
[INFO] [stdout]     |   ^^^^
[INFO] [stdout]     |
[INFO] [stdout]     = note: `SqliteUri` has a derived impl for the trait `Debug`, but this is intentionally ignored during dead code analysis
[INFO] [stdout] 
[INFO] [stdout] 
[INFO] [stdout] warning: field `btree` is never read
[INFO] [stdout]   --> src/runtime/mod.rs:17:3
[INFO] [stdout]    |
[INFO] [stdout] 14 | pub struct SqliteRuntime {
[INFO] [stdout]    |            ------------- field in this struct
[INFO] [stdout] ...
[INFO] [stdout] 17 |   btree: SqliteBtree,
[INFO] [stdout]    |   ^^^^^
[INFO] [stdout]    |
[INFO] [stdout]    = note: `SqliteRuntime` has a derived impl for the trait `Debug`, but this is intentionally ignored during dead code analysis
[INFO] [stdout] 
[INFO] [stdout] 
[INFO] [stdout] warning: struct `SqliteMaster` is never constructed
[INFO] [stdout]  --> src/runtime/internal_tables/sqlite_master/mod.rs:2:19
[INFO] [stdout]   |
[INFO] [stdout] 2 | pub(super) struct SqliteMaster(());
[INFO] [stdout]   |                   ^^^^^^^^^^^^
[INFO] [stdout]   |
[INFO] [stdout]   = note: `SqliteMaster` has a derived impl for the trait `Default`, but this is intentionally ignored during dead code analysis
[INFO] [stdout] 
[INFO] [stdout] 
[INFO] [stdout] warning: struct `SqliteSequence` is never constructed
[INFO] [stdout]  --> src/runtime/internal_tables/sqlite_sequence/mod.rs:2:19
[INFO] [stdout]   |
[INFO] [stdout] 2 | pub(super) struct SqliteSequence(());
[INFO] [stdout]   |                   ^^^^^^^^^^^^^^
[INFO] [stdout]   |
[INFO] [stdout]   = note: `SqliteSequence` has a derived impl for the trait `Default`, but this is intentionally ignored during dead code analysis
[INFO] [stdout] 
[INFO] [stdout] 
[INFO] [stdout] warning: unused variable: `normalized_input`
[INFO] [stdout]  --> src/sqlite_cli/repl/sql.rs:3:19
[INFO] [stdout]   |
[INFO] [stdout] 3 | pub(super) fn run(normalized_input: impl AsRef<str>) -> SqliteCliResult<()> {
[INFO] [stdout]   |                   ^^^^^^^^^^^^^^^^ help: if this is intentional, prefix it with an underscore: `_normalized_input`
[INFO] [stdout]   |
[INFO] [stdout]   = note: `#[warn(unused_variables)]` on by default
[INFO] [stdout] 
[INFO] [stdout] 
[INFO] [stdout] warning: field `cli` is never read
[INFO] [stdout]   --> src/sqlite_cli/repl/mod.rs:17:3
[INFO] [stdout]    |
[INFO] [stdout] 15 | pub(crate) struct SqliteCliRepl {
[INFO] [stdout]    |                   ------------- field in this struct
[INFO] [stdout] 16 |   is_tty: bool,
[INFO] [stdout] 17 |   cli: Cli,
[INFO] [stdout]    |   ^^^
[INFO] [stdout]    |
[INFO] [stdout]    = note: `SqliteCliRepl` has a derived impl for the trait `Debug`, but this is intentionally ignored during dead code analysis
[INFO] [stdout]    = note: `#[warn(dead_code)]` on by default
[INFO] [stdout] 
[INFO] [stdout] 
[INFO] [stdout] warning: field `0` is never read
[INFO] [stdout]   --> src/sqlite_cli/result.rs:11:15
[INFO] [stdout]    |
[INFO] [stdout] 11 |   SqliteRsLib(SqliteError),
[INFO] [stdout]    |   ----------- ^^^^^^^^^^^
[INFO] [stdout]    |   |
[INFO] [stdout]    |   field in this variant
[INFO] [stdout]    |
[INFO] [stdout]    = note: `SqliteCliError` has a derived impl for the trait `Debug`, but this is intentionally ignored during dead code analysis
[INFO] [stdout] help: consider changing the field to be of unit type to suppress this warning while preserving the field numbering, or remove the field
[INFO] [stdout]    |
[INFO] [stdout] 11 |   SqliteRsLib(()),
[INFO] [stdout]    |               ~~
[INFO] [stdout] 
[INFO] [stdout] 
[INFO] [stdout] warning: field `0` is never read
[INFO] [stdout]   --> src/sqlite_cli/result.rs:12:10
[INFO] [stdout]    |
[INFO] [stdout] 12 |   Custom(String),
[INFO] [stdout]    |   ------ ^^^^^^
[INFO] [stdout]    |   |
[INFO] [stdout]    |   field in this variant
[INFO] [stdout]    |
[INFO] [stdout]    = note: `SqliteCliError` has a derived impl for the trait `Debug`, but this is intentionally ignored during dead code analysis
[INFO] [stdout] help: consider changing the field to be of unit type to suppress this warning while preserving the field numbering, or remove the field
[INFO] [stdout]    |
[INFO] [stdout] 12 |   Custom(()),
[INFO] [stdout]    |          ~~
[INFO] [stdout] 
[INFO] [stdout] 
[INFO] [stdout] warning: field `0` is never read
[INFO] [stdout]   --> src/sqlite_cli/result.rs:13:9
[INFO] [stdout]    |
[INFO] [stdout] 13 |   StdIo(StdIoError),
[INFO] [stdout]    |   ----- ^^^^^^^^^^
[INFO] [stdout]    |   |
[INFO] [stdout]    |   field in this variant
[INFO] [stdout]    |
[INFO] [stdout]    = note: `SqliteCliError` has a derived impl for the trait `Debug`, but this is intentionally ignored during dead code analysis
[INFO] [stdout] help: consider changing the field to be of unit type to suppress this warning while preserving the field numbering, or remove the field
[INFO] [stdout]    |
[INFO] [stdout] 13 |   StdIo(()),
[INFO] [stdout]    |         ~~
[INFO] [stdout] 
[INFO] [stdout] 
[INFO] [stdout] warning: field `0` is never read
[INFO] [stdout]   --> src/sqlite_cli/result.rs:14:18
[INFO] [stdout]    |
[INFO] [stdout] 14 |   InvalidCLiArgs(String),
[INFO] [stdout]    |   -------------- ^^^^^^
[INFO] [stdout]    |   |
[INFO] [stdout]    |   field in this variant
[INFO] [stdout]    |
[INFO] [stdout]    = note: `SqliteCliError` has a derived impl for the trait `Debug`, but this is intentionally ignored during dead code analysis
[INFO] [stdout] help: consider changing the field to be of unit type to suppress this warning while preserving the field numbering, or remove the field
[INFO] [stdout]    |
[INFO] [stdout] 14 |   InvalidCLiArgs(()),
[INFO] [stdout]    |                  ~~
[INFO] [stdout] 
[INFO] [stdout] 
[INFO] [stdout] warning: field `0` is never read
[INFO] [stdout]   --> src/sqlite_cli/result.rs:15:18
[INFO] [stdout]    |
[INFO] [stdout] 15 |   AddrParseError(AddrParseError),
[INFO] [stdout]    |   -------------- ^^^^^^^^^^^^^^
[INFO] [stdout]    |   |
[INFO] [stdout]    |   field in this variant
[INFO] [stdout]    |
[INFO] [stdout]    = note: `SqliteCliError` has a derived impl for the trait `Debug`, but this is intentionally ignored during dead code analysis
[INFO] [stdout] help: consider changing the field to be of unit type to suppress this warning while preserving the field numbering, or remove the field
[INFO] [stdout]    |
[INFO] [stdout] 15 |   AddrParseError(()),
[INFO] [stdout]    |                  ~~
[INFO] [stdout] 
[INFO] [stdout] 
[INFO] [stdout] warning: field `0` is never read
[INFO] [stdout]   --> src/sqlite_cli/result.rs:16:17
[INFO] [stdout]    |
[INFO] [stdout] 16 |   ParseIntError(ParseIntError),
[INFO] [stdout]    |   ------------- ^^^^^^^^^^^^^
[INFO] [stdout]    |   |
[INFO] [stdout]    |   field in this variant
[INFO] [stdout]    |
[INFO] [stdout]    = note: `SqliteCliError` has a derived impl for the trait `Debug`, but this is intentionally ignored during dead code analysis
[INFO] [stdout] help: consider changing the field to be of unit type to suppress this warning while preserving the field numbering, or remove the field
[INFO] [stdout]    |
[INFO] [stdout] 16 |   ParseIntError(()),
[INFO] [stdout]    |                 ~~
[INFO] [stdout] 
[INFO] [stdout] 
[INFO] [stderr]     Finished `dev` profile [unoptimized + debuginfo] target(s) in 1.64s
[INFO] running `Command { std: "docker" "inspect" "e687f859b75038070b8a88f111734088ff710a9337d6f101f8333e112040315f", kill_on_drop: false }`
[INFO] running `Command { std: "docker" "rm" "-f" "e687f859b75038070b8a88f111734088ff710a9337d6f101f8333e112040315f", kill_on_drop: false }`
[INFO] [stdout] e687f859b75038070b8a88f111734088ff710a9337d6f101f8333e112040315f
[INFO] running `Command { std: "docker" "create" "-v" "/var/lib/crater-agent-workspace/builds/worker-7-tc2/target:/opt/rustwide/target:rw,Z" "-v" "/var/lib/crater-agent-workspace/builds/worker-7-tc2/source:/opt/rustwide/workdir:ro,Z" "-v" "/var/lib/crater-agent-workspace/cargo-home:/opt/rustwide/cargo-home:ro,Z" "-v" "/var/lib/crater-agent-workspace/rustup-home:/opt/rustwide/rustup-home:ro,Z" "-e" "SOURCE_DIR=/opt/rustwide/workdir" "-e" "CARGO_TARGET_DIR=/opt/rustwide/target" "-e" "CARGO_INCREMENTAL=0" "-e" "RUST_BACKTRACE=full" "-e" "RUSTFLAGS=--cap-lints=warn" "-e" "RUSTDOCFLAGS=--cap-lints=warn" "-e" "CARGO_HOME=/opt/rustwide/cargo-home" "-e" "RUSTUP_HOME=/opt/rustwide/rustup-home" "-w" "/opt/rustwide/workdir" "-m" "1610612736" "--user" "0:0" "--network" "none" "ghcr.io/rust-lang/crates-build-env/linux@sha256:f3a9d4ad9d972b27faf3965f35b62e55ba32bbce8f20bc8fe909558a86702fde" "/opt/rustwide/cargo-home/bin/cargo" "+beta-2024-12-08" "test" "--frozen" "--no-run" "--message-format=json", kill_on_drop: false }`
[INFO] [stdout] fcd83b48080b5ee08e04a9b3a0ffca6b1983671d949c5a958bc1ef792676112b
[INFO] running `Command { std: "docker" "start" "-a" "fcd83b48080b5ee08e04a9b3a0ffca6b1983671d949c5a958bc1ef792676112b", kill_on_drop: false }`
[INFO] [stderr]    Compiling sqlite-rs v0.3.7 (/opt/rustwide/workdir)
[INFO] [stdout] warning: field `0` is never read
[INFO] [stdout]   --> src/header/magic_header_string.rs:15:30
[INFO] [stdout]    |
[INFO] [stdout] 15 | pub struct MagicHeaderString([u8; 16]);
[INFO] [stdout]    |            ----------------- ^^^^^^^^
[INFO] [stdout]    |            |
[INFO] [stdout]    |            field in this struct
[INFO] [stdout]    |
[INFO] [stdout]    = help: consider removing this field
[INFO] [stdout]    = note: `#[warn(dead_code)]` on by default
[INFO] [stdout] 
[INFO] [stdout] 
[INFO] [stdout] warning: field `0` is never read
[INFO] [stdout]  --> src/header/reserved_for_expansion.rs:7:33
[INFO] [stdout]   |
[INFO] [stdout] 7 | pub struct ReservedForExpansion([u8; 20]);
[INFO] [stdout]   |            -------------------- ^^^^^^^^
[INFO] [stdout]   |            |
[INFO] [stdout]   |            field in this struct
[INFO] [stdout]   |
[INFO] [stdout]   = help: consider removing this field
[INFO] [stdout] 
[INFO] [stdout] 
[INFO] [stdout] warning: fields `uri` and `mode` are never read
[INFO] [stdout]    --> src/io/mod.rs:103:3
[INFO] [stdout]     |
[INFO] [stdout] 102 | pub struct SqliteUri {
[INFO] [stdout]     |            --------- fields in this struct
[INFO] [stdout] 103 |   uri: String,
[INFO] [stdout]     |   ^^^
[INFO] [stdout] 104 |   path: PathBuf,
[INFO] [stdout] 105 |   mode: SqliteUriFileMode,
[INFO] [stdout]     |   ^^^^
[INFO] [stdout]     |
[INFO] [stdout]     = note: `SqliteUri` has a derived impl for the trait `Debug`, but this is intentionally ignored during dead code analysis
[INFO] [stdout] 
[INFO] [stdout] 
[INFO] [stdout] warning: field `btree` is never read
[INFO] [stdout]   --> src/runtime/mod.rs:17:3
[INFO] [stdout]    |
[INFO] [stdout] 14 | pub struct SqliteRuntime {
[INFO] [stdout]    |            ------------- field in this struct
[INFO] [stdout] ...
[INFO] [stdout] 17 |   btree: SqliteBtree,
[INFO] [stdout]    |   ^^^^^
[INFO] [stdout]    |
[INFO] [stdout]    = note: `SqliteRuntime` has a derived impl for the trait `Debug`, but this is intentionally ignored during dead code analysis
[INFO] [stdout] 
[INFO] [stdout] 
[INFO] [stdout] warning: struct `SqliteMaster` is never constructed
[INFO] [stdout]  --> src/runtime/internal_tables/sqlite_master/mod.rs:2:19
[INFO] [stdout]   |
[INFO] [stdout] 2 | pub(super) struct SqliteMaster(());
[INFO] [stdout]   |                   ^^^^^^^^^^^^
[INFO] [stdout]   |
[INFO] [stdout]   = note: `SqliteMaster` has a derived impl for the trait `Default`, but this is intentionally ignored during dead code analysis
[INFO] [stdout] 
[INFO] [stdout] 
[INFO] [stdout] warning: struct `SqliteSequence` is never constructed
[INFO] [stdout]  --> src/runtime/internal_tables/sqlite_sequence/mod.rs:2:19
[INFO] [stdout]   |
[INFO] [stdout] 2 | pub(super) struct SqliteSequence(());
[INFO] [stdout]   |                   ^^^^^^^^^^^^^^
[INFO] [stdout]   |
[INFO] [stdout]   = note: `SqliteSequence` has a derived impl for the trait `Default`, but this is intentionally ignored during dead code analysis
[INFO] [stdout] 
[INFO] [stdout] 
[INFO] [stdout] warning: field `0` is never read
[INFO] [stdout]   --> src/header/magic_header_string.rs:15:30
[INFO] [stdout]    |
[INFO] [stdout] 15 | pub struct MagicHeaderString([u8; 16]);
[INFO] [stdout]    |            ----------------- ^^^^^^^^
[INFO] [stdout]    |            |
[INFO] [stdout]    |            field in this struct
[INFO] [stdout]    |
[INFO] [stdout]    = help: consider removing this field
[INFO] [stdout]    = note: `#[warn(dead_code)]` on by default
[INFO] [stdout] 
[INFO] [stdout] 
[INFO] [stdout] warning: field `0` is never read
[INFO] [stdout]  --> src/header/reserved_for_expansion.rs:7:33
[INFO] [stdout]   |
[INFO] [stdout] 7 | pub struct ReservedForExpansion([u8; 20]);
[INFO] [stdout]   |            -------------------- ^^^^^^^^
[INFO] [stdout]   |            |
[INFO] [stdout]   |            field in this struct
[INFO] [stdout]   |
[INFO] [stdout]   = help: consider removing this field
[INFO] [stdout] 
[INFO] [stdout] 
[INFO] [stdout] warning: fields `uri` and `mode` are never read
[INFO] [stdout]    --> src/io/mod.rs:103:3
[INFO] [stdout]     |
[INFO] [stdout] 102 | pub struct SqliteUri {
[INFO] [stdout]     |            --------- fields in this struct
[INFO] [stdout] 103 |   uri: String,
[INFO] [stdout]     |   ^^^
[INFO] [stdout] 104 |   path: PathBuf,
[INFO] [stdout] 105 |   mode: SqliteUriFileMode,
[INFO] [stdout]     |   ^^^^
[INFO] [stdout]     |
[INFO] [stdout]     = note: `SqliteUri` has a derived impl for the trait `Debug`, but this is intentionally ignored during dead code analysis
[INFO] [stdout] 
[INFO] [stdout] 
[INFO] [stdout] warning: field `btree` is never read
[INFO] [stdout]   --> src/runtime/mod.rs:17:3
[INFO] [stdout]    |
[INFO] [stdout] 14 | pub struct SqliteRuntime {
[INFO] [stdout]    |            ------------- field in this struct
[INFO] [stdout] ...
[INFO] [stdout] 17 |   btree: SqliteBtree,
[INFO] [stdout]    |   ^^^^^
[INFO] [stdout]    |
[INFO] [stdout]    = note: `SqliteRuntime` has a derived impl for the trait `Debug`, but this is intentionally ignored during dead code analysis
[INFO] [stdout] 
[INFO] [stdout] 
[INFO] [stdout] warning: struct `SqliteMaster` is never constructed
[INFO] [stdout]  --> src/runtime/internal_tables/sqlite_master/mod.rs:2:19
[INFO] [stdout]   |
[INFO] [stdout] 2 | pub(super) struct SqliteMaster(());
[INFO] [stdout]   |                   ^^^^^^^^^^^^
[INFO] [stdout]   |
[INFO] [stdout]   = note: `SqliteMaster` has a derived impl for the trait `Default`, but this is intentionally ignored during dead code analysis
[INFO] [stdout] 
[INFO] [stdout] 
[INFO] [stdout] warning: struct `SqliteSequence` is never constructed
[INFO] [stdout]  --> src/runtime/internal_tables/sqlite_sequence/mod.rs:2:19
[INFO] [stdout]   |
[INFO] [stdout] 2 | pub(super) struct SqliteSequence(());
[INFO] [stdout]   |                   ^^^^^^^^^^^^^^
[INFO] [stdout]   |
[INFO] [stdout]   = note: `SqliteSequence` has a derived impl for the trait `Default`, but this is intentionally ignored during dead code analysis
[INFO] [stdout] 
[INFO] [stdout] 
[INFO] [stdout] warning: unused variable: `normalized_input`
[INFO] [stdout]  --> src/sqlite_cli/repl/sql.rs:3:19
[INFO] [stdout]   |
[INFO] [stdout] 3 | pub(super) fn run(normalized_input: impl AsRef<str>) -> SqliteCliResult<()> {
[INFO] [stdout]   |                   ^^^^^^^^^^^^^^^^ help: if this is intentional, prefix it with an underscore: `_normalized_input`
[INFO] [stdout]   |
[INFO] [stdout]   = note: `#[warn(unused_variables)]` on by default
[INFO] [stdout] 
[INFO] [stdout] 
[INFO] [stdout] warning: field `cli` is never read
[INFO] [stdout]   --> src/sqlite_cli/repl/mod.rs:17:3
[INFO] [stdout]    |
[INFO] [stdout] 15 | pub(crate) struct SqliteCliRepl {
[INFO] [stdout]    |                   ------------- field in this struct
[INFO] [stdout] 16 |   is_tty: bool,
[INFO] [stdout] 17 |   cli: Cli,
[INFO] [stdout]    |   ^^^
[INFO] [stdout]    |
[INFO] [stdout]    = note: `SqliteCliRepl` has a derived impl for the trait `Debug`, but this is intentionally ignored during dead code analysis
[INFO] [stdout]    = note: `#[warn(dead_code)]` on by default
[INFO] [stdout] 
[INFO] [stdout] 
[INFO] [stdout] warning: field `0` is never read
[INFO] [stdout]   --> src/sqlite_cli/result.rs:11:15
[INFO] [stdout]    |
[INFO] [stdout] 11 |   SqliteRsLib(SqliteError),
[INFO] [stdout]    |   ----------- ^^^^^^^^^^^
[INFO] [stdout]    |   |
[INFO] [stdout]    |   field in this variant
[INFO] [stdout]    |
[INFO] [stdout]    = note: `SqliteCliError` has a derived impl for the trait `Debug`, but this is intentionally ignored during dead code analysis
[INFO] [stdout] help: consider changing the field to be of unit type to suppress this warning while preserving the field numbering, or remove the field
[INFO] [stdout]    |
[INFO] [stdout] 11 |   SqliteRsLib(()),
[INFO] [stdout]    |               ~~
[INFO] [stdout] 
[INFO] [stdout] 
[INFO] [stdout] warning: field `0` is never read
[INFO] [stdout]   --> src/sqlite_cli/result.rs:12:10
[INFO] [stdout]    |
[INFO] [stdout] 12 |   Custom(String),
[INFO] [stdout]    |   ------ ^^^^^^
[INFO] [stdout]    |   |
[INFO] [stdout]    |   field in this variant
[INFO] [stdout]    |
[INFO] [stdout]    = note: `SqliteCliError` has a derived impl for the trait `Debug`, but this is intentionally ignored during dead code analysis
[INFO] [stdout] help: consider changing the field to be of unit type to suppress this warning while preserving the field numbering, or remove the field
[INFO] [stdout]    |
[INFO] [stdout] 12 |   Custom(()),
[INFO] [stdout]    |          ~~
[INFO] [stdout] 
[INFO] [stdout] 
[INFO] [stdout] warning: field `0` is never read
[INFO] [stdout]   --> src/sqlite_cli/result.rs:13:9
[INFO] [stdout]    |
[INFO] [stdout] 13 |   StdIo(StdIoError),
[INFO] [stdout]    |   ----- ^^^^^^^^^^
[INFO] [stdout]    |   |
[INFO] [stdout]    |   field in this variant
[INFO] [stdout]    |
[INFO] [stdout]    = note: `SqliteCliError` has a derived impl for the trait `Debug`, but this is intentionally ignored during dead code analysis
[INFO] [stdout] help: consider changing the field to be of unit type to suppress this warning while preserving the field numbering, or remove the field
[INFO] [stdout]    |
[INFO] [stdout] 13 |   StdIo(()),
[INFO] [stdout]    |         ~~
[INFO] [stdout] 
[INFO] [stdout] 
[INFO] [stdout] warning: field `0` is never read
[INFO] [stdout]   --> src/sqlite_cli/result.rs:14:18
[INFO] [stdout]    |
[INFO] [stdout] 14 |   InvalidCLiArgs(String),
[INFO] [stdout]    |   -------------- ^^^^^^
[INFO] [stdout]    |   |
[INFO] [stdout]    |   field in this variant
[INFO] [stdout]    |
[INFO] [stdout]    = note: `SqliteCliError` has a derived impl for the trait `Debug`, but this is intentionally ignored during dead code analysis
[INFO] [stdout] help: consider changing the field to be of unit type to suppress this warning while preserving the field numbering, or remove the field
[INFO] [stdout]    |
[INFO] [stdout] 14 |   InvalidCLiArgs(()),
[INFO] [stdout]    |                  ~~
[INFO] [stdout] 
[INFO] [stdout] 
[INFO] [stdout] warning: field `0` is never read
[INFO] [stdout]   --> src/sqlite_cli/result.rs:15:18
[INFO] [stdout]    |
[INFO] [stdout] 15 |   AddrParseError(AddrParseError),
[INFO] [stdout]    |   -------------- ^^^^^^^^^^^^^^
[INFO] [stdout]    |   |
[INFO] [stdout]    |   field in this variant
[INFO] [stdout]    |
[INFO] [stdout]    = note: `SqliteCliError` has a derived impl for the trait `Debug`, but this is intentionally ignored during dead code analysis
[INFO] [stdout] help: consider changing the field to be of unit type to suppress this warning while preserving the field numbering, or remove the field
[INFO] [stdout]    |
[INFO] [stdout] 15 |   AddrParseError(()),
[INFO] [stdout]    |                  ~~
[INFO] [stdout] 
[INFO] [stdout] 
[INFO] [stdout] warning: field `0` is never read
[INFO] [stdout]   --> src/sqlite_cli/result.rs:16:17
[INFO] [stdout]    |
[INFO] [stdout] 16 |   ParseIntError(ParseIntError),
[INFO] [stdout]    |   ------------- ^^^^^^^^^^^^^
[INFO] [stdout]    |   |
[INFO] [stdout]    |   field in this variant
[INFO] [stdout]    |
[INFO] [stdout]    = note: `SqliteCliError` has a derived impl for the trait `Debug`, but this is intentionally ignored during dead code analysis
[INFO] [stdout] help: consider changing the field to be of unit type to suppress this warning while preserving the field numbering, or remove the field
[INFO] [stdout]    |
[INFO] [stdout] 16 |   ParseIntError(()),
[INFO] [stdout]    |                 ~~
[INFO] [stdout] 
[INFO] [stdout] 
[INFO] [stderr]     Finished `test` profile [unoptimized + debuginfo] target(s) in 1.07s
[INFO] running `Command { std: "docker" "inspect" "fcd83b48080b5ee08e04a9b3a0ffca6b1983671d949c5a958bc1ef792676112b", kill_on_drop: false }`
[INFO] running `Command { std: "docker" "rm" "-f" "fcd83b48080b5ee08e04a9b3a0ffca6b1983671d949c5a958bc1ef792676112b", kill_on_drop: false }`
[INFO] [stdout] fcd83b48080b5ee08e04a9b3a0ffca6b1983671d949c5a958bc1ef792676112b
[INFO] running `Command { std: "docker" "create" "-v" "/var/lib/crater-agent-workspace/builds/worker-7-tc2/target:/opt/rustwide/target:rw,Z" "-v" "/var/lib/crater-agent-workspace/builds/worker-7-tc2/source:/opt/rustwide/workdir:ro,Z" "-v" "/var/lib/crater-agent-workspace/cargo-home:/opt/rustwide/cargo-home:ro,Z" "-v" "/var/lib/crater-agent-workspace/rustup-home:/opt/rustwide/rustup-home:ro,Z" "-e" "SOURCE_DIR=/opt/rustwide/workdir" "-e" "CARGO_TARGET_DIR=/opt/rustwide/target" "-e" "CARGO_INCREMENTAL=0" "-e" "RUST_BACKTRACE=full" "-e" "RUSTFLAGS=--cap-lints=warn" "-e" "RUSTDOCFLAGS=--cap-lints=warn" "-e" "CARGO_HOME=/opt/rustwide/cargo-home" "-e" "RUSTUP_HOME=/opt/rustwide/rustup-home" "-w" "/opt/rustwide/workdir" "-m" "1610612736" "--user" "0:0" "--network" "none" "ghcr.io/rust-lang/crates-build-env/linux@sha256:f3a9d4ad9d972b27faf3965f35b62e55ba32bbce8f20bc8fe909558a86702fde" "/opt/rustwide/cargo-home/bin/cargo" "+beta-2024-12-08" "test" "--frozen", kill_on_drop: false }`
[INFO] [stdout] b789cc7fa003e2e4e3e6967c654348ae7ff28cc7aa2a7c1e7e3503f7bee2869b
[INFO] running `Command { std: "docker" "start" "-a" "b789cc7fa003e2e4e3e6967c654348ae7ff28cc7aa2a7c1e7e3503f7bee2869b", kill_on_drop: false }`
[INFO] [stderr]    Compiling sqlite-rs v0.3.7 (/opt/rustwide/workdir)
[INFO] [stderr] warning: field `0` is never read
[INFO] [stderr]   --> src/header/magic_header_string.rs:15:30
[INFO] [stderr]    |
[INFO] [stderr] 15 | pub struct MagicHeaderString([u8; 16]);
[INFO] [stderr]    |            ----------------- ^^^^^^^^
[INFO] [stderr]    |            |
[INFO] [stderr]    |            field in this struct
[INFO] [stderr]    |
[INFO] [stderr]    = help: consider removing this field
[INFO] [stderr]    = note: `#[warn(dead_code)]` on by default
[INFO] [stderr] 
[INFO] [stderr] warning: field `0` is never read
[INFO] [stderr]  --> src/header/reserved_for_expansion.rs:7:33
[INFO] [stderr]   |
[INFO] [stderr] 7 | pub struct ReservedForExpansion([u8; 20]);
[INFO] [stderr]   |            -------------------- ^^^^^^^^
[INFO] [stderr]   |            |
[INFO] [stderr]   |            field in this struct
[INFO] [stderr]   |
[INFO] [stderr]   = help: consider removing this field
[INFO] [stderr] 
[INFO] [stderr] warning: fields `uri` and `mode` are never read
[INFO] [stderr]    --> src/io/mod.rs:103:3
[INFO] [stderr]     |
[INFO] [stderr] 102 | pub struct SqliteUri {
[INFO] [stderr]     |            --------- fields in this struct
[INFO] [stderr] 103 |   uri: String,
[INFO] [stderr]     |   ^^^
[INFO] [stderr] 104 |   path: PathBuf,
[INFO] [stderr] 105 |   mode: SqliteUriFileMode,
[INFO] [stderr]     |   ^^^^
[INFO] [stderr]     |
[INFO] [stderr]     = note: `SqliteUri` has a derived impl for the trait `Debug`, but this is intentionally ignored during dead code analysis
[INFO] [stderr] 
[INFO] [stderr] warning: field `btree` is never read
[INFO] [stderr]   --> src/runtime/mod.rs:17:3
[INFO] [stderr]    |
[INFO] [stderr] 14 | pub struct SqliteRuntime {
[INFO] [stderr]    |            ------------- field in this struct
[INFO] [stderr] ...
[INFO] [stderr] 17 |   btree: SqliteBtree,
[INFO] [stderr]    |   ^^^^^
[INFO] [stderr]    |
[INFO] [stderr]    = note: `SqliteRuntime` has a derived impl for the trait `Debug`, but this is intentionally ignored during dead code analysis
[INFO] [stderr] 
[INFO] [stderr] warning: struct `SqliteMaster` is never constructed
[INFO] [stderr]  --> src/runtime/internal_tables/sqlite_master/mod.rs:2:19
[INFO] [stderr]   |
[INFO] [stderr] 2 | pub(super) struct SqliteMaster(());
[INFO] [stderr]   |                   ^^^^^^^^^^^^
[INFO] [stderr]   |
[INFO] [stderr]   = note: `SqliteMaster` has a derived impl for the trait `Default`, but this is intentionally ignored during dead code analysis
[INFO] [stderr] 
[INFO] [stderr] warning: struct `SqliteSequence` is never constructed
[INFO] [stderr]  --> src/runtime/internal_tables/sqlite_sequence/mod.rs:2:19
[INFO] [stderr]   |
[INFO] [stderr] 2 | pub(super) struct SqliteSequence(());
[INFO] [stderr]   |                   ^^^^^^^^^^^^^^
[INFO] [stderr]   |
[INFO] [stderr]   = note: `SqliteSequence` has a derived impl for the trait `Default`, but this is intentionally ignored during dead code analysis
[INFO] [stderr] 
[INFO] [stderr] warning: `sqlite-rs` (lib) generated 6 warnings
[INFO] [stderr] warning: unused variable: `normalized_input`
[INFO] [stderr]  --> src/sqlite_cli/repl/sql.rs:3:19
[INFO] [stderr]   |
[INFO] [stderr] 3 | pub(super) fn run(normalized_input: impl AsRef<str>) -> SqliteCliResult<()> {
[INFO] [stderr]   |                   ^^^^^^^^^^^^^^^^ help: if this is intentional, prefix it with an underscore: `_normalized_input`
[INFO] [stderr]   |
[INFO] [stderr]   = note: `#[warn(unused_variables)]` on by default
[INFO] [stderr] 
[INFO] [stderr] warning: field `cli` is never read
[INFO] [stderr]   --> src/sqlite_cli/repl/mod.rs:17:3
[INFO] [stderr]    |
[INFO] [stderr] 15 | pub(crate) struct SqliteCliRepl {
[INFO] [stderr]    |                   ------------- field in this struct
[INFO] [stderr] 16 |   is_tty: bool,
[INFO] [stderr] 17 |   cli: Cli,
[INFO] [stderr]    |   ^^^
[INFO] [stderr]    |
[INFO] [stderr]    = note: `SqliteCliRepl` has a derived impl for the trait `Debug`, but this is intentionally ignored during dead code analysis
[INFO] [stderr]    = note: `#[warn(dead_code)]` on by default
[INFO] [stderr] 
[INFO] [stderr] warning: field `0` is never read
[INFO] [stderr]   --> src/sqlite_cli/result.rs:11:15
[INFO] [stderr]    |
[INFO] [stderr] 11 |   SqliteRsLib(SqliteError),
[INFO] [stderr]    |   ----------- ^^^^^^^^^^^
[INFO] [stderr]    |   |
[INFO] [stderr]    |   field in this variant
[INFO] [stderr]    |
[INFO] [stderr]    = note: `SqliteCliError` has a derived impl for the trait `Debug`, but this is intentionally ignored during dead code analysis
[INFO] [stderr] help: consider changing the field to be of unit type to suppress this warning while preserving the field numbering, or remove the field
[INFO] [stderr]    |
[INFO] [stderr] 11 |   SqliteRsLib(()),
[INFO] [stderr]    |               ~~
[INFO] [stderr] 
[INFO] [stderr] warning: field `0` is never read
[INFO] [stderr]   --> src/sqlite_cli/result.rs:12:10
[INFO] [stderr]    |
[INFO] [stderr] 12 |   Custom(String),
[INFO] [stderr]    |   ------ ^^^^^^
[INFO] [stderr]    |   |
[INFO] [stderr]    |   field in this variant
[INFO] [stderr]    |
[INFO] [stderr]    = note: `SqliteCliError` has a derived impl for the trait `Debug`, but this is intentionally ignored during dead code analysis
[INFO] [stderr] help: consider changing the field to be of unit type to suppress this warning while preserving the field numbering, or remove the field
[INFO] [stderr]    |
[INFO] [stderr] 12 |   Custom(()),
[INFO] [stderr]    |          ~~
[INFO] [stderr] 
[INFO] [stderr] warning: field `0` is never read
[INFO] [stderr]   --> src/sqlite_cli/result.rs:13:9
[INFO] [stderr]    |
[INFO] [stderr] 13 |   StdIo(StdIoError),
[INFO] [stderr]    |   ----- ^^^^^^^^^^
[INFO] [stderr]    |   |
[INFO] [stderr]    |   field in this variant
[INFO] [stderr]    |
[INFO] [stderr]    = note: `SqliteCliError` has a derived impl for the trait `Debug`, but this is intentionally ignored during dead code analysis
[INFO] [stderr] help: consider changing the field to be of unit type to suppress this warning while preserving the field numbering, or remove the field
[INFO] [stderr]    |
[INFO] [stderr] 13 |   StdIo(()),
[INFO] [stderr]    |         ~~
[INFO] [stderr] 
[INFO] [stderr] warning: field `0` is never read
[INFO] [stderr]   --> src/sqlite_cli/result.rs:14:18
[INFO] [stderr]    |
[INFO] [stderr] 14 |   InvalidCLiArgs(String),
[INFO] [stderr]    |   -------------- ^^^^^^
[INFO] [stderr]    |   |
[INFO] [stderr]    |   field in this variant
[INFO] [stderr]    |
[INFO] [stderr]    = note: `SqliteCliError` has a derived impl for the trait `Debug`, but this is intentionally ignored during dead code analysis
[INFO] [stderr] help: consider changing the field to be of unit type to suppress this warning while preserving the field numbering, or remove the field
[INFO] [stderr]    |
[INFO] [stderr] 14 |   InvalidCLiArgs(()),
[INFO] [stderr]    |                  ~~
[INFO] [stderr] 
[INFO] [stderr] warning: field `0` is never read
[INFO] [stderr]   --> src/sqlite_cli/result.rs:15:18
[INFO] [stderr]    |
[INFO] [stderr] 15 |   AddrParseError(AddrParseError),
[INFO] [stderr]    |   -------------- ^^^^^^^^^^^^^^
[INFO] [stderr]    |   |
[INFO] [stderr]    |   field in this variant
[INFO] [stderr]    |
[INFO] [stderr]    = note: `SqliteCliError` has a derived impl for the trait `Debug`, but this is intentionally ignored during dead code analysis
[INFO] [stderr] help: consider changing the field to be of unit type to suppress this warning while preserving the field numbering, or remove the field
[INFO] [stderr]    |
[INFO] [stderr] 15 |   AddrParseError(()),
[INFO] [stderr]    |                  ~~
[INFO] [stderr] 
[INFO] [stderr] warning: field `0` is never read
[INFO] [stderr]   --> src/sqlite_cli/result.rs:16:17
[INFO] [stderr]    |
[INFO] [stderr] 16 |   ParseIntError(ParseIntError),
[INFO] [stderr]    |   ------------- ^^^^^^^^^^^^^
[INFO] [stderr]    |   |
[INFO] [stderr]    |   field in this variant
[INFO] [stderr]    |
[INFO] [stderr]    = note: `SqliteCliError` has a derived impl for the trait `Debug`, but this is intentionally ignored during dead code analysis
[INFO] [stderr] help: consider changing the field to be of unit type to suppress this warning while preserving the field numbering, or remove the field
[INFO] [stderr]    |
[INFO] [stderr] 16 |   ParseIntError(()),
[INFO] [stderr]    |                 ~~
[INFO] [stderr] 
[INFO] [stderr] warning: `sqlite-rs` (lib test) generated 6 warnings (6 duplicates)
[INFO] [stderr] warning: `sqlite-rs` (bin "sqlite-rs" test) generated 8 warnings
[INFO] [stderr]     Finished `test` profile [unoptimized + debuginfo] target(s) in 1.53s
[INFO] [stderr]      Running unittests src/lib.rs (/opt/rustwide/target/debug/deps/sqlite_rs-f890e28ba6062c5c)
[INFO] [stdout] 
[INFO] [stdout] running 1 test
[INFO] [stdout] test tests::ok_on_new_inmemory_database ... FAILED
[INFO] [stdout] 
[INFO] [stdout] failures:
[INFO] [stdout] 
[INFO] [stdout] ---- tests::ok_on_new_inmemory_database stdout ----
[INFO] [stdout] thread 'tests::ok_on_new_inmemory_database' panicked at src/tests/mod.rs:11:53:
[INFO] [stdout] called `Result::unwrap()` on an `Err` value: EmptyDb
[INFO] [stdout] stack backtrace:
[INFO] [stdout]    0:     0x6077193eec3a - std::backtrace_rs::backtrace::libunwind::trace::h8810477743020387
[INFO] [stdout]                                at /rustc/202008a1b8de96d2e5b6bc02d379db03a877d34d/library/std/src/../../backtrace/src/backtrace/libunwind.rs:116:5
[INFO] [stdout]    1:     0x6077193eec3a - std::backtrace_rs::backtrace::trace_unsynchronized::h3aa55355dd6c54a6
[INFO] [stdout]                                at /rustc/202008a1b8de96d2e5b6bc02d379db03a877d34d/library/std/src/../../backtrace/src/backtrace/mod.rs:66:5
[INFO] [stdout]    2:     0x6077193eec3a - std::sys::backtrace::_print_fmt::h8588b0f62410823f
[INFO] [stdout]                                at /rustc/202008a1b8de96d2e5b6bc02d379db03a877d34d/library/std/src/sys/backtrace.rs:66:9
[INFO] [stdout]    3:     0x6077193eec3a - <std::sys::backtrace::BacktraceLock::print::DisplayBacktrace as core::fmt::Display>::fmt::h98c26ac25ffe89bb
[INFO] [stdout]                                at /rustc/202008a1b8de96d2e5b6bc02d379db03a877d34d/library/std/src/sys/backtrace.rs:39:26
[INFO] [stdout]    4:     0x6077194146d3 - core::fmt::rt::Argument::fmt::hf95377f4aebd453b
[INFO] [stdout]                                at /rustc/202008a1b8de96d2e5b6bc02d379db03a877d34d/library/core/src/fmt/rt.rs:177:76
[INFO] [stdout]    5:     0x6077194146d3 - core::fmt::write::h0dd5f6e2238c7982
[INFO] [stdout]                                at /rustc/202008a1b8de96d2e5b6bc02d379db03a877d34d/library/core/src/fmt/mod.rs:1189:21
[INFO] [stdout]    6:     0x6077193ebd53 - std::io::Write::write_fmt::h03bb0ca26e6faf8c
[INFO] [stdout]                                at /rustc/202008a1b8de96d2e5b6bc02d379db03a877d34d/library/std/src/io/mod.rs:1884:15
[INFO] [stdout]    7:     0x6077193eea82 - std::sys::backtrace::BacktraceLock::print::h5c19c1c038ee186d
[INFO] [stdout]                                at /rustc/202008a1b8de96d2e5b6bc02d379db03a877d34d/library/std/src/sys/backtrace.rs:42:9
[INFO] [stdout]    8:     0x6077193f00bd - std::panicking::default_hook::{{closure}}::h77172f079a1fcb13
[INFO] [stdout]                                at /rustc/202008a1b8de96d2e5b6bc02d379db03a877d34d/library/std/src/panicking.rs:268:22
[INFO] [stdout]    9:     0x6077193efec7 - std::panicking::default_hook::he5f8e3b203ccddba
[INFO] [stdout]                                at /rustc/202008a1b8de96d2e5b6bc02d379db03a877d34d/library/std/src/panicking.rs:292:9
[INFO] [stdout]   10:     0x6077193b91c7 - <alloc::boxed::Box<F,A> as core::ops::function::Fn<Args>>::call::h7a3c7b4a1ae77f2f
[INFO] [stdout]                                at /rustc/202008a1b8de96d2e5b6bc02d379db03a877d34d/library/alloc/src/boxed.rs:1986:9
[INFO] [stdout]   11:     0x6077193b91c7 - test::test_main::{{closure}}::hf0d3b69ae9b353d1
[INFO] [stdout]                                at /rustc/202008a1b8de96d2e5b6bc02d379db03a877d34d/library/test/src/lib.rs:134:21
[INFO] [stdout]   12:     0x6077193f0768 - <alloc::boxed::Box<F,A> as core::ops::function::Fn<Args>>::call::h6332e82e7b189abd
[INFO] [stdout]                                at /rustc/202008a1b8de96d2e5b6bc02d379db03a877d34d/library/alloc/src/boxed.rs:1986:9
[INFO] [stdout]   13:     0x6077193f0768 - std::panicking::rust_panic_with_hook::h53863d4e9018df39
[INFO] [stdout]                                at /rustc/202008a1b8de96d2e5b6bc02d379db03a877d34d/library/std/src/panicking.rs:809:13
[INFO] [stdout]   14:     0x6077193f052a - std::panicking::begin_panic_handler::{{closure}}::h67280e6fa0757873
[INFO] [stdout]                                at /rustc/202008a1b8de96d2e5b6bc02d379db03a877d34d/library/std/src/panicking.rs:674:13
[INFO] [stdout]   15:     0x6077193ef119 - std::sys::backtrace::__rust_end_short_backtrace::h1dac3f54d6fbbeb2
[INFO] [stdout]                                at /rustc/202008a1b8de96d2e5b6bc02d379db03a877d34d/library/std/src/sys/backtrace.rs:170:18
[INFO] [stdout]   16:     0x6077193f01bc - rust_begin_unwind
[INFO] [stdout]                                at /rustc/202008a1b8de96d2e5b6bc02d379db03a877d34d/library/std/src/panicking.rs:665:5
[INFO] [stdout]   17:     0x607719357b60 - core::panicking::panic_fmt::h6792bd1b2bf01041
[INFO] [stdout]                                at /rustc/202008a1b8de96d2e5b6bc02d379db03a877d34d/library/core/src/panicking.rs:76:14
[INFO] [stdout]   18:     0x607719357f46 - core::result::unwrap_failed::h05e0602ed34287c5
[INFO] [stdout]                                at /rustc/202008a1b8de96d2e5b6bc02d379db03a877d34d/library/core/src/result.rs:1699:5
[INFO] [stdout]   19:     0x607719361e97 - core::result::Result<T,E>::unwrap::h6dda057d57ce6879
[INFO] [stdout]                                at /rustc/202008a1b8de96d2e5b6bc02d379db03a877d34d/library/core/src/result.rs:1104:23
[INFO] [stdout]   20:     0x607719361e97 - sqlite_rs::tests::ok_on_new_inmemory_database::he0565dd3784ffd0e
[INFO] [stdout]                                at /opt/rustwide/workdir/src/tests/mod.rs:11:14
[INFO] [stdout]   21:     0x607719360ac7 - sqlite_rs::tests::ok_on_new_inmemory_database::{{closure}}::h33c6484caa7f780d
[INFO] [stdout]                                at /opt/rustwide/workdir/src/tests/mod.rs:4:33
[INFO] [stdout]   22:     0x607719358ff6 - core::ops::function::FnOnce::call_once::hba5316b7d6bd451c
[INFO] [stdout]                                at /rustc/202008a1b8de96d2e5b6bc02d379db03a877d34d/library/core/src/ops/function.rs:250:5
[INFO] [stdout]   23:     0x6077193bdceb - core::ops::function::FnOnce::call_once::h871bf86719ec9aa4
[INFO] [stdout]                                at /rustc/202008a1b8de96d2e5b6bc02d379db03a877d34d/library/core/src/ops/function.rs:250:5
[INFO] [stdout]   24:     0x6077193bdceb - test::__rust_begin_short_backtrace::h2167df1e2b7d76fd
[INFO] [stdout]                                at /rustc/202008a1b8de96d2e5b6bc02d379db03a877d34d/library/test/src/lib.rs:632:18
[INFO] [stdout]   25:     0x6077193bd6d8 - test::run_test_in_process::{{closure}}::h15d92f75a3adfb79
[INFO] [stdout]                                at /rustc/202008a1b8de96d2e5b6bc02d379db03a877d34d/library/test/src/lib.rs:655:60
[INFO] [stdout]   26:     0x6077193bd6d8 - <core::panic::unwind_safe::AssertUnwindSafe<F> as core::ops::function::FnOnce<()>>::call_once::hb6c8955835a8dbbb
[INFO] [stdout]                                at /rustc/202008a1b8de96d2e5b6bc02d379db03a877d34d/library/core/src/panic/unwind_safe.rs:272:9
[INFO] [stdout]   27:     0x6077193bd6d8 - std::panicking::try::do_call::hc79d0fc888a0bd30
[INFO] [stdout]                                at /rustc/202008a1b8de96d2e5b6bc02d379db03a877d34d/library/std/src/panicking.rs:557:40
[INFO] [stdout]   28:     0x6077193bd6d8 - std::panicking::try::hb8a7878e3a8589d6
[INFO] [stdout]                                at /rustc/202008a1b8de96d2e5b6bc02d379db03a877d34d/library/std/src/panicking.rs:520:19
[INFO] [stdout]   29:     0x6077193bd6d8 - std::panic::catch_unwind::hb8e4600ff0ff5cfa
[INFO] [stdout]                                at /rustc/202008a1b8de96d2e5b6bc02d379db03a877d34d/library/std/src/panic.rs:358:14
[INFO] [stdout]   30:     0x6077193bd6d8 - test::run_test_in_process::hc2900b0b18688dd6
[INFO] [stdout]                                at /rustc/202008a1b8de96d2e5b6bc02d379db03a877d34d/library/test/src/lib.rs:655:27
[INFO] [stdout]   31:     0x6077193bd6d8 - test::run_test::{{closure}}::hac2a9cb07be3d48d
[INFO] [stdout]                                at /rustc/202008a1b8de96d2e5b6bc02d379db03a877d34d/library/test/src/lib.rs:576:43
[INFO] [stdout]   32:     0x60771938117a - test::run_test::{{closure}}::h4a5b729e66a38cd8
[INFO] [stdout]                                at /rustc/202008a1b8de96d2e5b6bc02d379db03a877d34d/library/test/src/lib.rs:606:41
[INFO] [stdout]   33:     0x60771938117a - std::sys::backtrace::__rust_begin_short_backtrace::h0496fb742492f573
[INFO] [stdout]                                at /rustc/202008a1b8de96d2e5b6bc02d379db03a877d34d/library/std/src/sys/backtrace.rs:154:18
[INFO] [stdout]   34:     0x607719384af4 - std::thread::Builder::spawn_unchecked_::{{closure}}::{{closure}}::hbb6d257c550a54bd
[INFO] [stdout]                                at /rustc/202008a1b8de96d2e5b6bc02d379db03a877d34d/library/std/src/thread/mod.rs:561:17
[INFO] [stdout]   35:     0x607719384af4 - <core::panic::unwind_safe::AssertUnwindSafe<F> as core::ops::function::FnOnce<()>>::call_once::h46696fe4a6832328
[INFO] [stdout]                                at /rustc/202008a1b8de96d2e5b6bc02d379db03a877d34d/library/core/src/panic/unwind_safe.rs:272:9
[INFO] [stdout]   36:     0x607719384af4 - std::panicking::try::do_call::h2625a51b667bfb64
[INFO] [stdout]                                at /rustc/202008a1b8de96d2e5b6bc02d379db03a877d34d/library/std/src/panicking.rs:557:40
[INFO] [stdout]   37:     0x607719384af4 - std::panicking::try::hb956a59a1973aa4c
[INFO] [stdout]                                at /rustc/202008a1b8de96d2e5b6bc02d379db03a877d34d/library/std/src/panicking.rs:520:19
[INFO] [stdout]   38:     0x607719384af4 - std::panic::catch_unwind::h64f3b9d1067ef6a0
[INFO] [stdout]                                at /rustc/202008a1b8de96d2e5b6bc02d379db03a877d34d/library/std/src/panic.rs:358:14
[INFO] [stdout]   39:     0x607719384af4 - std::thread::Builder::spawn_unchecked_::{{closure}}::h42b2841295b6c0b2
[INFO] [stdout]                                at /rustc/202008a1b8de96d2e5b6bc02d379db03a877d34d/library/std/src/thread/mod.rs:559:30
[INFO] [stdout]   40:     0x607719384af4 - core::ops::function::FnOnce::call_once{{vtable.shim}}::h6127de71b8124639
[INFO] [stdout]                                at /rustc/202008a1b8de96d2e5b6bc02d379db03a877d34d/library/core/src/ops/function.rs:250:5
[INFO] [stdout]   41:     0x6077193f46eb - <alloc::boxed::Box<F,A> as core::ops::function::FnOnce<Args>>::call_once::h42f0ba71002a1b2c
[INFO] [stdout]                                at /rustc/202008a1b8de96d2e5b6bc02d379db03a877d34d/library/alloc/src/boxed.rs:1972:9
[INFO] [stdout]   42:     0x6077193f46eb - <alloc::boxed::Box<F,A> as core::ops::function::FnOnce<Args>>::call_once::had9e47d7a3dcecb8
[INFO] [stdout]                                at /rustc/202008a1b8de96d2e5b6bc02d379db03a877d34d/library/alloc/src/boxed.rs:1972:9
[INFO] [stdout]   43:     0x6077193f46eb - std::sys::pal::unix::thread::Thread::new::thread_start::h48cf765408f6f5f2
[INFO] [stdout]                                at /rustc/202008a1b8de96d2e5b6bc02d379db03a877d34d/library/std/src/sys/pal/unix/thread.rs:105:17
[INFO] [stdout]   44:     0x710dec3b3ac3 - <unknown>
[INFO] [stdout]   45:     0x710dec444a04 - clone
[INFO] [stdout]   46:                0x0 - <unknown>
[INFO] [stdout] 
[INFO] [stdout] 
[INFO] [stdout] failures:
[INFO] [stdout]     tests::ok_on_new_inmemory_database
[INFO] [stdout] 
[INFO] [stdout] test result: FAILED. 0 passed; 1 failed; 0 ignored; 0 measured; 0 filtered out; finished in 0.02s
[INFO] [stdout] 
[INFO] [stderr] error: test failed, to rerun pass `--lib`
[INFO] running `Command { std: "docker" "inspect" "b789cc7fa003e2e4e3e6967c654348ae7ff28cc7aa2a7c1e7e3503f7bee2869b", kill_on_drop: false }`
[INFO] running `Command { std: "docker" "rm" "-f" "b789cc7fa003e2e4e3e6967c654348ae7ff28cc7aa2a7c1e7e3503f7bee2869b", kill_on_drop: false }`
[INFO] [stdout] b789cc7fa003e2e4e3e6967c654348ae7ff28cc7aa2a7c1e7e3503f7bee2869b
