[INFO] fetching crate sql_select_parser 0.1.4...
[INFO] testing sql_select_parser-0.1.4 against 1.83.0 for beta-1.84.0-4-retry
[INFO] extracting crate sql_select_parser 0.1.4 into /workspace/builds/worker-6-tc1/source
[INFO] validating manifest of crates.io crate sql_select_parser 0.1.4 on toolchain 1.83.0
[INFO] running `Command { std: CARGO_HOME="/workspace/cargo-home" RUSTUP_HOME="/workspace/rustup-home" "/workspace/cargo-home/bin/cargo" "+1.83.0" "metadata" "--manifest-path" "Cargo.toml" "--no-deps", kill_on_drop: false }`
[INFO] started tweaking crates.io crate sql_select_parser 0.1.4
[INFO] removed 0 missing tests
[INFO] finished tweaking crates.io crate sql_select_parser 0.1.4
[INFO] tweaked toml for crates.io crate sql_select_parser 0.1.4 written to /workspace/builds/worker-6-tc1/source/Cargo.toml
[INFO] crate crates.io crate sql_select_parser 0.1.4 already has a lockfile, it will not be regenerated
[INFO] running `Command { std: CARGO_HOME="/workspace/cargo-home" RUSTUP_HOME="/workspace/rustup-home" "/workspace/cargo-home/bin/cargo" "+1.83.0" "fetch" "--manifest-path" "Cargo.toml", kill_on_drop: false }`
[INFO] running `Command { std: "docker" "create" "-v" "/var/lib/crater-agent-workspace/builds/worker-6-tc1/target:/opt/rustwide/target:rw,Z" "-v" "/var/lib/crater-agent-workspace/builds/worker-6-tc1/source:/opt/rustwide/workdir:ro,Z" "-v" "/var/lib/crater-agent-workspace/cargo-home:/opt/rustwide/cargo-home:ro,Z" "-v" "/var/lib/crater-agent-workspace/rustup-home:/opt/rustwide/rustup-home:ro,Z" "-e" "SOURCE_DIR=/opt/rustwide/workdir" "-e" "CARGO_TARGET_DIR=/opt/rustwide/target" "-e" "CARGO_HOME=/opt/rustwide/cargo-home" "-e" "RUSTUP_HOME=/opt/rustwide/rustup-home" "-w" "/opt/rustwide/workdir" "-m" "1610612736" "--user" "0:0" "--network" "none" "ghcr.io/rust-lang/crates-build-env/linux@sha256:f3a9d4ad9d972b27faf3965f35b62e55ba32bbce8f20bc8fe909558a86702fde" "/opt/rustwide/cargo-home/bin/cargo" "+1.83.0" "metadata" "--no-deps" "--format-version=1", kill_on_drop: false }`
[INFO] [stdout] 11561d2adebfbd9167e4eadc61c7cdc891f60a502c47670ee272caf3f8f507cd
[INFO] running `Command { std: "docker" "start" "-a" "11561d2adebfbd9167e4eadc61c7cdc891f60a502c47670ee272caf3f8f507cd", kill_on_drop: false }`
[INFO] running `Command { std: "docker" "inspect" "11561d2adebfbd9167e4eadc61c7cdc891f60a502c47670ee272caf3f8f507cd", kill_on_drop: false }`
[INFO] running `Command { std: "docker" "rm" "-f" "11561d2adebfbd9167e4eadc61c7cdc891f60a502c47670ee272caf3f8f507cd", kill_on_drop: false }`
[INFO] [stdout] 11561d2adebfbd9167e4eadc61c7cdc891f60a502c47670ee272caf3f8f507cd
[INFO] running `Command { std: "docker" "create" "-v" "/var/lib/crater-agent-workspace/builds/worker-6-tc1/target:/opt/rustwide/target:rw,Z" "-v" "/var/lib/crater-agent-workspace/builds/worker-6-tc1/source:/opt/rustwide/workdir:ro,Z" "-v" "/var/lib/crater-agent-workspace/cargo-home:/opt/rustwide/cargo-home:ro,Z" "-v" "/var/lib/crater-agent-workspace/rustup-home:/opt/rustwide/rustup-home:ro,Z" "-e" "SOURCE_DIR=/opt/rustwide/workdir" "-e" "CARGO_TARGET_DIR=/opt/rustwide/target" "-e" "CARGO_INCREMENTAL=0" "-e" "RUST_BACKTRACE=full" "-e" "RUSTFLAGS=--cap-lints=warn" "-e" "RUSTDOCFLAGS=--cap-lints=warn" "-e" "CARGO_HOME=/opt/rustwide/cargo-home" "-e" "RUSTUP_HOME=/opt/rustwide/rustup-home" "-w" "/opt/rustwide/workdir" "-m" "1610612736" "--user" "0:0" "--network" "none" "ghcr.io/rust-lang/crates-build-env/linux@sha256:f3a9d4ad9d972b27faf3965f35b62e55ba32bbce8f20bc8fe909558a86702fde" "/opt/rustwide/cargo-home/bin/cargo" "+1.83.0" "build" "--frozen" "--message-format=json", kill_on_drop: false }`
[INFO] [stdout] a35365f8519cc920b37ec0a00aa99c941ffecd50115243bf7798f38c99e532b7
[INFO] running `Command { std: "docker" "start" "-a" "a35365f8519cc920b37ec0a00aa99c941ffecd50115243bf7798f38c99e532b7", kill_on_drop: false }`
[INFO] [stderr]    Compiling proc-macro2 v1.0.89
[INFO] [stderr]    Compiling unicode-ident v1.0.13
[INFO] [stderr]    Compiling thiserror v1.0.66
[INFO] [stderr]    Compiling utf8parse v0.2.2
[INFO] [stderr]    Compiling ucd-trie v0.1.7
[INFO] [stderr]    Compiling memchr v2.7.4
[INFO] [stderr]    Compiling once_cell v1.20.2
[INFO] [stderr]    Compiling anstyle v1.0.10
[INFO] [stderr]    Compiling anstyle-parse v0.2.6
[INFO] [stderr]    Compiling anstyle-query v1.1.2
[INFO] [stderr]    Compiling colorchoice v1.0.3
[INFO] [stderr]    Compiling is_terminal_polyfill v1.70.1
[INFO] [stderr]    Compiling clap_lex v0.7.2
[INFO] [stderr]    Compiling strsim v0.11.1
[INFO] [stderr]    Compiling anstream v0.6.17
[INFO] [stderr]    Compiling heck v0.5.0
[INFO] [stderr]    Compiling anyhow v1.0.92
[INFO] [stderr]    Compiling clap_builder v4.5.20
[INFO] [stderr]    Compiling quote v1.0.37
[INFO] [stderr]    Compiling syn v2.0.87
[INFO] [stderr]    Compiling thiserror-impl v1.0.66
[INFO] [stderr]    Compiling clap_derive v4.5.18
[INFO] [stderr]    Compiling pest v2.7.14
[INFO] [stderr]    Compiling clap v4.5.20
[INFO] [stderr]    Compiling pest_meta v2.7.14
[INFO] [stderr]    Compiling pest_generator v2.7.14
[INFO] [stderr]    Compiling pest_derive v2.7.14
[INFO] [stderr]    Compiling sql_select_parser v0.1.4 (/opt/rustwide/workdir)
[INFO] [stderr]     Finished `dev` profile [unoptimized + debuginfo] target(s) in 27.07s
[INFO] running `Command { std: "docker" "inspect" "a35365f8519cc920b37ec0a00aa99c941ffecd50115243bf7798f38c99e532b7", kill_on_drop: false }`
[INFO] running `Command { std: "docker" "rm" "-f" "a35365f8519cc920b37ec0a00aa99c941ffecd50115243bf7798f38c99e532b7", kill_on_drop: false }`
[INFO] [stdout] a35365f8519cc920b37ec0a00aa99c941ffecd50115243bf7798f38c99e532b7
[INFO] running `Command { std: "docker" "create" "-v" "/var/lib/crater-agent-workspace/builds/worker-6-tc1/target:/opt/rustwide/target:rw,Z" "-v" "/var/lib/crater-agent-workspace/builds/worker-6-tc1/source:/opt/rustwide/workdir:ro,Z" "-v" "/var/lib/crater-agent-workspace/cargo-home:/opt/rustwide/cargo-home:ro,Z" "-v" "/var/lib/crater-agent-workspace/rustup-home:/opt/rustwide/rustup-home:ro,Z" "-e" "SOURCE_DIR=/opt/rustwide/workdir" "-e" "CARGO_TARGET_DIR=/opt/rustwide/target" "-e" "CARGO_INCREMENTAL=0" "-e" "RUST_BACKTRACE=full" "-e" "RUSTFLAGS=--cap-lints=warn" "-e" "RUSTDOCFLAGS=--cap-lints=warn" "-e" "CARGO_HOME=/opt/rustwide/cargo-home" "-e" "RUSTUP_HOME=/opt/rustwide/rustup-home" "-w" "/opt/rustwide/workdir" "-m" "1610612736" "--user" "0:0" "--network" "none" "ghcr.io/rust-lang/crates-build-env/linux@sha256:f3a9d4ad9d972b27faf3965f35b62e55ba32bbce8f20bc8fe909558a86702fde" "/opt/rustwide/cargo-home/bin/cargo" "+1.83.0" "test" "--frozen" "--no-run" "--message-format=json", kill_on_drop: false }`
[INFO] [stdout] 67aef2c2c75948a2b92b6e4643fa0ca841ca31bc000e97a5fe44beb78a958959
[INFO] running `Command { std: "docker" "start" "-a" "67aef2c2c75948a2b92b6e4643fa0ca841ca31bc000e97a5fe44beb78a958959", kill_on_drop: false }`
[INFO] [stderr]    Compiling sql_select_parser v0.1.4 (/opt/rustwide/workdir)
[INFO] [stderr]     Finished `test` profile [unoptimized + debuginfo] target(s) in 1.61s
[INFO] running `Command { std: "docker" "inspect" "67aef2c2c75948a2b92b6e4643fa0ca841ca31bc000e97a5fe44beb78a958959", kill_on_drop: false }`
[INFO] running `Command { std: "docker" "rm" "-f" "67aef2c2c75948a2b92b6e4643fa0ca841ca31bc000e97a5fe44beb78a958959", kill_on_drop: false }`
[INFO] [stdout] 67aef2c2c75948a2b92b6e4643fa0ca841ca31bc000e97a5fe44beb78a958959
[INFO] running `Command { std: "docker" "create" "-v" "/var/lib/crater-agent-workspace/builds/worker-6-tc1/target:/opt/rustwide/target:rw,Z" "-v" "/var/lib/crater-agent-workspace/builds/worker-6-tc1/source:/opt/rustwide/workdir:ro,Z" "-v" "/var/lib/crater-agent-workspace/cargo-home:/opt/rustwide/cargo-home:ro,Z" "-v" "/var/lib/crater-agent-workspace/rustup-home:/opt/rustwide/rustup-home:ro,Z" "-e" "SOURCE_DIR=/opt/rustwide/workdir" "-e" "CARGO_TARGET_DIR=/opt/rustwide/target" "-e" "CARGO_INCREMENTAL=0" "-e" "RUST_BACKTRACE=full" "-e" "RUSTFLAGS=--cap-lints=warn" "-e" "RUSTDOCFLAGS=--cap-lints=warn" "-e" "CARGO_HOME=/opt/rustwide/cargo-home" "-e" "RUSTUP_HOME=/opt/rustwide/rustup-home" "-w" "/opt/rustwide/workdir" "-m" "1610612736" "--user" "0:0" "--network" "none" "ghcr.io/rust-lang/crates-build-env/linux@sha256:f3a9d4ad9d972b27faf3965f35b62e55ba32bbce8f20bc8fe909558a86702fde" "/opt/rustwide/cargo-home/bin/cargo" "+1.83.0" "test" "--frozen", kill_on_drop: false }`
[INFO] [stdout] 311afab9ef2d79e0d4f7503df1753dd531248ad12b883f7e0d3352c8f220ae8d
[INFO] running `Command { std: "docker" "start" "-a" "311afab9ef2d79e0d4f7503df1753dd531248ad12b883f7e0d3352c8f220ae8d", kill_on_drop: false }`
[INFO] [stderr]     Finished `test` profile [unoptimized + debuginfo] target(s) in 0.05s
[INFO] [stderr]      Running unittests src/lib.rs (/opt/rustwide/target/debug/deps/sql_select_parser-2f3887a6a83c6aaa)
[INFO] [stdout] 
[INFO] [stdout] running 0 tests
[INFO] [stdout] 
[INFO] [stdout] test result: ok. 0 passed; 0 failed; 0 ignored; 0 measured; 0 filtered out; finished in 0.00s
[INFO] [stderr]      Running unittests src/main.rs (/opt/rustwide/target/debug/deps/sql_select_parser-0863ff99b4636338)
[INFO] [stdout] 
[INFO] [stdout] 
[INFO] [stdout] running 0 tests
[INFO] [stdout] 
[INFO] [stdout] test result: ok. 0 passed; 0 failed; 0 ignored; 0 measured; 0 filtered out; finished in 0.00s
[INFO] [stdout] 
[INFO] [stderr]      Running tests/test.rs (/opt/rustwide/target/debug/deps/test-164d690085e879f5)
[INFO] [stdout] 
[INFO] [stdout] running 11 tests
[INFO] [stdout] test test_identifier ... ok
[INFO] [stdout] test test_function_name ... ok
[INFO] [stdout] test test_number_value ... ok
[INFO] [stdout] test test_invalid_select_missing_columns ... ok
[INFO] [stdout] test test_select_keyword ... ok
[INFO] [stdout] test test_select_list ... ok
[INFO] [stdout] test test_select_star ... ok
[INFO] [stdout] test test_table_subquery ... ok
[INFO] [stdout] test test_where_keyword ... ok
[INFO] [stdout] test test_from_keyword ... ok
[INFO] [stdout] test test_whitespace_handling ... ok
[INFO] [stdout] 
[INFO] [stdout] test result: ok. 11 passed; 0 failed; 0 ignored; 0 measured; 0 filtered out; finished in 0.01s
[INFO] [stdout] 
[INFO] [stderr]    Doc-tests sql_select_parser
[INFO] [stdout] 
[INFO] [stdout] running 1 test
[INFO] [stdout] test src/lib.rs - parse_query (line 129) ... FAILED
[INFO] [stdout] 
[INFO] [stdout] failures:
[INFO] [stdout] 
[INFO] [stdout] ---- src/lib.rs - parse_query (line 129) stdout ----
[INFO] [stdout] error[E0425]: cannot find function `parse_query` in this scope
[INFO] [stdout]  --> src/lib.rs:131:14
[INFO] [stdout]   |
[INFO] [stdout] 4 | let result = parse_query(query);
[INFO] [stdout]   |              ^^^^^^^^^^^ not found in this scope
[INFO] [stdout]   |
[INFO] [stdout] help: consider importing this function
[INFO] [stdout]   |
[INFO] [stdout] 2 + use sql_select_parser::parse_query;
[INFO] [stdout]   |
[INFO] [stdout] 
[INFO] [stdout] error: aborting due to 1 previous error
[INFO] [stdout] 
[INFO] [stdout] For more information about this error, try `rustc --explain E0425`.
[INFO] [stdout] Couldn't compile the test.
[INFO] [stdout] 
[INFO] [stdout] failures:
[INFO] [stdout]     src/lib.rs - parse_query (line 129)
[INFO] [stdout] 
[INFO] [stdout] test result: FAILED. 0 passed; 1 failed; 0 ignored; 0 measured; 0 filtered out; finished in 0.09s
[INFO] [stdout] 
[INFO] [stderr] error: doctest failed, to rerun pass `--doc`
[INFO] running `Command { std: "docker" "inspect" "311afab9ef2d79e0d4f7503df1753dd531248ad12b883f7e0d3352c8f220ae8d", kill_on_drop: false }`
[INFO] running `Command { std: "docker" "rm" "-f" "311afab9ef2d79e0d4f7503df1753dd531248ad12b883f7e0d3352c8f220ae8d", kill_on_drop: false }`
[INFO] [stdout] 311afab9ef2d79e0d4f7503df1753dd531248ad12b883f7e0d3352c8f220ae8d
