[INFO] fetching crate spry 0.0.4...
[INFO] testing spry-0.0.4 against beta-2024-12-08 for beta-1.84.0-4-retry
[INFO] extracting crate spry 0.0.4 into /workspace/builds/worker-2-tc2/source
[INFO] validating manifest of crates.io crate spry 0.0.4 on toolchain beta-2024-12-08
[INFO] running `Command { std: CARGO_HOME="/workspace/cargo-home" RUSTUP_HOME="/workspace/rustup-home" "/workspace/cargo-home/bin/cargo" "+beta-2024-12-08" "metadata" "--manifest-path" "Cargo.toml" "--no-deps", kill_on_drop: false }`
[INFO] started tweaking crates.io crate spry 0.0.4
[INFO] finished tweaking crates.io crate spry 0.0.4
[INFO] tweaked toml for crates.io crate spry 0.0.4 written to /workspace/builds/worker-2-tc2/source/Cargo.toml
[INFO] running `Command { std: CARGO_HOME="/workspace/cargo-home" RUSTUP_HOME="/workspace/rustup-home" "/workspace/cargo-home/bin/cargo" "+beta-2024-12-08" "generate-lockfile" "--manifest-path" "Cargo.toml", kill_on_drop: false }`
[INFO] [stderr]     Updating crates.io index
[INFO] [stderr]      Locking 50 packages to latest compatible versions
[INFO] running `Command { std: CARGO_HOME="/workspace/cargo-home" RUSTUP_HOME="/workspace/rustup-home" "/workspace/cargo-home/bin/cargo" "+beta-2024-12-08" "fetch" "--manifest-path" "Cargo.toml", kill_on_drop: false }`
[INFO] running `Command { std: "docker" "create" "-v" "/var/lib/crater-agent-workspace/builds/worker-2-tc2/target:/opt/rustwide/target:rw,Z" "-v" "/var/lib/crater-agent-workspace/builds/worker-2-tc2/source:/opt/rustwide/workdir:ro,Z" "-v" "/var/lib/crater-agent-workspace/cargo-home:/opt/rustwide/cargo-home:ro,Z" "-v" "/var/lib/crater-agent-workspace/rustup-home:/opt/rustwide/rustup-home:ro,Z" "-e" "SOURCE_DIR=/opt/rustwide/workdir" "-e" "CARGO_TARGET_DIR=/opt/rustwide/target" "-e" "CARGO_HOME=/opt/rustwide/cargo-home" "-e" "RUSTUP_HOME=/opt/rustwide/rustup-home" "-w" "/opt/rustwide/workdir" "-m" "1610612736" "--user" "0:0" "--network" "none" "ghcr.io/rust-lang/crates-build-env/linux@sha256:f3a9d4ad9d972b27faf3965f35b62e55ba32bbce8f20bc8fe909558a86702fde" "/opt/rustwide/cargo-home/bin/cargo" "+beta-2024-12-08" "metadata" "--no-deps" "--format-version=1", kill_on_drop: false }`
[INFO] [stdout] 986c0a9f866ca76465b005ab1bb7867f64c10d0b2928ee8cf5566d1d7ba6abfa
[INFO] running `Command { std: "docker" "start" "-a" "986c0a9f866ca76465b005ab1bb7867f64c10d0b2928ee8cf5566d1d7ba6abfa", kill_on_drop: false }`
[INFO] running `Command { std: "docker" "inspect" "986c0a9f866ca76465b005ab1bb7867f64c10d0b2928ee8cf5566d1d7ba6abfa", kill_on_drop: false }`
[INFO] running `Command { std: "docker" "rm" "-f" "986c0a9f866ca76465b005ab1bb7867f64c10d0b2928ee8cf5566d1d7ba6abfa", kill_on_drop: false }`
[INFO] [stdout] 986c0a9f866ca76465b005ab1bb7867f64c10d0b2928ee8cf5566d1d7ba6abfa
[INFO] running `Command { std: "docker" "create" "-v" "/var/lib/crater-agent-workspace/builds/worker-2-tc2/target:/opt/rustwide/target:rw,Z" "-v" "/var/lib/crater-agent-workspace/builds/worker-2-tc2/source:/opt/rustwide/workdir:ro,Z" "-v" "/var/lib/crater-agent-workspace/cargo-home:/opt/rustwide/cargo-home:ro,Z" "-v" "/var/lib/crater-agent-workspace/rustup-home:/opt/rustwide/rustup-home:ro,Z" "-e" "SOURCE_DIR=/opt/rustwide/workdir" "-e" "CARGO_TARGET_DIR=/opt/rustwide/target" "-e" "CARGO_INCREMENTAL=0" "-e" "RUST_BACKTRACE=full" "-e" "RUSTFLAGS=--cap-lints=warn" "-e" "RUSTDOCFLAGS=--cap-lints=warn" "-e" "CARGO_HOME=/opt/rustwide/cargo-home" "-e" "RUSTUP_HOME=/opt/rustwide/rustup-home" "-w" "/opt/rustwide/workdir" "-m" "1610612736" "--user" "0:0" "--network" "none" "ghcr.io/rust-lang/crates-build-env/linux@sha256:f3a9d4ad9d972b27faf3965f35b62e55ba32bbce8f20bc8fe909558a86702fde" "/opt/rustwide/cargo-home/bin/cargo" "+beta-2024-12-08" "build" "--frozen" "--message-format=json", kill_on_drop: false }`
[INFO] [stdout] d587591c027dd47ded4aec82facf163f0a40484b210e17bc04be3d65a0d4062a
[INFO] running `Command { std: "docker" "start" "-a" "d587591c027dd47ded4aec82facf163f0a40484b210e17bc04be3d65a0d4062a", kill_on_drop: false }`
[INFO] [stderr]    Compiling proc-macro2 v1.0.92
[INFO] [stderr]    Compiling unicode-ident v1.0.14
[INFO] [stderr]    Compiling autocfg v1.4.0
[INFO] [stderr]    Compiling pin-project-lite v0.2.15
[INFO] [stderr]    Compiling futures-sink v0.3.31
[INFO] [stderr]    Compiling futures-core v0.3.31
[INFO] [stderr]    Compiling futures-task v0.3.31
[INFO] [stderr]    Compiling futures-io v0.3.31
[INFO] [stderr]    Compiling memchr v2.7.4
[INFO] [stderr]    Compiling pin-utils v0.1.0
[INFO] [stderr]    Compiling once_cell v1.20.2
[INFO] [stderr]    Compiling hashbrown v0.15.2
[INFO] [stderr]    Compiling bytes v1.9.0
[INFO] [stderr]    Compiling equivalent v1.0.1
[INFO] [stderr]    Compiling futures-channel v0.3.31
[INFO] [stderr]    Compiling tracing-core v0.1.33
[INFO] [stderr]    Compiling slab v0.4.9
[INFO] [stderr]    Compiling indexmap v2.7.0
[INFO] [stderr]    Compiling quote v1.0.37
[INFO] [stderr]    Compiling syn v2.0.90
[INFO] [stderr]    Compiling futures-macro v0.3.31
[INFO] [stderr]    Compiling tokio-macros v2.4.0
[INFO] [stderr]    Compiling tracing-attributes v0.1.28
[INFO] [stderr]    Compiling pin-project-internal v1.1.7
[INFO] [stderr]    Compiling tokio v1.42.0
[INFO] [stderr]    Compiling futures-util v0.3.31
[INFO] [stderr]    Compiling tracing v0.1.41
[INFO] [stderr]    Compiling pin-project v1.1.7
[INFO] [stderr]    Compiling futures-executor v0.3.31
[INFO] [stderr]    Compiling tokio-util v0.7.13
[INFO] [stderr]    Compiling futures v0.3.31
[INFO] [stderr]    Compiling spry v0.0.4 (/opt/rustwide/workdir)
[INFO] [stdout] warning: field `1` is never read
[INFO] [stdout]   --> src/nursery.rs:22:25
[INFO] [stdout]    |
[INFO] [stdout] 22 |   Settling(AbortHandle, Instant),
[INFO] [stdout]    |   --------              ^^^^^^^
[INFO] [stdout]    |   |
[INFO] [stdout]    |   field in this variant
[INFO] [stdout]    |
[INFO] [stdout]    = note: `#[warn(dead_code)]` on by default
[INFO] [stdout] help: consider changing the field to be of unit type to suppress this warning while preserving the field numbering, or remove the field
[INFO] [stdout]    |
[INFO] [stdout] 22 |   Settling(AbortHandle, ()),
[INFO] [stdout]    |                         ~~
[INFO] [stdout] 
[INFO] [stdout] 
[INFO] [stdout] warning: fields `key`, `config`, `settling_token`, and `handle` are never read
[INFO] [stdout]    --> src/nursery.rs:120:7
[INFO] [stdout]     |
[INFO] [stdout] 119 | pub struct AlreadyExists<K> {
[INFO] [stdout]     |            ------------- fields in this struct
[INFO] [stdout] 120 |   pub key: K,
[INFO] [stdout]     |       ^^^
[INFO] [stdout] 121 |   pub config: ChildConfig,
[INFO] [stdout]     |       ^^^^^^
[INFO] [stdout] 122 |   pub settling_token: SettlingToken,
[INFO] [stdout]     |       ^^^^^^^^^^^^^^
[INFO] [stdout] 123 |   pub handle: JoinHandle<()>,
[INFO] [stdout]     |       ^^^^^^
[INFO] [stdout]     |
[INFO] [stdout]     = note: `AlreadyExists` has a derived impl for the trait `Debug`, but this is intentionally ignored during dead code analysis
[INFO] [stdout] 
[INFO] [stdout] 
[INFO] [stderr]     Finished `dev` profile [unoptimized + debuginfo] target(s) in 15.94s
[INFO] running `Command { std: "docker" "inspect" "d587591c027dd47ded4aec82facf163f0a40484b210e17bc04be3d65a0d4062a", kill_on_drop: false }`
[INFO] running `Command { std: "docker" "rm" "-f" "d587591c027dd47ded4aec82facf163f0a40484b210e17bc04be3d65a0d4062a", kill_on_drop: false }`
[INFO] [stdout] d587591c027dd47ded4aec82facf163f0a40484b210e17bc04be3d65a0d4062a
[INFO] running `Command { std: "docker" "create" "-v" "/var/lib/crater-agent-workspace/builds/worker-2-tc2/target:/opt/rustwide/target:rw,Z" "-v" "/var/lib/crater-agent-workspace/builds/worker-2-tc2/source:/opt/rustwide/workdir:ro,Z" "-v" "/var/lib/crater-agent-workspace/cargo-home:/opt/rustwide/cargo-home:ro,Z" "-v" "/var/lib/crater-agent-workspace/rustup-home:/opt/rustwide/rustup-home:ro,Z" "-e" "SOURCE_DIR=/opt/rustwide/workdir" "-e" "CARGO_TARGET_DIR=/opt/rustwide/target" "-e" "CARGO_INCREMENTAL=0" "-e" "RUST_BACKTRACE=full" "-e" "RUSTFLAGS=--cap-lints=warn" "-e" "RUSTDOCFLAGS=--cap-lints=warn" "-e" "CARGO_HOME=/opt/rustwide/cargo-home" "-e" "RUSTUP_HOME=/opt/rustwide/rustup-home" "-w" "/opt/rustwide/workdir" "-m" "1610612736" "--user" "0:0" "--network" "none" "ghcr.io/rust-lang/crates-build-env/linux@sha256:f3a9d4ad9d972b27faf3965f35b62e55ba32bbce8f20bc8fe909558a86702fde" "/opt/rustwide/cargo-home/bin/cargo" "+beta-2024-12-08" "test" "--frozen" "--no-run" "--message-format=json", kill_on_drop: false }`
[INFO] [stdout] 34ed65318e8e7c8b8522e6001120929d948e649c5ee91d01b34d1bfc78bfabf4
[INFO] running `Command { std: "docker" "start" "-a" "34ed65318e8e7c8b8522e6001120929d948e649c5ee91d01b34d1bfc78bfabf4", kill_on_drop: false }`
[INFO] [stdout] warning: field `1` is never read
[INFO] [stdout]   --> src/nursery.rs:22:25
[INFO] [stdout]    |
[INFO] [stdout] 22 |   Settling(AbortHandle, Instant),
[INFO] [stdout]    |   --------              ^^^^^^^
[INFO] [stdout]    |   |
[INFO] [stdout]    |   field in this variant
[INFO] [stdout]    |
[INFO] [stdout]    = note: `#[warn(dead_code)]` on by default
[INFO] [stdout] help: consider changing the field to be of unit type to suppress this warning while preserving the field numbering, or remove the field
[INFO] [stdout]    |
[INFO] [stdout] 22 |   Settling(AbortHandle, ()),
[INFO] [stdout]    |                         ~~
[INFO] [stdout] 
[INFO] [stdout] 
[INFO] [stdout] warning: fields `key`, `config`, `settling_token`, and `handle` are never read
[INFO] [stdout]    --> src/nursery.rs:120:7
[INFO] [stdout]     |
[INFO] [stdout] 119 | pub struct AlreadyExists<K> {
[INFO] [stdout]     |            ------------- fields in this struct
[INFO] [stdout] 120 |   pub key: K,
[INFO] [stdout]     |       ^^^
[INFO] [stdout] 121 |   pub config: ChildConfig,
[INFO] [stdout]     |       ^^^^^^
[INFO] [stdout] 122 |   pub settling_token: SettlingToken,
[INFO] [stdout]     |       ^^^^^^^^^^^^^^
[INFO] [stdout] 123 |   pub handle: JoinHandle<()>,
[INFO] [stdout]     |       ^^^^^^
[INFO] [stdout]     |
[INFO] [stdout]     = note: `AlreadyExists` has a derived impl for the trait `Debug`, but this is intentionally ignored during dead code analysis
[INFO] [stdout] 
[INFO] [stdout] 
[INFO] [stderr]    Compiling spry v0.0.4 (/opt/rustwide/workdir)
[INFO] [stdout] warning: field `1` is never read
[INFO] [stdout]   --> src/nursery.rs:22:25
[INFO] [stdout]    |
[INFO] [stdout] 22 |   Settling(AbortHandle, Instant),
[INFO] [stdout]    |   --------              ^^^^^^^
[INFO] [stdout]    |   |
[INFO] [stdout]    |   field in this variant
[INFO] [stdout]    |
[INFO] [stdout]    = note: `#[warn(dead_code)]` on by default
[INFO] [stdout] help: consider changing the field to be of unit type to suppress this warning while preserving the field numbering, or remove the field
[INFO] [stdout]    |
[INFO] [stdout] 22 |   Settling(AbortHandle, ()),
[INFO] [stdout]    |                         ~~
[INFO] [stdout] 
[INFO] [stdout] 
[INFO] [stdout] warning: fields `key`, `config`, `settling_token`, and `handle` are never read
[INFO] [stdout]    --> src/nursery.rs:120:7
[INFO] [stdout]     |
[INFO] [stdout] 119 | pub struct AlreadyExists<K> {
[INFO] [stdout]     |            ------------- fields in this struct
[INFO] [stdout] 120 |   pub key: K,
[INFO] [stdout]     |       ^^^
[INFO] [stdout] 121 |   pub config: ChildConfig,
[INFO] [stdout]     |       ^^^^^^
[INFO] [stdout] 122 |   pub settling_token: SettlingToken,
[INFO] [stdout]     |       ^^^^^^^^^^^^^^
[INFO] [stdout] 123 |   pub handle: JoinHandle<()>,
[INFO] [stdout]     |       ^^^^^^
[INFO] [stdout]     |
[INFO] [stdout]     = note: `AlreadyExists` has a derived impl for the trait `Debug`, but this is intentionally ignored during dead code analysis
[INFO] [stdout] 
[INFO] [stdout] 
[INFO] [stderr]     Finished `test` profile [unoptimized + debuginfo] target(s) in 0.82s
[INFO] running `Command { std: "docker" "inspect" "34ed65318e8e7c8b8522e6001120929d948e649c5ee91d01b34d1bfc78bfabf4", kill_on_drop: false }`
[INFO] running `Command { std: "docker" "rm" "-f" "34ed65318e8e7c8b8522e6001120929d948e649c5ee91d01b34d1bfc78bfabf4", kill_on_drop: false }`
[INFO] [stdout] 34ed65318e8e7c8b8522e6001120929d948e649c5ee91d01b34d1bfc78bfabf4
[INFO] running `Command { std: "docker" "create" "-v" "/var/lib/crater-agent-workspace/builds/worker-2-tc2/target:/opt/rustwide/target:rw,Z" "-v" "/var/lib/crater-agent-workspace/builds/worker-2-tc2/source:/opt/rustwide/workdir:ro,Z" "-v" "/var/lib/crater-agent-workspace/cargo-home:/opt/rustwide/cargo-home:ro,Z" "-v" "/var/lib/crater-agent-workspace/rustup-home:/opt/rustwide/rustup-home:ro,Z" "-e" "SOURCE_DIR=/opt/rustwide/workdir" "-e" "CARGO_TARGET_DIR=/opt/rustwide/target" "-e" "CARGO_INCREMENTAL=0" "-e" "RUST_BACKTRACE=full" "-e" "RUSTFLAGS=--cap-lints=warn" "-e" "RUSTDOCFLAGS=--cap-lints=warn" "-e" "CARGO_HOME=/opt/rustwide/cargo-home" "-e" "RUSTUP_HOME=/opt/rustwide/rustup-home" "-w" "/opt/rustwide/workdir" "-m" "1610612736" "--user" "0:0" "--network" "none" "ghcr.io/rust-lang/crates-build-env/linux@sha256:f3a9d4ad9d972b27faf3965f35b62e55ba32bbce8f20bc8fe909558a86702fde" "/opt/rustwide/cargo-home/bin/cargo" "+beta-2024-12-08" "test" "--frozen", kill_on_drop: false }`
[INFO] [stdout] d53699bcff1da8dd7a50d94043cc4aa6d19bee645c9c96eb439a868822a285c1
[INFO] running `Command { std: "docker" "start" "-a" "d53699bcff1da8dd7a50d94043cc4aa6d19bee645c9c96eb439a868822a285c1", kill_on_drop: false }`
[INFO] [stderr] warning: field `1` is never read
[INFO] [stderr]   --> src/nursery.rs:22:25
[INFO] [stderr]    |
[INFO] [stderr] 22 |   Settling(AbortHandle, Instant),
[INFO] [stderr]    |   --------              ^^^^^^^
[INFO] [stderr]    |   |
[INFO] [stderr]    |   field in this variant
[INFO] [stderr]    |
[INFO] [stderr]    = note: `#[warn(dead_code)]` on by default
[INFO] [stderr] help: consider changing the field to be of unit type to suppress this warning while preserving the field numbering, or remove the field
[INFO] [stderr]    |
[INFO] [stderr] 22 |   Settling(AbortHandle, ()),
[INFO] [stderr]    |                         ~~
[INFO] [stderr] 
[INFO] [stderr] warning: fields `key`, `config`, `settling_token`, and `handle` are never read
[INFO] [stderr]    --> src/nursery.rs:120:7
[INFO] [stderr]     |
[INFO] [stderr] 119 | pub struct AlreadyExists<K> {
[INFO] [stderr]     |            ------------- fields in this struct
[INFO] [stderr] 120 |   pub key: K,
[INFO] [stderr]     |       ^^^
[INFO] [stderr] 121 |   pub config: ChildConfig,
[INFO] [stderr]     |       ^^^^^^
[INFO] [stderr] 122 |   pub settling_token: SettlingToken,
[INFO] [stderr]     |       ^^^^^^^^^^^^^^
[INFO] [stderr] 123 |   pub handle: JoinHandle<()>,
[INFO] [stderr]     |       ^^^^^^
[INFO] [stderr]     |
[INFO] [stderr]     = note: `AlreadyExists` has a derived impl for the trait `Debug`, but this is intentionally ignored during dead code analysis
[INFO] [stderr] 
[INFO] [stderr] warning: `spry` (lib) generated 2 warnings
[INFO] [stderr] warning: `spry` (lib test) generated 2 warnings (2 duplicates)
[INFO] [stderr]     Finished `test` profile [unoptimized + debuginfo] target(s) in 0.06s
[INFO] [stderr]      Running unittests src/lib.rs (/opt/rustwide/target/debug/deps/spry-9f10e0621007d2ab)
[INFO] [stdout] 
[INFO] [stdout] running 0 tests
[INFO] [stdout] 
[INFO] [stdout] test result: ok. 0 passed; 0 failed; 0 ignored; 0 measured; 0 filtered out; finished in 0.00s
[INFO] [stdout] 
[INFO] [stderr]    Doc-tests spry
[INFO] [stdout] 
[INFO] [stdout] running 1 test
[INFO] [stdout] test src/lib.rs - (line 25) ... FAILED
[INFO] [stdout] 
[INFO] [stdout] failures:
[INFO] [stdout] 
[INFO] [stdout] ---- src/lib.rs - (line 25) stdout ----
[INFO] [stdout] error: The default runtime flavor is `multi_thread`, but the `rt-multi-thread` feature is disabled.
[INFO] [stdout]   --> src/lib.rs:100:1
[INFO] [stdout]    |
[INFO] [stdout] 77 | #[tokio::main]
[INFO] [stdout]    | ^^^^^^^^^^^^^^
[INFO] [stdout]    |
[INFO] [stdout]    = note: this error originates in the attribute macro `tokio::main` (in Nightly builds, run with -Z macro-backtrace for more info)
[INFO] [stdout] 
[INFO] [stdout] error[E0433]: failed to resolve: could not find `signal` in `tokio`
[INFO] [stdout]    --> src/lib.rs:112:20
[INFO] [stdout]     |
[INFO] [stdout] 89  |         _ = tokio::signal::ctrl_c() => {},
[INFO] [stdout]     |                    ^^^^^^ could not find `signal` in `tokio`
[INFO] [stdout]     |
[INFO] [stdout] note: found an item that was configured out
[INFO] [stdout]    --> /opt/rustwide/cargo-home/registry/src/index.crates.io-6f17d22bba15001f/tokio-1.42.0/src/lib.rs:533:13
[INFO] [stdout]     |
[INFO] [stdout] 533 |     pub mod signal;
[INFO] [stdout]     |             ^^^^^^
[INFO] [stdout] note: the item is gated behind the `signal` feature
[INFO] [stdout]    --> /opt/rustwide/cargo-home/registry/src/index.crates.io-6f17d22bba15001f/tokio-1.42.0/src/lib.rs:532:1
[INFO] [stdout]     |
[INFO] [stdout] 532 | / cfg_signal! {
[INFO] [stdout] 533 | |     pub mod signal;
[INFO] [stdout] 534 | | }
[INFO] [stdout]     | |_^
[INFO] [stdout] note: found an item that was configured out
[INFO] [stdout]    --> /opt/rustwide/cargo-home/registry/src/index.crates.io-6f17d22bba15001f/tokio-1.42.0/src/lib.rs:540:20
[INFO] [stdout]     |
[INFO] [stdout] 540 |     pub(crate) mod signal;
[INFO] [stdout]     |                    ^^^^^^
[INFO] [stdout] note: the item is gated here
[INFO] [stdout]    --> /opt/rustwide/cargo-home/registry/src/index.crates.io-6f17d22bba15001f/tokio-1.42.0/src/lib.rs:536:1
[INFO] [stdout]     |
[INFO] [stdout] 536 | / cfg_signal_internal! {
[INFO] [stdout] 537 | |     #[cfg(not(feature = "signal"))]
[INFO] [stdout] 538 | |     #[allow(dead_code)]
[INFO] [stdout] 539 | |     #[allow(unreachable_pub)]
[INFO] [stdout] 540 | |     pub(crate) mod signal;
[INFO] [stdout] 541 | | }
[INFO] [stdout]     | |_^
[INFO] [stdout]     = note: this error originates in the macro `cfg_signal` which comes from the expansion of the macro `cfg_signal_internal` (in Nightly builds, run with -Z macro-backtrace for more info)
[INFO] [stdout] 
[INFO] [stdout] error: aborting due to 2 previous errors
[INFO] [stdout] 
[INFO] [stdout] For more information about this error, try `rustc --explain E0433`.
[INFO] [stdout] Couldn't compile the test.
[INFO] [stdout] 
[INFO] [stdout] failures:
[INFO] [stdout]     src/lib.rs - (line 25)
[INFO] [stdout] 
[INFO] [stdout] test result: FAILED. 0 passed; 1 failed; 0 ignored; 0 measured; 0 filtered out; finished in 0.17s
[INFO] [stdout] 
[INFO] [stderr] error: doctest failed, to rerun pass `--doc`
[INFO] running `Command { std: "docker" "inspect" "d53699bcff1da8dd7a50d94043cc4aa6d19bee645c9c96eb439a868822a285c1", kill_on_drop: false }`
[INFO] running `Command { std: "docker" "rm" "-f" "d53699bcff1da8dd7a50d94043cc4aa6d19bee645c9c96eb439a868822a285c1", kill_on_drop: false }`
[INFO] [stdout] d53699bcff1da8dd7a50d94043cc4aa6d19bee645c9c96eb439a868822a285c1
