[INFO] fetching crate spring-web 0.3.0...
[INFO] testing spring-web-0.3.0 against 1.83.0 for beta-1.84.0-4-retry
[INFO] extracting crate spring-web 0.3.0 into /workspace/builds/worker-4-tc1/source
[INFO] validating manifest of crates.io crate spring-web 0.3.0 on toolchain 1.83.0
[INFO] running `Command { std: CARGO_HOME="/workspace/cargo-home" RUSTUP_HOME="/workspace/rustup-home" "/workspace/cargo-home/bin/cargo" "+1.83.0" "metadata" "--manifest-path" "Cargo.toml" "--no-deps", kill_on_drop: false }`
[INFO] started tweaking crates.io crate spring-web 0.3.0
[INFO] finished tweaking crates.io crate spring-web 0.3.0
[INFO] tweaked toml for crates.io crate spring-web 0.3.0 written to /workspace/builds/worker-4-tc1/source/Cargo.toml
[INFO] running `Command { std: CARGO_HOME="/workspace/cargo-home" RUSTUP_HOME="/workspace/rustup-home" "/workspace/cargo-home/bin/cargo" "+1.83.0" "generate-lockfile" "--manifest-path" "Cargo.toml", kill_on_drop: false }`
[INFO] [stderr]     Blocking waiting for file lock on package cache
[INFO] [stderr]     Updating crates.io index
[INFO] [stderr]     Blocking waiting for file lock on package cache
[INFO] [stderr]      Locking 219 packages to latest compatible versions
[INFO] [stderr]       Adding thiserror v1.0.69 (available: v2.0.7)
[INFO] running `Command { std: CARGO_HOME="/workspace/cargo-home" RUSTUP_HOME="/workspace/rustup-home" "/workspace/cargo-home/bin/cargo" "+1.83.0" "fetch" "--manifest-path" "Cargo.toml", kill_on_drop: false }`
[INFO] [stderr]     Blocking waiting for file lock on package cache
[INFO] [stderr]     Blocking waiting for file lock on package cache
[INFO] [stderr]  Downloading crates ...
[INFO] [stderr] warning: spurious network error (3 tries remaining): failed to get successful HTTP response from `https://static.crates.io/crates/borsh/1.5.3/download` (151.101.2.137), got 502
[INFO] [stderr] body:
[INFO] [stderr] I/O error
[INFO] [stderr] warning: spurious network error (3 tries remaining): failed to get successful HTTP response from `https://static.crates.io/crates/serde-toml-merge/0.3.8/download` (151.101.2.137), got 502
[INFO] [stderr] body:
[INFO] [stderr] I/O error
[INFO] [stderr] warning: spurious network error (3 tries remaining): failed to get successful HTTP response from `https://static.crates.io/crates/spring/0.3.1/download` (151.101.2.137), got 502
[INFO] [stderr] body:
[INFO] [stderr] I/O error
[INFO] [stderr]   Downloaded ptr_meta_derive v0.1.4
[INFO] [stderr]   Downloaded ptr_meta v0.1.4
[INFO] [stderr]   Downloaded bytecheck_derive v0.6.12
[INFO] [stderr]   Downloaded spring-macros v0.3.1
[INFO] [stderr]   Downloaded rend v0.4.2
[INFO] [stderr]   Downloaded bytecheck v0.6.12
[INFO] [stderr]   Downloaded inventory v0.3.15
[INFO] [stderr]   Downloaded tokio-tungstenite v0.24.0
[INFO] [stderr]   Downloaded multer v3.1.0
[INFO] [stderr]   Downloaded tungstenite v0.24.0
[INFO] [stderr]   Downloaded borsh-derive v1.5.3
[INFO] [stderr]   Downloaded byte-unit v5.1.6
[INFO] [stderr]   Downloaded rkyv v0.7.45
[INFO] [stderr]   Downloaded rust_decimal v1.36.0
[INFO] [stderr]   Downloaded iri-string v0.7.7
[INFO] [stderr]   Downloaded dashmap v6.1.0
[INFO] [stderr]   Downloaded async-compression v0.4.18
[INFO] [stderr]   Downloaded simdutf8 v0.1.5
[INFO] [stderr]   Downloaded rkyv_derive v0.7.45
[INFO] [stderr]   Downloaded seahash v4.1.0
[INFO] [stderr]   Downloaded hdrhistogram v7.5.4
[INFO] [stderr]   Downloaded tracing-appender v0.2.3
[INFO] [stderr]   Downloaded tracing-serde v0.2.0
[INFO] [stderr]   Downloaded brotli v7.0.0
[INFO] [stderr]   Downloaded borsh v1.5.3
[INFO] [stderr]   Downloaded serde-toml-merge v0.3.8
[INFO] [stderr]   Downloaded spring v0.3.1
[INFO] running `Command { std: "docker" "create" "-v" "/var/lib/crater-agent-workspace/builds/worker-4-tc1/target:/opt/rustwide/target:rw,Z" "-v" "/var/lib/crater-agent-workspace/builds/worker-4-tc1/source:/opt/rustwide/workdir:ro,Z" "-v" "/var/lib/crater-agent-workspace/cargo-home:/opt/rustwide/cargo-home:ro,Z" "-v" "/var/lib/crater-agent-workspace/rustup-home:/opt/rustwide/rustup-home:ro,Z" "-e" "SOURCE_DIR=/opt/rustwide/workdir" "-e" "CARGO_TARGET_DIR=/opt/rustwide/target" "-e" "CARGO_HOME=/opt/rustwide/cargo-home" "-e" "RUSTUP_HOME=/opt/rustwide/rustup-home" "-w" "/opt/rustwide/workdir" "-m" "1610612736" "--user" "0:0" "--network" "none" "ghcr.io/rust-lang/crates-build-env/linux@sha256:f3a9d4ad9d972b27faf3965f35b62e55ba32bbce8f20bc8fe909558a86702fde" "/opt/rustwide/cargo-home/bin/cargo" "+1.83.0" "metadata" "--no-deps" "--format-version=1", kill_on_drop: false }`
[INFO] [stdout] cffdbc35d1c1794ae58dd460b9f15607a58df0f94f882cbd6a24c6e5e634f996
[INFO] running `Command { std: "docker" "start" "-a" "cffdbc35d1c1794ae58dd460b9f15607a58df0f94f882cbd6a24c6e5e634f996", kill_on_drop: false }`
[INFO] running `Command { std: "docker" "inspect" "cffdbc35d1c1794ae58dd460b9f15607a58df0f94f882cbd6a24c6e5e634f996", kill_on_drop: false }`
[INFO] running `Command { std: "docker" "rm" "-f" "cffdbc35d1c1794ae58dd460b9f15607a58df0f94f882cbd6a24c6e5e634f996", kill_on_drop: false }`
[INFO] [stdout] cffdbc35d1c1794ae58dd460b9f15607a58df0f94f882cbd6a24c6e5e634f996
[INFO] running `Command { std: "docker" "create" "-v" "/var/lib/crater-agent-workspace/builds/worker-4-tc1/target:/opt/rustwide/target:rw,Z" "-v" "/var/lib/crater-agent-workspace/builds/worker-4-tc1/source:/opt/rustwide/workdir:ro,Z" "-v" "/var/lib/crater-agent-workspace/cargo-home:/opt/rustwide/cargo-home:ro,Z" "-v" "/var/lib/crater-agent-workspace/rustup-home:/opt/rustwide/rustup-home:ro,Z" "-e" "SOURCE_DIR=/opt/rustwide/workdir" "-e" "CARGO_TARGET_DIR=/opt/rustwide/target" "-e" "CARGO_INCREMENTAL=0" "-e" "RUST_BACKTRACE=full" "-e" "RUSTFLAGS=--cap-lints=warn" "-e" "RUSTDOCFLAGS=--cap-lints=warn" "-e" "CARGO_HOME=/opt/rustwide/cargo-home" "-e" "RUSTUP_HOME=/opt/rustwide/rustup-home" "-w" "/opt/rustwide/workdir" "-m" "1610612736" "--user" "0:0" "--network" "none" "ghcr.io/rust-lang/crates-build-env/linux@sha256:f3a9d4ad9d972b27faf3965f35b62e55ba32bbce8f20bc8fe909558a86702fde" "/opt/rustwide/cargo-home/bin/cargo" "+1.83.0" "build" "--frozen" "--message-format=json", kill_on_drop: false }`
[INFO] [stdout] 904479c711c8b17a28e86a88c6fe5987c4bcf0ee7f8de2f0e33618f8b4230afb
[INFO] running `Command { std: "docker" "start" "-a" "904479c711c8b17a28e86a88c6fe5987c4bcf0ee7f8de2f0e33618f8b4230afb", kill_on_drop: false }`
[INFO] [stderr]    Compiling serde v1.0.216
[INFO] [stderr]    Compiling parking_lot_core v0.9.10
[INFO] [stderr]    Compiling scopeguard v1.2.0
[INFO] [stderr]    Compiling log v0.4.22
[INFO] [stderr]    Compiling lock_api v0.4.12
[INFO] [stderr]    Compiling tracing-core v0.1.33
[INFO] [stderr]    Compiling serde_json v1.0.133
[INFO] [stderr]    Compiling syn v2.0.90
[INFO] [stderr]    Compiling signal-hook-registry v1.4.2
[INFO] [stderr]    Compiling jobserver v0.1.32
[INFO] [stderr]    Compiling crossbeam-utils v0.8.20
[INFO] [stderr]    Compiling futures-util v0.3.31
[INFO] [stderr]    Compiling zstd-safe v7.2.1
[INFO] [stderr]    Compiling regex-syntax v0.6.29
[INFO] [stderr]    Compiling regex-syntax v0.8.5
[INFO] [stderr]    Compiling alloc-no-stdlib v2.0.4
[INFO] [stderr]    Compiling alloc-stdlib v0.2.2
[INFO] [stderr]    Compiling winnow v0.6.20
[INFO] [stderr]    Compiling cc v1.2.4
[INFO] [stderr]    Compiling tower-layer v0.3.3
[INFO] [stderr]    Compiling iana-time-zone v0.1.61
[INFO] [stderr]    Compiling sync_wrapper v1.0.2
[INFO] [stderr]    Compiling byteorder v1.5.0
[INFO] [stderr]    Compiling unicase v2.8.0
[INFO] [stderr]    Compiling overload v0.1.1
[INFO] [stderr]    Compiling lazy_static v1.5.0
[INFO] [stderr]    Compiling rustversion v1.0.18
[INFO] [stderr]    Compiling miniz_oxide v0.8.0
[INFO] [stderr]    Compiling mime_guess v2.0.5
[INFO] [stderr]    Compiling parking_lot v0.12.3
[INFO] [stderr]    Compiling tracing-log v0.2.0
[INFO] [stderr]    Compiling hdrhistogram v7.5.4
[INFO] [stderr]    Compiling sharded-slab v0.1.7
[INFO] [stderr]    Compiling chrono v0.4.39
[INFO] [stderr]    Compiling nu-ansi-term v0.46.0
[INFO] [stderr]    Compiling brotli-decompressor v4.0.1
[INFO] [stderr]    Compiling rust_decimal v1.36.0
[INFO] [stderr]    Compiling schemars v0.8.21
[INFO] [stderr]    Compiling crossbeam-channel v0.5.13
[INFO] [stderr]    Compiling time v0.3.37
[INFO] [stderr]    Compiling flate2 v1.0.35
[INFO] [stderr]    Compiling getrandom v0.2.15
[INFO] [stderr]    Compiling arrayvec v0.7.6
[INFO] [stderr]    Compiling hashbrown v0.14.5
[INFO] [stderr]    Compiling dyn-clone v1.0.17
[INFO] [stderr]    Compiling uuid v1.11.0
[INFO] [stderr]    Compiling regex-automata v0.1.10
[INFO] [stderr]    Compiling http-range-header v0.4.2
[INFO] [stderr]    Compiling regex-automata v0.4.9
[INFO] [stderr]    Compiling iri-string v0.7.7
[INFO] [stderr]    Compiling utf8-width v0.1.7
[INFO] [stderr]    Compiling matchit v0.7.3
[INFO] [stderr]    Compiling brotli v7.0.0
[INFO] [stderr]    Compiling dotenvy v0.15.7
[INFO] [stderr]    Compiling dashmap v6.1.0
[INFO] [stderr]    Compiling inventory v0.3.15
[INFO] [stderr]    Compiling matchers v0.1.0
[INFO] [stderr]    Compiling zstd-sys v2.0.13+zstd.1.5.6
[INFO] [stderr]    Compiling http-body-util v0.1.2
[INFO] [stderr]    Compiling regex v1.11.1
[INFO] [stderr]    Compiling serde_derive_internals v0.29.1
[INFO] [stderr]    Compiling serde_derive v1.0.216
[INFO] [stderr]    Compiling tracing-attributes v0.1.28
[INFO] [stderr]    Compiling tokio-macros v2.4.0
[INFO] [stderr]    Compiling thiserror-impl v1.0.69
[INFO] [stderr]    Compiling async-trait v0.1.83
[INFO] [stderr]    Compiling spring-macros v0.3.1
[INFO] [stderr]    Compiling schemars_derive v0.8.21
[INFO] [stderr]    Compiling zstd v0.13.2
[INFO] [stderr]    Compiling tokio v1.42.0
[INFO] [stderr]    Compiling thiserror v1.0.69
[INFO] [stderr]    Compiling tracing v0.1.41
[INFO] [stderr]    Compiling axum-core v0.4.5
[INFO] [stderr]    Compiling tokio-util v0.7.13
[INFO] [stderr]    Compiling async-compression v0.4.18
[INFO] [stderr]    Compiling h2 v0.4.7
[INFO] [stderr]    Compiling tower v0.5.2
[INFO] [stderr]    Compiling toml_datetime v0.6.8
[INFO] [stderr]    Compiling serde_spanned v0.6.8
[INFO] [stderr]    Compiling tracing-serde v0.2.0
[INFO] [stderr]    Compiling serde_urlencoded v0.7.1
[INFO] [stderr]    Compiling serde_path_to_error v0.1.16
[INFO] [stderr]    Compiling byte-unit v5.1.6
[INFO] [stderr]    Compiling toml_edit v0.22.22
[INFO] [stderr]    Compiling tower-http v0.6.2
[INFO] [stderr]    Compiling tracing-subscriber v0.3.19
[INFO] [stderr]    Compiling toml v0.8.19
[INFO] [stderr]    Compiling tracing-appender v0.2.3
[INFO] [stderr]    Compiling serde-toml-merge v0.3.8
[INFO] [stderr]    Compiling spring v0.3.1
[INFO] [stderr]    Compiling hyper v1.5.1
[INFO] [stderr]    Compiling hyper-util v0.1.10
[INFO] [stderr]    Compiling axum v0.7.9
[INFO] [stderr]    Compiling spring-web v0.3.0 (/opt/rustwide/workdir)
[INFO] [stderr]     Finished `dev` profile [unoptimized + debuginfo] target(s) in 1m 07s
[INFO] running `Command { std: "docker" "inspect" "904479c711c8b17a28e86a88c6fe5987c4bcf0ee7f8de2f0e33618f8b4230afb", kill_on_drop: false }`
[INFO] running `Command { std: "docker" "rm" "-f" "904479c711c8b17a28e86a88c6fe5987c4bcf0ee7f8de2f0e33618f8b4230afb", kill_on_drop: false }`
[INFO] [stdout] 904479c711c8b17a28e86a88c6fe5987c4bcf0ee7f8de2f0e33618f8b4230afb
[INFO] running `Command { std: "docker" "create" "-v" "/var/lib/crater-agent-workspace/builds/worker-4-tc1/target:/opt/rustwide/target:rw,Z" "-v" "/var/lib/crater-agent-workspace/builds/worker-4-tc1/source:/opt/rustwide/workdir:ro,Z" "-v" "/var/lib/crater-agent-workspace/cargo-home:/opt/rustwide/cargo-home:ro,Z" "-v" "/var/lib/crater-agent-workspace/rustup-home:/opt/rustwide/rustup-home:ro,Z" "-e" "SOURCE_DIR=/opt/rustwide/workdir" "-e" "CARGO_TARGET_DIR=/opt/rustwide/target" "-e" "CARGO_INCREMENTAL=0" "-e" "RUST_BACKTRACE=full" "-e" "RUSTFLAGS=--cap-lints=warn" "-e" "RUSTDOCFLAGS=--cap-lints=warn" "-e" "CARGO_HOME=/opt/rustwide/cargo-home" "-e" "RUSTUP_HOME=/opt/rustwide/rustup-home" "-w" "/opt/rustwide/workdir" "-m" "1610612736" "--user" "0:0" "--network" "none" "ghcr.io/rust-lang/crates-build-env/linux@sha256:f3a9d4ad9d972b27faf3965f35b62e55ba32bbce8f20bc8fe909558a86702fde" "/opt/rustwide/cargo-home/bin/cargo" "+1.83.0" "test" "--frozen" "--no-run" "--message-format=json", kill_on_drop: false }`
[INFO] [stdout] 4a31f672f74b4c87c39532cb66b0e07268395b8b58f5e303ff1e51734d96cb49
[INFO] running `Command { std: "docker" "start" "-a" "4a31f672f74b4c87c39532cb66b0e07268395b8b58f5e303ff1e51734d96cb49", kill_on_drop: false }`
[INFO] [stderr]    Compiling spring-web v0.3.0 (/opt/rustwide/workdir)
[INFO] [stderr]     Finished `test` profile [unoptimized + debuginfo] target(s) in 1.50s
[INFO] running `Command { std: "docker" "inspect" "4a31f672f74b4c87c39532cb66b0e07268395b8b58f5e303ff1e51734d96cb49", kill_on_drop: false }`
[INFO] running `Command { std: "docker" "rm" "-f" "4a31f672f74b4c87c39532cb66b0e07268395b8b58f5e303ff1e51734d96cb49", kill_on_drop: false }`
[INFO] [stdout] 4a31f672f74b4c87c39532cb66b0e07268395b8b58f5e303ff1e51734d96cb49
[INFO] running `Command { std: "docker" "create" "-v" "/var/lib/crater-agent-workspace/builds/worker-4-tc1/target:/opt/rustwide/target:rw,Z" "-v" "/var/lib/crater-agent-workspace/builds/worker-4-tc1/source:/opt/rustwide/workdir:ro,Z" "-v" "/var/lib/crater-agent-workspace/cargo-home:/opt/rustwide/cargo-home:ro,Z" "-v" "/var/lib/crater-agent-workspace/rustup-home:/opt/rustwide/rustup-home:ro,Z" "-e" "SOURCE_DIR=/opt/rustwide/workdir" "-e" "CARGO_TARGET_DIR=/opt/rustwide/target" "-e" "CARGO_INCREMENTAL=0" "-e" "RUST_BACKTRACE=full" "-e" "RUSTFLAGS=--cap-lints=warn" "-e" "RUSTDOCFLAGS=--cap-lints=warn" "-e" "CARGO_HOME=/opt/rustwide/cargo-home" "-e" "RUSTUP_HOME=/opt/rustwide/rustup-home" "-w" "/opt/rustwide/workdir" "-m" "1610612736" "--user" "0:0" "--network" "none" "ghcr.io/rust-lang/crates-build-env/linux@sha256:f3a9d4ad9d972b27faf3965f35b62e55ba32bbce8f20bc8fe909558a86702fde" "/opt/rustwide/cargo-home/bin/cargo" "+1.83.0" "test" "--frozen", kill_on_drop: false }`
[INFO] [stdout] 528da5e4ff9e5230cee5956b14c5ddae684932c1cb547a94a1512498be8d6d1b
[INFO] running `Command { std: "docker" "start" "-a" "528da5e4ff9e5230cee5956b14c5ddae684932c1cb547a94a1512498be8d6d1b", kill_on_drop: false }`
[INFO] [stderr]     Finished `test` profile [unoptimized + debuginfo] target(s) in 0.20s
[INFO] [stderr]      Running unittests src/lib.rs (/opt/rustwide/target/debug/deps/spring_web-f337bed08157673c)
[INFO] [stdout] 
[INFO] [stdout] running 0 tests
[INFO] [stdout] 
[INFO] [stdout] test result: ok. 0 passed; 0 failed; 0 ignored; 0 measured; 0 filtered out; finished in 0.00s
[INFO] [stdout] 
[INFO] [stderr]    Doc-tests spring_web
[INFO] [stderr] warning: unexpected character `=`
[INFO] [stderr]    --> src/lib.rs:1:1
[INFO] [stderr]     |
[INFO] [stderr] 1   | / //! [![spring-rs](https://img.shields.io/github/stars/spring-rs/spring-rs)](https://spring-rs.github.io/docs/plugins/spring-web)
[INFO] [stderr] 2   | | #![doc = include_str!("../README.md")]
[INFO] [stderr] 3   | | #![doc(html_favicon_url = "https://spring-rs.github.io/favicon.ico")]
[INFO] [stderr] 4   | | #![doc(html_logo_url = "https://spring-rs.github.io/logo.svg")]
[INFO] [stderr] ...   |
[INFO] [stderr]     |
[INFO] [stderr]     = note: `#[warn(rustdoc::invalid_codeblock_attributes)]` on by default
[INFO] [stderr] 
[INFO] [stderr] warning: 1 warning emitted
[INFO] [stderr] 
[INFO] [stdout] 
[INFO] [stdout] running 5 tests
[INFO] [stdout] test src/lib.rs - (line 193) ... FAILED
[INFO] [stdout] test src/lib.rs - (line 134) ... FAILED
[INFO] [stdout] test src/lib.rs - (line 117) ... ok
[INFO] [stdout] test src/lib.rs - (line 105) ... ok
[INFO] [stdout] test src/lib.rs - (line 158) ... ok
[INFO] [stdout] 
[INFO] [stdout] failures:
[INFO] [stdout] 
[INFO] [stdout] ---- src/lib.rs - (line 193) stdout ----
[INFO] [stdout] error[E0432]: unresolved import `spring_sqlx`
[INFO] [stdout]  --> src/lib.rs:196:5
[INFO] [stdout]   |
[INFO] [stdout] 6 | use spring_sqlx::ConnectPool;
[INFO] [stdout]   |     ^^^^^^^^^^^ use of undeclared crate or module `spring_sqlx`
[INFO] [stdout] 
[INFO] [stdout] error: aborting due to 1 previous error
[INFO] [stdout] 
[INFO] [stdout] For more information about this error, try `rustc --explain E0432`.
[INFO] [stdout] Couldn't compile the test.
[INFO] [stdout] ---- src/lib.rs - (line 134) stdout ----
[INFO] [stdout] error[E0433]: failed to resolve: use of undeclared crate or module `spring_sqlx`
[INFO] [stdout]  --> src/lib.rs:139:5
[INFO] [stdout]   |
[INFO] [stdout] 8 | use spring_sqlx::{ConnectPool, sqlx::{self, Row}};
[INFO] [stdout]   |     ^^^^^^^^^^^ use of undeclared crate or module `spring_sqlx`
[INFO] [stdout] 
[INFO] [stdout] error[E0432]: unresolved import `spring_sqlx`
[INFO] [stdout]  --> src/lib.rs:139:5
[INFO] [stdout]   |
[INFO] [stdout] 8 | use spring_sqlx::{ConnectPool, sqlx::{self, Row}};
[INFO] [stdout]   |     ^^^^^^^^^^^ use of undeclared crate or module `spring_sqlx`
[INFO] [stdout] 
[INFO] [stdout] error[E0277]: the trait bound `fn(spring_web::extractor::Component<{type error}>) -> impl Future<Output = Result<String, WebError>> {mysql_version}: Handler<_, _>` is not satisfied
[INFO] [stdout]    --> src/lib.rs:142:10
[INFO] [stdout]     |
[INFO] [stdout] 10  | #[get("/version")]
[INFO] [stdout]     | ------------------ required by a bound introduced by this call
[INFO] [stdout] 11  | async fn mysql_version(Component(pool): Component<ConnectPool>) -> Result<String> {
[INFO] [stdout]     |          ^^^^^^^^^^^^^ the trait `Handler<_, _>` is not implemented for fn item `fn(spring_web::extractor::Component<{type error}>) -> impl Future<Output = Result<String, WebError>> {mysql_version}`
[INFO] [stdout]     |
[INFO] [stdout]     = note: Consider using `#[axum::debug_handler]` to improve the error message
[INFO] [stdout]     = help: the following other types implement trait `Handler<T, S>`:
[INFO] [stdout]               `Layered<L, H, T, S>` implements `Handler<T, S>`
[INFO] [stdout]               `MethodRouter<S>` implements `Handler<(), S>`
[INFO] [stdout] note: required by a bound in `MethodRouter::<S>::on`
[INFO] [stdout]    --> /opt/rustwide/cargo-home/registry/src/index.crates.io-6f17d22bba15001f/axum-0.7.9/src/routing/method_routing.rs:631:12
[INFO] [stdout]     |
[INFO] [stdout] 629 |     pub fn on<H, T>(self, filter: MethodFilter, handler: H) -> Self
[INFO] [stdout]     |            -- required by a bound in this associated function
[INFO] [stdout] 630 |     where
[INFO] [stdout] 631 |         H: Handler<T, S>,
[INFO] [stdout]     |            ^^^^^^^^^^^^^ required by this bound in `MethodRouter::<S>::on`
[INFO] [stdout] 
[INFO] [stdout] error: aborting due to 3 previous errors
[INFO] [stdout] 
[INFO] [stdout] Some errors have detailed explanations: E0277, E0432, E0433.
[INFO] [stdout] For more information about an error, try `rustc --explain E0277`.
[INFO] [stdout] Couldn't compile the test.
[INFO] [stdout] 
[INFO] [stdout] failures:
[INFO] [stdout]     src/lib.rs - (line 134)
[INFO] [stdout]     src/lib.rs - (line 193)
[INFO] [stdout] 
[INFO] [stdout] test result: FAILED. 3 passed; 2 failed; 0 ignored; 0 measured; 0 filtered out; finished in 7.35s
[INFO] [stdout] 
[INFO] [stderr] error: doctest failed, to rerun pass `--doc`
[INFO] running `Command { std: "docker" "inspect" "528da5e4ff9e5230cee5956b14c5ddae684932c1cb547a94a1512498be8d6d1b", kill_on_drop: false }`
[INFO] running `Command { std: "docker" "rm" "-f" "528da5e4ff9e5230cee5956b14c5ddae684932c1cb547a94a1512498be8d6d1b", kill_on_drop: false }`
[INFO] [stdout] 528da5e4ff9e5230cee5956b14c5ddae684932c1cb547a94a1512498be8d6d1b
